[INFO] fetching crate native_db 0.8.1...
[INFO] testing native_db-0.8.1 against nightly-2024-10-28 for randomize-layout
[INFO] extracting crate native_db 0.8.1 into /workspace/builds/worker-4-tc1/source
[INFO] validating manifest of crates.io crate native_db 0.8.1 on toolchain nightly-2024-10-28
[INFO] running `Command { std: CARGO_HOME="/workspace/cargo-home" RUSTUP_HOME="/workspace/rustup-home" "/workspace/cargo-home/bin/cargo" "+nightly-2024-10-28" "metadata" "--manifest-path" "Cargo.toml" "--no-deps", kill_on_drop: false }`
[INFO] started tweaking crates.io crate native_db 0.8.1
[INFO] removed 0 missing tests
[INFO] finished tweaking crates.io crate native_db 0.8.1
[INFO] tweaked toml for crates.io crate native_db 0.8.1 written to /workspace/builds/worker-4-tc1/source/Cargo.toml
[INFO] running `Command { std: CARGO_HOME="/workspace/cargo-home" RUSTUP_HOME="/workspace/rustup-home" "/workspace/cargo-home/bin/cargo" "+nightly-2024-10-28" "generate-lockfile" "--manifest-path" "Cargo.toml", kill_on_drop: false }`
[INFO] [stderr]     Updating crates.io index
[INFO] [stderr]     Blocking waiting for file lock on package cache
[INFO] [stderr]      Locking 182 packages to latest compatible versions
[INFO] [stderr]       Adding redb v1.5.1 (available: v2.2.0)
[INFO] running `Command { std: CARGO_HOME="/workspace/cargo-home" RUSTUP_HOME="/workspace/rustup-home" "/workspace/cargo-home/bin/cargo" "+nightly-2024-10-28" "fetch" "--manifest-path" "Cargo.toml", kill_on_drop: false }`
[INFO] [stderr]  Downloading crates ...
[INFO] [stderr]   Downloaded native_db_macro v0.8.1
[INFO] [stderr]   Downloaded native_model v0.4.20
[INFO] [stderr]   Downloaded dinghy-test v0.7.3
[INFO] [stderr]   Downloaded native_model_macro v0.4.20
[INFO] [stderr]   Downloaded shortcut_assert_fs v0.1.0
[INFO] [stderr]   Downloaded redb v1.5.1
[INFO] [stderr]   Downloaded redb v2.2.0
[INFO] running `Command { std: "docker" "create" "-v" "/var/lib/crater-agent-workspace/builds/worker-4-tc1/target:/opt/rustwide/target:rw,Z" "-v" "/var/lib/crater-agent-workspace/builds/worker-4-tc1/source:/opt/rustwide/workdir:ro,Z" "-v" "/var/lib/crater-agent-workspace/cargo-home:/opt/rustwide/cargo-home:ro,Z" "-v" "/var/lib/crater-agent-workspace/rustup-home:/opt/rustwide/rustup-home:ro,Z" "-e" "SOURCE_DIR=/opt/rustwide/workdir" "-e" "CARGO_TARGET_DIR=/opt/rustwide/target" "-e" "CARGO_HOME=/opt/rustwide/cargo-home" "-e" "RUSTUP_HOME=/opt/rustwide/rustup-home" "-w" "/opt/rustwide/workdir" "-m" "1610612736" "--user" "0:0" "--network" "none" "ghcr.io/rust-lang/crates-build-env/linux@sha256:4a844ea9eb2546a2d2c7022eacef16ef2e8229c7fbb2c7d4d55a9ceca922f72d" "/opt/rustwide/cargo-home/bin/cargo" "+nightly-2024-10-28" "metadata" "--no-deps" "--format-version=1", kill_on_drop: false }`
[INFO] [stdout] a6398926968718c515d9bc3fad4f8ce14eb2ec8846bff4842f5dc2522dc8e5f0
[INFO] running `Command { std: "docker" "start" "-a" "a6398926968718c515d9bc3fad4f8ce14eb2ec8846bff4842f5dc2522dc8e5f0", kill_on_drop: false }`
[INFO] running `Command { std: "docker" "inspect" "a6398926968718c515d9bc3fad4f8ce14eb2ec8846bff4842f5dc2522dc8e5f0", kill_on_drop: false }`
[INFO] running `Command { std: "docker" "rm" "-f" "a6398926968718c515d9bc3fad4f8ce14eb2ec8846bff4842f5dc2522dc8e5f0", kill_on_drop: false }`
[INFO] [stdout] a6398926968718c515d9bc3fad4f8ce14eb2ec8846bff4842f5dc2522dc8e5f0
[INFO] running `Command { std: "docker" "create" "-v" "/var/lib/crater-agent-workspace/builds/worker-4-tc1/target:/opt/rustwide/target:rw,Z" "-v" "/var/lib/crater-agent-workspace/builds/worker-4-tc1/source:/opt/rustwide/workdir:ro,Z" "-v" "/var/lib/crater-agent-workspace/cargo-home:/opt/rustwide/cargo-home:ro,Z" "-v" "/var/lib/crater-agent-workspace/rustup-home:/opt/rustwide/rustup-home:ro,Z" "-e" "SOURCE_DIR=/opt/rustwide/workdir" "-e" "CARGO_TARGET_DIR=/opt/rustwide/target" "-e" "CARGO_INCREMENTAL=0" "-e" "RUST_BACKTRACE=full" "-e" "RUSTFLAGS=--cap-lints=forbid" "-e" "RUSTDOCFLAGS=--cap-lints=forbid" "-e" "CARGO_HOME=/opt/rustwide/cargo-home" "-e" "RUSTUP_HOME=/opt/rustwide/rustup-home" "-w" "/opt/rustwide/workdir" "-m" "1610612736" "--user" "0:0" "--network" "none" "ghcr.io/rust-lang/crates-build-env/linux@sha256:4a844ea9eb2546a2d2c7022eacef16ef2e8229c7fbb2c7d4d55a9ceca922f72d" "/opt/rustwide/cargo-home/bin/cargo" "+nightly-2024-10-28" "build" "--frozen" "--message-format=json", kill_on_drop: false }`
[INFO] [stdout] 30fb805bdd681ac4fc1ef3a9265fac18b4c83996977343341504e04372c6e424
[INFO] running `Command { std: "docker" "start" "-a" "30fb805bdd681ac4fc1ef3a9265fac18b4c83996977343341504e04372c6e424", kill_on_drop: false }`
[INFO] [stderr]    Compiling syn v2.0.86
[INFO] [stderr]    Compiling semver v1.0.23
[INFO] [stderr]    Compiling memchr v2.7.4
[INFO] [stderr]    Compiling rustix v0.38.38
[INFO] [stderr]    Compiling camino v1.1.9
[INFO] [stderr]    Compiling bitflags v2.6.0
[INFO] [stderr]    Compiling serde_json v1.0.132
[INFO] [stderr]    Compiling linux-raw-sys v0.4.14
[INFO] [stderr]    Compiling itoa v1.0.11
[INFO] [stderr]    Compiling ryu v1.0.18
[INFO] [stderr]    Compiling pulldown-cmark v0.9.6
[INFO] [stderr]    Compiling fastrand v2.1.1
[INFO] [stderr]    Compiling same-file v1.0.6
[INFO] [stderr]    Compiling cfg-if v1.0.0
[INFO] [stderr]    Compiling error-chain v0.12.4
[INFO] [stderr]    Compiling unicase v2.8.0
[INFO] [stderr]    Compiling once_cell v1.20.2
[INFO] [stderr]    Compiling walkdir v2.5.0
[INFO] [stderr]    Compiling bytecount v0.6.8
[INFO] [stderr]    Compiling glob v0.3.1
[INFO] [stderr]    Compiling anyhow v1.0.92
[INFO] [stderr]    Compiling zerocopy v0.8.8
[INFO] [stderr]    Compiling thiserror v1.0.66
[INFO] [stderr]    Compiling redb v2.2.0
[INFO] [stderr]    Compiling redb v1.5.1
[INFO] [stderr]    Compiling tempfile v3.13.0
[INFO] [stderr]    Compiling serde_derive v1.0.214
[INFO] [stderr]    Compiling thiserror-impl v1.0.66
[INFO] [stderr]    Compiling zerocopy-derive v0.8.8
[INFO] [stderr]    Compiling native_model_macro v0.4.20
[INFO] [stderr]    Compiling native_db_macro v0.8.1
[INFO] [stderr]    Compiling serde v1.0.214
[INFO] [stderr]    Compiling cargo-platform v0.1.8
[INFO] [stderr]    Compiling bincode v1.3.3
[INFO] [stderr]    Compiling cargo_metadata v0.14.2
[INFO] [stderr]    Compiling skeptic v0.13.7
[INFO] [stderr]    Compiling native_model v0.4.20
[INFO] [stderr]    Compiling native_db v0.8.1 (/opt/rustwide/workdir)
[INFO] [stderr]     Finished `dev` profile [unoptimized + debuginfo] target(s) in 9.19s
[INFO] running `Command { std: "docker" "inspect" "30fb805bdd681ac4fc1ef3a9265fac18b4c83996977343341504e04372c6e424", kill_on_drop: false }`
[INFO] running `Command { std: "docker" "rm" "-f" "30fb805bdd681ac4fc1ef3a9265fac18b4c83996977343341504e04372c6e424", kill_on_drop: false }`
[INFO] [stdout] 30fb805bdd681ac4fc1ef3a9265fac18b4c83996977343341504e04372c6e424
[INFO] running `Command { std: "docker" "create" "-v" "/var/lib/crater-agent-workspace/builds/worker-4-tc1/target:/opt/rustwide/target:rw,Z" "-v" "/var/lib/crater-agent-workspace/builds/worker-4-tc1/source:/opt/rustwide/workdir:ro,Z" "-v" "/var/lib/crater-agent-workspace/cargo-home:/opt/rustwide/cargo-home:ro,Z" "-v" "/var/lib/crater-agent-workspace/rustup-home:/opt/rustwide/rustup-home:ro,Z" "-e" "SOURCE_DIR=/opt/rustwide/workdir" "-e" "CARGO_TARGET_DIR=/opt/rustwide/target" "-e" "CARGO_INCREMENTAL=0" "-e" "RUST_BACKTRACE=full" "-e" "RUSTFLAGS=--cap-lints=forbid" "-e" "RUSTDOCFLAGS=--cap-lints=forbid" "-e" "CARGO_HOME=/opt/rustwide/cargo-home" "-e" "RUSTUP_HOME=/opt/rustwide/rustup-home" "-w" "/opt/rustwide/workdir" "-m" "1610612736" "--user" "0:0" "--network" "none" "ghcr.io/rust-lang/crates-build-env/linux@sha256:4a844ea9eb2546a2d2c7022eacef16ef2e8229c7fbb2c7d4d55a9ceca922f72d" "/opt/rustwide/cargo-home/bin/cargo" "+nightly-2024-10-28" "test" "--frozen" "--no-run" "--message-format=json", kill_on_drop: false }`
[INFO] [stdout] 4e63c1a8772febd746e7e9d051209dafd1d0e20308ccc7b2d0be9a9973033b57
[INFO] running `Command { std: "docker" "start" "-a" "4e63c1a8772febd746e7e9d051209dafd1d0e20308ccc7b2d0be9a9973033b57", kill_on_drop: false }`
[INFO] [stderr]    Compiling serde v1.0.214
[INFO] [stderr]    Compiling same-file v1.0.6
[INFO] [stderr]    Compiling serde_json v1.0.132
[INFO] [stderr]    Compiling camino v1.1.9
[INFO] [stderr]    Compiling rustix v0.38.38
[INFO] [stderr]    Compiling linux-raw-sys v0.4.14
[INFO] [stderr]    Compiling fastrand v2.1.1
[INFO] [stderr]    Compiling crossbeam-utils v0.8.20
[INFO] [stderr]    Compiling unicase v2.8.0
[INFO] [stderr]    Compiling semver v1.0.23
[INFO] [stderr]    Compiling error-chain v0.12.4
[INFO] [stderr]    Compiling pulldown-cmark v0.9.6
[INFO] [stderr]    Compiling aho-corasick v1.1.3
[INFO] [stderr]    Compiling bytecount v0.6.8
[INFO] [stderr]    Compiling syn v2.0.86
[INFO] [stderr]    Compiling regex-syntax v0.8.5
[INFO] [stderr]    Compiling byteorder v1.5.0
[INFO] [stderr]    Compiling glob v0.3.1
[INFO] [stderr]    Compiling anstyle v1.0.9
[INFO] [stderr]    Compiling ahash v0.8.11
[INFO] [stderr]    Compiling bstr v1.10.0
[INFO] [stderr]    Compiling walkdir v2.5.0
[INFO] [stderr]    Compiling num-traits v0.2.19
[INFO] [stderr]    Compiling either v1.13.0
[INFO] [stderr]    Compiling shlex v1.3.0
[INFO] [stderr]    Compiling futures-core v0.3.31
[INFO] [stderr]    Compiling futures-sink v0.3.31
[INFO] [stderr]    Compiling getrandom v0.2.15
[INFO] [stderr]    Compiling doc-comment v0.3.3
[INFO] [stderr]    Compiling futures-channel v0.3.31
[INFO] [stderr]    Compiling cc v1.1.31
[INFO] [stderr]    Compiling rayon-core v1.12.1
[INFO] [stderr]    Compiling predicates-core v1.0.8
[INFO] [stderr]    Compiling half v2.4.1
[INFO] [stderr]    Compiling futures-util v0.3.31
[INFO] [stderr]    Compiling difflib v0.4.0
[INFO] [stderr]    Compiling ciborium-io v0.2.2
[INFO] [stderr]    Compiling termtree v0.4.1
[INFO] [stderr]    Compiling clap_lex v0.7.2
[INFO] [stderr]    Compiling plotters-backend v0.3.7
[INFO] [stderr]    Compiling itertools v0.10.5
[INFO] [stderr]    Compiling predicates-tree v1.0.11
[INFO] [stderr]    Compiling ciborium-ll v0.2.2
[INFO] [stderr]    Compiling crossbeam-epoch v0.9.18
[INFO] [stderr]    Compiling plotters-svg v0.3.7
[INFO] [stderr]    Compiling predicates v3.1.2
[INFO] [stderr]    Compiling clap_builder v4.5.20
[INFO] [stderr]    Compiling rand_core v0.6.4
[INFO] [stderr]    Compiling include_dir_macros v0.7.4
[INFO] [stderr]    Compiling crossbeam-deque v0.8.5
[INFO] [stderr]    Compiling sdd v3.0.4
[INFO] [stderr]    Compiling virtue v0.0.13
[INFO] [stderr]    Compiling regex-automata v0.4.8
[INFO] [stderr]    Compiling cast v0.3.0
[INFO] [stderr]    Compiling include_dir v0.7.4
[INFO] [stderr]    Compiling scc v2.2.4
[INFO] [stderr]    Compiling plotters v0.3.7
[INFO] [stderr]    Compiling filetime v0.2.25
[INFO] [stderr]    Compiling bincode_derive v2.0.0-rc.3
[INFO] [stderr]    Compiling rayon v1.10.0
[INFO] [stderr]    Compiling is-terminal v0.4.13
[INFO] [stderr]    Compiling fslock v0.2.1
[INFO] [stderr]    Compiling criterion-plot v0.5.0
[INFO] [stderr]    Compiling oorandom v11.1.4
[INFO] [stderr]    Compiling fallible-streaming-iterator v0.1.9
[INFO] [stderr]    Compiling anes v0.1.6
[INFO] [stderr]    Compiling fallible-iterator v0.3.0
[INFO] [stderr]    Compiling itertools v0.13.0
[INFO] [stderr]    Compiling dinghy-test v0.7.3
[INFO] [stderr]    Compiling tempfile v3.13.0
[INFO] [stderr]    Compiling libsqlite3-sys v0.30.1
[INFO] [stderr]    Compiling clap v4.5.20
[INFO] [stderr]    Compiling serde_derive v1.0.214
[INFO] [stderr]    Compiling zerocopy-derive v0.7.35
[INFO] [stderr]    Compiling thiserror-impl v1.0.66
[INFO] [stderr]    Compiling zerocopy-derive v0.8.8
[INFO] [stderr]    Compiling native_model_macro v0.4.20
[INFO] [stderr]    Compiling tokio-macros v2.4.0
[INFO] [stderr]    Compiling native_db_macro v0.8.1
[INFO] [stderr]    Compiling serial_test_derive v3.1.1
[INFO] [stderr]    Compiling concat-idents v1.1.5
[INFO] [stderr]    Compiling futures-executor v0.3.31
[INFO] [stderr]    Compiling globset v0.4.15
[INFO] [stderr]    Compiling regex v1.11.1
[INFO] [stderr]    Compiling futures v0.3.31
[INFO] [stderr]    Compiling serial_test v3.1.1
[INFO] [stderr]    Compiling tokio v1.41.0
[INFO] [stderr]    Compiling ignore v0.4.23
[INFO] [stderr]    Compiling zerocopy v0.7.35
[INFO] [stderr]    Compiling zerocopy v0.8.8
[INFO] [stderr]    Compiling thiserror v1.0.66
[INFO] [stderr]    Compiling ppv-lite86 v0.2.20
[INFO] [stderr]    Compiling globwalk v0.9.1
[INFO] [stderr]    Compiling hashbrown v0.14.5
[INFO] [stderr]    Compiling assert_fs v1.1.2
[INFO] [stderr]    Compiling rand_chacha v0.3.1
[INFO] [stderr]    Compiling rand v0.8.5
[INFO] [stderr]    Compiling hashlink v0.9.1
[INFO] [stderr]    Compiling cargo-platform v0.1.8
[INFO] [stderr]    Compiling bincode v1.3.3
[INFO] [stderr]    Compiling ciborium v0.2.2
[INFO] [stderr]    Compiling chrono v0.4.38
[INFO] [stderr]    Compiling bincode v2.0.0-rc.3
[INFO] [stderr]    Compiling uuid v1.11.0
[INFO] [stderr]    Compiling shortcut_assert_fs v0.1.0
[INFO] [stderr]    Compiling cargo_metadata v0.14.2
[INFO] [stderr]    Compiling tinytemplate v1.2.1
[INFO] [stderr]    Compiling criterion v0.5.1
[INFO] [stderr]    Compiling skeptic v0.13.7
[INFO] [stderr]    Compiling native_model v0.4.20
[INFO] [stderr]    Compiling native_db v0.8.1 (/opt/rustwide/workdir)
[INFO] [stderr]    Compiling rusqlite v0.32.1
[INFO] [stderr]     Finished `test` profile [unoptimized + debuginfo] target(s) in 20.22s
[INFO] running `Command { std: "docker" "inspect" "4e63c1a8772febd746e7e9d051209dafd1d0e20308ccc7b2d0be9a9973033b57", kill_on_drop: false }`
[INFO] running `Command { std: "docker" "rm" "-f" "4e63c1a8772febd746e7e9d051209dafd1d0e20308ccc7b2d0be9a9973033b57", kill_on_drop: false }`
[INFO] [stdout] 4e63c1a8772febd746e7e9d051209dafd1d0e20308ccc7b2d0be9a9973033b57
[INFO] running `Command { std: "docker" "create" "-v" "/var/lib/crater-agent-workspace/builds/worker-4-tc1/target:/opt/rustwide/target:rw,Z" "-v" "/var/lib/crater-agent-workspace/builds/worker-4-tc1/source:/opt/rustwide/workdir:ro,Z" "-v" "/var/lib/crater-agent-workspace/cargo-home:/opt/rustwide/cargo-home:ro,Z" "-v" "/var/lib/crater-agent-workspace/rustup-home:/opt/rustwide/rustup-home:ro,Z" "-e" "SOURCE_DIR=/opt/rustwide/workdir" "-e" "CARGO_TARGET_DIR=/opt/rustwide/target" "-e" "CARGO_INCREMENTAL=0" "-e" "RUST_BACKTRACE=full" "-e" "RUSTFLAGS=--cap-lints=forbid" "-e" "RUSTDOCFLAGS=--cap-lints=forbid" "-e" "CARGO_HOME=/opt/rustwide/cargo-home" "-e" "RUSTUP_HOME=/opt/rustwide/rustup-home" "-w" "/opt/rustwide/workdir" "-m" "1610612736" "--user" "0:0" "--network" "none" "ghcr.io/rust-lang/crates-build-env/linux@sha256:4a844ea9eb2546a2d2c7022eacef16ef2e8229c7fbb2c7d4d55a9ceca922f72d" "/opt/rustwide/cargo-home/bin/cargo" "+nightly-2024-10-28" "test" "--frozen", kill_on_drop: false }`
[INFO] [stdout] ecc1525f309b353222f95e37ea58940545c7c94e2fad69d26de680b415d4de06
[INFO] running `Command { std: "docker" "start" "-a" "ecc1525f309b353222f95e37ea58940545c7c94e2fad69d26de680b415d4de06", kill_on_drop: false }`
[INFO] [stderr]     Finished `test` profile [unoptimized + debuginfo] target(s) in 0.30s
[INFO] [stderr]      Running unittests src/lib.rs (/opt/rustwide/target/debug/deps/native_db-ffafcaf8264bb454)
[INFO] [stdout] 
[INFO] [stdout] running 2 tests
[INFO] [stdout] test db_type::key::key::tests::test_range ... ok
[INFO] [stdout] test db_type::key::inner_key_value_redb1::tests::test_range ... ok
[INFO] [stdout] 
[INFO] [stdout] test result: ok. 2 passed; 0 failed; 0 ignored; 0 measured; 0 filtered out; finished in 0.13s
[INFO] [stdout] 
[INFO] [stderr]      Running tests/check_integrity.rs (/opt/rustwide/target/debug/deps/check_integrity-f027e1d88fed1eb5)
[INFO] [stdout] 
[INFO] [stdout] running 1 test
[INFO] [stdout] test test_check_integrity ... ok
[INFO] [stdout] 
[INFO] [stdout] test result: ok. 1 passed; 0 failed; 0 ignored; 0 measured; 0 filtered out; finished in 0.21s
[INFO] [stdout] 
[INFO] [stderr]      Running tests/compact.rs (/opt/rustwide/target/debug/deps/compact-a1b8bfe01c810c70)
[INFO] [stdout] 
[INFO] [stdout] running 1 test
[INFO] [stdout] test test_compact ... ok
[INFO] [stdout] 
[INFO] [stdout] test result: ok. 1 passed; 0 failed; 0 ignored; 0 measured; 0 filtered out; finished in 0.18s
[INFO] [stdout] 
[INFO] [stderr]      Running tests/convert_all.rs (/opt/rustwide/target/debug/deps/convert_all-75b380fb6ea1ad74)
[INFO] [stdout] 
[INFO] [stdout] running 1 test
[INFO] [stdout] test convert_all ... ok
[INFO] [stdout] 
[INFO] [stdout] test result: ok. 1 passed; 0 failed; 0 ignored; 0 measured; 0 filtered out; finished in 0.12s
[INFO] [stdout] 
[INFO] [stderr]      Running tests/deserialization_error.rs (/opt/rustwide/target/debug/deps/deserialization_error-f525fa7be24995c3)
[INFO] [stdout] 
[INFO] [stdout] running 1 test
[INFO] [stdout] test create_local_database_for_tests ... ok
[INFO] [stdout] 
[INFO] [stdout] test result: ok. 1 passed; 0 failed; 0 ignored; 0 measured; 0 filtered out; finished in 0.05s
[INFO] [stdout] 
[INFO] [stderr]      Running tests/modules.rs (/opt/rustwide/target/debug/deps/modules-9cf0cfa0902c7504)
[INFO] [stdout] 
[INFO] [stdout] running 85 tests
[INFO] [stdout] test check_type::all::test_i8_i8 ... ok
[INFO] [stdout] test check_type::all::test_i64_i64 ... ok
[INFO] [stdout] test check_type::all::test_i16_i16 ... ok
[INFO] [stdout] test check_type::all::test_u128_u128 ... ok
[INFO] [stdout] test check_type::all::test_i32_i32 ... ok
[INFO] [stdout] test check_type::all::test_char_char ... ok
[INFO] [stdout] test check_type::all::test_i128_i128 ... ok
[INFO] [stdout] test check_type::all::test_string_string ... ok
[INFO] [stdout] test check_type::all::test_pkenum_pkenum ... ok
[INFO] [stdout] test check_type::all::test_array_u32_u32 ... ok
[INFO] [stdout] test macro_def::primary_key::test_insert_my_item ... ok
[INFO] [stdout] test macro_def::primary_key_attribute::test_insert_my_item ... ok
[INFO] [stdout] test macro_def::secondary_key::test_secondary ... ok
[INFO] [stdout] test macro_def::secondary_key::test_secondary_optional ... ok
[INFO] [stdout] test check_type::all::test_f64_f64 ... ok
[INFO] [stdout] test macro_def::secondary_key::test_secondary_unique ... ok
[INFO] [stdout] test macro_def::secondary_key_attribute::test_secondary ... ok
[INFO] [stdout] test macro_def::secondary_key_attribute::test_secondary_others ... ok
[INFO] [stdout] test macro_def::secondary_key_attribute::test_secondary_unique ... ok
[INFO] [stdout] test macro_def::secondary_key_attribute::test_secondary_optional ... ok
[INFO] [stdout] test macro_def::secondary_key_mix::test_secondary ... ok
[INFO] [stdout] test check_type::all::test_string_str ... ok
[INFO] [stdout] test check_type::all::test_tuple_u32_string ... ok
[INFO] [stdout] test check_type::all::test_option_u32_option_u32 ... ok
[INFO] [stdout] test check_type::all::test_myuuid_myuuid ... ok
[INFO] [stdout] test check_type::all::test_f32_f32 ... ok
[INFO] [stdout] test check_type::all::test_u16_u16 ... ok
[INFO] [stdout] test check_type::all::test_u32_u32 ... ok
[INFO] [stdout] test check_type::all::test_vecu8_vecu8 ... ok
[INFO] [stdout] test check_type::struct_custom::test_get_primary_key_custom_pk ... ok
[INFO] [stdout] test check_type::all::test_u8_u8 ... ok
[INFO] [stdout] test custom_type::custom::test_item_functions ... ok
[INFO] [stdout] test check_type::all::test_u64_u64 ... ok
[INFO] [stdout] test custom_type::custom::insert_item_fields ... ok
[INFO] [stdout] test check_type::struct_simple::test_get_primary_key_custom_pk ... ok
[INFO] [stdout] test primary_drain::only_primary_key::drain_all ... ok
[INFO] [stdout] test query::insert_get_pk::test_insert_duplicate_key ... ok
[INFO] [stdout] test migrate::with_multiple_versions::test_skip_version ... ok
[INFO] [stdout] test migrate::with_secondary_keys::test_migrate ... ok
[INFO] [stdout] test primary_drain::with_secondary_keys::drain_all ... ok
[INFO] [stdout] test migrate::only_primary_key::test_migrate ... ok
[INFO] [stdout] test query::insert_get_sk::insert_get_read_transaction ... ok
[INFO] [stdout] test migrate::with_multiple_versions::test_skip_version_with_data_should_fail - should panic ... ok
[INFO] [stdout] test query::insert_get_sk::test_insert_duplicate_key ... ok
[INFO] [stdout] test query::insert_get_pk::insert_get ... ok
[INFO] [stdout] test migrate::with_other_model::test_migrate ... ok
[INFO] [stdout] test query::insert_get_sk::insert_get_read_write_transaction ... ok
[INFO] [stdout] test query::insert_get_sk::test_insert_optional ... ok
[INFO] [stdout] test migrate::with_secondary_keys::test_migrate_v3 ... ok
[INFO] [stdout] test query::insert_remove_sk::insert_remove ... ok
[INFO] [stdout] test query::insert_remove_sk::insert_remove_unique_optional ... ok
[INFO] [stdout] test query::insert_len_pk::insert_len_read_transaction ... ok
[INFO] [stdout] test query::insert_remove_sk::test_remove_with_invalid_secondary_key_without_catch_error ... ok
[INFO] [stdout] test query::insert_remove_pk::insert_get ... ok
[INFO] [stdout] test query::upsert_get_sk::test_upsert_duplicate_key ... ok
[INFO] [stdout] test query::insert_remove_sk::insert_remove_unique_optional_with_invalid_secondary_key ... ok
[INFO] [stdout] test query::upsert_get_pk::upsert_get ... ok
[INFO] [stdout] test query::upsert_get_pk::test_upsert_duplicate_key ... ok
[INFO] [stdout] test query::upsert_get_sk::test_upsert_optional ... ok
[INFO] [stdout] test query::insert_remove_sk::test_remove_with_invalid_secondary_key ... ok
[INFO] [stdout] test query::insert_update_sk::insert_update_sk ... ok
[INFO] [stdout] test query::upsert_get_sk::upsert_get_read_transaction ... ok
[INFO] [stdout] test query::insert_len_sk::insert_len_read_transaction ... ok
[INFO] [stdout] test query::insert_update_pk::insert_update_pk ... ok
[INFO] [stdout] test metadata::current_version::test_current_version ... ok
[INFO] [stdout] test watch::unwatch ... ok
[INFO] [stdout] test query::upsert_get_sk::upsert_get_update_secondary_key ... ok
[INFO] [stdout] test query::upsert_get_sk::upsert_get_read_write_transaction ... ok
[INFO] [stdout] test watch::unwatch_by_deleted_receiver ... ok
[INFO] [stdout] test watch::watch_all_secondary_keys ... ok
[INFO] [stdout] test watch::watch_all_update ... ok
[INFO] [stdout] test watch::watch_all_delete ... ok
[INFO] [stdout] test watch::watch_all_primary_key ... ok
[INFO] [stdout] test watch::watch_multithreading ... ok
[INFO] [stdout] test watch::watch_one_primary_key ... ok
[INFO] [stdout] test watch::watch_one_secondary_key ... ok
[INFO] [stdout] test watch::watch_optional::watch_one_secondary_key_some ... ok
[INFO] [stdout] test watch::watch_start_with_by_key ... ok
[INFO] [stdout] test watch::watch_optional::watch_start_with_by_key ... ok
[INFO] [stdout] test watch::watch_outside ... ok
[INFO] [stdout] test watch::watch_start_with ... ok
[INFO] [stdout] test upgrade::from_0_5_x_to_0_6_x::try_to_open_legacy_database_with_upgrade_feature ... ok
[INFO] [stdout] test upgrade::from_0_5_x_to_0_6_x::try_to_open_legacy_database_with_upgrade_feature_with_other_model ... ok
[INFO] [stdout] test upgrade::from_0_7_x_to_0_8_x::upgrade_from_0_7_x_to_0_8_x ... ok
[INFO] [stdout] test watch::watch_optional::watch_one_secondary_key_none ... ok
[INFO] [stdout] 
[INFO] [stdout] test result: ok. 85 passed; 0 failed; 0 ignored; 0 measured; 0 filtered out; finished in 2.45s
[INFO] [stdout] 
[INFO] [stdout] 
[INFO] [stderr]      Running tests/native_model.rs (/opt/rustwide/target/debug/deps/native_model-2b114bedd85a9168)
[INFO] [stdout] running 1 test
[INFO] [stderr]      Running tests/refresh.rs (/opt/rustwide/target/debug/deps/refresh-7d95341efd90c984)
[INFO] [stdout] test test_native_encode ... ok
[INFO] [stdout] 
[INFO] [stdout] test result: ok. 1 passed; 0 failed; 0 ignored; 0 measured; 0 filtered out; finished in 0.00s
[INFO] [stdout] 
[INFO] [stdout] 
[INFO] [stdout] running 1 test
[INFO] [stdout] test test_refresh ... ok
[INFO] [stdout] 
[INFO] [stdout] test result: ok. 1 passed; 0 failed; 0 ignored; 0 measured; 0 filtered out; finished in 1.04s
[INFO] [stdout] 
[INFO] [stderr]      Running tests/scan.rs (/opt/rustwide/target/debug/deps/scan-d9818d9884858000)
[INFO] [stdout] 
[INFO] [stdout] running 15 tests
[INFO] [stdout] test test_low_level_scan_range ... ok
[INFO] [stdout] test test_iter_by_key ... ok
[INFO] [stdout] test test_double_ended_iter_by_key ... ok
[INFO] [stdout] test test_iter ... ok
[INFO] [stdout] test test_double_ended_iter_by_key_range ... ok
[INFO] [stdout] test test_double_ended_iter ... ok
[INFO] [stdout] test test_txn_write_iter_range ... ok
[INFO] [stdout] test test_start_with_by_key_scenario_readonly_txn ... ok
[INFO] [stdout] test test_scan_range ... ok
[INFO] [stdout] test test_txn_write_start_with_scenario ... ok
[INFO] [stdout] test test_start_with_by_key_scenario_write_txn ... ok
[INFO] [stdout] test test_txn_write_iter ... ok
[INFO] [stdout] test test_start_with_scenario ... ok
[INFO] [stdout] test test_iter_range ... ok
[INFO] [stdout] test test_iter_many_items_to_be_bytes ... ok
[INFO] [stdout] 
[INFO] [stdout] test result: ok. 15 passed; 0 failed; 0 ignored; 0 measured; 0 filtered out; finished in 0.38s
[INFO] [stdout] 
[INFO] [stderr]      Running tests/simple_multithreads.rs (/opt/rustwide/target/debug/deps/simple_multithreads-e9054b30a3ade7b9)
[INFO] [stdout] 
[INFO] [stdout] running 1 test
[INFO] [stdout] test multi_threads ... ok
[INFO] [stdout] 
[INFO] [stdout] test result: ok. 1 passed; 0 failed; 0 ignored; 0 measured; 0 filtered out; finished in 0.13s
[INFO] [stdout] 
[INFO] [stderr]      Running tests/snapshot.rs (/opt/rustwide/target/debug/deps/snapshot-509cd18499a9b3fc)
[INFO] [stdout] 
[INFO] [stdout] running 1 test
[INFO] [stdout] test test_snapshot ... ok
[INFO] [stdout] 
[INFO] [stdout] test result: ok. 1 passed; 0 failed; 0 ignored; 0 measured; 0 filtered out; finished in 0.24s
[INFO] [stdout] 
[INFO] [stderr]      Running tests/transaction.rs (/opt/rustwide/target/debug/deps/transaction-0bfa592dedd26b71)
[INFO] [stdout] 
[INFO] [stdout] running 4 tests
[INFO] [stdout] test test_transaction_obj_1 ... ok
[INFO] [stdout] test test_abort_transaction_obj_1_and_obj_2 ... ok
[INFO] [stdout] test test_transaction_obj_1_and_obj_2 ... ok
[INFO] [stdout] test test_transaction_fail ... ok
[INFO] [stdout] 
[INFO] [stdout] test result: ok. 4 passed; 0 failed; 0 ignored; 0 measured; 0 filtered out; finished in 0.16s
[INFO] [stdout] 
[INFO] [stderr]      Running tests/util.rs (/opt/rustwide/target/debug/deps/util-f27876070f11e4ff)
[INFO] [stdout] 
[INFO] [stdout] running 5 tests
[INFO] [stdout] test test_open_unexisting_database ... ok
[INFO] [stdout] test create_local_database_for_tests ... FAILED
[INFO] [stdout] test test_builder ... ok
[INFO] [stdout] test test_builder_with_set_cache_size ... ok
[INFO] [stdout] test test_open_existing_database ... ok
[INFO] [stdout] 
[INFO] [stdout] failures:
[INFO] [stdout] 
[INFO] [stdout] ---- create_local_database_for_tests stdout ----
[INFO] [stdout] thread 'create_local_database_for_tests' panicked at tests/util.rs:88:61:
[INFO] [stdout] called `Result::unwrap()` on an `Err` value: RedbDatabaseError(Storage(Io(Os { code: 30, kind: ReadOnlyFilesystem, message: "Read-only file system" })))
[INFO] [stdout] stack backtrace:
[INFO] [stdout]    0:     0x5bc63fa9d28a - std::backtrace_rs::backtrace::libunwind::trace::h207520d6e9873551
[INFO] [stdout]                                at /rustc/df4ca44d3fbc9301ee17f30f4d474e6ae4b05252/library/std/src/../../backtrace/src/backtrace/libunwind.rs:116:5
[INFO] [stdout]    1:     0x5bc63fa9d28a - std::backtrace_rs::backtrace::trace_unsynchronized::h2ed7433f370e3eca
[INFO] [stdout]                                at /rustc/df4ca44d3fbc9301ee17f30f4d474e6ae4b05252/library/std/src/../../backtrace/src/backtrace/mod.rs:66:5
[INFO] [stdout]    2:     0x5bc63fa9d28a - std::sys::backtrace::_print_fmt::h916fac51166b18d7
[INFO] [stdout]                                at /rustc/df4ca44d3fbc9301ee17f30f4d474e6ae4b05252/library/std/src/sys/backtrace.rs:66:9
[INFO] [stdout]    3:     0x5bc63fa9d28a - <std::sys::backtrace::BacktraceLock::print::DisplayBacktrace as core::fmt::Display>::fmt::ha0a4c9b8ce3802e6
[INFO] [stdout]                                at /rustc/df4ca44d3fbc9301ee17f30f4d474e6ae4b05252/library/std/src/sys/backtrace.rs:39:26
[INFO] [stdout]    4:     0x5bc63fac52f3 - core::fmt::rt::Argument::fmt::h4cfc8587d52b3eb5
[INFO] [stdout]                                at /rustc/df4ca44d3fbc9301ee17f30f4d474e6ae4b05252/library/core/src/fmt/rt.rs:177:76
[INFO] [stdout]    5:     0x5bc63fac52f3 - core::fmt::write::h522cc39e5b36ae9f
[INFO] [stdout]                                at /rustc/df4ca44d3fbc9301ee17f30f4d474e6ae4b05252/library/core/src/fmt/mod.rs:1190:21
[INFO] [stdout]    6:     0x5bc63fa99633 - std::io::Write::write_fmt::h7d3c26752da97734
[INFO] [stdout]                                at /rustc/df4ca44d3fbc9301ee17f30f4d474e6ae4b05252/library/std/src/io/mod.rs:1839:15
[INFO] [stdout]    7:     0x5bc63fa9d0d2 - std::sys::backtrace::BacktraceLock::print::h4b9e00b29e9c0942
[INFO] [stdout]                                at /rustc/df4ca44d3fbc9301ee17f30f4d474e6ae4b05252/library/std/src/sys/backtrace.rs:42:9
[INFO] [stdout]    8:     0x5bc63fa9e71a - std::panicking::default_hook::{{closure}}::hb59b88280d0324d9
[INFO] [stdout]                                at /rustc/df4ca44d3fbc9301ee17f30f4d474e6ae4b05252/library/std/src/panicking.rs:268:22
[INFO] [stdout]    9:     0x5bc63fa9e524 - std::panicking::default_hook::he1dd496665be4a29
[INFO] [stdout]                                at /rustc/df4ca44d3fbc9301ee17f30f4d474e6ae4b05252/library/std/src/panicking.rs:292:9
[INFO] [stdout]   10:     0x5bc63f79e869 - <alloc::boxed::Box<F,A> as core::ops::function::Fn<Args>>::call::h4ff71de18744e1dc
[INFO] [stdout]                                at /rustc/df4ca44d3fbc9301ee17f30f4d474e6ae4b05252/library/alloc/src/boxed.rs:2468:9
[INFO] [stdout]   11:     0x5bc63f79e869 - test::test_main::{{closure}}::hcf7c055ce117aa81
[INFO] [stdout]                                at /rustc/df4ca44d3fbc9301ee17f30f4d474e6ae4b05252/library/test/src/lib.rs:133:21
[INFO] [stdout]   12:     0x5bc63fa9ee18 - <alloc::boxed::Box<F,A> as core::ops::function::Fn<Args>>::call::h1d66c6bbd60c9692
[INFO] [stdout]                                at /rustc/df4ca44d3fbc9301ee17f30f4d474e6ae4b05252/library/alloc/src/boxed.rs:2468:9
[INFO] [stdout]   13:     0x5bc63fa9ee18 - std::panicking::rust_panic_with_hook::h2ff17fe8f26dfcf8
[INFO] [stdout]                                at /rustc/df4ca44d3fbc9301ee17f30f4d474e6ae4b05252/library/std/src/panicking.rs:809:13
[INFO] [stdout]   14:     0x5bc63fa9ebda - std::panicking::begin_panic_handler::{{closure}}::h4fad77951c07e101
[INFO] [stdout]                                at /rustc/df4ca44d3fbc9301ee17f30f4d474e6ae4b05252/library/std/src/panicking.rs:674:13
[INFO] [stdout]   15:     0x5bc63fa9d769 - std::sys::backtrace::__rust_end_short_backtrace::hb1a25b3da5d0ea08
[INFO] [stdout]                                at /rustc/df4ca44d3fbc9301ee17f30f4d474e6ae4b05252/library/std/src/sys/backtrace.rs:170:18
[INFO] [stdout]   16:     0x5bc63fa9e86c - rust_begin_unwind
[INFO] [stdout]                                at /rustc/df4ca44d3fbc9301ee17f30f4d474e6ae4b05252/library/std/src/panicking.rs:665:5
[INFO] [stdout]   17:     0x5bc63fac3cb0 - core::panicking::panic_fmt::ha9db07b529f9b256
[INFO] [stdout]                                at /rustc/df4ca44d3fbc9301ee17f30f4d474e6ae4b05252/library/core/src/panicking.rs:75:14
[INFO] [stdout]   18:     0x5bc63fac40f6 - core::result::unwrap_failed::h5e8218e4d4338b8a
[INFO] [stdout]                                at /rustc/df4ca44d3fbc9301ee17f30f4d474e6ae4b05252/library/core/src/result.rs:1698:5
[INFO] [stdout]   19:     0x5bc63f75569f - core::result::Result<T,E>::unwrap::hbc31c965f2a11ad7
[INFO] [stdout]                                at /rustc/df4ca44d3fbc9301ee17f30f4d474e6ae4b05252/library/core/src/result.rs:1103:23
[INFO] [stdout]   20:     0x5bc63f75569f - util::create_local_database_for_tests::hd35ee47fc7631680
[INFO] [stdout]                                at /opt/rustwide/workdir/tests/util.rs:88:14
[INFO] [stdout]   21:     0x5bc63f754eb7 - util::create_local_database_for_tests::{{closure}}::h4a7dbab6432087a4
[INFO] [stdout]                                at /opt/rustwide/workdir/tests/util.rs:73:37
[INFO] [stdout]   22:     0x5bc63f75c926 - core::ops::function::FnOnce::call_once::h3fae65e082e80470
[INFO] [stdout]                                at /rustc/df4ca44d3fbc9301ee17f30f4d474e6ae4b05252/library/core/src/ops/function.rs:250:5
[INFO] [stdout]   23:     0x5bc63f7a313b - core::ops::function::FnOnce::call_once::h22c3ba5715e93f05
[INFO] [stdout]                                at /rustc/df4ca44d3fbc9301ee17f30f4d474e6ae4b05252/library/core/src/ops/function.rs:250:5
[INFO] [stdout]   24:     0x5bc63f7a313b - test::__rust_begin_short_backtrace::h8e82d8113d0da17f
[INFO] [stdout]                                at /rustc/df4ca44d3fbc9301ee17f30f4d474e6ae4b05252/library/test/src/lib.rs:621:18
[INFO] [stdout]   25:     0x5bc63f7a2ab7 - test::run_test_in_process::{{closure}}::h33235f4f20b7b7c7
[INFO] [stdout]                                at /rustc/df4ca44d3fbc9301ee17f30f4d474e6ae4b05252/library/test/src/lib.rs:644:60
[INFO] [stdout]   26:     0x5bc63f7a2ab7 - <core::panic::unwind_safe::AssertUnwindSafe<F> as core::ops::function::FnOnce<()>>::call_once::hb5043206310c586f
[INFO] [stdout]                                at /rustc/df4ca44d3fbc9301ee17f30f4d474e6ae4b05252/library/core/src/panic/unwind_safe.rs:272:9
[INFO] [stdout]   27:     0x5bc63f7a2ab7 - std::panicking::try::do_call::h9ad4731a60ab23e2
[INFO] [stdout]                                at /rustc/df4ca44d3fbc9301ee17f30f4d474e6ae4b05252/library/std/src/panicking.rs:557:40
[INFO] [stdout]   28:     0x5bc63f7a2ab7 - std::panicking::try::h3824d23db772a716
[INFO] [stdout]                                at /rustc/df4ca44d3fbc9301ee17f30f4d474e6ae4b05252/library/std/src/panicking.rs:520:19
[INFO] [stdout]   29:     0x5bc63f7a2ab7 - std::panic::catch_unwind::h5afd514605fde46b
[INFO] [stdout]                                at /rustc/df4ca44d3fbc9301ee17f30f4d474e6ae4b05252/library/std/src/panic.rs:358:14
[INFO] [stdout]   30:     0x5bc63f7a2ab7 - test::run_test_in_process::h0d5cbfa7067d1720
[INFO] [stdout]                                at /rustc/df4ca44d3fbc9301ee17f30f4d474e6ae4b05252/library/test/src/lib.rs:644:27
[INFO] [stdout]   31:     0x5bc63f7a2ab7 - test::run_test::{{closure}}::h708eb8872708115d
[INFO] [stdout]                                at /rustc/df4ca44d3fbc9301ee17f30f4d474e6ae4b05252/library/test/src/lib.rs:565:43
[INFO] [stdout]   32:     0x5bc63f7661d4 - test::run_test::{{closure}}::h392c51cee94713ab
[INFO] [stdout]                                at /rustc/df4ca44d3fbc9301ee17f30f4d474e6ae4b05252/library/test/src/lib.rs:595:41
[INFO] [stdout]   33:     0x5bc63f7661d4 - std::sys::backtrace::__rust_begin_short_backtrace::h2f40290710935a8b
[INFO] [stdout]                                at /rustc/df4ca44d3fbc9301ee17f30f4d474e6ae4b05252/library/std/src/sys/backtrace.rs:154:18
[INFO] [stdout]   34:     0x5bc63f76997e - std::thread::Builder::spawn_unchecked_::{{closure}}::{{closure}}::h3fd968d89053a903
[INFO] [stdout]                                at /rustc/df4ca44d3fbc9301ee17f30f4d474e6ae4b05252/library/std/src/thread/mod.rs:541:17
[INFO] [stdout]   35:     0x5bc63f76997e - <core::panic::unwind_safe::AssertUnwindSafe<F> as core::ops::function::FnOnce<()>>::call_once::h743f637ba4229880
[INFO] [stdout]                                at /rustc/df4ca44d3fbc9301ee17f30f4d474e6ae4b05252/library/core/src/panic/unwind_safe.rs:272:9
[INFO] [stdout]   36:     0x5bc63f76997e - std::panicking::try::do_call::h07440897322525a6
[INFO] [stdout]                                at /rustc/df4ca44d3fbc9301ee17f30f4d474e6ae4b05252/library/std/src/panicking.rs:557:40
[INFO] [stdout]   37:     0x5bc63f76997e - std::panicking::try::he5a2e00188156637
[INFO] [stdout]                                at /rustc/df4ca44d3fbc9301ee17f30f4d474e6ae4b05252/library/std/src/panicking.rs:520:19
[INFO] [stdout]   38:     0x5bc63f76997e - std::panic::catch_unwind::hbaf3cae49b3c6433
[INFO] [stdout]                                at /rustc/df4ca44d3fbc9301ee17f30f4d474e6ae4b05252/library/std/src/panic.rs:358:14
[INFO] [stdout]   39:     0x5bc63f76997e - std::thread::Builder::spawn_unchecked_::{{closure}}::h8e141ea224820bce
[INFO] [stdout]                                at /rustc/df4ca44d3fbc9301ee17f30f4d474e6ae4b05252/library/std/src/thread/mod.rs:540:30
[INFO] [stdout]   40:     0x5bc63f76997e - core::ops::function::FnOnce::call_once{{vtable.shim}}::h90d312fedd7b8ea8
[INFO] [stdout]                                at /rustc/df4ca44d3fbc9301ee17f30f4d474e6ae4b05252/library/core/src/ops/function.rs:250:5
[INFO] [stdout]   41:     0x5bc63faa3e7b - <alloc::boxed::Box<F,A> as core::ops::function::FnOnce<Args>>::call_once::h69aa08ddb6adb8b6
[INFO] [stdout]                                at /rustc/df4ca44d3fbc9301ee17f30f4d474e6ae4b05252/library/alloc/src/boxed.rs:2454:9
[INFO] [stdout]   42:     0x5bc63faa3e7b - <alloc::boxed::Box<F,A> as core::ops::function::FnOnce<Args>>::call_once::h5aa36efdb79c806f
[INFO] [stdout]                                at /rustc/df4ca44d3fbc9301ee17f30f4d474e6ae4b05252/library/alloc/src/boxed.rs:2454:9
[INFO] [stdout]   43:     0x5bc63faa3e7b - std::sys::pal::unix::thread::Thread::new::thread_start::h6cd80a1b4be5158d
[INFO] [stdout]                                at /rustc/df4ca44d3fbc9301ee17f30f4d474e6ae4b05252/library/std/src/sys/pal/unix/thread.rs:105:17
[INFO] [stdout]   44:     0x764a49d73ac3 - <unknown>
[INFO] [stdout]   45:     0x764a49e04a04 - clone
[INFO] [stdout]   46:                0x0 - <unknown>
[INFO] [stdout] 
[INFO] [stdout] 
[INFO] [stdout] failures:
[INFO] [stdout]     create_local_database_for_tests
[INFO] [stdout] 
[INFO] [stdout] test result: FAILED. 4 passed; 1 failed; 0 ignored; 0 measured; 0 filtered out; finished in 0.19s
[INFO] [stdout] 
[INFO] [stderr] error: test failed, to rerun pass `--test util`
[INFO] running `Command { std: "docker" "inspect" "ecc1525f309b353222f95e37ea58940545c7c94e2fad69d26de680b415d4de06", kill_on_drop: false }`
[INFO] running `Command { std: "docker" "rm" "-f" "ecc1525f309b353222f95e37ea58940545c7c94e2fad69d26de680b415d4de06", kill_on_drop: false }`
[INFO] [stdout] ecc1525f309b353222f95e37ea58940545c7c94e2fad69d26de680b415d4de06
