[INFO] fetching crate native_api_1c_macro 0.10.5...
[INFO] testing native_api_1c_macro-0.10.5 against nightly-2024-10-28 for randomize-layout
[INFO] extracting crate native_api_1c_macro 0.10.5 into /workspace/builds/worker-5-tc1/source
[INFO] validating manifest of crates.io crate native_api_1c_macro 0.10.5 on toolchain nightly-2024-10-28
[INFO] running `Command { std: CARGO_HOME="/workspace/cargo-home" RUSTUP_HOME="/workspace/rustup-home" "/workspace/cargo-home/bin/cargo" "+nightly-2024-10-28" "metadata" "--manifest-path" "Cargo.toml" "--no-deps", kill_on_drop: false }`
[INFO] started tweaking crates.io crate native_api_1c_macro 0.10.5
[INFO] removed 0 missing tests
[INFO] finished tweaking crates.io crate native_api_1c_macro 0.10.5
[INFO] tweaked toml for crates.io crate native_api_1c_macro 0.10.5 written to /workspace/builds/worker-5-tc1/source/Cargo.toml
[INFO] running `Command { std: CARGO_HOME="/workspace/cargo-home" RUSTUP_HOME="/workspace/rustup-home" "/workspace/cargo-home/bin/cargo" "+nightly-2024-10-28" "generate-lockfile" "--manifest-path" "Cargo.toml", kill_on_drop: false }`
[INFO] [stderr]     Blocking waiting for file lock on package cache
[INFO] [stderr]     Updating crates.io index
[INFO] [stderr]     Blocking waiting for file lock on package cache
[INFO] [stderr]      Locking 57 packages to latest compatible versions
[INFO] running `Command { std: CARGO_HOME="/workspace/cargo-home" RUSTUP_HOME="/workspace/rustup-home" "/workspace/cargo-home/bin/cargo" "+nightly-2024-10-28" "fetch" "--manifest-path" "Cargo.toml", kill_on_drop: false }`
[INFO] [stderr]     Blocking waiting for file lock on package cache
[INFO] [stderr]  Downloading crates ...
[INFO] [stderr]   Downloaded utf16_lit v2.0.2
[INFO] running `Command { std: "docker" "create" "-v" "/var/lib/crater-agent-workspace/builds/worker-5-tc1/target:/opt/rustwide/target:rw,Z" "-v" "/var/lib/crater-agent-workspace/builds/worker-5-tc1/source:/opt/rustwide/workdir:ro,Z" "-v" "/var/lib/crater-agent-workspace/cargo-home:/opt/rustwide/cargo-home:ro,Z" "-v" "/var/lib/crater-agent-workspace/rustup-home:/opt/rustwide/rustup-home:ro,Z" "-e" "SOURCE_DIR=/opt/rustwide/workdir" "-e" "CARGO_TARGET_DIR=/opt/rustwide/target" "-e" "CARGO_HOME=/opt/rustwide/cargo-home" "-e" "RUSTUP_HOME=/opt/rustwide/rustup-home" "-w" "/opt/rustwide/workdir" "-m" "1610612736" "--user" "0:0" "--network" "none" "ghcr.io/rust-lang/crates-build-env/linux@sha256:4a844ea9eb2546a2d2c7022eacef16ef2e8229c7fbb2c7d4d55a9ceca922f72d" "/opt/rustwide/cargo-home/bin/cargo" "+nightly-2024-10-28" "metadata" "--no-deps" "--format-version=1", kill_on_drop: false }`
[INFO] [stdout] 53a9e9fc1d92fc4ec95f77ffd73a2831c82f032203fbf4979b616048594f301e
[INFO] running `Command { std: "docker" "start" "-a" "53a9e9fc1d92fc4ec95f77ffd73a2831c82f032203fbf4979b616048594f301e", kill_on_drop: false }`
[INFO] running `Command { std: "docker" "inspect" "53a9e9fc1d92fc4ec95f77ffd73a2831c82f032203fbf4979b616048594f301e", kill_on_drop: false }`
[INFO] running `Command { std: "docker" "rm" "-f" "53a9e9fc1d92fc4ec95f77ffd73a2831c82f032203fbf4979b616048594f301e", kill_on_drop: false }`
[INFO] [stdout] 53a9e9fc1d92fc4ec95f77ffd73a2831c82f032203fbf4979b616048594f301e
[INFO] running `Command { std: "docker" "create" "-v" "/var/lib/crater-agent-workspace/builds/worker-5-tc1/target:/opt/rustwide/target:rw,Z" "-v" "/var/lib/crater-agent-workspace/builds/worker-5-tc1/source:/opt/rustwide/workdir:ro,Z" "-v" "/var/lib/crater-agent-workspace/cargo-home:/opt/rustwide/cargo-home:ro,Z" "-v" "/var/lib/crater-agent-workspace/rustup-home:/opt/rustwide/rustup-home:ro,Z" "-e" "SOURCE_DIR=/opt/rustwide/workdir" "-e" "CARGO_TARGET_DIR=/opt/rustwide/target" "-e" "CARGO_INCREMENTAL=0" "-e" "RUST_BACKTRACE=full" "-e" "RUSTFLAGS=--cap-lints=forbid" "-e" "RUSTDOCFLAGS=--cap-lints=forbid" "-e" "CARGO_HOME=/opt/rustwide/cargo-home" "-e" "RUSTUP_HOME=/opt/rustwide/rustup-home" "-w" "/opt/rustwide/workdir" "-m" "1610612736" "--user" "0:0" "--network" "none" "ghcr.io/rust-lang/crates-build-env/linux@sha256:4a844ea9eb2546a2d2c7022eacef16ef2e8229c7fbb2c7d4d55a9ceca922f72d" "/opt/rustwide/cargo-home/bin/cargo" "+nightly-2024-10-28" "build" "--frozen" "--message-format=json", kill_on_drop: false }`
[INFO] [stdout] 19738b44e14ec50f1cb1b1d3e84e436b77932ea8253b5ca5e73ea8e16f9360fd
[INFO] running `Command { std: "docker" "start" "-a" "19738b44e14ec50f1cb1b1d3e84e436b77932ea8253b5ca5e73ea8e16f9360fd", kill_on_drop: false }`
[INFO] [stderr]    Compiling proc-macro2 v1.0.89
[INFO] [stderr]    Compiling unicode-ident v1.0.13
[INFO] [stderr]    Compiling quote v1.0.37
[INFO] [stderr]    Compiling syn v2.0.86
[INFO] [stderr]    Compiling native_api_1c_macro v0.10.5 (/opt/rustwide/workdir)
[INFO] [stderr]     Finished `dev` profile [unoptimized + debuginfo] target(s) in 5.92s
[INFO] running `Command { std: "docker" "inspect" "19738b44e14ec50f1cb1b1d3e84e436b77932ea8253b5ca5e73ea8e16f9360fd", kill_on_drop: false }`
[INFO] running `Command { std: "docker" "rm" "-f" "19738b44e14ec50f1cb1b1d3e84e436b77932ea8253b5ca5e73ea8e16f9360fd", kill_on_drop: false }`
[INFO] [stdout] 19738b44e14ec50f1cb1b1d3e84e436b77932ea8253b5ca5e73ea8e16f9360fd
[INFO] running `Command { std: "docker" "create" "-v" "/var/lib/crater-agent-workspace/builds/worker-5-tc1/target:/opt/rustwide/target:rw,Z" "-v" "/var/lib/crater-agent-workspace/builds/worker-5-tc1/source:/opt/rustwide/workdir:ro,Z" "-v" "/var/lib/crater-agent-workspace/cargo-home:/opt/rustwide/cargo-home:ro,Z" "-v" "/var/lib/crater-agent-workspace/rustup-home:/opt/rustwide/rustup-home:ro,Z" "-e" "SOURCE_DIR=/opt/rustwide/workdir" "-e" "CARGO_TARGET_DIR=/opt/rustwide/target" "-e" "CARGO_INCREMENTAL=0" "-e" "RUST_BACKTRACE=full" "-e" "RUSTFLAGS=--cap-lints=forbid" "-e" "RUSTDOCFLAGS=--cap-lints=forbid" "-e" "CARGO_HOME=/opt/rustwide/cargo-home" "-e" "RUSTUP_HOME=/opt/rustwide/rustup-home" "-w" "/opt/rustwide/workdir" "-m" "1610612736" "--user" "0:0" "--network" "none" "ghcr.io/rust-lang/crates-build-env/linux@sha256:4a844ea9eb2546a2d2c7022eacef16ef2e8229c7fbb2c7d4d55a9ceca922f72d" "/opt/rustwide/cargo-home/bin/cargo" "+nightly-2024-10-28" "test" "--frozen" "--no-run" "--message-format=json", kill_on_drop: false }`
[INFO] [stdout] d784a8f05e1c1c8cf78bc5bac7ff6661b685dcaac9c9b3520994d1c942fdc2bc
[INFO] running `Command { std: "docker" "start" "-a" "d784a8f05e1c1c8cf78bc5bac7ff6661b685dcaac9c9b3520994d1c942fdc2bc", kill_on_drop: false }`
[INFO] [stderr]    Compiling serde v1.0.214
[INFO] [stderr]    Compiling unicode-ident v1.0.13
[INFO] [stderr]    Compiling equivalent v1.0.1
[INFO] [stderr]    Compiling autocfg v1.4.0
[INFO] [stderr]    Compiling hashbrown v0.15.0
[INFO] [stderr]    Compiling target-triple v0.1.3
[INFO] [stderr]    Compiling serde_json v1.0.132
[INFO] [stderr]    Compiling winnow v0.6.20
[INFO] [stderr]    Compiling ryu v1.0.18
[INFO] [stderr]    Compiling itoa v1.0.11
[INFO] [stderr]    Compiling memchr v2.7.4
[INFO] [stderr]    Compiling termcolor v1.4.1
[INFO] [stderr]    Compiling dissimilar v1.0.9
[INFO] [stderr]    Compiling iana-time-zone v0.1.61
[INFO] [stderr]    Compiling glob v0.3.1
[INFO] [stderr]    Compiling proc-macro2 v1.0.89
[INFO] [stderr]    Compiling utf16_lit v2.0.2
[INFO] [stderr]    Compiling num-traits v0.2.19
[INFO] [stderr]    Compiling quote v1.0.37
[INFO] [stderr]    Compiling syn v2.0.86
[INFO] [stderr]    Compiling indexmap v2.6.0
[INFO] [stderr]    Compiling chrono v0.4.38
[INFO] [stderr]    Compiling serde_spanned v0.6.8
[INFO] [stderr]    Compiling toml_datetime v0.6.8
[INFO] [stderr]    Compiling toml_edit v0.22.22
[INFO] [stderr]    Compiling serde_derive v1.0.214
[INFO] [stderr]    Compiling native_api_1c_macro v0.10.5 (/opt/rustwide/workdir)
[INFO] [stderr]    Compiling toml v0.8.19
[INFO] [stderr]    Compiling trybuild v1.0.101
[INFO] [stderr]     Finished `test` profile [unoptimized + debuginfo] target(s) in 10.92s
[INFO] running `Command { std: "docker" "inspect" "d784a8f05e1c1c8cf78bc5bac7ff6661b685dcaac9c9b3520994d1c942fdc2bc", kill_on_drop: false }`
[INFO] running `Command { std: "docker" "rm" "-f" "d784a8f05e1c1c8cf78bc5bac7ff6661b685dcaac9c9b3520994d1c942fdc2bc", kill_on_drop: false }`
[INFO] [stdout] d784a8f05e1c1c8cf78bc5bac7ff6661b685dcaac9c9b3520994d1c942fdc2bc
[INFO] running `Command { std: "docker" "create" "-v" "/var/lib/crater-agent-workspace/builds/worker-5-tc1/target:/opt/rustwide/target:rw,Z" "-v" "/var/lib/crater-agent-workspace/builds/worker-5-tc1/source:/opt/rustwide/workdir:ro,Z" "-v" "/var/lib/crater-agent-workspace/cargo-home:/opt/rustwide/cargo-home:ro,Z" "-v" "/var/lib/crater-agent-workspace/rustup-home:/opt/rustwide/rustup-home:ro,Z" "-e" "SOURCE_DIR=/opt/rustwide/workdir" "-e" "CARGO_TARGET_DIR=/opt/rustwide/target" "-e" "CARGO_INCREMENTAL=0" "-e" "RUST_BACKTRACE=full" "-e" "RUSTFLAGS=--cap-lints=forbid" "-e" "RUSTDOCFLAGS=--cap-lints=forbid" "-e" "CARGO_HOME=/opt/rustwide/cargo-home" "-e" "RUSTUP_HOME=/opt/rustwide/rustup-home" "-w" "/opt/rustwide/workdir" "-m" "1610612736" "--user" "0:0" "--network" "none" "ghcr.io/rust-lang/crates-build-env/linux@sha256:4a844ea9eb2546a2d2c7022eacef16ef2e8229c7fbb2c7d4d55a9ceca922f72d" "/opt/rustwide/cargo-home/bin/cargo" "+nightly-2024-10-28" "test" "--frozen", kill_on_drop: false }`
[INFO] [stdout] dd568e3e407d8fb35172d96f39e5d9f45b57ccff1d3e2547f6c57910775b0e27
[INFO] running `Command { std: "docker" "start" "-a" "dd568e3e407d8fb35172d96f39e5d9f45b57ccff1d3e2547f6c57910775b0e27", kill_on_drop: false }`
[INFO] [stderr]     Finished `test` profile [unoptimized + debuginfo] target(s) in 0.04s
[INFO] [stderr]      Running unittests src/lib.rs (/opt/rustwide/target/debug/deps/native_api_1c_macro-734ecaa325c96f96)
[INFO] [stdout] 
[INFO] [stdout] running 0 tests
[INFO] [stdout] 
[INFO] [stdout] test result: ok. 0 passed; 0 failed; 0 ignored; 0 measured; 0 filtered out; finished in 0.00s
[INFO] [stdout] 
[INFO] [stderr]      Running tests/functions.rs (/opt/rustwide/target/debug/deps/functions-bf2cf377a016876b)
[INFO] [stdout] 
[INFO] [stdout] running 1 test
[INFO] [stderr]    Compiling proc-macro2 v1.0.89
[INFO] [stderr]    Compiling unicode-ident v1.0.13
[INFO] [stderr]    Compiling autocfg v1.4.0
[INFO] [stderr]    Compiling iana-time-zone v0.1.61
[INFO] [stderr]    Compiling utf16_lit v2.0.2
[INFO] [stderr]    Compiling num-traits v0.2.19
[INFO] [stderr]    Compiling quote v1.0.37
[INFO] [stderr]    Compiling syn v2.0.86
[INFO] [stderr]    Compiling chrono v0.4.38
[INFO] [stderr]    Compiling native_api_1c_macro v0.10.5 (/opt/rustwide/workdir)
[INFO] [stderr]    Compiling native_api_1c_macro-tests v0.0.0 (/opt/rustwide/target/tests/trybuild/native_api_1c_macro)
[INFO] [stderr]     Finished `dev` profile [unoptimized + debuginfo] target(s) in 5.61s
[INFO] [stderr] 
[INFO] [stderr] 
[INFO] [stderr] test tests/to_build/functions/bool_type.rs [should pass] ... error
[INFO] [stderr] ┈┈┈┈┈┈┈┈┈┈┈┈┈┈┈┈┈┈┈┈┈┈┈┈┈┈┈┈┈┈┈┈┈┈┈┈┈┈┈┈┈┈┈┈┈┈┈┈┈┈┈┈┈┈┈┈┈┈┈┈
[INFO] [stderr] error[E0433]: failed to resolve: use of undeclared crate or module `native_api_1c`
[INFO] [stderr]  --> tests/to_build/functions/bool_type.rs:3:5
[INFO] [stderr]   |
[INFO] [stderr] 3 | use native_api_1c::native_api_1c_core::ffi::connection::Connection;
[INFO] [stderr]   |     ^^^^^^^^^^^^^ use of undeclared crate or module `native_api_1c`
[INFO] [stderr] 
[INFO] [stderr] error[E0433]: failed to resolve: use of undeclared crate or module `native_api_1c`
[INFO] [stderr]  --> tests/to_build/functions/bool_type.rs:6:10
[INFO] [stderr]   |
[INFO] [stderr] 6 | #[derive(AddIn)]
[INFO] [stderr]   |          ^^^^^ use of undeclared crate or module `native_api_1c`
[INFO] [stderr]   |
[INFO] [stderr]   = note: this error originates in the derive macro `AddIn` (in Nightly builds, run with -Z macro-backtrace for more info)
[INFO] [stderr] ┈┈┈┈┈┈┈┈┈┈┈┈┈┈┈┈┈┈┈┈┈┈┈┈┈┈┈┈┈┈┈┈┈┈┈┈┈┈┈┈┈┈┈┈┈┈┈┈┈┈┈┈┈┈┈┈┈┈┈┈
[INFO] [stderr] 
[INFO] [stderr] test tests/to_build/functions/int_type.rs [should pass] ... error
[INFO] [stderr] ┈┈┈┈┈┈┈┈┈┈┈┈┈┈┈┈┈┈┈┈┈┈┈┈┈┈┈┈┈┈┈┈┈┈┈┈┈┈┈┈┈┈┈┈┈┈┈┈┈┈┈┈┈┈┈┈┈┈┈┈
[INFO] [stderr] error[E0433]: failed to resolve: use of undeclared crate or module `native_api_1c`
[INFO] [stderr]  --> tests/to_build/functions/int_type.rs:3:5
[INFO] [stderr]   |
[INFO] [stderr] 3 | use native_api_1c::native_api_1c_core::ffi::connection::Connection;
[INFO] [stderr]   |     ^^^^^^^^^^^^^ use of undeclared crate or module `native_api_1c`
[INFO] [stderr] 
[INFO] [stderr] error[E0433]: failed to resolve: use of undeclared crate or module `native_api_1c`
[INFO] [stderr]  --> tests/to_build/functions/int_type.rs:6:10
[INFO] [stderr]   |
[INFO] [stderr] 6 | #[derive(AddIn)]
[INFO] [stderr]   |          ^^^^^ use of undeclared crate or module `native_api_1c`
[INFO] [stderr]   |
[INFO] [stderr]   = note: this error originates in the derive macro `AddIn` (in Nightly builds, run with -Z macro-backtrace for more info)
[INFO] [stderr] ┈┈┈┈┈┈┈┈┈┈┈┈┈┈┈┈┈┈┈┈┈┈┈┈┈┈┈┈┈┈┈┈┈┈┈┈┈┈┈┈┈┈┈┈┈┈┈┈┈┈┈┈┈┈┈┈┈┈┈┈
[INFO] [stderr] 
[INFO] [stderr] test tests/to_build/functions/float_type.rs [should pass] ... error
[INFO] [stderr] ┈┈┈┈┈┈┈┈┈┈┈┈┈┈┈┈┈┈┈┈┈┈┈┈┈┈┈┈┈┈┈┈┈┈┈┈┈┈┈┈┈┈┈┈┈┈┈┈┈┈┈┈┈┈┈┈┈┈┈┈
[INFO] [stderr] error[E0433]: failed to resolve: use of undeclared crate or module `native_api_1c`
[INFO] [stderr]  --> tests/to_build/functions/float_type.rs:3:5
[INFO] [stderr]   |
[INFO] [stderr] 3 | use native_api_1c::native_api_1c_core::ffi::connection::Connection;
[INFO] [stderr]   |     ^^^^^^^^^^^^^ use of undeclared crate or module `native_api_1c`
[INFO] [stderr] 
[INFO] [stderr] error[E0433]: failed to resolve: use of undeclared crate or module `native_api_1c`
[INFO] [stderr]  --> tests/to_build/functions/float_type.rs:6:10
[INFO] [stderr]   |
[INFO] [stderr] 6 | #[derive(AddIn)]
[INFO] [stderr]   |          ^^^^^ use of undeclared crate or module `native_api_1c`
[INFO] [stderr]   |
[INFO] [stderr]   = note: this error originates in the derive macro `AddIn` (in Nightly builds, run with -Z macro-backtrace for more info)
[INFO] [stderr] ┈┈┈┈┈┈┈┈┈┈┈┈┈┈┈┈┈┈┈┈┈┈┈┈┈┈┈┈┈┈┈┈┈┈┈┈┈┈┈┈┈┈┈┈┈┈┈┈┈┈┈┈┈┈┈┈┈┈┈┈
[INFO] [stderr] 
[INFO] [stderr] test tests/to_build/functions/str_type.rs [should pass] ... error
[INFO] [stderr] ┈┈┈┈┈┈┈┈┈┈┈┈┈┈┈┈┈┈┈┈┈┈┈┈┈┈┈┈┈┈┈┈┈┈┈┈┈┈┈┈┈┈┈┈┈┈┈┈┈┈┈┈┈┈┈┈┈┈┈┈
[INFO] [stderr] error[E0433]: failed to resolve: use of undeclared crate or module `native_api_1c`
[INFO] [stderr]  --> tests/to_build/functions/str_type.rs:3:5
[INFO] [stderr]   |
[INFO] [stderr] 3 | use native_api_1c::native_api_1c_core::ffi::connection::Connection;
[INFO] [stderr]   |     ^^^^^^^^^^^^^ use of undeclared crate or module `native_api_1c`
[INFO] [stderr] 
[INFO] [stderr] error[E0433]: failed to resolve: use of undeclared crate or module `native_api_1c`
[INFO] [stderr]  --> tests/to_build/functions/str_type.rs:6:10
[INFO] [stderr]   |
[INFO] [stderr] 6 | #[derive(AddIn)]
[INFO] [stderr]   |          ^^^^^ use of undeclared crate or module `native_api_1c`
[INFO] [stderr]   |
[INFO] [stderr]   = note: this error originates in the derive macro `AddIn` (in Nightly builds, run with -Z macro-backtrace for more info)
[INFO] [stderr] ┈┈┈┈┈┈┈┈┈┈┈┈┈┈┈┈┈┈┈┈┈┈┈┈┈┈┈┈┈┈┈┈┈┈┈┈┈┈┈┈┈┈┈┈┈┈┈┈┈┈┈┈┈┈┈┈┈┈┈┈
[INFO] [stderr] 
[INFO] [stderr] test tests/to_build/functions/date_type.rs [should pass] ... error
[INFO] [stderr] ┈┈┈┈┈┈┈┈┈┈┈┈┈┈┈┈┈┈┈┈┈┈┈┈┈┈┈┈┈┈┈┈┈┈┈┈┈┈┈┈┈┈┈┈┈┈┈┈┈┈┈┈┈┈┈┈┈┈┈┈
[INFO] [stderr] error[E0433]: failed to resolve: use of undeclared crate or module `native_api_1c`
[INFO] [stderr]  --> tests/to_build/functions/date_type.rs:3:5
[INFO] [stderr]   |
[INFO] [stderr] 3 | use native_api_1c::native_api_1c_core::ffi::connection::Connection;
[INFO] [stderr]   |     ^^^^^^^^^^^^^ use of undeclared crate or module `native_api_1c`
[INFO] [stderr] 
[INFO] [stderr] error[E0433]: failed to resolve: use of undeclared crate or module `native_api_1c`
[INFO] [stderr]  --> tests/to_build/functions/date_type.rs:6:10
[INFO] [stderr]   |
[INFO] [stderr] 6 | #[derive(AddIn)]
[INFO] [stderr]   |          ^^^^^ use of undeclared crate or module `native_api_1c`
[INFO] [stderr]   |
[INFO] [stderr]   = note: this error originates in the derive macro `AddIn` (in Nightly builds, run with -Z macro-backtrace for more info)
[INFO] [stderr] ┈┈┈┈┈┈┈┈┈┈┈┈┈┈┈┈┈┈┈┈┈┈┈┈┈┈┈┈┈┈┈┈┈┈┈┈┈┈┈┈┈┈┈┈┈┈┈┈┈┈┈┈┈┈┈┈┈┈┈┈
[INFO] [stderr] 
[INFO] [stderr] test tests/to_build/functions/blob_type.rs [should pass] ... error
[INFO] [stderr] ┈┈┈┈┈┈┈┈┈┈┈┈┈┈┈┈┈┈┈┈┈┈┈┈┈┈┈┈┈┈┈┈┈┈┈┈┈┈┈┈┈┈┈┈┈┈┈┈┈┈┈┈┈┈┈┈┈┈┈┈
[INFO] [stderr] error[E0433]: failed to resolve: use of undeclared crate or module `native_api_1c`
[INFO] [stderr]  --> tests/to_build/functions/blob_type.rs:3:5
[INFO] [stderr]   |
[INFO] [stderr] 3 | use native_api_1c::native_api_1c_core::ffi::connection::Connection;
[INFO] [stderr]   |     ^^^^^^^^^^^^^ use of undeclared crate or module `native_api_1c`
[INFO] [stderr] 
[INFO] [stderr] error[E0433]: failed to resolve: use of undeclared crate or module `native_api_1c`
[INFO] [stderr]  --> tests/to_build/functions/blob_type.rs:6:10
[INFO] [stderr]   |
[INFO] [stderr] 6 | #[derive(AddIn)]
[INFO] [stderr]   |          ^^^^^ use of undeclared crate or module `native_api_1c`
[INFO] [stderr]   |
[INFO] [stderr]   = note: this error originates in the derive macro `AddIn` (in Nightly builds, run with -Z macro-backtrace for more info)
[INFO] [stderr] ┈┈┈┈┈┈┈┈┈┈┈┈┈┈┈┈┈┈┈┈┈┈┈┈┈┈┈┈┈┈┈┈┈┈┈┈┈┈┈┈┈┈┈┈┈┈┈┈┈┈┈┈┈┈┈┈┈┈┈┈
[INFO] [stderr] 
[INFO] [stderr] test tests/to_build/functions/result/bool_type.rs [should pass] ... error
[INFO] [stderr] ┈┈┈┈┈┈┈┈┈┈┈┈┈┈┈┈┈┈┈┈┈┈┈┈┈┈┈┈┈┈┈┈┈┈┈┈┈┈┈┈┈┈┈┈┈┈┈┈┈┈┈┈┈┈┈┈┈┈┈┈
[INFO] [stderr] error[E0433]: failed to resolve: use of undeclared crate or module `native_api_1c`
[INFO] [stderr]  --> tests/to_build/functions/result/bool_type.rs:3:5
[INFO] [stderr]   |
[INFO] [stderr] 3 | use native_api_1c::native_api_1c_core::ffi::connection::Connection;
[INFO] [stderr]   |     ^^^^^^^^^^^^^ use of undeclared crate or module `native_api_1c`
[INFO] [stderr] 
[INFO] [stderr] error[E0433]: failed to resolve: use of undeclared crate or module `native_api_1c`
[INFO] [stderr]  --> tests/to_build/functions/result/bool_type.rs:6:10
[INFO] [stderr]   |
[INFO] [stderr] 6 | #[derive(AddIn)]
[INFO] [stderr]   |          ^^^^^ use of undeclared crate or module `native_api_1c`
[INFO] [stderr]   |
[INFO] [stderr]   = note: this error originates in the derive macro `AddIn` (in Nightly builds, run with -Z macro-backtrace for more info)
[INFO] [stderr] ┈┈┈┈┈┈┈┈┈┈┈┈┈┈┈┈┈┈┈┈┈┈┈┈┈┈┈┈┈┈┈┈┈┈┈┈┈┈┈┈┈┈┈┈┈┈┈┈┈┈┈┈┈┈┈┈┈┈┈┈
[INFO] [stderr] 
[INFO] [stderr] test tests/to_build/functions/result/int_type.rs [should pass] ... error
[INFO] [stderr] ┈┈┈┈┈┈┈┈┈┈┈┈┈┈┈┈┈┈┈┈┈┈┈┈┈┈┈┈┈┈┈┈┈┈┈┈┈┈┈┈┈┈┈┈┈┈┈┈┈┈┈┈┈┈┈┈┈┈┈┈
[INFO] [stderr] error[E0433]: failed to resolve: use of undeclared crate or module `native_api_1c`
[INFO] [stderr]  --> tests/to_build/functions/result/int_type.rs:3:5
[INFO] [stderr]   |
[INFO] [stderr] 3 | use native_api_1c::native_api_1c_core::ffi::connection::Connection;
[INFO] [stderr]   |     ^^^^^^^^^^^^^ use of undeclared crate or module `native_api_1c`
[INFO] [stderr] 
[INFO] [stderr] error[E0433]: failed to resolve: use of undeclared crate or module `native_api_1c`
[INFO] [stderr]  --> tests/to_build/functions/result/int_type.rs:6:10
[INFO] [stderr]   |
[INFO] [stderr] 6 | #[derive(AddIn)]
[INFO] [stderr]   |          ^^^^^ use of undeclared crate or module `native_api_1c`
[INFO] [stderr]   |
[INFO] [stderr]   = note: this error originates in the derive macro `AddIn` (in Nightly builds, run with -Z macro-backtrace for more info)
[INFO] [stderr] ┈┈┈┈┈┈┈┈┈┈┈┈┈┈┈┈┈┈┈┈┈┈┈┈┈┈┈┈┈┈┈┈┈┈┈┈┈┈┈┈┈┈┈┈┈┈┈┈┈┈┈┈┈┈┈┈┈┈┈┈
[INFO] [stderr] 
[INFO] [stderr] test tests/to_build/functions/result/float_type.rs [should pass] ... error
[INFO] [stderr] ┈┈┈┈┈┈┈┈┈┈┈┈┈┈┈┈┈┈┈┈┈┈┈┈┈┈┈┈┈┈┈┈┈┈┈┈┈┈┈┈┈┈┈┈┈┈┈┈┈┈┈┈┈┈┈┈┈┈┈┈
[INFO] [stderr] error[E0433]: failed to resolve: use of undeclared crate or module `native_api_1c`
[INFO] [stderr]  --> tests/to_build/functions/result/float_type.rs:3:5
[INFO] [stderr]   |
[INFO] [stderr] 3 | use native_api_1c::native_api_1c_core::ffi::connection::Connection;
[INFO] [stderr]   |     ^^^^^^^^^^^^^ use of undeclared crate or module `native_api_1c`
[INFO] [stderr] 
[INFO] [stderr] error[E0433]: failed to resolve: use of undeclared crate or module `native_api_1c`
[INFO] [stderr]  --> tests/to_build/functions/result/float_type.rs:6:10
[INFO] [stderr]   |
[INFO] [stderr] 6 | #[derive(AddIn)]
[INFO] [stderr]   |          ^^^^^ use of undeclared crate or module `native_api_1c`
[INFO] [stderr]   |
[INFO] [stderr]   = note: this error originates in the derive macro `AddIn` (in Nightly builds, run with -Z macro-backtrace for more info)
[INFO] [stderr] ┈┈┈┈┈┈┈┈┈┈┈┈┈┈┈┈┈┈┈┈┈┈┈┈┈┈┈┈┈┈┈┈┈┈┈┈┈┈┈┈┈┈┈┈┈┈┈┈┈┈┈┈┈┈┈┈┈┈┈┈
[INFO] [stderr] 
[INFO] [stderr] test tests/to_build/functions/result/str_type.rs [should pass] ... error
[INFO] [stderr] ┈┈┈┈┈┈┈┈┈┈┈┈┈┈┈┈┈┈┈┈┈┈┈┈┈┈┈┈┈┈┈┈┈┈┈┈┈┈┈┈┈┈┈┈┈┈┈┈┈┈┈┈┈┈┈┈┈┈┈┈
[INFO] [stderr] error[E0433]: failed to resolve: use of undeclared crate or module `native_api_1c`
[INFO] [stderr]  --> tests/to_build/functions/result/str_type.rs:3:5
[INFO] [stderr]   |
[INFO] [stderr] 3 | use native_api_1c::native_api_1c_core::ffi::connection::Connection;
[INFO] [stderr]   |     ^^^^^^^^^^^^^ use of undeclared crate or module `native_api_1c`
[INFO] [stderr] 
[INFO] [stderr] error[E0433]: failed to resolve: use of undeclared crate or module `native_api_1c`
[INFO] [stderr]  --> tests/to_build/functions/result/str_type.rs:6:10
[INFO] [stderr]   |
[INFO] [stderr] 6 | #[derive(AddIn)]
[INFO] [stderr]   |          ^^^^^ use of undeclared crate or module `native_api_1c`
[INFO] [stderr]   |
[INFO] [stderr]   = note: this error originates in the derive macro `AddIn` (in Nightly builds, run with -Z macro-backtrace for more info)
[INFO] [stderr] ┈┈┈┈┈┈┈┈┈┈┈┈┈┈┈┈┈┈┈┈┈┈┈┈┈┈┈┈┈┈┈┈┈┈┈┈┈┈┈┈┈┈┈┈┈┈┈┈┈┈┈┈┈┈┈┈┈┈┈┈
[INFO] [stderr] 
[INFO] [stderr] test tests/to_build/functions/result/date_type.rs [should pass] ... error
[INFO] [stderr] ┈┈┈┈┈┈┈┈┈┈┈┈┈┈┈┈┈┈┈┈┈┈┈┈┈┈┈┈┈┈┈┈┈┈┈┈┈┈┈┈┈┈┈┈┈┈┈┈┈┈┈┈┈┈┈┈┈┈┈┈
[INFO] [stderr] error[E0433]: failed to resolve: use of undeclared crate or module `native_api_1c`
[INFO] [stderr]  --> tests/to_build/functions/result/date_type.rs:3:5
[INFO] [stderr]   |
[INFO] [stderr] 3 | use native_api_1c::native_api_1c_core::ffi::connection::Connection;
[INFO] [stderr]   |     ^^^^^^^^^^^^^ use of undeclared crate or module `native_api_1c`
[INFO] [stderr] 
[INFO] [stderr] error[E0433]: failed to resolve: use of undeclared crate or module `native_api_1c`
[INFO] [stderr]  --> tests/to_build/functions/result/date_type.rs:6:10
[INFO] [stderr]   |
[INFO] [stderr] 6 | #[derive(AddIn)]
[INFO] [stderr]   |          ^^^^^ use of undeclared crate or module `native_api_1c`
[INFO] [stderr]   |
[INFO] [stderr]   = note: this error originates in the derive macro `AddIn` (in Nightly builds, run with -Z macro-backtrace for more info)
[INFO] [stderr] ┈┈┈┈┈┈┈┈┈┈┈┈┈┈┈┈┈┈┈┈┈┈┈┈┈┈┈┈┈┈┈┈┈┈┈┈┈┈┈┈┈┈┈┈┈┈┈┈┈┈┈┈┈┈┈┈┈┈┈┈
[INFO] [stderr] 
[INFO] [stderr] test tests/to_build/functions/result/blob_type.rs [should pass] ... error
[INFO] [stderr] ┈┈┈┈┈┈┈┈┈┈┈┈┈┈┈┈┈┈┈┈┈┈┈┈┈┈┈┈┈┈┈┈┈┈┈┈┈┈┈┈┈┈┈┈┈┈┈┈┈┈┈┈┈┈┈┈┈┈┈┈
[INFO] [stderr] error[E0433]: failed to resolve: use of undeclared crate or module `native_api_1c`
[INFO] [stderr]  --> tests/to_build/functions/result/blob_type.rs:3:5
[INFO] [stderr]   |
[INFO] [stderr] 3 | use native_api_1c::native_api_1c_core::ffi::connection::Connection;
[INFO] [stderr]   |     ^^^^^^^^^^^^^ use of undeclared crate or module `native_api_1c`
[INFO] [stderr] 
[INFO] [stderr] error[E0433]: failed to resolve: use of undeclared crate or module `native_api_1c`
[INFO] [stderr]  --> tests/to_build/functions/result/blob_type.rs:6:10
[INFO] [stderr]   |
[INFO] [stderr] 6 | #[derive(AddIn)]
[INFO] [stderr]   |          ^^^^^ use of undeclared crate or module `native_api_1c`
[INFO] [stderr]   |
[INFO] [stderr]   = note: this error originates in the derive macro `AddIn` (in Nightly builds, run with -Z macro-backtrace for more info)
[INFO] [stderr] ┈┈┈┈┈┈┈┈┈┈┈┈┈┈┈┈┈┈┈┈┈┈┈┈┈┈┈┈┈┈┈┈┈┈┈┈┈┈┈┈┈┈┈┈┈┈┈┈┈┈┈┈┈┈┈┈┈┈┈┈
[INFO] [stderr] 
[INFO] [stderr] test tests/to_build/functions/out_params/bool_type.rs [should pass] ... error
[INFO] [stderr] ┈┈┈┈┈┈┈┈┈┈┈┈┈┈┈┈┈┈┈┈┈┈┈┈┈┈┈┈┈┈┈┈┈┈┈┈┈┈┈┈┈┈┈┈┈┈┈┈┈┈┈┈┈┈┈┈┈┈┈┈
[INFO] [stderr] error[E0433]: failed to resolve: use of undeclared crate or module `native_api_1c`
[INFO] [stderr]  --> tests/to_build/functions/out_params/bool_type.rs:3:5
[INFO] [stderr]   |
[INFO] [stderr] 3 | use native_api_1c::native_api_1c_core::ffi::connection::Connection;
[INFO] [stderr]   |     ^^^^^^^^^^^^^ use of undeclared crate or module `native_api_1c`
[INFO] [stderr] 
[INFO] [stderr] error[E0433]: failed to resolve: use of undeclared crate or module `native_api_1c`
[INFO] [stderr]  --> tests/to_build/functions/out_params/bool_type.rs:6:10
[INFO] [stderr]   |
[INFO] [stderr] 6 | #[derive(AddIn)]
[INFO] [stderr]   |          ^^^^^ use of undeclared crate or module `native_api_1c`
[INFO] [stderr]   |
[INFO] [stderr]   = note: this error originates in the derive macro `AddIn` (in Nightly builds, run with -Z macro-backtrace for more info)
[INFO] [stderr] ┈┈┈┈┈┈┈┈┈┈┈┈┈┈┈┈┈┈┈┈┈┈┈┈┈┈┈┈┈┈┈┈┈┈┈┈┈┈┈┈┈┈┈┈┈┈┈┈┈┈┈┈┈┈┈┈┈┈┈┈
[INFO] [stderr] 
[INFO] [stderr] test tests/to_build/functions/out_params/int_type.rs [should pass] ... error
[INFO] [stderr] ┈┈┈┈┈┈┈┈┈┈┈┈┈┈┈┈┈┈┈┈┈┈┈┈┈┈┈┈┈┈┈┈┈┈┈┈┈┈┈┈┈┈┈┈┈┈┈┈┈┈┈┈┈┈┈┈┈┈┈┈
[INFO] [stderr] error[E0433]: failed to resolve: use of undeclared crate or module `native_api_1c`
[INFO] [stderr]  --> tests/to_build/functions/out_params/int_type.rs:3:5
[INFO] [stderr]   |
[INFO] [stderr] 3 | use native_api_1c::native_api_1c_core::ffi::connection::Connection;
[INFO] [stderr]   |     ^^^^^^^^^^^^^ use of undeclared crate or module `native_api_1c`
[INFO] [stderr] 
[INFO] [stderr] error[E0433]: failed to resolve: use of undeclared crate or module `native_api_1c`
[INFO] [stderr]  --> tests/to_build/functions/out_params/int_type.rs:6:10
[INFO] [stderr]   |
[INFO] [stderr] 6 | #[derive(AddIn)]
[INFO] [stderr]   |          ^^^^^ use of undeclared crate or module `native_api_1c`
[INFO] [stderr]   |
[INFO] [stderr]   = note: this error originates in the derive macro `AddIn` (in Nightly builds, run with -Z macro-backtrace for more info)
[INFO] [stderr] ┈┈┈┈┈┈┈┈┈┈┈┈┈┈┈┈┈┈┈┈┈┈┈┈┈┈┈┈┈┈┈┈┈┈┈┈┈┈┈┈┈┈┈┈┈┈┈┈┈┈┈┈┈┈┈┈┈┈┈┈
[INFO] [stderr] 
[INFO] [stderr] test tests/to_build/functions/out_params/float_type.rs [should pass] ... error
[INFO] [stderr] ┈┈┈┈┈┈┈┈┈┈┈┈┈┈┈┈┈┈┈┈┈┈┈┈┈┈┈┈┈┈┈┈┈┈┈┈┈┈┈┈┈┈┈┈┈┈┈┈┈┈┈┈┈┈┈┈┈┈┈┈
[INFO] [stderr] error[E0433]: failed to resolve: use of undeclared crate or module `native_api_1c`
[INFO] [stderr]  --> tests/to_build/functions/out_params/float_type.rs:3:5
[INFO] [stderr]   |
[INFO] [stderr] 3 | use native_api_1c::native_api_1c_core::ffi::connection::Connection;
[INFO] [stderr]   |     ^^^^^^^^^^^^^ use of undeclared crate or module `native_api_1c`
[INFO] [stderr] 
[INFO] [stderr] error[E0433]: failed to resolve: use of undeclared crate or module `native_api_1c`
[INFO] [stderr]  --> tests/to_build/functions/out_params/float_type.rs:6:10
[INFO] [stderr]   |
[INFO] [stderr] 6 | #[derive(AddIn)]
[INFO] [stderr]   |          ^^^^^ use of undeclared crate or module `native_api_1c`
[INFO] [stderr]   |
[INFO] [stderr]   = note: this error originates in the derive macro `AddIn` (in Nightly builds, run with -Z macro-backtrace for more info)
[INFO] [stderr] ┈┈┈┈┈┈┈┈┈┈┈┈┈┈┈┈┈┈┈┈┈┈┈┈┈┈┈┈┈┈┈┈┈┈┈┈┈┈┈┈┈┈┈┈┈┈┈┈┈┈┈┈┈┈┈┈┈┈┈┈
[INFO] [stderr] 
[INFO] [stderr] test tests/to_build/functions/out_params/str_type.rs [should pass] ... error
[INFO] [stderr] ┈┈┈┈┈┈┈┈┈┈┈┈┈┈┈┈┈┈┈┈┈┈┈┈┈┈┈┈┈┈┈┈┈┈┈┈┈┈┈┈┈┈┈┈┈┈┈┈┈┈┈┈┈┈┈┈┈┈┈┈
[INFO] [stderr] error[E0433]: failed to resolve: use of undeclared crate or module `native_api_1c`
[INFO] [stderr]  --> tests/to_build/functions/out_params/str_type.rs:3:5
[INFO] [stderr]   |
[INFO] [stderr] 3 | use native_api_1c::native_api_1c_core::ffi::connection::Connection;
[INFO] [stderr]   |     ^^^^^^^^^^^^^ use of undeclared crate or module `native_api_1c`
[INFO] [stderr] 
[INFO] [stderr] error[E0433]: failed to resolve: use of undeclared crate or module `native_api_1c`
[INFO] [stderr]  --> tests/to_build/functions/out_params/str_type.rs:6:10
[INFO] [stderr]   |
[INFO] [stderr] 6 | #[derive(AddIn)]
[INFO] [stderr]   |          ^^^^^ use of undeclared crate or module `native_api_1c`
[INFO] [stderr]   |
[INFO] [stderr]   = note: this error originates in the derive macro `AddIn` (in Nightly builds, run with -Z macro-backtrace for more info)
[INFO] [stderr] ┈┈┈┈┈┈┈┈┈┈┈┈┈┈┈┈┈┈┈┈┈┈┈┈┈┈┈┈┈┈┈┈┈┈┈┈┈┈┈┈┈┈┈┈┈┈┈┈┈┈┈┈┈┈┈┈┈┈┈┈
[INFO] [stderr] 
[INFO] [stderr] test tests/to_build/functions/out_params/blob_type.rs [should pass] ... error
[INFO] [stderr] ┈┈┈┈┈┈┈┈┈┈┈┈┈┈┈┈┈┈┈┈┈┈┈┈┈┈┈┈┈┈┈┈┈┈┈┈┈┈┈┈┈┈┈┈┈┈┈┈┈┈┈┈┈┈┈┈┈┈┈┈
[INFO] [stderr] error[E0433]: failed to resolve: use of undeclared crate or module `native_api_1c`
[INFO] [stderr]  --> tests/to_build/functions/out_params/blob_type.rs:3:5
[INFO] [stderr]   |
[INFO] [stderr] 3 | use native_api_1c::native_api_1c_core::ffi::connection::Connection;
[INFO] [stderr]   |     ^^^^^^^^^^^^^ use of undeclared crate or module `native_api_1c`
[INFO] [stderr] 
[INFO] [stderr] error[E0433]: failed to resolve: use of undeclared crate or module `native_api_1c`
[INFO] [stderr]  --> tests/to_build/functions/out_params/blob_type.rs:6:10
[INFO] [stderr]   |
[INFO] [stderr] 6 | #[derive(AddIn)]
[INFO] [stderr]   |          ^^^^^ use of undeclared crate or module `native_api_1c`
[INFO] [stderr]   |
[INFO] [stderr]   = note: this error originates in the derive macro `AddIn` (in Nightly builds, run with -Z macro-backtrace for more info)
[INFO] [stderr] ┈┈┈┈┈┈┈┈┈┈┈┈┈┈┈┈┈┈┈┈┈┈┈┈┈┈┈┈┈┈┈┈┈┈┈┈┈┈┈┈┈┈┈┈┈┈┈┈┈┈┈┈┈┈┈┈┈┈┈┈
[INFO] [stderr] 
[INFO] [stderr] test tests/to_build/functions/defaults/bool_type.rs [should pass] ... error
[INFO] [stderr] ┈┈┈┈┈┈┈┈┈┈┈┈┈┈┈┈┈┈┈┈┈┈┈┈┈┈┈┈┈┈┈┈┈┈┈┈┈┈┈┈┈┈┈┈┈┈┈┈┈┈┈┈┈┈┈┈┈┈┈┈
[INFO] [stderr] error[E0433]: failed to resolve: use of undeclared crate or module `native_api_1c`
[INFO] [stderr]  --> tests/to_build/functions/defaults/bool_type.rs:3:5
[INFO] [stderr]   |
[INFO] [stderr] 3 | use native_api_1c::native_api_1c_core::ffi::connection::Connection;
[INFO] [stderr]   |     ^^^^^^^^^^^^^ use of undeclared crate or module `native_api_1c`
[INFO] [stderr] 
[INFO] [stderr] error[E0433]: failed to resolve: use of undeclared crate or module `native_api_1c`
[INFO] [stderr]  --> tests/to_build/functions/defaults/bool_type.rs:6:10
[INFO] [stderr]   |
[INFO] [stderr] 6 | #[derive(AddIn)]
[INFO] [stderr]   |          ^^^^^ use of undeclared crate or module `native_api_1c`
[INFO] [stderr]   |
[INFO] [stderr]   = note: this error originates in the derive macro `AddIn` (in Nightly builds, run with -Z macro-backtrace for more info)
[INFO] [stderr] ┈┈┈┈┈┈┈┈┈┈┈┈┈┈┈┈┈┈┈┈┈┈┈┈┈┈┈┈┈┈┈┈┈┈┈┈┈┈┈┈┈┈┈┈┈┈┈┈┈┈┈┈┈┈┈┈┈┈┈┈
[INFO] [stderr] 
[INFO] [stderr] test tests/to_build/functions/defaults/int_type.rs [should pass] ... error
[INFO] [stderr] ┈┈┈┈┈┈┈┈┈┈┈┈┈┈┈┈┈┈┈┈┈┈┈┈┈┈┈┈┈┈┈┈┈┈┈┈┈┈┈┈┈┈┈┈┈┈┈┈┈┈┈┈┈┈┈┈┈┈┈┈
[INFO] [stderr] error[E0433]: failed to resolve: use of undeclared crate or module `native_api_1c`
[INFO] [stderr]  --> tests/to_build/functions/defaults/int_type.rs:3:5
[INFO] [stderr]   |
[INFO] [stderr] 3 | use native_api_1c::native_api_1c_core::ffi::connection::Connection;
[INFO] [stderr]   |     ^^^^^^^^^^^^^ use of undeclared crate or module `native_api_1c`
[INFO] [stderr] 
[INFO] [stderr] error[E0433]: failed to resolve: use of undeclared crate or module `native_api_1c`
[INFO] [stderr]  --> tests/to_build/functions/defaults/int_type.rs:6:10
[INFO] [stderr]   |
[INFO] [stderr] 6 | #[derive(AddIn)]
[INFO] [stderr]   |          ^^^^^ use of undeclared crate or module `native_api_1c`
[INFO] [stderr]   |
[INFO] [stderr]   = note: this error originates in the derive macro `AddIn` (in Nightly builds, run with -Z macro-backtrace for more info)
[INFO] [stderr] ┈┈┈┈┈┈┈┈┈┈┈┈┈┈┈┈┈┈┈┈┈┈┈┈┈┈┈┈┈┈┈┈┈┈┈┈┈┈┈┈┈┈┈┈┈┈┈┈┈┈┈┈┈┈┈┈┈┈┈┈
[INFO] [stderr] 
[INFO] [stderr] test tests/to_build/functions/defaults/float_type.rs [should pass] ... error
[INFO] [stderr] ┈┈┈┈┈┈┈┈┈┈┈┈┈┈┈┈┈┈┈┈┈┈┈┈┈┈┈┈┈┈┈┈┈┈┈┈┈┈┈┈┈┈┈┈┈┈┈┈┈┈┈┈┈┈┈┈┈┈┈┈
[INFO] [stderr] error[E0433]: failed to resolve: use of undeclared crate or module `native_api_1c`
[INFO] [stderr]  --> tests/to_build/functions/defaults/float_type.rs:3:5
[INFO] [stderr]   |
[INFO] [stderr] 3 | use native_api_1c::native_api_1c_core::ffi::connection::Connection;
[INFO] [stderr]   |     ^^^^^^^^^^^^^ use of undeclared crate or module `native_api_1c`
[INFO] [stderr] 
[INFO] [stderr] error[E0433]: failed to resolve: use of undeclared crate or module `native_api_1c`
[INFO] [stderr]  --> tests/to_build/functions/defaults/float_type.rs:6:10
[INFO] [stderr]   |
[INFO] [stderr] 6 | #[derive(AddIn)]
[INFO] [stderr]   |          ^^^^^ use of undeclared crate or module `native_api_1c`
[INFO] [stderr]   |
[INFO] [stderr]   = note: this error originates in the derive macro `AddIn` (in Nightly builds, run with -Z macro-backtrace for more info)
[INFO] [stderr] ┈┈┈┈┈┈┈┈┈┈┈┈┈┈┈┈┈┈┈┈┈┈┈┈┈┈┈┈┈┈┈┈┈┈┈┈┈┈┈┈┈┈┈┈┈┈┈┈┈┈┈┈┈┈┈┈┈┈┈┈
[INFO] [stderr] 
[INFO] [stderr] test tests/to_build/functions/defaults/str_type.rs [should pass] ... error
[INFO] [stderr] ┈┈┈┈┈┈┈┈┈┈┈┈┈┈┈┈┈┈┈┈┈┈┈┈┈┈┈┈┈┈┈┈┈┈┈┈┈┈┈┈┈┈┈┈┈┈┈┈┈┈┈┈┈┈┈┈┈┈┈┈
[INFO] [stderr] error[E0433]: failed to resolve: use of undeclared crate or module `native_api_1c`
[INFO] [stderr]  --> tests/to_build/functions/defaults/str_type.rs:3:5
[INFO] [stderr]   |
[INFO] [stderr] 3 | use native_api_1c::native_api_1c_core::ffi::connection::Connection;
[INFO] [stderr]   |     ^^^^^^^^^^^^^ use of undeclared crate or module `native_api_1c`
[INFO] [stderr] 
[INFO] [stderr] error[E0433]: failed to resolve: use of undeclared crate or module `native_api_1c`
[INFO] [stderr]  --> tests/to_build/functions/defaults/str_type.rs:6:10
[INFO] [stderr]   |
[INFO] [stderr] 6 | #[derive(AddIn)]
[INFO] [stderr]   |          ^^^^^ use of undeclared crate or module `native_api_1c`
[INFO] [stderr]   |
[INFO] [stderr]   = note: this error originates in the derive macro `AddIn` (in Nightly builds, run with -Z macro-backtrace for more info)
[INFO] [stderr] ┈┈┈┈┈┈┈┈┈┈┈┈┈┈┈┈┈┈┈┈┈┈┈┈┈┈┈┈┈┈┈┈┈┈┈┈┈┈┈┈┈┈┈┈┈┈┈┈┈┈┈┈┈┈┈┈┈┈┈┈
[INFO] [stderr] 
[INFO] [stderr] test tests/to_build/functions/defaults/date_type.rs [should fail to compile] ... mismatch
[INFO] [stderr] 
[INFO] [stderr] EXPECTED:
[INFO] [stderr] ┈┈┈┈┈┈┈┈┈┈┈┈┈┈┈┈┈┈┈┈┈┈┈┈┈┈┈┈┈┈┈┈┈┈┈┈┈┈┈┈┈┈┈┈┈┈┈┈┈┈┈┈┈┈┈┈┈┈┈┈
[INFO] [stderr] error: AddIn function attribute `arg` of type `Date` cannot have default value
[INFO] [stderr]   --> tests/to_build/functions/defaults/date_type.rs:12:6
[INFO] [stderr]    |
[INFO] [stderr] 12 |     #[arg(Date, default = "2021-01-01T00:00:00+00:00")]
[INFO] [stderr]    |      ^^^^^^^^^^^^^^^^^^^^^^^^^^^^^^^^^^^^^^^^^^^^^^^^^^
[INFO] [stderr] ┈┈┈┈┈┈┈┈┈┈┈┈┈┈┈┈┈┈┈┈┈┈┈┈┈┈┈┈┈┈┈┈┈┈┈┈┈┈┈┈┈┈┈┈┈┈┈┈┈┈┈┈┈┈┈┈┈┈┈┈
[INFO] [stderr] 
[INFO] [stderr] ACTUAL OUTPUT:
[INFO] [stderr] ┈┈┈┈┈┈┈┈┈┈┈┈┈┈┈┈┈┈┈┈┈┈┈┈┈┈┈┈┈┈┈┈┈┈┈┈┈┈┈┈┈┈┈┈┈┈┈┈┈┈┈┈┈┈┈┈┈┈┈┈
[INFO] [stderr] error: AddIn function attribute `arg` of type `Date` cannot have default value
[INFO] [stderr]   --> tests/to_build/functions/defaults/date_type.rs:12:6
[INFO] [stderr]    |
[INFO] [stderr] 12 |     #[arg(Date, default = "2021-01-01T00:00:00+00:00")]
[INFO] [stderr]    |      ^^^^^^^^^^^^^^^^^^^^^^^^^^^^^^^^^^^^^^^^^^^^^^^^^^
[INFO] [stderr] 
[INFO] [stderr] error[E0433]: failed to resolve: use of undeclared crate or module `native_api_1c`
[INFO] [stderr]  --> tests/to_build/functions/defaults/date_type.rs:3:5
[INFO] [stderr]   |
[INFO] [stderr] 3 | use native_api_1c::native_api_1c_core::ffi::connection::Connection;
[INFO] [stderr]   |     ^^^^^^^^^^^^^ use of undeclared crate or module `native_api_1c`
[INFO] [stderr] ┈┈┈┈┈┈┈┈┈┈┈┈┈┈┈┈┈┈┈┈┈┈┈┈┈┈┈┈┈┈┈┈┈┈┈┈┈┈┈┈┈┈┈┈┈┈┈┈┈┈┈┈┈┈┈┈┈┈┈┈
[INFO] [stderr] note: If the actual output is the correct output you can bless it by rerunning
[INFO] [stderr]       your test with the environment variable TRYBUILD=overwrite
[INFO] [stderr] 
[INFO] [stderr] test tests/to_build/functions/defaults/blob_type.rs [should fail to compile] ... mismatch
[INFO] [stderr] 
[INFO] [stderr] EXPECTED:
[INFO] [stderr] ┈┈┈┈┈┈┈┈┈┈┈┈┈┈┈┈┈┈┈┈┈┈┈┈┈┈┈┈┈┈┈┈┈┈┈┈┈┈┈┈┈┈┈┈┈┈┈┈┈┈┈┈┈┈┈┈┈┈┈┈
[INFO] [stderr] error: AddIn function attribute `arg` of type `Blob` cannot have default value
[INFO] [stderr]   --> tests/to_build/functions/defaults/blob_type.rs:12:6
[INFO] [stderr]    |
[INFO] [stderr] 12 |     #[arg(Blob, default = [0, 1, 2, 3, 4, 5, 6, 7, 8, 9])]
[INFO] [stderr]    |      ^^^^^^^^^^^^^^^^^^^^^^^^^^^^^^^^^^^^^^^^^^^^^^^^^^^^^
[INFO] [stderr] ┈┈┈┈┈┈┈┈┈┈┈┈┈┈┈┈┈┈┈┈┈┈┈┈┈┈┈┈┈┈┈┈┈┈┈┈┈┈┈┈┈┈┈┈┈┈┈┈┈┈┈┈┈┈┈┈┈┈┈┈
[INFO] [stderr] 
[INFO] [stderr] ACTUAL OUTPUT:
[INFO] [stderr] ┈┈┈┈┈┈┈┈┈┈┈┈┈┈┈┈┈┈┈┈┈┈┈┈┈┈┈┈┈┈┈┈┈┈┈┈┈┈┈┈┈┈┈┈┈┈┈┈┈┈┈┈┈┈┈┈┈┈┈┈
[INFO] [stderr] error: AddIn function attribute `arg` of type `Blob` cannot have default value
[INFO] [stderr]   --> tests/to_build/functions/defaults/blob_type.rs:12:6
[INFO] [stderr]    |
[INFO] [stderr] 12 |     #[arg(Blob, default = [0, 1, 2, 3, 4, 5, 6, 7, 8, 9])]
[INFO] [stderr]    |      ^^^^^^^^^^^^^^^^^^^^^^^^^^^^^^^^^^^^^^^^^^^^^^^^^^^^^
[INFO] [stderr] 
[INFO] [stderr] error[E0433]: failed to resolve: use of undeclared crate or module `native_api_1c`
[INFO] [stderr]  --> tests/to_build/functions/defaults/blob_type.rs:3:5
[INFO] [stderr]   |
[INFO] [stderr] 3 | use native_api_1c::native_api_1c_core::ffi::connection::Connection;
[INFO] [stderr]   |     ^^^^^^^^^^^^^ use of undeclared crate or module `native_api_1c`
[INFO] [stderr] ┈┈┈┈┈┈┈┈┈┈┈┈┈┈┈┈┈┈┈┈┈┈┈┈┈┈┈┈┈┈┈┈┈┈┈┈┈┈┈┈┈┈┈┈┈┈┈┈┈┈┈┈┈┈┈┈┈┈┈┈
[INFO] [stderr] note: If the actual output is the correct output you can bless it by rerunning
[INFO] [stderr]       your test with the environment variable TRYBUILD=overwrite
[INFO] [stderr] 
[INFO] [stderr] 
[INFO] [stderr] 
[INFO] [stdout] test tests ... FAILED
[INFO] [stdout] 
[INFO] [stdout] failures:
[INFO] [stdout] 
[INFO] [stdout] ---- tests stdout ----
[INFO] [stdout] thread 'tests' panicked at /opt/rustwide/cargo-home/registry/src/index.crates.io-6f17d22bba15001f/trybuild-1.0.101/src/run.rs:101:13:
[INFO] [stdout] 23 of 23 tests failed
[INFO] [stdout] stack backtrace:
[INFO] [stdout]    0:     0x63ffc70d741a - std::backtrace_rs::backtrace::libunwind::trace::h207520d6e9873551
[INFO] [stdout]                                at /rustc/df4ca44d3fbc9301ee17f30f4d474e6ae4b05252/library/std/src/../../backtrace/src/backtrace/libunwind.rs:116:5
[INFO] [stdout]    1:     0x63ffc70d741a - std::backtrace_rs::backtrace::trace_unsynchronized::h2ed7433f370e3eca
[INFO] [stdout]                                at /rustc/df4ca44d3fbc9301ee17f30f4d474e6ae4b05252/library/std/src/../../backtrace/src/backtrace/mod.rs:66:5
[INFO] [stdout]    2:     0x63ffc70d741a - std::sys::backtrace::_print_fmt::h916fac51166b18d7
[INFO] [stdout]                                at /rustc/df4ca44d3fbc9301ee17f30f4d474e6ae4b05252/library/std/src/sys/backtrace.rs:66:9
[INFO] [stdout]    3:     0x63ffc70d741a - <std::sys::backtrace::BacktraceLock::print::DisplayBacktrace as core::fmt::Display>::fmt::ha0a4c9b8ce3802e6
[INFO] [stdout]                                at /rustc/df4ca44d3fbc9301ee17f30f4d474e6ae4b05252/library/std/src/sys/backtrace.rs:39:26
[INFO] [stdout]    4:     0x63ffc71018e3 - core::fmt::rt::Argument::fmt::h4cfc8587d52b3eb5
[INFO] [stdout]                                at /rustc/df4ca44d3fbc9301ee17f30f4d474e6ae4b05252/library/core/src/fmt/rt.rs:177:76
[INFO] [stdout]    5:     0x63ffc71018e3 - core::fmt::write::h522cc39e5b36ae9f
[INFO] [stdout]                                at /rustc/df4ca44d3fbc9301ee17f30f4d474e6ae4b05252/library/core/src/fmt/mod.rs:1190:21
[INFO] [stdout]    6:     0x63ffc70d3453 - std::io::Write::write_fmt::h7d3c26752da97734
[INFO] [stdout]                                at /rustc/df4ca44d3fbc9301ee17f30f4d474e6ae4b05252/library/std/src/io/mod.rs:1839:15
[INFO] [stdout]    7:     0x63ffc70d7262 - std::sys::backtrace::BacktraceLock::print::h4b9e00b29e9c0942
[INFO] [stdout]                                at /rustc/df4ca44d3fbc9301ee17f30f4d474e6ae4b05252/library/std/src/sys/backtrace.rs:42:9
[INFO] [stdout]    8:     0x63ffc70d8eaa - std::panicking::default_hook::{{closure}}::hb59b88280d0324d9
[INFO] [stdout]                                at /rustc/df4ca44d3fbc9301ee17f30f4d474e6ae4b05252/library/std/src/panicking.rs:268:22
[INFO] [stdout]    9:     0x63ffc70d8cb4 - std::panicking::default_hook::he1dd496665be4a29
[INFO] [stdout]                                at /rustc/df4ca44d3fbc9301ee17f30f4d474e6ae4b05252/library/std/src/panicking.rs:292:9
[INFO] [stdout]   10:     0x63ffc709f9a9 - <alloc::boxed::Box<F,A> as core::ops::function::Fn<Args>>::call::h4ff71de18744e1dc
[INFO] [stdout]                                at /rustc/df4ca44d3fbc9301ee17f30f4d474e6ae4b05252/library/alloc/src/boxed.rs:2468:9
[INFO] [stdout]   11:     0x63ffc709f9a9 - test::test_main::{{closure}}::hcf7c055ce117aa81
[INFO] [stdout]                                at /rustc/df4ca44d3fbc9301ee17f30f4d474e6ae4b05252/library/test/src/lib.rs:133:21
[INFO] [stdout]   12:     0x63ffc70d95a8 - <alloc::boxed::Box<F,A> as core::ops::function::Fn<Args>>::call::h1d66c6bbd60c9692
[INFO] [stdout]                                at /rustc/df4ca44d3fbc9301ee17f30f4d474e6ae4b05252/library/alloc/src/boxed.rs:2468:9
[INFO] [stdout]   13:     0x63ffc70d95a8 - std::panicking::rust_panic_with_hook::h2ff17fe8f26dfcf8
[INFO] [stdout]                                at /rustc/df4ca44d3fbc9301ee17f30f4d474e6ae4b05252/library/std/src/panicking.rs:809:13
[INFO] [stdout]   14:     0x63ffc70d936a - std::panicking::begin_panic_handler::{{closure}}::h4fad77951c07e101
[INFO] [stdout]                                at /rustc/df4ca44d3fbc9301ee17f30f4d474e6ae4b05252/library/std/src/panicking.rs:674:13
[INFO] [stdout]   15:     0x63ffc70d78f9 - std::sys::backtrace::__rust_end_short_backtrace::hb1a25b3da5d0ea08
[INFO] [stdout]                                at /rustc/df4ca44d3fbc9301ee17f30f4d474e6ae4b05252/library/std/src/sys/backtrace.rs:170:18
[INFO] [stdout]   16:     0x63ffc70d8ffc - rust_begin_unwind
[INFO] [stdout]                                at /rustc/df4ca44d3fbc9301ee17f30f4d474e6ae4b05252/library/std/src/panicking.rs:665:5
[INFO] [stdout]   17:     0x63ffc70ffc90 - core::panicking::panic_fmt::ha9db07b529f9b256
[INFO] [stdout]                                at /rustc/df4ca44d3fbc9301ee17f30f4d474e6ae4b05252/library/core/src/panicking.rs:75:14
[INFO] [stdout]   18:     0x63ffc6daaf5f - trybuild::run::<impl trybuild::Runner>::run::h9fc235ce6bb3fbcf
[INFO] [stdout]                                at /opt/rustwide/cargo-home/registry/src/index.crates.io-6f17d22bba15001f/trybuild-1.0.101/src/run.rs:101:13
[INFO] [stdout]   19:     0x63ffc6db0478 - <trybuild::TestCases as core::ops::drop::Drop>::drop::h6adbce3c59a47013
[INFO] [stdout]                                at /opt/rustwide/cargo-home/registry/src/index.crates.io-6f17d22bba15001f/trybuild-1.0.101/src/lib.rs:340:13
[INFO] [stdout]   20:     0x63ffc6d9ba17 - core::ptr::drop_in_place<trybuild::TestCases>::hfedde4cef3386655
[INFO] [stdout]                                at /rustc/df4ca44d3fbc9301ee17f30f4d474e6ae4b05252/library/core/src/ptr/mod.rs:521:1
[INFO] [stdout]   21:     0x63ffc6d9c4b6 - functions::tests::h9108d8b973aeb130
[INFO] [stdout]                                at /opt/rustwide/workdir/tests/functions.rs:31:1
[INFO] [stdout]   22:     0x63ffc6d9c237 - functions::tests::{{closure}}::hed23a773b59b5c55
[INFO] [stdout]                                at /opt/rustwide/workdir/tests/functions.rs:2:11
[INFO] [stdout]   23:     0x63ffc6d9b976 - core::ops::function::FnOnce::call_once::h3b552e69198f6d22
[INFO] [stdout]                                at /rustc/df4ca44d3fbc9301ee17f30f4d474e6ae4b05252/library/core/src/ops/function.rs:250:5
[INFO] [stdout]   24:     0x63ffc70a427b - core::ops::function::FnOnce::call_once::h22c3ba5715e93f05
[INFO] [stdout]                                at /rustc/df4ca44d3fbc9301ee17f30f4d474e6ae4b05252/library/core/src/ops/function.rs:250:5
[INFO] [stdout]   25:     0x63ffc70a427b - test::__rust_begin_short_backtrace::h8e82d8113d0da17f
[INFO] [stdout]                                at /rustc/df4ca44d3fbc9301ee17f30f4d474e6ae4b05252/library/test/src/lib.rs:621:18
[INFO] [stdout]   26:     0x63ffc70a3bf7 - test::run_test_in_process::{{closure}}::h33235f4f20b7b7c7
[INFO] [stdout]                                at /rustc/df4ca44d3fbc9301ee17f30f4d474e6ae4b05252/library/test/src/lib.rs:644:60
[INFO] [stdout]   27:     0x63ffc70a3bf7 - <core::panic::unwind_safe::AssertUnwindSafe<F> as core::ops::function::FnOnce<()>>::call_once::hb5043206310c586f
[INFO] [stdout]                                at /rustc/df4ca44d3fbc9301ee17f30f4d474e6ae4b05252/library/core/src/panic/unwind_safe.rs:272:9
[INFO] [stdout]   28:     0x63ffc70a3bf7 - std::panicking::try::do_call::h9ad4731a60ab23e2
[INFO] [stdout]                                at /rustc/df4ca44d3fbc9301ee17f30f4d474e6ae4b05252/library/std/src/panicking.rs:557:40
[INFO] [stdout]   29:     0x63ffc70a3bf7 - std::panicking::try::h3824d23db772a716
[INFO] [stdout]                                at /rustc/df4ca44d3fbc9301ee17f30f4d474e6ae4b05252/library/std/src/panicking.rs:520:19
[INFO] [stdout]   30:     0x63ffc70a3bf7 - std::panic::catch_unwind::h5afd514605fde46b
[INFO] [stdout]                                at /rustc/df4ca44d3fbc9301ee17f30f4d474e6ae4b05252/library/std/src/panic.rs:358:14
[INFO] [stdout]   31:     0x63ffc70a3bf7 - test::run_test_in_process::h0d5cbfa7067d1720
[INFO] [stdout]                                at /rustc/df4ca44d3fbc9301ee17f30f4d474e6ae4b05252/library/test/src/lib.rs:644:27
[INFO] [stdout]   32:     0x63ffc70a3bf7 - test::run_test::{{closure}}::h708eb8872708115d
[INFO] [stdout]                                at /rustc/df4ca44d3fbc9301ee17f30f4d474e6ae4b05252/library/test/src/lib.rs:565:43
[INFO] [stdout]   33:     0x63ffc7067314 - test::run_test::{{closure}}::h392c51cee94713ab
[INFO] [stdout]                                at /rustc/df4ca44d3fbc9301ee17f30f4d474e6ae4b05252/library/test/src/lib.rs:595:41
[INFO] [stdout]   34:     0x63ffc7067314 - std::sys::backtrace::__rust_begin_short_backtrace::h2f40290710935a8b
[INFO] [stdout]                                at /rustc/df4ca44d3fbc9301ee17f30f4d474e6ae4b05252/library/std/src/sys/backtrace.rs:154:18
[INFO] [stdout]   35:     0x63ffc706aabe - std::thread::Builder::spawn_unchecked_::{{closure}}::{{closure}}::h3fd968d89053a903
[INFO] [stdout]                                at /rustc/df4ca44d3fbc9301ee17f30f4d474e6ae4b05252/library/std/src/thread/mod.rs:541:17
[INFO] [stdout]   36:     0x63ffc706aabe - <core::panic::unwind_safe::AssertUnwindSafe<F> as core::ops::function::FnOnce<()>>::call_once::h743f637ba4229880
[INFO] [stdout]                                at /rustc/df4ca44d3fbc9301ee17f30f4d474e6ae4b05252/library/core/src/panic/unwind_safe.rs:272:9
[INFO] [stdout]   37:     0x63ffc706aabe - std::panicking::try::do_call::h07440897322525a6
[INFO] [stdout]                                at /rustc/df4ca44d3fbc9301ee17f30f4d474e6ae4b05252/library/std/src/panicking.rs:557:40
[INFO] [stdout]   38:     0x63ffc706aabe - std::panicking::try::he5a2e00188156637
[INFO] [stdout]                                at /rustc/df4ca44d3fbc9301ee17f30f4d474e6ae4b05252/library/std/src/panicking.rs:520:19
[INFO] [stdout]   39:     0x63ffc706aabe - std::panic::catch_unwind::hbaf3cae49b3c6433
[INFO] [stdout]                                at /rustc/df4ca44d3fbc9301ee17f30f4d474e6ae4b05252/library/std/src/panic.rs:358:14
[INFO] [stdout]   40:     0x63ffc706aabe - std::thread::Builder::spawn_unchecked_::{{closure}}::h8e141ea224820bce
[INFO] [stdout]                                at /rustc/df4ca44d3fbc9301ee17f30f4d474e6ae4b05252/library/std/src/thread/mod.rs:540:30
[INFO] [stdout]   41:     0x63ffc706aabe - core::ops::function::FnOnce::call_once{{vtable.shim}}::h90d312fedd7b8ea8
[INFO] [stdout]                                at /rustc/df4ca44d3fbc9301ee17f30f4d474e6ae4b05252/library/core/src/ops/function.rs:250:5
[INFO] [stdout]   42:     0x63ffc70de36b - <alloc::boxed::Box<F,A> as core::ops::function::FnOnce<Args>>::call_once::h69aa08ddb6adb8b6
[INFO] [stdout]                                at /rustc/df4ca44d3fbc9301ee17f30f4d474e6ae4b05252/library/alloc/src/boxed.rs:2454:9
[INFO] [stdout]   43:     0x63ffc70de36b - <alloc::boxed::Box<F,A> as core::ops::function::FnOnce<Args>>::call_once::h5aa36efdb79c806f
[INFO] [stdout]                                at /rustc/df4ca44d3fbc9301ee17f30f4d474e6ae4b05252/library/alloc/src/boxed.rs:2454:9
[INFO] [stdout]   44:     0x63ffc70de36b - std::sys::pal::unix::thread::Thread::new::thread_start::h6cd80a1b4be5158d
[INFO] [stdout]                                at /rustc/df4ca44d3fbc9301ee17f30f4d474e6ae4b05252/library/std/src/sys/pal/unix/thread.rs:105:17
[INFO] [stdout]   45:     0x7eff3366fac3 - <unknown>
[INFO] [stdout]   46:     0x7eff33700a04 - clone
[INFO] [stdout]   47:                0x0 - <unknown>
[INFO] [stdout] 
[INFO] [stdout] 
[INFO] [stdout] failures:
[INFO] [stdout]     tests
[INFO] [stdout] 
[INFO] [stdout] test result: FAILED. 0 passed; 1 failed; 0 ignored; 0 measured; 0 filtered out; finished in 9.85s
[INFO] [stdout] 
[INFO] [stderr] error: test failed, to rerun pass `--test functions`
[INFO] running `Command { std: "docker" "inspect" "dd568e3e407d8fb35172d96f39e5d9f45b57ccff1d3e2547f6c57910775b0e27", kill_on_drop: false }`
[INFO] running `Command { std: "docker" "rm" "-f" "dd568e3e407d8fb35172d96f39e5d9f45b57ccff1d3e2547f6c57910775b0e27", kill_on_drop: false }`
[INFO] [stdout] dd568e3e407d8fb35172d96f39e5d9f45b57ccff1d3e2547f6c57910775b0e27
