[INFO] fetching crate naluacq 0.4.5...
[INFO] testing naluacq-0.4.5 against nightly-2024-10-28+rustflags=-Zrandomize-layout for randomize-layout
[INFO] extracting crate naluacq 0.4.5 into /workspace/builds/worker-3-tc2/source
[INFO] validating manifest of crates.io crate naluacq 0.4.5 on toolchain nightly-2024-10-28
[INFO] running `Command { std: CARGO_HOME="/workspace/cargo-home" RUSTUP_HOME="/workspace/rustup-home" "/workspace/cargo-home/bin/cargo" "+nightly-2024-10-28" "metadata" "--manifest-path" "Cargo.toml" "--no-deps", kill_on_drop: false }`
[INFO] started tweaking crates.io crate naluacq 0.4.5
[INFO] finished tweaking crates.io crate naluacq 0.4.5
[INFO] tweaked toml for crates.io crate naluacq 0.4.5 written to /workspace/builds/worker-3-tc2/source/Cargo.toml
[INFO] running `Command { std: CARGO_HOME="/workspace/cargo-home" RUSTUP_HOME="/workspace/rustup-home" "/workspace/cargo-home/bin/cargo" "+nightly-2024-10-28" "generate-lockfile" "--manifest-path" "Cargo.toml", kill_on_drop: false }`
[INFO] [stderr]     Updating crates.io index
[INFO] [stderr]      Locking 79 packages to latest compatible versions
[INFO] [stderr]       Adding memmap2 v0.7.1 (available: v0.9.5)
[INFO] [stderr]       Adding ndarray v0.15.6 (available: v0.16.1)
[INFO] [stderr]       Adding page_size v0.5.0 (available: v0.6.0)
[INFO] [stderr]       Adding pyo3 v0.18.3 (available: v0.22.5)
[INFO] [stderr]       Adding zerocopy v0.6.6 (available: v0.8.8)
[INFO] running `Command { std: CARGO_HOME="/workspace/cargo-home" RUSTUP_HOME="/workspace/rustup-home" "/workspace/cargo-home/bin/cargo" "+nightly-2024-10-28" "fetch" "--manifest-path" "Cargo.toml", kill_on_drop: false }`
[INFO] running `Command { std: "docker" "create" "-v" "/var/lib/crater-agent-workspace/builds/worker-3-tc2/target:/opt/rustwide/target:rw,Z" "-v" "/var/lib/crater-agent-workspace/builds/worker-3-tc2/source:/opt/rustwide/workdir:ro,Z" "-v" "/var/lib/crater-agent-workspace/cargo-home:/opt/rustwide/cargo-home:ro,Z" "-v" "/var/lib/crater-agent-workspace/rustup-home:/opt/rustwide/rustup-home:ro,Z" "-e" "SOURCE_DIR=/opt/rustwide/workdir" "-e" "CARGO_TARGET_DIR=/opt/rustwide/target" "-e" "CARGO_HOME=/opt/rustwide/cargo-home" "-e" "RUSTUP_HOME=/opt/rustwide/rustup-home" "-w" "/opt/rustwide/workdir" "-m" "1610612736" "--user" "0:0" "--network" "none" "ghcr.io/rust-lang/crates-build-env/linux@sha256:4a844ea9eb2546a2d2c7022eacef16ef2e8229c7fbb2c7d4d55a9ceca922f72d" "/opt/rustwide/cargo-home/bin/cargo" "+nightly-2024-10-28" "metadata" "--no-deps" "--format-version=1", kill_on_drop: false }`
[INFO] [stdout] 95c24df0fcef8c1b31603d9ae291130ef5f64ceee3a8c6818df9b19948d29a7e
[INFO] running `Command { std: "docker" "start" "-a" "95c24df0fcef8c1b31603d9ae291130ef5f64ceee3a8c6818df9b19948d29a7e", kill_on_drop: false }`
[INFO] running `Command { std: "docker" "inspect" "95c24df0fcef8c1b31603d9ae291130ef5f64ceee3a8c6818df9b19948d29a7e", kill_on_drop: false }`
[INFO] running `Command { std: "docker" "rm" "-f" "95c24df0fcef8c1b31603d9ae291130ef5f64ceee3a8c6818df9b19948d29a7e", kill_on_drop: false }`
[INFO] [stdout] 95c24df0fcef8c1b31603d9ae291130ef5f64ceee3a8c6818df9b19948d29a7e
[INFO] running `Command { std: "docker" "create" "-v" "/var/lib/crater-agent-workspace/builds/worker-3-tc2/target:/opt/rustwide/target:rw,Z" "-v" "/var/lib/crater-agent-workspace/builds/worker-3-tc2/source:/opt/rustwide/workdir:ro,Z" "-v" "/var/lib/crater-agent-workspace/cargo-home:/opt/rustwide/cargo-home:ro,Z" "-v" "/var/lib/crater-agent-workspace/rustup-home:/opt/rustwide/rustup-home:ro,Z" "-e" "SOURCE_DIR=/opt/rustwide/workdir" "-e" "CARGO_TARGET_DIR=/opt/rustwide/target" "-e" "CARGO_INCREMENTAL=0" "-e" "RUST_BACKTRACE=full" "-e" "RUSTFLAGS=--cap-lints=forbid -Zrandomize-layout" "-e" "RUSTDOCFLAGS=--cap-lints=forbid" "-e" "CARGO_HOME=/opt/rustwide/cargo-home" "-e" "RUSTUP_HOME=/opt/rustwide/rustup-home" "-w" "/opt/rustwide/workdir" "-m" "1610612736" "--user" "0:0" "--network" "none" "ghcr.io/rust-lang/crates-build-env/linux@sha256:4a844ea9eb2546a2d2c7022eacef16ef2e8229c7fbb2c7d4d55a9ceca922f72d" "/opt/rustwide/cargo-home/bin/cargo" "+nightly-2024-10-28" "build" "--frozen" "--message-format=json", kill_on_drop: false }`
[INFO] [stdout] 322e9f8df69a61d725397f09fb991ff5c7565847c60604405120d8918b1fe0ae
[INFO] running `Command { std: "docker" "start" "-a" "322e9f8df69a61d725397f09fb991ff5c7565847c60604405120d8918b1fe0ae", kill_on_drop: false }`
[INFO] [stderr]    Compiling target-lexicon v0.12.16
[INFO] [stderr]    Compiling syn v1.0.109
[INFO] [stderr]    Compiling num-traits v0.2.19
[INFO] [stderr]    Compiling memoffset v0.8.0
[INFO] [stderr]    Compiling matrixmultiply v0.3.9
[INFO] [stderr]    Compiling byteorder v1.5.0
[INFO] [stderr]    Compiling rawpointer v0.2.1
[INFO] [stderr]    Compiling hashbrown v0.15.0
[INFO] [stderr]    Compiling memchr v2.7.4
[INFO] [stderr]    Compiling equivalent v1.0.1
[INFO] [stderr]    Compiling syn v2.0.86
[INFO] [stderr]    Compiling miniz_oxide v0.8.0
[INFO] [stderr]    Compiling unindent v0.1.11
[INFO] [stderr]    Compiling iter-read v0.3.1
[INFO] [stderr]    Compiling indoc v1.0.9
[INFO] [stderr]    Compiling unsafe-libyaml v0.2.11
[INFO] [stderr]    Compiling page_size v0.5.0
[INFO] [stderr]    Compiling memmap2 v0.7.1
[INFO] [stderr]    Compiling tokio v1.41.0
[INFO] [stderr]    Compiling flate2 v1.0.34
[INFO] [stderr]    Compiling csv-core v0.1.11
[INFO] [stderr]    Compiling indexmap v2.6.0
[INFO] [stderr]    Compiling pyo3-build-config v0.18.3
[INFO] [stderr]    Compiling num-integer v0.1.46
[INFO] [stderr]    Compiling num-complex v0.4.6
[INFO] [stderr]    Compiling num-bigint v0.4.6
[INFO] [stderr]    Compiling ndarray v0.15.6
[INFO] [stderr]    Compiling pyo3-ffi v0.18.3
[INFO] [stderr]    Compiling pyo3 v0.18.3
[INFO] [stderr]    Compiling pyo3-macros-backend v0.18.3
[INFO] [stderr]    Compiling serde_derive v1.0.214
[INFO] [stderr]    Compiling tracing-attributes v0.1.27
[INFO] [stderr]    Compiling zerocopy-derive v0.6.6
[INFO] [stderr]    Compiling thiserror-impl v1.0.66
[INFO] [stderr]    Compiling zerocopy v0.6.6
[INFO] [stderr]    Compiling thiserror v1.0.66
[INFO] [stderr]    Compiling tracing v0.1.40
[INFO] [stderr]    Compiling pyo3-macros v0.18.3
[INFO] [stderr]    Compiling serde v1.0.214
[INFO] [stderr]    Compiling serde_yaml v0.9.34+deprecated
[INFO] [stderr]    Compiling csv v1.3.0
[INFO] [stderr]    Compiling serde-pickle v1.1.1
[INFO] [stderr]    Compiling naluacq v0.4.5 (/opt/rustwide/workdir)
[INFO] [stdout] warning: unused import: `string`
[INFO] [stdout]  --> src/calibration/pedestals.rs:1:23
[INFO] [stdout]   |
[INFO] [stdout] 1 | use std::{path::Path, string};
[INFO] [stdout]   |                       ^^^^^^
[INFO] [stdout]   |
[INFO] [stdout]   = note: `#[warn(unused_imports)]` on by default
[INFO] [stdout] 
[INFO] [stdout] 
[INFO] [stdout] warning: unused imports: `AsU16Be` and `AsU16Le`
[INFO] [stdout]  --> src/parsing/util.rs:5:19
[INFO] [stdout]   |
[INFO] [stdout] 5 | pub use iterext::{AsU16Be, AsU16BeExt, AsU16Le, AsU16LeExt};
[INFO] [stdout]   |                   ^^^^^^^              ^^^^^^^
[INFO] [stdout] 
[INFO] [stdout] 
[INFO] [stderr]     Finished `dev` profile [unoptimized + debuginfo] target(s) in 9.36s
[INFO] running `Command { std: "docker" "inspect" "322e9f8df69a61d725397f09fb991ff5c7565847c60604405120d8918b1fe0ae", kill_on_drop: false }`
[INFO] running `Command { std: "docker" "rm" "-f" "322e9f8df69a61d725397f09fb991ff5c7565847c60604405120d8918b1fe0ae", kill_on_drop: false }`
[INFO] [stdout] 322e9f8df69a61d725397f09fb991ff5c7565847c60604405120d8918b1fe0ae
[INFO] running `Command { std: "docker" "create" "-v" "/var/lib/crater-agent-workspace/builds/worker-3-tc2/target:/opt/rustwide/target:rw,Z" "-v" "/var/lib/crater-agent-workspace/builds/worker-3-tc2/source:/opt/rustwide/workdir:ro,Z" "-v" "/var/lib/crater-agent-workspace/cargo-home:/opt/rustwide/cargo-home:ro,Z" "-v" "/var/lib/crater-agent-workspace/rustup-home:/opt/rustwide/rustup-home:ro,Z" "-e" "SOURCE_DIR=/opt/rustwide/workdir" "-e" "CARGO_TARGET_DIR=/opt/rustwide/target" "-e" "CARGO_INCREMENTAL=0" "-e" "RUST_BACKTRACE=full" "-e" "RUSTFLAGS=--cap-lints=forbid -Zrandomize-layout" "-e" "RUSTDOCFLAGS=--cap-lints=forbid" "-e" "CARGO_HOME=/opt/rustwide/cargo-home" "-e" "RUSTUP_HOME=/opt/rustwide/rustup-home" "-w" "/opt/rustwide/workdir" "-m" "1610612736" "--user" "0:0" "--network" "none" "ghcr.io/rust-lang/crates-build-env/linux@sha256:4a844ea9eb2546a2d2c7022eacef16ef2e8229c7fbb2c7d4d55a9ceca922f72d" "/opt/rustwide/cargo-home/bin/cargo" "+nightly-2024-10-28" "test" "--frozen" "--no-run" "--message-format=json", kill_on_drop: false }`
[INFO] [stdout] a415808b944e9a0aea41838f2a8a282715672210cba5f1c3b898e70fa724d8ee
[INFO] running `Command { std: "docker" "start" "-a" "a415808b944e9a0aea41838f2a8a282715672210cba5f1c3b898e70fa724d8ee", kill_on_drop: false }`
[INFO] [stdout] warning: unused import: `string`
[INFO] [stdout]  --> src/calibration/pedestals.rs:1:23
[INFO] [stdout]   |
[INFO] [stdout] 1 | use std::{path::Path, string};
[INFO] [stdout]   |                       ^^^^^^
[INFO] [stdout]   |
[INFO] [stdout]   = note: `#[warn(unused_imports)]` on by default
[INFO] [stdout] 
[INFO] [stdout] 
[INFO] [stderr]    Compiling naluacq v0.4.5 (/opt/rustwide/workdir)
[INFO] [stdout] warning: unused imports: `AsU16Be` and `AsU16Le`
[INFO] [stdout]  --> src/parsing/util.rs:5:19
[INFO] [stdout]   |
[INFO] [stdout] 5 | pub use iterext::{AsU16Be, AsU16BeExt, AsU16Le, AsU16LeExt};
[INFO] [stdout]   |                   ^^^^^^^              ^^^^^^^
[INFO] [stdout] 
[INFO] [stdout] 
[INFO] [stdout] warning: unused import: `string`
[INFO] [stdout]  --> src/calibration/pedestals.rs:1:23
[INFO] [stdout]   |
[INFO] [stdout] 1 | use std::{path::Path, string};
[INFO] [stdout]   |                       ^^^^^^
[INFO] [stdout]   |
[INFO] [stdout]   = note: `#[warn(unused_imports)]` on by default
[INFO] [stdout] 
[INFO] [stdout] 
[INFO] [stdout] warning: unused imports: `AsU16Be` and `AsU16Le`
[INFO] [stdout]  --> src/parsing/util.rs:5:19
[INFO] [stdout]   |
[INFO] [stdout] 5 | pub use iterext::{AsU16Be, AsU16BeExt, AsU16Le, AsU16LeExt};
[INFO] [stdout]   |                   ^^^^^^^              ^^^^^^^
[INFO] [stdout] 
[INFO] [stdout] 
[INFO] [stderr]     Finished `test` profile [unoptimized + debuginfo] target(s) in 1.54s
[INFO] running `Command { std: "docker" "inspect" "a415808b944e9a0aea41838f2a8a282715672210cba5f1c3b898e70fa724d8ee", kill_on_drop: false }`
[INFO] running `Command { std: "docker" "rm" "-f" "a415808b944e9a0aea41838f2a8a282715672210cba5f1c3b898e70fa724d8ee", kill_on_drop: false }`
[INFO] [stdout] a415808b944e9a0aea41838f2a8a282715672210cba5f1c3b898e70fa724d8ee
[INFO] running `Command { std: "docker" "create" "-v" "/var/lib/crater-agent-workspace/builds/worker-3-tc2/target:/opt/rustwide/target:rw,Z" "-v" "/var/lib/crater-agent-workspace/builds/worker-3-tc2/source:/opt/rustwide/workdir:ro,Z" "-v" "/var/lib/crater-agent-workspace/cargo-home:/opt/rustwide/cargo-home:ro,Z" "-v" "/var/lib/crater-agent-workspace/rustup-home:/opt/rustwide/rustup-home:ro,Z" "-e" "SOURCE_DIR=/opt/rustwide/workdir" "-e" "CARGO_TARGET_DIR=/opt/rustwide/target" "-e" "CARGO_INCREMENTAL=0" "-e" "RUST_BACKTRACE=full" "-e" "RUSTFLAGS=--cap-lints=forbid -Zrandomize-layout" "-e" "RUSTDOCFLAGS=--cap-lints=forbid" "-e" "CARGO_HOME=/opt/rustwide/cargo-home" "-e" "RUSTUP_HOME=/opt/rustwide/rustup-home" "-w" "/opt/rustwide/workdir" "-m" "1610612736" "--user" "0:0" "--network" "none" "ghcr.io/rust-lang/crates-build-env/linux@sha256:4a844ea9eb2546a2d2c7022eacef16ef2e8229c7fbb2c7d4d55a9ceca922f72d" "/opt/rustwide/cargo-home/bin/cargo" "+nightly-2024-10-28" "test" "--frozen", kill_on_drop: false }`
[INFO] [stdout] 30caa0cb3fe4e7fe61e58ca7447fe1055a3aa576cae5b3e656e67f7dd38772f1
[INFO] running `Command { std: "docker" "start" "-a" "30caa0cb3fe4e7fe61e58ca7447fe1055a3aa576cae5b3e656e67f7dd38772f1", kill_on_drop: false }`
[INFO] [stderr] warning: unused import: `string`
[INFO] [stderr]  --> src/calibration/pedestals.rs:1:23
[INFO] [stderr]   |
[INFO] [stderr] 1 | use std::{path::Path, string};
[INFO] [stderr]   |                       ^^^^^^
[INFO] [stderr]   |
[INFO] [stderr]   = note: `#[warn(unused_imports)]` on by default
[INFO] [stderr] 
[INFO] [stderr] warning: unused imports: `AsU16Be` and `AsU16Le`
[INFO] [stderr]  --> src/parsing/util.rs:5:19
[INFO] [stderr]   |
[INFO] [stderr] 5 | pub use iterext::{AsU16Be, AsU16BeExt, AsU16Le, AsU16LeExt};
[INFO] [stderr]   |                   ^^^^^^^              ^^^^^^^
[INFO] [stderr] 
[INFO] [stderr] warning: `naluacq` (lib) generated 2 warnings (run `cargo fix --lib -p naluacq` to apply 2 suggestions)
[INFO] [stderr] warning: `naluacq` (lib test) generated 2 warnings (2 duplicates)
[INFO] [stderr]     Finished `test` profile [unoptimized + debuginfo] target(s) in 0.04s
[INFO] [stderr]      Running unittests src/lib.rs (/opt/rustwide/target/debug/deps/naluacq-b052ff3987c81814)
[INFO] [stdout] 
[INFO] [stdout] running 0 tests
[INFO] [stdout] 
[INFO] [stdout] test result: ok. 0 passed; 0 failed; 0 ignored; 0 measured; 0 filtered out; finished in 0.00s
[INFO] [stdout] 
[INFO] [stderr]    Doc-tests naluacq
[INFO] [stdout] 
[INFO] [stdout] running 4 tests
[INFO] [stdout] test src/parsing/udc16.rs - parsing::udc16::[u8]::parse_into (line 69) ... FAILED
[INFO] [stdout] test src/lib.rs - (line 57) - compile ... FAILED
[INFO] [stdout] test src/acquisition/mod.rs - acquisition::Acquisition (line 46) - compile ... FAILED
[INFO] [stdout] test src/lib.rs - (line 70) - compile ... FAILED
[INFO] [stdout] 
[INFO] [stdout] failures:
[INFO] [stdout] 
[INFO] [stdout] ---- src/parsing/udc16.rs - parsing::udc16::[u8]::parse_into (line 69) stdout ----
[INFO] [stdout] error: expected one of `.`, `;`, `?`, `}`, or an operator, found `,`
[INFO] [stdout]  --> src/parsing/udc16.rs:70:4
[INFO] [stdout]   |
[INFO] [stdout] 3 | 131,139 bytes total
[INFO] [stdout]   |    ^ expected one of `.`, `;`, `?`, `}`, or an operator
[INFO] [stdout] 
[INFO] [stdout] error: aborting due to 1 previous error
[INFO] [stdout] 
[INFO] [stdout] Couldn't compile the test.
[INFO] [stdout] ---- src/lib.rs - (line 57) stdout ----
[INFO] [stdout] error: expected `;`, found `}`
[INFO] [stdout]   --> src/lib.rs:64:38
[INFO] [stdout]    |
[INFO] [stdout] 10 | let raw_event = acq.get(idx).unwrap()
[INFO] [stdout]    |                                      ^ help: add `;` here
[INFO] [stdout] 11 | } _doctest_main_src_lib_rs_57_0() }
[INFO] [stdout]    | - unexpected token
[INFO] [stdout] 
[INFO] [stdout] error: aborting due to 1 previous error
[INFO] [stdout] 
[INFO] [stdout] Couldn't compile the test.
[INFO] [stdout] ---- src/acquisition/mod.rs - acquisition::Acquisition (line 46) stdout ----
[INFO] [stdout] error[E0277]: `Result<usize, AcquisitionError>` doesn't implement `std::fmt::Display`
[INFO] [stdout]   --> src/acquisition/mod.rs:56:34
[INFO] [stdout]    |
[INFO] [stdout] 13 | println!("Number of events: {}", num_events);
[INFO] [stdout]    |                                  ^^^^^^^^^^ `Result<usize, AcquisitionError>` cannot be formatted with the default formatter
[INFO] [stdout]    |
[INFO] [stdout]    = help: the trait `std::fmt::Display` is not implemented for `Result<usize, AcquisitionError>`
[INFO] [stdout]    = note: in format strings you may be able to use `{:?}` (or {:#?} for pretty-print) instead
[INFO] [stdout]    = note: this error originates in the macro `$crate::format_args_nl` which comes from the expansion of the macro `println` (in Nightly builds, run with -Z macro-backtrace for more info)
[INFO] [stdout] 
[INFO] [stdout] error: aborting due to 1 previous error
[INFO] [stdout] 
[INFO] [stdout] For more information about this error, try `rustc --explain E0277`.
[INFO] [stdout] Couldn't compile the test.
[INFO] [stdout] ---- src/lib.rs - (line 70) stdout ----
[INFO] [stdout] error: expected `;`, found keyword `let`
[INFO] [stdout]   --> src/lib.rs:77:38
[INFO] [stdout]    |
[INFO] [stdout] 10 | let raw_event = acq.get(idx).unwrap()
[INFO] [stdout]    |                                      ^ help: add `;` here
[INFO] [stdout] 11 |
[INFO] [stdout] 12 | let parsed_event: Aardvarcv3Event = raw_event.parse_into().unwrap();
[INFO] [stdout]    | --- unexpected token
[INFO] [stdout] 
[INFO] [stdout] error[E0061]: this method takes 1 argument but 0 arguments were supplied
[INFO] [stdout]   --> src/lib.rs:79:47
[INFO] [stdout]    |
[INFO] [stdout] 12 | let parsed_event: Aardvarcv3Event = raw_event.parse_into().unwrap();
[INFO] [stdout]    |                                               ^^^^^^^^^^-- argument #1 of type `&Params` is missing
[INFO] [stdout]    |
[INFO] [stdout] note: method defined here
[INFO] [stdout]   --> /opt/rustwide/workdir/src/parsing/mod.rs:54:8
[INFO] [stdout]    |
[INFO] [stdout] 54 |     fn parse_into(&self, params: &Params) -> Result<T>;
[INFO] [stdout]    |        ^^^^^^^^^^
[INFO] [stdout] help: provide the argument
[INFO] [stdout]    |
[INFO] [stdout] 12 | let parsed_event: Aardvarcv3Event = raw_event.parse_into(/* &Params */).unwrap();
[INFO] [stdout]    |                                                         ~~~~~~~~~~~~~~~
[INFO] [stdout] 
[INFO] [stdout] error: aborting due to 2 previous errors
[INFO] [stdout] 
[INFO] [stdout] For more information about this error, try `rustc --explain E0061`.
[INFO] [stdout] Couldn't compile the test.
[INFO] [stdout] 
[INFO] [stdout] failures:
[INFO] [stdout]     src/acquisition/mod.rs - acquisition::Acquisition (line 46)
[INFO] [stdout]     src/lib.rs - (line 57)
[INFO] [stdout]     src/lib.rs - (line 70)
[INFO] [stdout]     src/parsing/udc16.rs - parsing::udc16::[u8]::parse_into (line 69)
[INFO] [stdout] 
[INFO] [stdout] test result: FAILED. 0 passed; 4 failed; 0 ignored; 0 measured; 0 filtered out; finished in 0.05s
[INFO] [stdout] 
[INFO] [stderr] error: doctest failed, to rerun pass `--doc`
[INFO] running `Command { std: "docker" "inspect" "30caa0cb3fe4e7fe61e58ca7447fe1055a3aa576cae5b3e656e67f7dd38772f1", kill_on_drop: false }`
[INFO] running `Command { std: "docker" "rm" "-f" "30caa0cb3fe4e7fe61e58ca7447fe1055a3aa576cae5b3e656e67f7dd38772f1", kill_on_drop: false }`
[INFO] [stdout] 30caa0cb3fe4e7fe61e58ca7447fe1055a3aa576cae5b3e656e67f7dd38772f1
