[INFO] fetching crate mz_rusoto_elbv2 0.46.0...
[INFO] testing mz_rusoto_elbv2-0.46.0 against nightly-2024-10-28 for randomize-layout
[INFO] extracting crate mz_rusoto_elbv2 0.46.0 into /workspace/builds/worker-4-tc1/source
[INFO] validating manifest of crates.io crate mz_rusoto_elbv2 0.46.0 on toolchain nightly-2024-10-28
[INFO] running `Command { std: CARGO_HOME="/workspace/cargo-home" RUSTUP_HOME="/workspace/rustup-home" "/workspace/cargo-home/bin/cargo" "+nightly-2024-10-28" "metadata" "--manifest-path" "Cargo.toml" "--no-deps", kill_on_drop: false }`
[INFO] started tweaking crates.io crate mz_rusoto_elbv2 0.46.0
[INFO] finished tweaking crates.io crate mz_rusoto_elbv2 0.46.0
[INFO] tweaked toml for crates.io crate mz_rusoto_elbv2 0.46.0 written to /workspace/builds/worker-4-tc1/source/Cargo.toml
[INFO] running `Command { std: CARGO_HOME="/workspace/cargo-home" RUSTUP_HOME="/workspace/rustup-home" "/workspace/cargo-home/bin/cargo" "+nightly-2024-10-28" "generate-lockfile" "--manifest-path" "Cargo.toml", kill_on_drop: false }`
[INFO] [stderr]     Blocking waiting for file lock on package cache
[INFO] [stderr]     Updating crates.io index
[INFO] [stderr]     Blocking waiting for file lock on package cache
[INFO] [stderr]      Locking 205 packages to latest compatible versions
[INFO] [stderr]       Adding bytes v0.5.6 (available: v1.8.0)
[INFO] [stderr]       Adding serde_urlencoded v0.6.1 (available: v0.7.1)
[INFO] [stderr]       Adding subtle v2.4.1 (available: v2.6.1)
[INFO] [stderr]       Adding tokio v0.2.25 (available: v1.41.0)
[INFO] running `Command { std: CARGO_HOME="/workspace/cargo-home" RUSTUP_HOME="/workspace/rustup-home" "/workspace/cargo-home/bin/cargo" "+nightly-2024-10-28" "fetch" "--manifest-path" "Cargo.toml", kill_on_drop: false }`
[INFO] [stderr]     Blocking waiting for file lock on package cache
[INFO] running `Command { std: "docker" "create" "-v" "/var/lib/crater-agent-workspace/builds/worker-4-tc1/target:/opt/rustwide/target:rw,Z" "-v" "/var/lib/crater-agent-workspace/builds/worker-4-tc1/source:/opt/rustwide/workdir:ro,Z" "-v" "/var/lib/crater-agent-workspace/cargo-home:/opt/rustwide/cargo-home:ro,Z" "-v" "/var/lib/crater-agent-workspace/rustup-home:/opt/rustwide/rustup-home:ro,Z" "-e" "SOURCE_DIR=/opt/rustwide/workdir" "-e" "CARGO_TARGET_DIR=/opt/rustwide/target" "-e" "CARGO_HOME=/opt/rustwide/cargo-home" "-e" "RUSTUP_HOME=/opt/rustwide/rustup-home" "-w" "/opt/rustwide/workdir" "-m" "1610612736" "--user" "0:0" "--network" "none" "ghcr.io/rust-lang/crates-build-env/linux@sha256:4a844ea9eb2546a2d2c7022eacef16ef2e8229c7fbb2c7d4d55a9ceca922f72d" "/opt/rustwide/cargo-home/bin/cargo" "+nightly-2024-10-28" "metadata" "--no-deps" "--format-version=1", kill_on_drop: false }`
[INFO] [stdout] 787dce5f9933d56f2d468f05652b5a8ff50ba5e68aae12f8a0f9c465d6ffee2e
[INFO] running `Command { std: "docker" "start" "-a" "787dce5f9933d56f2d468f05652b5a8ff50ba5e68aae12f8a0f9c465d6ffee2e", kill_on_drop: false }`
[INFO] running `Command { std: "docker" "inspect" "787dce5f9933d56f2d468f05652b5a8ff50ba5e68aae12f8a0f9c465d6ffee2e", kill_on_drop: false }`
[INFO] running `Command { std: "docker" "rm" "-f" "787dce5f9933d56f2d468f05652b5a8ff50ba5e68aae12f8a0f9c465d6ffee2e", kill_on_drop: false }`
[INFO] [stdout] 787dce5f9933d56f2d468f05652b5a8ff50ba5e68aae12f8a0f9c465d6ffee2e
[INFO] running `Command { std: "docker" "create" "-v" "/var/lib/crater-agent-workspace/builds/worker-4-tc1/target:/opt/rustwide/target:rw,Z" "-v" "/var/lib/crater-agent-workspace/builds/worker-4-tc1/source:/opt/rustwide/workdir:ro,Z" "-v" "/var/lib/crater-agent-workspace/cargo-home:/opt/rustwide/cargo-home:ro,Z" "-v" "/var/lib/crater-agent-workspace/rustup-home:/opt/rustwide/rustup-home:ro,Z" "-e" "SOURCE_DIR=/opt/rustwide/workdir" "-e" "CARGO_TARGET_DIR=/opt/rustwide/target" "-e" "CARGO_INCREMENTAL=0" "-e" "RUST_BACKTRACE=full" "-e" "RUSTFLAGS=--cap-lints=forbid" "-e" "RUSTDOCFLAGS=--cap-lints=forbid" "-e" "CARGO_HOME=/opt/rustwide/cargo-home" "-e" "RUSTUP_HOME=/opt/rustwide/rustup-home" "-w" "/opt/rustwide/workdir" "-m" "1610612736" "--user" "0:0" "--network" "none" "ghcr.io/rust-lang/crates-build-env/linux@sha256:4a844ea9eb2546a2d2c7022eacef16ef2e8229c7fbb2c7d4d55a9ceca922f72d" "/opt/rustwide/cargo-home/bin/cargo" "+nightly-2024-10-28" "build" "--frozen" "--message-format=json", kill_on_drop: false }`
[INFO] [stdout] 6ccc91325eb3dfa802c96a328c6740f85a28bbbaa40926f606951e82f464e002
[INFO] running `Command { std: "docker" "start" "-a" "6ccc91325eb3dfa802c96a328c6740f85a28bbbaa40926f606951e82f464e002", kill_on_drop: false }`
[INFO] [stderr]    Compiling libc v0.2.161
[INFO] [stderr]    Compiling memchr v2.7.4
[INFO] [stderr]    Compiling version_check v0.9.5
[INFO] [stderr]    Compiling syn v1.0.109
[INFO] [stderr]    Compiling log v0.4.22
[INFO] [stderr]    Compiling slab v0.4.9
[INFO] [stderr]    Compiling futures-core v0.3.31
[INFO] [stderr]    Compiling cfg-if v1.0.0
[INFO] [stderr]    Compiling cfg-if v0.1.10
[INFO] [stderr]    Compiling once_cell v1.20.2
[INFO] [stderr]    Compiling pin-project-lite v0.2.15
[INFO] [stderr]    Compiling futures-sink v0.3.31
[INFO] [stderr]    Compiling fnv v1.0.7
[INFO] [stderr]    Compiling shlex v1.3.0
[INFO] [stderr]    Compiling typenum v1.17.0
[INFO] [stderr]    Compiling cc v1.1.31
[INFO] [stderr]    Compiling vcpkg v0.2.15
[INFO] [stderr]    Compiling bytes v0.5.6
[INFO] [stderr]    Compiling pkg-config v0.3.31
[INFO] [stderr]    Compiling generic-array v0.14.7
[INFO] [stderr]    Compiling futures-channel v0.3.31
[INFO] [stderr]    Compiling futures-macro v0.3.31
[INFO] [stderr]    Compiling pin-project-lite v0.1.12
[INFO] [stderr]    Compiling futures-task v0.3.31
[INFO] [stderr]    Compiling thiserror v1.0.66
[INFO] [stderr]    Compiling lazy_static v1.5.0
[INFO] [stderr]    Compiling futures-io v0.3.31
[INFO] [stderr]    Compiling pin-utils v0.1.0
[INFO] [stderr]    Compiling tracing-core v0.1.32
[INFO] [stderr]    Compiling thiserror-impl v1.0.66
[INFO] [stderr]    Compiling pin-project-internal v1.1.7
[INFO] [stderr]    Compiling futures-util v0.3.31
[INFO] [stderr]    Compiling indexmap v1.9.3
[INFO] [stderr]    Compiling openssl-sys v0.9.104
[INFO] [stderr]    Compiling net2 v0.2.39
[INFO] [stderr]    Compiling iovec v0.1.4
[INFO] [stderr]    Compiling signal-hook-registry v1.4.2
[INFO] [stderr]    Compiling serde v1.0.214
[INFO] [stderr]    Compiling bytes v1.8.0
[INFO] [stderr]    Compiling mio v0.6.23
[INFO] [stderr]    Compiling pin-project v1.1.7
[INFO] [stderr]    Compiling tracing v0.1.40
[INFO] [stderr]    Compiling standback v0.2.17
[INFO] [stderr]    Compiling http v0.2.12
[INFO] [stderr]    Compiling ucd-trie v0.1.7
[INFO] [stderr]    Compiling hashbrown v0.12.3
[INFO] [stderr]    Compiling mio-uds v0.6.8
[INFO] [stderr]    Compiling proc-macro-hack v0.5.20+deprecated
[INFO] [stderr]    Compiling httparse v1.9.5
[INFO] [stderr]    Compiling pest v2.7.14
[INFO] [stderr]    Compiling tracing-futures v0.2.5
[INFO] [stderr]    Compiling foreign-types-shared v0.1.1
[INFO] [stderr]    Compiling itoa v0.4.8
[INFO] [stderr]    Compiling openssl v0.10.68
[INFO] [stderr]    Compiling try-lock v0.2.5
[INFO] [stderr]    Compiling want v0.3.1
[INFO] [stderr]    Compiling http-body v0.3.1
[INFO] [stderr]    Compiling tokio-macros v0.2.6
[INFO] [stderr]    Compiling foreign-types v0.3.2
[INFO] [stderr]    Compiling socket2 v0.3.19
[INFO] [stderr]    Compiling aho-corasick v1.1.3
[INFO] [stderr]    Compiling tokio v0.2.25
[INFO] [stderr]    Compiling openssl-macros v0.1.1
[INFO] [stderr]    Compiling const_fn v0.4.10
[INFO] [stderr]    Compiling percent-encoding v2.3.1
[INFO] [stderr]    Compiling tinyvec_macros v0.1.1
[INFO] [stderr]    Compiling httpdate v0.3.2
[INFO] [stderr]    Compiling native-tls v0.2.12
[INFO] [stderr]    Compiling regex-syntax v0.8.5
[INFO] [stderr]    Compiling semver-parser v0.10.2
[INFO] [stderr]    Compiling tower-service v0.3.3
[INFO] [stderr]    Compiling bitflags v2.6.0
[INFO] [stderr]    Compiling tinyvec v1.8.0
[INFO] [stderr]    Compiling time-macros-impl v0.1.2
[INFO] [stderr]    Compiling semver v0.11.0
[INFO] [stderr]    Compiling futures-executor v0.3.31
[INFO] [stderr]    Compiling digest v0.9.0
[INFO] [stderr]    Compiling dirs-sys-next v0.1.2
[INFO] [stderr]    Compiling time v0.2.27
[INFO] [stderr]    Compiling subtle v2.4.1
[INFO] [stderr]    Compiling openssl-probe v0.1.5
[INFO] [stderr]    Compiling serde_json v1.0.132
[INFO] [stderr]    Compiling crypto-mac v0.10.1
[INFO] [stderr]    Compiling chrono v0.4.38
[INFO] [stderr]    Compiling unicode-normalization v0.1.24
[INFO] [stderr]    Compiling dirs-next v2.0.0
[INFO] [stderr]    Compiling rustc_version v0.3.3
[INFO] [stderr]    Compiling futures v0.3.31
[INFO] [stderr]    Compiling tokio-util v0.3.1
[INFO] [stderr]    Compiling h2 v0.2.7
[INFO] [stderr]    Compiling regex-automata v0.4.8
[INFO] [stderr]    Compiling time-macros v0.1.1
[INFO] [stderr]    Compiling block-buffer v0.9.0
[INFO] [stderr]    Compiling async-trait v0.1.83
[INFO] [stderr]    Compiling shlex v0.1.1
[INFO] [stderr]    Compiling zeroize v1.8.1
[INFO] [stderr]    Compiling opaque-debug v0.3.1
[INFO] [stderr]    Compiling unicode-bidi v0.3.17
[INFO] [stderr]    Compiling cpufeatures v0.2.14
[INFO] [stderr]    Compiling sha2 v0.9.9
[INFO] [stderr]    Compiling tokio-tls v0.3.1
[INFO] [stderr]    Compiling idna v0.5.0
[INFO] [stderr]    Compiling mz_rusoto_core v0.46.0
[INFO] [stderr]    Compiling hmac v0.10.1
[INFO] [stderr]    Compiling form_urlencoded v1.2.1
[INFO] [stderr]    Compiling base64 v0.13.1
[INFO] [stderr]    Compiling hex v0.4.3
[INFO] [stderr]    Compiling md5 v0.7.0
[INFO] [stderr]    Compiling url v2.5.2
[INFO] [stderr]    Compiling crc32fast v1.4.2
[INFO] [stderr]    Compiling dtoa v0.4.8
[INFO] [stderr]    Compiling xml-rs v0.8.22
[INFO] [stderr]    Compiling regex v1.11.1
[INFO] [stderr]    Compiling serde_urlencoded v0.6.1
[INFO] [stderr]    Compiling hyper v0.13.10
[INFO] [stderr]    Compiling mz_rusoto_credential v0.46.0
[INFO] [stderr]    Compiling hyper-tls v0.4.3
[INFO] [stderr]    Compiling mz_rusoto_signature v0.46.0
[INFO] [stderr]    Compiling mz_rusoto_elbv2 v0.46.0 (/opt/rustwide/workdir)
[INFO] [stdout] warning: unused import: `custom::*`
[INFO] [stdout]   --> src/lib.rs:21:9
[INFO] [stdout]    |
[INFO] [stdout] 21 | pub use custom::*;
[INFO] [stdout]    |         ^^^^^^^^^
[INFO] [stdout]    |
[INFO] [stdout]    = note: `#[warn(unused_imports)]` on by default
[INFO] [stdout] 
[INFO] [stdout] 
[INFO] [stderr]     Finished `dev` profile [unoptimized + debuginfo] target(s) in 45.08s
[INFO] running `Command { std: "docker" "inspect" "6ccc91325eb3dfa802c96a328c6740f85a28bbbaa40926f606951e82f464e002", kill_on_drop: false }`
[INFO] running `Command { std: "docker" "rm" "-f" "6ccc91325eb3dfa802c96a328c6740f85a28bbbaa40926f606951e82f464e002", kill_on_drop: false }`
[INFO] [stdout] 6ccc91325eb3dfa802c96a328c6740f85a28bbbaa40926f606951e82f464e002
[INFO] running `Command { std: "docker" "create" "-v" "/var/lib/crater-agent-workspace/builds/worker-4-tc1/target:/opt/rustwide/target:rw,Z" "-v" "/var/lib/crater-agent-workspace/builds/worker-4-tc1/source:/opt/rustwide/workdir:ro,Z" "-v" "/var/lib/crater-agent-workspace/cargo-home:/opt/rustwide/cargo-home:ro,Z" "-v" "/var/lib/crater-agent-workspace/rustup-home:/opt/rustwide/rustup-home:ro,Z" "-e" "SOURCE_DIR=/opt/rustwide/workdir" "-e" "CARGO_TARGET_DIR=/opt/rustwide/target" "-e" "CARGO_INCREMENTAL=0" "-e" "RUST_BACKTRACE=full" "-e" "RUSTFLAGS=--cap-lints=forbid" "-e" "RUSTDOCFLAGS=--cap-lints=forbid" "-e" "CARGO_HOME=/opt/rustwide/cargo-home" "-e" "RUSTUP_HOME=/opt/rustwide/rustup-home" "-w" "/opt/rustwide/workdir" "-m" "1610612736" "--user" "0:0" "--network" "none" "ghcr.io/rust-lang/crates-build-env/linux@sha256:4a844ea9eb2546a2d2c7022eacef16ef2e8229c7fbb2c7d4d55a9ceca922f72d" "/opt/rustwide/cargo-home/bin/cargo" "+nightly-2024-10-28" "test" "--frozen" "--no-run" "--message-format=json", kill_on_drop: false }`
[INFO] [stdout] bca74b0e4094688efee312144a098368b0388307ee5831e72958adda6a371b5b
[INFO] running `Command { std: "docker" "start" "-a" "bca74b0e4094688efee312144a098368b0388307ee5831e72958adda6a371b5b", kill_on_drop: false }`
[INFO] [stderr]    Compiling mz_rusoto_mock v0.46.0
[INFO] [stdout] warning: unused import: `custom::*`
[INFO] [stdout]   --> src/lib.rs:21:9
[INFO] [stdout]    |
[INFO] [stdout] 21 | pub use custom::*;
[INFO] [stdout]    |         ^^^^^^^^^
[INFO] [stdout]    |
[INFO] [stdout]    = note: `#[warn(unused_imports)]` on by default
[INFO] [stdout] 
[INFO] [stdout] 
[INFO] [stderr]    Compiling mz_rusoto_elbv2 v0.46.0 (/opt/rustwide/workdir)
[INFO] [stdout] warning: unused import: `custom::*`
[INFO] [stdout]   --> src/lib.rs:21:9
[INFO] [stdout]    |
[INFO] [stdout] 21 | pub use custom::*;
[INFO] [stdout]    |         ^^^^^^^^^
[INFO] [stdout]    |
[INFO] [stdout]    = note: `#[warn(unused_imports)]` on by default
[INFO] [stdout] 
[INFO] [stdout] 
[INFO] [stderr]     Finished `test` profile [unoptimized + debuginfo] target(s) in 2.57s
[INFO] running `Command { std: "docker" "inspect" "bca74b0e4094688efee312144a098368b0388307ee5831e72958adda6a371b5b", kill_on_drop: false }`
[INFO] running `Command { std: "docker" "rm" "-f" "bca74b0e4094688efee312144a098368b0388307ee5831e72958adda6a371b5b", kill_on_drop: false }`
[INFO] [stdout] bca74b0e4094688efee312144a098368b0388307ee5831e72958adda6a371b5b
[INFO] running `Command { std: "docker" "create" "-v" "/var/lib/crater-agent-workspace/builds/worker-4-tc1/target:/opt/rustwide/target:rw,Z" "-v" "/var/lib/crater-agent-workspace/builds/worker-4-tc1/source:/opt/rustwide/workdir:ro,Z" "-v" "/var/lib/crater-agent-workspace/cargo-home:/opt/rustwide/cargo-home:ro,Z" "-v" "/var/lib/crater-agent-workspace/rustup-home:/opt/rustwide/rustup-home:ro,Z" "-e" "SOURCE_DIR=/opt/rustwide/workdir" "-e" "CARGO_TARGET_DIR=/opt/rustwide/target" "-e" "CARGO_INCREMENTAL=0" "-e" "RUST_BACKTRACE=full" "-e" "RUSTFLAGS=--cap-lints=forbid" "-e" "RUSTDOCFLAGS=--cap-lints=forbid" "-e" "CARGO_HOME=/opt/rustwide/cargo-home" "-e" "RUSTUP_HOME=/opt/rustwide/rustup-home" "-w" "/opt/rustwide/workdir" "-m" "1610612736" "--user" "0:0" "--network" "none" "ghcr.io/rust-lang/crates-build-env/linux@sha256:4a844ea9eb2546a2d2c7022eacef16ef2e8229c7fbb2c7d4d55a9ceca922f72d" "/opt/rustwide/cargo-home/bin/cargo" "+nightly-2024-10-28" "test" "--frozen", kill_on_drop: false }`
[INFO] [stdout] 72bdeb6ac36915eb73608511720344caea9500dda496ce44041fac891e4720a8
[INFO] running `Command { std: "docker" "start" "-a" "72bdeb6ac36915eb73608511720344caea9500dda496ce44041fac891e4720a8", kill_on_drop: false }`
[INFO] [stderr] warning: unused import: `custom::*`
[INFO] [stderr]   --> src/lib.rs:21:9
[INFO] [stderr]    |
[INFO] [stderr] 21 | pub use custom::*;
[INFO] [stderr]    |         ^^^^^^^^^
[INFO] [stderr]    |
[INFO] [stderr]    = note: `#[warn(unused_imports)]` on by default
[INFO] [stderr] 
[INFO] [stderr] warning: `mz_rusoto_elbv2` (lib) generated 1 warning (run `cargo fix --lib -p mz_rusoto_elbv2` to apply 1 suggestion)
[INFO] [stderr] warning: `mz_rusoto_elbv2` (lib test) generated 1 warning (1 duplicate)
[INFO] [stderr]     Finished `test` profile [unoptimized + debuginfo] target(s) in 0.14s
[INFO] [stderr]      Running unittests src/lib.rs (/opt/rustwide/target/debug/deps/rusoto_elbv2-ddc5fff3090299b9)
[INFO] [stdout] 
[INFO] [stdout] running 2 tests
[INFO] [stdout] test generated::protocol_tests::test_parse_valid_elb_describe_load_balancers ... FAILED
[INFO] [stdout] test generated::protocol_tests::test_parse_error_elb_describe_load_balancers ... FAILED
[INFO] [stdout] 
[INFO] [stdout] failures:
[INFO] [stdout] 
[INFO] [stdout] ---- generated::protocol_tests::test_parse_valid_elb_describe_load_balancers stdout ----
[INFO] [stdout] thread 'generated::protocol_tests::test_parse_valid_elb_describe_load_balancers' panicked at /opt/rustwide/cargo-home/registry/src/index.crates.io-6f17d22bba15001f/mz_rusoto_mock-0.46.0/src/lib.rs:175:53:
[INFO] [stdout] couldn't find file: Os { code: 2, kind: NotFound, message: "No such file or directory" }
[INFO] [stdout] stack backtrace:
[INFO] [stdout]    0:     0x6429ca336e9a - std::backtrace_rs::backtrace::libunwind::trace::h207520d6e9873551
[INFO] [stdout]                                at /rustc/df4ca44d3fbc9301ee17f30f4d474e6ae4b05252/library/std/src/../../backtrace/src/backtrace/libunwind.rs:116:5
[INFO] [stdout]    1:     0x6429ca336e9a - std::backtrace_rs::backtrace::trace_unsynchronized::h2ed7433f370e3eca
[INFO] [stdout]                                at /rustc/df4ca44d3fbc9301ee17f30f4d474e6ae4b05252/library/std/src/../../backtrace/src/backtrace/mod.rs:66:5
[INFO] [stdout]    2:     0x6429ca336e9a - std::sys::backtrace::_print_fmt::h916fac51166b18d7
[INFO] [stdout]                                at /rustc/df4ca44d3fbc9301ee17f30f4d474e6ae4b05252/library/std/src/sys/backtrace.rs:66:9
[INFO] [stdout]    3:     0x6429ca336e9a - <std::sys::backtrace::BacktraceLock::print::DisplayBacktrace as core::fmt::Display>::fmt::ha0a4c9b8ce3802e6
[INFO] [stdout]                                at /rustc/df4ca44d3fbc9301ee17f30f4d474e6ae4b05252/library/std/src/sys/backtrace.rs:39:26
[INFO] [stdout]    4:     0x6429ca35dbc3 - core::fmt::rt::Argument::fmt::h4cfc8587d52b3eb5
[INFO] [stdout]                                at /rustc/df4ca44d3fbc9301ee17f30f4d474e6ae4b05252/library/core/src/fmt/rt.rs:177:76
[INFO] [stdout]    5:     0x6429ca35dbc3 - core::fmt::write::h522cc39e5b36ae9f
[INFO] [stdout]                                at /rustc/df4ca44d3fbc9301ee17f30f4d474e6ae4b05252/library/core/src/fmt/mod.rs:1190:21
[INFO] [stdout]    6:     0x6429ca333aa3 - std::io::Write::write_fmt::h7d3c26752da97734
[INFO] [stdout]                                at /rustc/df4ca44d3fbc9301ee17f30f4d474e6ae4b05252/library/std/src/io/mod.rs:1839:15
[INFO] [stdout]    7:     0x6429ca336ce2 - std::sys::backtrace::BacktraceLock::print::h4b9e00b29e9c0942
[INFO] [stdout]                                at /rustc/df4ca44d3fbc9301ee17f30f4d474e6ae4b05252/library/std/src/sys/backtrace.rs:42:9
[INFO] [stdout]    8:     0x6429ca33832a - std::panicking::default_hook::{{closure}}::hb59b88280d0324d9
[INFO] [stdout]                                at /rustc/df4ca44d3fbc9301ee17f30f4d474e6ae4b05252/library/std/src/panicking.rs:268:22
[INFO] [stdout]    9:     0x6429ca338134 - std::panicking::default_hook::he1dd496665be4a29
[INFO] [stdout]                                at /rustc/df4ca44d3fbc9301ee17f30f4d474e6ae4b05252/library/std/src/panicking.rs:292:9
[INFO] [stdout]   10:     0x6429ca20f429 - <alloc::boxed::Box<F,A> as core::ops::function::Fn<Args>>::call::h4ff71de18744e1dc
[INFO] [stdout]                                at /rustc/df4ca44d3fbc9301ee17f30f4d474e6ae4b05252/library/alloc/src/boxed.rs:2468:9
[INFO] [stdout]   11:     0x6429ca20f429 - test::test_main::{{closure}}::hcf7c055ce117aa81
[INFO] [stdout]                                at /rustc/df4ca44d3fbc9301ee17f30f4d474e6ae4b05252/library/test/src/lib.rs:133:21
[INFO] [stdout]   12:     0x6429ca338a28 - <alloc::boxed::Box<F,A> as core::ops::function::Fn<Args>>::call::h1d66c6bbd60c9692
[INFO] [stdout]                                at /rustc/df4ca44d3fbc9301ee17f30f4d474e6ae4b05252/library/alloc/src/boxed.rs:2468:9
[INFO] [stdout]   13:     0x6429ca338a28 - std::panicking::rust_panic_with_hook::h2ff17fe8f26dfcf8
[INFO] [stdout]                                at /rustc/df4ca44d3fbc9301ee17f30f4d474e6ae4b05252/library/std/src/panicking.rs:809:13
[INFO] [stdout]   14:     0x6429ca3387ea - std::panicking::begin_panic_handler::{{closure}}::h4fad77951c07e101
[INFO] [stdout]                                at /rustc/df4ca44d3fbc9301ee17f30f4d474e6ae4b05252/library/std/src/panicking.rs:674:13
[INFO] [stdout]   15:     0x6429ca337379 - std::sys::backtrace::__rust_end_short_backtrace::hb1a25b3da5d0ea08
[INFO] [stdout]                                at /rustc/df4ca44d3fbc9301ee17f30f4d474e6ae4b05252/library/std/src/sys/backtrace.rs:170:18
[INFO] [stdout]   16:     0x6429ca33847c - rust_begin_unwind
[INFO] [stdout]                                at /rustc/df4ca44d3fbc9301ee17f30f4d474e6ae4b05252/library/std/src/panicking.rs:665:5
[INFO] [stdout]   17:     0x6429ca35c230 - core::panicking::panic_fmt::ha9db07b529f9b256
[INFO] [stdout]                                at /rustc/df4ca44d3fbc9301ee17f30f4d474e6ae4b05252/library/core/src/panicking.rs:75:14
[INFO] [stdout]   18:     0x6429ca35c6b6 - core::result::unwrap_failed::h5e8218e4d4338b8a
[INFO] [stdout]                                at /rustc/df4ca44d3fbc9301ee17f30f4d474e6ae4b05252/library/core/src/result.rs:1698:5
[INFO] [stdout]   19:     0x6429ca2b3cdd - core::result::Result<T,E>::expect::h94e6993a0f1c4728
[INFO] [stdout]                                at /rustc/df4ca44d3fbc9301ee17f30f4d474e6ae4b05252/library/core/src/result.rs:1060:23
[INFO] [stdout]   20:     0x6429ca21eda3 - <rusoto_mock::MockResponseReader as rusoto_mock::ReadMockResponse>::read_response::h50dc9086247ed9a9
[INFO] [stdout]                                at /opt/rustwide/cargo-home/registry/src/index.crates.io-6f17d22bba15001f/mz_rusoto_mock-0.46.0/src/lib.rs:175:30
[INFO] [stdout]   21:     0x6429ca1c7aaa - rusoto_elbv2::generated::protocol_tests::test_parse_valid_elb_describe_load_balancers::{{closure}}::h433344d5347b85c8
[INFO] [stdout]                                at /opt/rustwide/workdir/src/generated.rs:10039:29
[INFO] [stdout]   22:     0x6429ca1c4eff - tokio::runtime::basic_scheduler::BasicScheduler<P>::block_on::{{closure}}::{{closure}}::h9eec37a4e00266c1
[INFO] [stdout]                                at /opt/rustwide/cargo-home/registry/src/index.crates.io-6f17d22bba15001f/tokio-0.2.25/src/runtime/basic_scheduler.rs:131:58
[INFO] [stdout]   23:     0x6429ca1be003 - tokio::coop::with_budget::{{closure}}::h6e5ccf95ea1d42ff
[INFO] [stdout]                                at /opt/rustwide/cargo-home/registry/src/index.crates.io-6f17d22bba15001f/tokio-0.2.25/src/coop.rs:127:9
[INFO] [stdout]   24:     0x6429ca1bcb0a - std::thread::local::LocalKey<T>::try_with::hed60eeb00f54d414
[INFO] [stdout]                                at /rustc/df4ca44d3fbc9301ee17f30f4d474e6ae4b05252/library/std/src/thread/local.rs:283:12
[INFO] [stdout]   25:     0x6429ca1bbe7a - std::thread::local::LocalKey<T>::with::h4919a4e2706721a4
[INFO] [stdout]                                at /rustc/df4ca44d3fbc9301ee17f30f4d474e6ae4b05252/library/std/src/thread/local.rs:260:9
[INFO] [stdout]   26:     0x6429ca1c41e3 - tokio::coop::with_budget::h7fc5f720c33d21a7
[INFO] [stdout]                                at /opt/rustwide/cargo-home/registry/src/index.crates.io-6f17d22bba15001f/tokio-0.2.25/src/coop.rs:120:5
[INFO] [stdout]   27:     0x6429ca1c41e3 - tokio::coop::budget::hf93950388f279ca8
[INFO] [stdout]                                at /opt/rustwide/cargo-home/registry/src/index.crates.io-6f17d22bba15001f/tokio-0.2.25/src/coop.rs:96:5
[INFO] [stdout]   28:     0x6429ca1c41e3 - tokio::runtime::basic_scheduler::BasicScheduler<P>::block_on::{{closure}}::h2714af12dfe5bca7
[INFO] [stdout]                                at /opt/rustwide/cargo-home/registry/src/index.crates.io-6f17d22bba15001f/tokio-0.2.25/src/runtime/basic_scheduler.rs:131:35
[INFO] [stdout]   29:     0x6429ca1c58b9 - tokio::runtime::basic_scheduler::enter::{{closure}}::heecc5571de322fb1
[INFO] [stdout]                                at /opt/rustwide/cargo-home/registry/src/index.crates.io-6f17d22bba15001f/tokio-0.2.25/src/runtime/basic_scheduler.rs:213:29
[INFO] [stdout]   30:     0x6429ca1c3c4f - tokio::macros::scoped_tls::ScopedKey<T>::set::h1d5a63152ba1c94e
[INFO] [stdout]                                at /opt/rustwide/cargo-home/registry/src/index.crates.io-6f17d22bba15001f/tokio-0.2.25/src/macros/scoped_tls.rs:63:9
[INFO] [stdout]   31:     0x6429ca1c53eb - tokio::runtime::basic_scheduler::enter::h0314585580c240b3
[INFO] [stdout]                                at /opt/rustwide/cargo-home/registry/src/index.crates.io-6f17d22bba15001f/tokio-0.2.25/src/runtime/basic_scheduler.rs:213:5
[INFO] [stdout]   32:     0x6429ca1c3f32 - tokio::runtime::basic_scheduler::BasicScheduler<P>::block_on::h28ad9027aa098da3
[INFO] [stdout]                                at /opt/rustwide/cargo-home/registry/src/index.crates.io-6f17d22bba15001f/tokio-0.2.25/src/runtime/basic_scheduler.rs:123:9
[INFO] [stdout]   33:     0x6429ca1c630e - tokio::runtime::Runtime::block_on::{{closure}}::h5d319c33cfb0b888
[INFO] [stdout]                                at /opt/rustwide/cargo-home/registry/src/index.crates.io-6f17d22bba15001f/tokio-0.2.25/src/runtime/mod.rs:444:34
[INFO] [stdout]   34:     0x6429ca1cc4db - tokio::runtime::context::enter::h43e5f17c8541c2cc
[INFO] [stdout]                                at /opt/rustwide/cargo-home/registry/src/index.crates.io-6f17d22bba15001f/tokio-0.2.25/src/runtime/context.rs:72:5
[INFO] [stdout]   35:     0x6429ca1cc2cb - tokio::runtime::handle::Handle::enter::hc040619d3e3f7329
[INFO] [stdout]                                at /opt/rustwide/cargo-home/registry/src/index.crates.io-6f17d22bba15001f/tokio-0.2.25/src/runtime/handle.rs:76:9
[INFO] [stdout]   36:     0x6429ca1c618c - tokio::runtime::Runtime::block_on::hfd0b64eb9d2087da
[INFO] [stdout]                                at /opt/rustwide/cargo-home/registry/src/index.crates.io-6f17d22bba15001f/tokio-0.2.25/src/runtime/mod.rs:441:9
[INFO] [stdout]   37:     0x6429ca1c79c1 - rusoto_elbv2::generated::protocol_tests::test_parse_valid_elb_describe_load_balancers::hcadbc7de0e4fdbe7
[INFO] [stdout]                                at /opt/rustwide/workdir/src/generated.rs:10037:5
[INFO] [stdout]   38:     0x6429ca1c7827 - rusoto_elbv2::generated::protocol_tests::test_parse_valid_elb_describe_load_balancers::{{closure}}::h846950ae2be73d95
[INFO] [stdout]                                at /opt/rustwide/workdir/src/generated.rs:10038:60
[INFO] [stdout]   39:     0x6429ca1b1ac6 - core::ops::function::FnOnce::call_once::h78ff7abf08a27726
[INFO] [stdout]                                at /rustc/df4ca44d3fbc9301ee17f30f4d474e6ae4b05252/library/core/src/ops/function.rs:250:5
[INFO] [stdout]   40:     0x6429ca213cfb - core::ops::function::FnOnce::call_once::h22c3ba5715e93f05
[INFO] [stdout]                                at /rustc/df4ca44d3fbc9301ee17f30f4d474e6ae4b05252/library/core/src/ops/function.rs:250:5
[INFO] [stdout]   41:     0x6429ca213cfb - test::__rust_begin_short_backtrace::h8e82d8113d0da17f
[INFO] [stdout]                                at /rustc/df4ca44d3fbc9301ee17f30f4d474e6ae4b05252/library/test/src/lib.rs:621:18
[INFO] [stdout]   42:     0x6429ca213677 - test::run_test_in_process::{{closure}}::h33235f4f20b7b7c7
[INFO] [stdout]                                at /rustc/df4ca44d3fbc9301ee17f30f4d474e6ae4b05252/library/test/src/lib.rs:644:60
[INFO] [stdout]   43:     0x6429ca213677 - <core::panic::unwind_safe::AssertUnwindSafe<F> as core::ops::function::FnOnce<()>>::call_once::hb5043206310c586f
[INFO] [stdout]                                at /rustc/df4ca44d3fbc9301ee17f30f4d474e6ae4b05252/library/core/src/panic/unwind_safe.rs:272:9
[INFO] [stdout]   44:     0x6429ca213677 - std::panicking::try::do_call::h9ad4731a60ab23e2
[INFO] [stdout]                                at /rustc/df4ca44d3fbc9301ee17f30f4d474e6ae4b05252/library/std/src/panicking.rs:557:40
[INFO] [stdout]   45:     0x6429ca213677 - std::panicking::try::h3824d23db772a716
[INFO] [stdout]                                at /rustc/df4ca44d3fbc9301ee17f30f4d474e6ae4b05252/library/std/src/panicking.rs:520:19
[INFO] [stdout]   46:     0x6429ca213677 - std::panic::catch_unwind::h5afd514605fde46b
[INFO] [stdout]                                at /rustc/df4ca44d3fbc9301ee17f30f4d474e6ae4b05252/library/std/src/panic.rs:358:14
[INFO] [stdout]   47:     0x6429ca213677 - test::run_test_in_process::h0d5cbfa7067d1720
[INFO] [stdout]                                at /rustc/df4ca44d3fbc9301ee17f30f4d474e6ae4b05252/library/test/src/lib.rs:644:27
[INFO] [stdout]   48:     0x6429ca213677 - test::run_test::{{closure}}::h708eb8872708115d
[INFO] [stdout]                                at /rustc/df4ca44d3fbc9301ee17f30f4d474e6ae4b05252/library/test/src/lib.rs:565:43
[INFO] [stdout]   49:     0x6429ca1d6d94 - test::run_test::{{closure}}::h392c51cee94713ab
[INFO] [stdout]                                at /rustc/df4ca44d3fbc9301ee17f30f4d474e6ae4b05252/library/test/src/lib.rs:595:41
[INFO] [stdout]   50:     0x6429ca1d6d94 - std::sys::backtrace::__rust_begin_short_backtrace::h2f40290710935a8b
[INFO] [stdout]                                at /rustc/df4ca44d3fbc9301ee17f30f4d474e6ae4b05252/library/std/src/sys/backtrace.rs:154:18
[INFO] [stdout]   51:     0x6429ca1da53e - std::thread::Builder::spawn_unchecked_::{{closure}}::{{closure}}::h3fd968d89053a903
[INFO] [stdout]                                at /rustc/df4ca44d3fbc9301ee17f30f4d474e6ae4b05252/library/std/src/thread/mod.rs:541:17
[INFO] [stdout]   52:     0x6429ca1da53e - <core::panic::unwind_safe::AssertUnwindSafe<F> as core::ops::function::FnOnce<()>>::call_once::h743f637ba4229880
[INFO] [stdout]                                at /rustc/df4ca44d3fbc9301ee17f30f4d474e6ae4b05252/library/core/src/panic/unwind_safe.rs:272:9
[INFO] [stdout]   53:     0x6429ca1da53e - std::panicking::try::do_call::h07440897322525a6
[INFO] [stdout]                                at /rustc/df4ca44d3fbc9301ee17f30f4d474e6ae4b05252/library/std/src/panicking.rs:557:40
[INFO] [stdout]   54:     0x6429ca1da53e - std::panicking::try::he5a2e00188156637
[INFO] [stdout]                                at /rustc/df4ca44d3fbc9301ee17f30f4d474e6ae4b05252/library/std/src/panicking.rs:520:19
[INFO] [stdout]   55:     0x6429ca1da53e - std::panic::catch_unwind::hbaf3cae49b3c6433
[INFO] [stdout]                                at /rustc/df4ca44d3fbc9301ee17f30f4d474e6ae4b05252/library/std/src/panic.rs:358:14
[INFO] [stdout]   56:     0x6429ca1da53e - std::thread::Builder::spawn_unchecked_::{{closure}}::h8e141ea224820bce
[INFO] [stdout]                                at /rustc/df4ca44d3fbc9301ee17f30f4d474e6ae4b05252/library/std/src/thread/mod.rs:540:30
[INFO] [stdout]   57:     0x6429ca1da53e - core::ops::function::FnOnce::call_once{{vtable.shim}}::h90d312fedd7b8ea8
[INFO] [stdout]                                at /rustc/df4ca44d3fbc9301ee17f30f4d474e6ae4b05252/library/core/src/ops/function.rs:250:5
[INFO] [stdout]   58:     0x6429ca33c87b - <alloc::boxed::Box<F,A> as core::ops::function::FnOnce<Args>>::call_once::h69aa08ddb6adb8b6
[INFO] [stdout]                                at /rustc/df4ca44d3fbc9301ee17f30f4d474e6ae4b05252/library/alloc/src/boxed.rs:2454:9
[INFO] [stdout]   59:     0x6429ca33c87b - <alloc::boxed::Box<F,A> as core::ops::function::FnOnce<Args>>::call_once::h5aa36efdb79c806f
[INFO] [stdout]                                at /rustc/df4ca44d3fbc9301ee17f30f4d474e6ae4b05252/library/alloc/src/boxed.rs:2454:9
[INFO] [stdout]   60:     0x6429ca33c87b - std::sys::pal::unix::thread::Thread::new::thread_start::h6cd80a1b4be5158d
[INFO] [stdout]                                at /rustc/df4ca44d3fbc9301ee17f30f4d474e6ae4b05252/library/std/src/sys/pal/unix/thread.rs:105:17
[INFO] [stdout]   61:     0x78bc16730ac3 - <unknown>
[INFO] [stdout]   62:     0x78bc167c1a04 - clone
[INFO] [stdout]   63:                0x0 - <unknown>
[INFO] [stdout] 
[INFO] [stdout] ---- generated::protocol_tests::test_parse_error_elb_describe_load_balancers stdout ----
[INFO] [stdout] thread 'generated::protocol_tests::test_parse_error_elb_describe_load_balancers' panicked at /opt/rustwide/cargo-home/registry/src/index.crates.io-6f17d22bba15001f/mz_rusoto_mock-0.46.0/src/lib.rs:175:53:
[INFO] [stdout] couldn't find file: Os { code: 2, kind: NotFound, message: "No such file or directory" }
[INFO] [stdout] stack backtrace:
[INFO] [stdout]    0:     0x6429ca336e9a - std::backtrace_rs::backtrace::libunwind::trace::h207520d6e9873551
[INFO] [stdout]                                at /rustc/df4ca44d3fbc9301ee17f30f4d474e6ae4b05252/library/std/src/../../backtrace/src/backtrace/libunwind.rs:116:5
[INFO] [stdout]    1:     0x6429ca336e9a - std::backtrace_rs::backtrace::trace_unsynchronized::h2ed7433f370e3eca
[INFO] [stdout]                                at /rustc/df4ca44d3fbc9301ee17f30f4d474e6ae4b05252/library/std/src/../../backtrace/src/backtrace/mod.rs:66:5
[INFO] [stdout]    2:     0x6429ca336e9a - std::sys::backtrace::_print_fmt::h916fac51166b18d7
[INFO] [stdout]                                at /rustc/df4ca44d3fbc9301ee17f30f4d474e6ae4b05252/library/std/src/sys/backtrace.rs:66:9
[INFO] [stdout]    3:     0x6429ca336e9a - <std::sys::backtrace::BacktraceLock::print::DisplayBacktrace as core::fmt::Display>::fmt::ha0a4c9b8ce3802e6
[INFO] [stdout]                                at /rustc/df4ca44d3fbc9301ee17f30f4d474e6ae4b05252/library/std/src/sys/backtrace.rs:39:26
[INFO] [stdout]    4:     0x6429ca35dbc3 - core::fmt::rt::Argument::fmt::h4cfc8587d52b3eb5
[INFO] [stdout]                                at /rustc/df4ca44d3fbc9301ee17f30f4d474e6ae4b05252/library/core/src/fmt/rt.rs:177:76
[INFO] [stdout]    5:     0x6429ca35dbc3 - core::fmt::write::h522cc39e5b36ae9f
[INFO] [stdout]                                at /rustc/df4ca44d3fbc9301ee17f30f4d474e6ae4b05252/library/core/src/fmt/mod.rs:1190:21
[INFO] [stdout]    6:     0x6429ca333aa3 - std::io::Write::write_fmt::h7d3c26752da97734
[INFO] [stdout]                                at /rustc/df4ca44d3fbc9301ee17f30f4d474e6ae4b05252/library/std/src/io/mod.rs:1839:15
[INFO] [stdout]    7:     0x6429ca336ce2 - std::sys::backtrace::BacktraceLock::print::h4b9e00b29e9c0942
[INFO] [stdout]                                at /rustc/df4ca44d3fbc9301ee17f30f4d474e6ae4b05252/library/std/src/sys/backtrace.rs:42:9
[INFO] [stdout]    8:     0x6429ca33832a - std::panicking::default_hook::{{closure}}::hb59b88280d0324d9
[INFO] [stdout]                                at /rustc/df4ca44d3fbc9301ee17f30f4d474e6ae4b05252/library/std/src/panicking.rs:268:22
[INFO] [stdout]    9:     0x6429ca338134 - std::panicking::default_hook::he1dd496665be4a29
[INFO] [stdout]                                at /rustc/df4ca44d3fbc9301ee17f30f4d474e6ae4b05252/library/std/src/panicking.rs:292:9
[INFO] [stdout]   10:     0x6429ca20f429 - <alloc::boxed::Box<F,A> as core::ops::function::Fn<Args>>::call::h4ff71de18744e1dc
[INFO] [stdout]                                at /rustc/df4ca44d3fbc9301ee17f30f4d474e6ae4b05252/library/alloc/src/boxed.rs:2468:9
[INFO] [stdout]   11:     0x6429ca20f429 - test::test_main::{{closure}}::hcf7c055ce117aa81
[INFO] [stdout]                                at /rustc/df4ca44d3fbc9301ee17f30f4d474e6ae4b05252/library/test/src/lib.rs:133:21
[INFO] [stdout]   12:     0x6429ca338a28 - <alloc::boxed::Box<F,A> as core::ops::function::Fn<Args>>::call::h1d66c6bbd60c9692
[INFO] [stdout]                                at /rustc/df4ca44d3fbc9301ee17f30f4d474e6ae4b05252/library/alloc/src/boxed.rs:2468:9
[INFO] [stdout]   13:     0x6429ca338a28 - std::panicking::rust_panic_with_hook::h2ff17fe8f26dfcf8
[INFO] [stdout]                                at /rustc/df4ca44d3fbc9301ee17f30f4d474e6ae4b05252/library/std/src/panicking.rs:809:13
[INFO] [stdout]   14:     0x6429ca3387ea - std::panicking::begin_panic_handler::{{closure}}::h4fad77951c07e101
[INFO] [stdout]                                at /rustc/df4ca44d3fbc9301ee17f30f4d474e6ae4b05252/library/std/src/panicking.rs:674:13
[INFO] [stdout]   15:     0x6429ca337379 - std::sys::backtrace::__rust_end_short_backtrace::hb1a25b3da5d0ea08
[INFO] [stdout]                                at /rustc/df4ca44d3fbc9301ee17f30f4d474e6ae4b05252/library/std/src/sys/backtrace.rs:170:18
[INFO] [stdout]   16:     0x6429ca33847c - rust_begin_unwind
[INFO] [stdout]                                at /rustc/df4ca44d3fbc9301ee17f30f4d474e6ae4b05252/library/std/src/panicking.rs:665:5
[INFO] [stdout]   17:     0x6429ca35c230 - core::panicking::panic_fmt::ha9db07b529f9b256
[INFO] [stdout]                                at /rustc/df4ca44d3fbc9301ee17f30f4d474e6ae4b05252/library/core/src/panicking.rs:75:14
[INFO] [stdout]   18:     0x6429ca35c6b6 - core::result::unwrap_failed::h5e8218e4d4338b8a
[INFO] [stdout]                                at /rustc/df4ca44d3fbc9301ee17f30f4d474e6ae4b05252/library/core/src/result.rs:1698:5
[INFO] [stdout]   19:     0x6429ca2b3cdd - core::result::Result<T,E>::expect::h94e6993a0f1c4728
[INFO] [stdout]                                at /rustc/df4ca44d3fbc9301ee17f30f4d474e6ae4b05252/library/core/src/result.rs:1060:23
[INFO] [stdout]   20:     0x6429ca21eda3 - <rusoto_mock::MockResponseReader as rusoto_mock::ReadMockResponse>::read_response::h50dc9086247ed9a9
[INFO] [stdout]                                at /opt/rustwide/cargo-home/registry/src/index.crates.io-6f17d22bba15001f/mz_rusoto_mock-0.46.0/src/lib.rs:175:30
[INFO] [stdout]   21:     0x6429ca1c739a - rusoto_elbv2::generated::protocol_tests::test_parse_error_elb_describe_load_balancers::{{closure}}::h9f29115fc14df93e
[INFO] [stdout]                                at /opt/rustwide/workdir/src/generated.rs:10026:29
[INFO] [stdout]   22:     0x6429ca1c4e9f - tokio::runtime::basic_scheduler::BasicScheduler<P>::block_on::{{closure}}::{{closure}}::h65c52ec9678f32b0
[INFO] [stdout]                                at /opt/rustwide/cargo-home/registry/src/index.crates.io-6f17d22bba15001f/tokio-0.2.25/src/runtime/basic_scheduler.rs:131:58
[INFO] [stdout]   23:     0x6429ca1be393 - tokio::coop::with_budget::{{closure}}::hc329198ea5ac6b36
[INFO] [stdout]                                at /opt/rustwide/cargo-home/registry/src/index.crates.io-6f17d22bba15001f/tokio-0.2.25/src/coop.rs:127:9
[INFO] [stdout]   24:     0x6429ca1bc8ea - std::thread::local::LocalKey<T>::try_with::hbf016c86bf13048f
[INFO] [stdout]                                at /rustc/df4ca44d3fbc9301ee17f30f4d474e6ae4b05252/library/std/src/thread/local.rs:283:12
[INFO] [stdout]   25:     0x6429ca1bbf9a - std::thread::local::LocalKey<T>::with::ha6409efae615ef48
[INFO] [stdout]                                at /rustc/df4ca44d3fbc9301ee17f30f4d474e6ae4b05252/library/std/src/thread/local.rs:260:9
[INFO] [stdout]   26:     0x6429ca1c4963 - tokio::coop::with_budget::hef0a69767c3294a4
[INFO] [stdout]                                at /opt/rustwide/cargo-home/registry/src/index.crates.io-6f17d22bba15001f/tokio-0.2.25/src/coop.rs:120:5
[INFO] [stdout]   27:     0x6429ca1c4963 - tokio::coop::budget::h128fa0a924b4e188
[INFO] [stdout]                                at /opt/rustwide/cargo-home/registry/src/index.crates.io-6f17d22bba15001f/tokio-0.2.25/src/coop.rs:96:5
[INFO] [stdout]   28:     0x6429ca1c4963 - tokio::runtime::basic_scheduler::BasicScheduler<P>::block_on::{{closure}}::hebdaccd88663b784
[INFO] [stdout]                                at /opt/rustwide/cargo-home/registry/src/index.crates.io-6f17d22bba15001f/tokio-0.2.25/src/runtime/basic_scheduler.rs:131:35
[INFO] [stdout]   29:     0x6429ca1c5879 - tokio::runtime::basic_scheduler::enter::{{closure}}::h07775a039ea8a7d5
[INFO] [stdout]                                at /opt/rustwide/cargo-home/registry/src/index.crates.io-6f17d22bba15001f/tokio-0.2.25/src/runtime/basic_scheduler.rs:213:29
[INFO] [stdout]   30:     0x6429ca1c3daf - tokio::macros::scoped_tls::ScopedKey<T>::set::heff9c7969e38e76d
[INFO] [stdout]                                at /opt/rustwide/cargo-home/registry/src/index.crates.io-6f17d22bba15001f/tokio-0.2.25/src/macros/scoped_tls.rs:63:9
[INFO] [stdout]   31:     0x6429ca1c57db - tokio::runtime::basic_scheduler::enter::he2f13b8655028bfe
[INFO] [stdout]                                at /opt/rustwide/cargo-home/registry/src/index.crates.io-6f17d22bba15001f/tokio-0.2.25/src/runtime/basic_scheduler.rs:213:5
[INFO] [stdout]   32:     0x6429ca1c3ef2 - tokio::runtime::basic_scheduler::BasicScheduler<P>::block_on::h254960b02467cdcf
[INFO] [stdout]                                at /opt/rustwide/cargo-home/registry/src/index.crates.io-6f17d22bba15001f/tokio-0.2.25/src/runtime/basic_scheduler.rs:123:9
[INFO] [stdout]   33:     0x6429ca1c624e - tokio::runtime::Runtime::block_on::{{closure}}::h1fede71de7489d41
[INFO] [stdout]                                at /opt/rustwide/cargo-home/registry/src/index.crates.io-6f17d22bba15001f/tokio-0.2.25/src/runtime/mod.rs:444:34
[INFO] [stdout]   34:     0x6429ca1cc61b - tokio::runtime::context::enter::h734366992b4300e0
[INFO] [stdout]                                at /opt/rustwide/cargo-home/registry/src/index.crates.io-6f17d22bba15001f/tokio-0.2.25/src/runtime/context.rs:72:5
[INFO] [stdout]   35:     0x6429ca1cc3cb - tokio::runtime::handle::Handle::enter::hf15fade90ebdf2ec
[INFO] [stdout]                                at /opt/rustwide/cargo-home/registry/src/index.crates.io-6f17d22bba15001f/tokio-0.2.25/src/runtime/handle.rs:76:9
[INFO] [stdout]   36:     0x6429ca1c612c - tokio::runtime::Runtime::block_on::h251ce289bc86b3b5
[INFO] [stdout]                                at /opt/rustwide/cargo-home/registry/src/index.crates.io-6f17d22bba15001f/tokio-0.2.25/src/runtime/mod.rs:441:9
[INFO] [stdout]   37:     0x6429ca1c72b1 - rusoto_elbv2::generated::protocol_tests::test_parse_error_elb_describe_load_balancers::h4411ac6822f931b4
[INFO] [stdout]                                at /opt/rustwide/workdir/src/generated.rs:10024:5
[INFO] [stdout]   38:     0x6429ca1c7117 - rusoto_elbv2::generated::protocol_tests::test_parse_error_elb_describe_load_balancers::{{closure}}::h1b1250def03fbd86
[INFO] [stdout]                                at /opt/rustwide/workdir/src/generated.rs:10025:60
[INFO] [stdout]   39:     0x6429ca1b1a36 - core::ops::function::FnOnce::call_once::h5379a3c4f2d86b6a
[INFO] [stdout]                                at /rustc/df4ca44d3fbc9301ee17f30f4d474e6ae4b05252/library/core/src/ops/function.rs:250:5
[INFO] [stdout]   40:     0x6429ca213cfb - core::ops::function::FnOnce::call_once::h22c3ba5715e93f05
[INFO] [stdout]                                at /rustc/df4ca44d3fbc9301ee17f30f4d474e6ae4b05252/library/core/src/ops/function.rs:250:5
[INFO] [stdout]   41:     0x6429ca213cfb - test::__rust_begin_short_backtrace::h8e82d8113d0da17f
[INFO] [stdout]                                at /rustc/df4ca44d3fbc9301ee17f30f4d474e6ae4b05252/library/test/src/lib.rs:621:18
[INFO] [stdout]   42:     0x6429ca213677 - test::run_test_in_process::{{closure}}::h33235f4f20b7b7c7
[INFO] [stdout]                                at /rustc/df4ca44d3fbc9301ee17f30f4d474e6ae4b05252/library/test/src/lib.rs:644:60
[INFO] [stdout]   43:     0x6429ca213677 - <core::panic::unwind_safe::AssertUnwindSafe<F> as core::ops::function::FnOnce<()>>::call_once::hb5043206310c586f
[INFO] [stdout]                                at /rustc/df4ca44d3fbc9301ee17f30f4d474e6ae4b05252/library/core/src/panic/unwind_safe.rs:272:9
[INFO] [stdout]   44:     0x6429ca213677 - std::panicking::try::do_call::h9ad4731a60ab23e2
[INFO] [stdout]                                at /rustc/df4ca44d3fbc9301ee17f30f4d474e6ae4b05252/library/std/src/panicking.rs:557:40
[INFO] [stdout]   45:     0x6429ca213677 - std::panicking::try::h3824d23db772a716
[INFO] [stdout]                                at /rustc/df4ca44d3fbc9301ee17f30f4d474e6ae4b05252/library/std/src/panicking.rs:520:19
[INFO] [stdout]   46:     0x6429ca213677 - std::panic::catch_unwind::h5afd514605fde46b
[INFO] [stdout]                                at /rustc/df4ca44d3fbc9301ee17f30f4d474e6ae4b05252/library/std/src/panic.rs:358:14
[INFO] [stdout]   47:     0x6429ca213677 - test::run_test_in_process::h0d5cbfa7067d1720
[INFO] [stdout]                                at /rustc/df4ca44d3fbc9301ee17f30f4d474e6ae4b05252/library/test/src/lib.rs:644:27
[INFO] [stdout]   48:     0x6429ca213677 - test::run_test::{{closure}}::h708eb8872708115d
[INFO] [stdout]                                at /rustc/df4ca44d3fbc9301ee17f30f4d474e6ae4b05252/library/test/src/lib.rs:565:43
[INFO] [stdout]   49:     0x6429ca1d6d94 - test::run_test::{{closure}}::h392c51cee94713ab
[INFO] [stdout]                                at /rustc/df4ca44d3fbc9301ee17f30f4d474e6ae4b05252/library/test/src/lib.rs:595:41
[INFO] [stdout]   50:     0x6429ca1d6d94 - std::sys::backtrace::__rust_begin_short_backtrace::h2f40290710935a8b
[INFO] [stdout]                                at /rustc/df4ca44d3fbc9301ee17f30f4d474e6ae4b05252/library/std/src/sys/backtrace.rs:154:18
[INFO] [stdout]   51:     0x6429ca1da53e - std::thread::Builder::spawn_unchecked_::{{closure}}::{{closure}}::h3fd968d89053a903
[INFO] [stdout]                                at /rustc/df4ca44d3fbc9301ee17f30f4d474e6ae4b05252/library/std/src/thread/mod.rs:541:17
[INFO] [stdout]   52:     0x6429ca1da53e - <core::panic::unwind_safe::AssertUnwindSafe<F> as core::ops::function::FnOnce<()>>::call_once::h743f637ba4229880
[INFO] [stdout]                                at /rustc/df4ca44d3fbc9301ee17f30f4d474e6ae4b05252/library/core/src/panic/unwind_safe.rs:272:9
[INFO] [stdout]   53:     0x6429ca1da53e - std::panicking::try::do_call::h07440897322525a6
[INFO] [stdout]                                at /rustc/df4ca44d3fbc9301ee17f30f4d474e6ae4b05252/library/std/src/panicking.rs:557:40
[INFO] [stdout]   54:     0x6429ca1da53e - std::panicking::try::he5a2e00188156637
[INFO] [stdout]                                at /rustc/df4ca44d3fbc9301ee17f30f4d474e6ae4b05252/library/std/src/panicking.rs:520:19
[INFO] [stdout]   55:     0x6429ca1da53e - std::panic::catch_unwind::hbaf3cae49b3c6433
[INFO] [stdout]                                at /rustc/df4ca44d3fbc9301ee17f30f4d474e6ae4b05252/library/std/src/panic.rs:358:14
[INFO] [stdout]   56:     0x6429ca1da53e - std::thread::Builder::spawn_unchecked_::{{closure}}::h8e141ea224820bce
[INFO] [stdout]                                at /rustc/df4ca44d3fbc9301ee17f30f4d474e6ae4b05252/library/std/src/thread/mod.rs:540:30
[INFO] [stdout]   57:     0x6429ca1da53e - core::ops::function::FnOnce::call_once{{vtable.shim}}::h90d312fedd7b8ea8
[INFO] [stdout]                                at /rustc/df4ca44d3fbc9301ee17f30f4d474e6ae4b05252/library/core/src/ops/function.rs:250:5
[INFO] [stdout]   58:     0x6429ca33c87b - <alloc::boxed::Box<F,A> as core::ops::function::FnOnce<Args>>::call_once::h69aa08ddb6adb8b6
[INFO] [stdout]                                at /rustc/df4ca44d3fbc9301ee17f30f4d474e6ae4b05252/library/alloc/src/boxed.rs:2454:9
[INFO] [stdout]   59:     0x6429ca33c87b - <alloc::boxed::Box<F,A> as core::ops::function::FnOnce<Args>>::call_once::h5aa36efdb79c806f
[INFO] [stdout]                                at /rustc/df4ca44d3fbc9301ee17f30f4d474e6ae4b05252/library/alloc/src/boxed.rs:2454:9
[INFO] [stdout]   60:     0x6429ca33c87b - std::sys::pal::unix::thread::Thread::new::thread_start::h6cd80a1b4be5158d
[INFO] [stdout]                                at /rustc/df4ca44d3fbc9301ee17f30f4d474e6ae4b05252/library/std/src/sys/pal/unix/thread.rs:105:17
[INFO] [stdout]   61:     0x78bc16730ac3 - <unknown>
[INFO] [stdout]   62:     0x78bc167c1a04 - clone
[INFO] [stdout]   63:                0x0 - <unknown>
[INFO] [stdout] 
[INFO] [stdout] 
[INFO] [stdout] failures:
[INFO] [stdout]     generated::protocol_tests::test_parse_error_elb_describe_load_balancers
[INFO] [stdout]     generated::protocol_tests::test_parse_valid_elb_describe_load_balancers
[INFO] [stdout] 
[INFO] [stdout] test result: FAILED. 0 passed; 2 failed; 0 ignored; 0 measured; 0 filtered out; finished in 0.10s
[INFO] [stdout] 
[INFO] [stderr] error: test failed, to rerun pass `--lib`
[INFO] running `Command { std: "docker" "inspect" "72bdeb6ac36915eb73608511720344caea9500dda496ce44041fac891e4720a8", kill_on_drop: false }`
[INFO] running `Command { std: "docker" "rm" "-f" "72bdeb6ac36915eb73608511720344caea9500dda496ce44041fac891e4720a8", kill_on_drop: false }`
[INFO] [stdout] 72bdeb6ac36915eb73608511720344caea9500dda496ce44041fac891e4720a8
