[INFO] fetching crate myutil 7.3.0...
[INFO] testing myutil-7.3.0 against nightly-2024-10-28+rustflags=-Zrandomize-layout for randomize-layout
[INFO] extracting crate myutil 7.3.0 into /workspace/builds/worker-1-tc2/source
[INFO] validating manifest of crates.io crate myutil 7.3.0 on toolchain nightly-2024-10-28
[INFO] running `Command { std: CARGO_HOME="/workspace/cargo-home" RUSTUP_HOME="/workspace/rustup-home" "/workspace/cargo-home/bin/cargo" "+nightly-2024-10-28" "metadata" "--manifest-path" "Cargo.toml" "--no-deps", kill_on_drop: false }`
[INFO] started tweaking crates.io crate myutil 7.3.0
[INFO] finished tweaking crates.io crate myutil 7.3.0
[INFO] tweaked toml for crates.io crate myutil 7.3.0 written to /workspace/builds/worker-1-tc2/source/Cargo.toml
[INFO] running `Command { std: CARGO_HOME="/workspace/cargo-home" RUSTUP_HOME="/workspace/rustup-home" "/workspace/cargo-home/bin/cargo" "+nightly-2024-10-28" "generate-lockfile" "--manifest-path" "Cargo.toml", kill_on_drop: false }`
[INFO] [stderr]     Updating crates.io index
[INFO] [stderr]      Locking 159 packages to latest compatible versions
[INFO] running `Command { std: CARGO_HOME="/workspace/cargo-home" RUSTUP_HOME="/workspace/rustup-home" "/workspace/cargo-home/bin/cargo" "+nightly-2024-10-28" "fetch" "--manifest-path" "Cargo.toml", kill_on_drop: false }`
[INFO] running `Command { std: "docker" "create" "-v" "/var/lib/crater-agent-workspace/builds/worker-1-tc2/target:/opt/rustwide/target:rw,Z" "-v" "/var/lib/crater-agent-workspace/builds/worker-1-tc2/source:/opt/rustwide/workdir:ro,Z" "-v" "/var/lib/crater-agent-workspace/cargo-home:/opt/rustwide/cargo-home:ro,Z" "-v" "/var/lib/crater-agent-workspace/rustup-home:/opt/rustwide/rustup-home:ro,Z" "-e" "SOURCE_DIR=/opt/rustwide/workdir" "-e" "CARGO_TARGET_DIR=/opt/rustwide/target" "-e" "CARGO_HOME=/opt/rustwide/cargo-home" "-e" "RUSTUP_HOME=/opt/rustwide/rustup-home" "-w" "/opt/rustwide/workdir" "-m" "1610612736" "--user" "0:0" "--network" "none" "ghcr.io/rust-lang/crates-build-env/linux@sha256:4a844ea9eb2546a2d2c7022eacef16ef2e8229c7fbb2c7d4d55a9ceca922f72d" "/opt/rustwide/cargo-home/bin/cargo" "+nightly-2024-10-28" "metadata" "--no-deps" "--format-version=1", kill_on_drop: false }`
[INFO] [stdout] d544e2fdbe8adbd55457410d62e8c5c203b9b66a12899569ec79ab59aaabb6fe
[INFO] running `Command { std: "docker" "start" "-a" "d544e2fdbe8adbd55457410d62e8c5c203b9b66a12899569ec79ab59aaabb6fe", kill_on_drop: false }`
[INFO] running `Command { std: "docker" "inspect" "d544e2fdbe8adbd55457410d62e8c5c203b9b66a12899569ec79ab59aaabb6fe", kill_on_drop: false }`
[INFO] running `Command { std: "docker" "rm" "-f" "d544e2fdbe8adbd55457410d62e8c5c203b9b66a12899569ec79ab59aaabb6fe", kill_on_drop: false }`
[INFO] [stdout] d544e2fdbe8adbd55457410d62e8c5c203b9b66a12899569ec79ab59aaabb6fe
[INFO] running `Command { std: "docker" "create" "-v" "/var/lib/crater-agent-workspace/builds/worker-1-tc2/target:/opt/rustwide/target:rw,Z" "-v" "/var/lib/crater-agent-workspace/builds/worker-1-tc2/source:/opt/rustwide/workdir:ro,Z" "-v" "/var/lib/crater-agent-workspace/cargo-home:/opt/rustwide/cargo-home:ro,Z" "-v" "/var/lib/crater-agent-workspace/rustup-home:/opt/rustwide/rustup-home:ro,Z" "-e" "SOURCE_DIR=/opt/rustwide/workdir" "-e" "CARGO_TARGET_DIR=/opt/rustwide/target" "-e" "CARGO_INCREMENTAL=0" "-e" "RUST_BACKTRACE=full" "-e" "RUSTFLAGS=--cap-lints=forbid -Zrandomize-layout" "-e" "RUSTDOCFLAGS=--cap-lints=forbid" "-e" "CARGO_HOME=/opt/rustwide/cargo-home" "-e" "RUSTUP_HOME=/opt/rustwide/rustup-home" "-w" "/opt/rustwide/workdir" "-m" "1610612736" "--user" "0:0" "--network" "none" "ghcr.io/rust-lang/crates-build-env/linux@sha256:4a844ea9eb2546a2d2c7022eacef16ef2e8229c7fbb2c7d4d55a9ceca922f72d" "/opt/rustwide/cargo-home/bin/cargo" "+nightly-2024-10-28" "build" "--frozen" "--message-format=json", kill_on_drop: false }`
[INFO] [stdout] f76d2a076210e76439ab5d54a36645f3fa95e3dc554e849937ea0483a481f3e1
[INFO] running `Command { std: "docker" "start" "-a" "f76d2a076210e76439ab5d54a36645f3fa95e3dc554e849937ea0483a481f3e1", kill_on_drop: false }`
[INFO] [stderr]    Compiling powerfmt v0.2.0
[INFO] [stderr]    Compiling time-core v0.1.2
[INFO] [stderr]    Compiling num-conv v0.1.0
[INFO] [stderr]    Compiling deranged v0.3.11
[INFO] [stderr]    Compiling time v0.3.36
[INFO] [stderr]    Compiling myutil v7.3.0 (/opt/rustwide/workdir)
[INFO] [stderr]     Finished `dev` profile [unoptimized + debuginfo] target(s) in 1.23s
[INFO] running `Command { std: "docker" "inspect" "f76d2a076210e76439ab5d54a36645f3fa95e3dc554e849937ea0483a481f3e1", kill_on_drop: false }`
[INFO] running `Command { std: "docker" "rm" "-f" "f76d2a076210e76439ab5d54a36645f3fa95e3dc554e849937ea0483a481f3e1", kill_on_drop: false }`
[INFO] [stdout] f76d2a076210e76439ab5d54a36645f3fa95e3dc554e849937ea0483a481f3e1
[INFO] running `Command { std: "docker" "create" "-v" "/var/lib/crater-agent-workspace/builds/worker-1-tc2/target:/opt/rustwide/target:rw,Z" "-v" "/var/lib/crater-agent-workspace/builds/worker-1-tc2/source:/opt/rustwide/workdir:ro,Z" "-v" "/var/lib/crater-agent-workspace/cargo-home:/opt/rustwide/cargo-home:ro,Z" "-v" "/var/lib/crater-agent-workspace/rustup-home:/opt/rustwide/rustup-home:ro,Z" "-e" "SOURCE_DIR=/opt/rustwide/workdir" "-e" "CARGO_TARGET_DIR=/opt/rustwide/target" "-e" "CARGO_INCREMENTAL=0" "-e" "RUST_BACKTRACE=full" "-e" "RUSTFLAGS=--cap-lints=forbid -Zrandomize-layout" "-e" "RUSTDOCFLAGS=--cap-lints=forbid" "-e" "CARGO_HOME=/opt/rustwide/cargo-home" "-e" "RUSTUP_HOME=/opt/rustwide/rustup-home" "-w" "/opt/rustwide/workdir" "-m" "1610612736" "--user" "0:0" "--network" "none" "ghcr.io/rust-lang/crates-build-env/linux@sha256:4a844ea9eb2546a2d2c7022eacef16ef2e8229c7fbb2c7d4d55a9ceca922f72d" "/opt/rustwide/cargo-home/bin/cargo" "+nightly-2024-10-28" "test" "--frozen" "--no-run" "--message-format=json", kill_on_drop: false }`
[INFO] [stdout] a94e9b662fa58fbee9e1d10e406a0f57037a0f1010a0e874d65d02dafe64525c
[INFO] running `Command { std: "docker" "start" "-a" "a94e9b662fa58fbee9e1d10e406a0f57037a0f1010a0e874d65d02dafe64525c", kill_on_drop: false }`
[INFO] [stderr]    Compiling myutil v7.3.0 (/opt/rustwide/workdir)
[INFO] [stderr]     Finished `test` profile [unoptimized + debuginfo] target(s) in 0.37s
[INFO] running `Command { std: "docker" "inspect" "a94e9b662fa58fbee9e1d10e406a0f57037a0f1010a0e874d65d02dafe64525c", kill_on_drop: false }`
[INFO] running `Command { std: "docker" "rm" "-f" "a94e9b662fa58fbee9e1d10e406a0f57037a0f1010a0e874d65d02dafe64525c", kill_on_drop: false }`
[INFO] [stdout] a94e9b662fa58fbee9e1d10e406a0f57037a0f1010a0e874d65d02dafe64525c
[INFO] running `Command { std: "docker" "create" "-v" "/var/lib/crater-agent-workspace/builds/worker-1-tc2/target:/opt/rustwide/target:rw,Z" "-v" "/var/lib/crater-agent-workspace/builds/worker-1-tc2/source:/opt/rustwide/workdir:ro,Z" "-v" "/var/lib/crater-agent-workspace/cargo-home:/opt/rustwide/cargo-home:ro,Z" "-v" "/var/lib/crater-agent-workspace/rustup-home:/opt/rustwide/rustup-home:ro,Z" "-e" "SOURCE_DIR=/opt/rustwide/workdir" "-e" "CARGO_TARGET_DIR=/opt/rustwide/target" "-e" "CARGO_INCREMENTAL=0" "-e" "RUST_BACKTRACE=full" "-e" "RUSTFLAGS=--cap-lints=forbid -Zrandomize-layout" "-e" "RUSTDOCFLAGS=--cap-lints=forbid" "-e" "CARGO_HOME=/opt/rustwide/cargo-home" "-e" "RUSTUP_HOME=/opt/rustwide/rustup-home" "-w" "/opt/rustwide/workdir" "-m" "1610612736" "--user" "0:0" "--network" "none" "ghcr.io/rust-lang/crates-build-env/linux@sha256:4a844ea9eb2546a2d2c7022eacef16ef2e8229c7fbb2c7d4d55a9ceca922f72d" "/opt/rustwide/cargo-home/bin/cargo" "+nightly-2024-10-28" "test" "--frozen", kill_on_drop: false }`
[INFO] [stdout] a443fbd081f82e61df4a7a045eda4e2e7067141753c675198c702be637c2fb5f
[INFO] running `Command { std: "docker" "start" "-a" "a443fbd081f82e61df4a7a045eda4e2e7067141753c675198c702be637c2fb5f", kill_on_drop: false }`
[INFO] [stderr]     Finished `test` profile [unoptimized + debuginfo] target(s) in 0.03s
[INFO] [stderr]      Running unittests src/lib.rs (/opt/rustwide/target/debug/deps/myutil-e97d9d77e83d51c3)
[INFO] [stdout] 
[INFO] [stdout] running 8 tests
[INFO] [stdout] test common::tests::t_alt ... ok
[INFO] [stdout] test common::tests::t_max_min ... ok
[INFO] [stdout] test common::tests::t_map_set ... ok
[INFO] [stdout] test err::test::t_error_chain ... ok
[INFO] [stdout] test err::test::t_get_pidns ... ok
[INFO] [stdout] test err::macros::tests::t_macros ... ok
[INFO] [stdout] test common::tests::t_sleep_ms ... ok
[INFO] [stdout] test err::macros::tests::t_display_style - should panic ... ok
[INFO] [stdout] 
[INFO] [stdout] test result: ok. 8 passed; 0 failed; 0 ignored; 0 measured; 0 filtered out; finished in 0.01s
[INFO] [stdout] 
[INFO] [stderr]    Doc-tests myutil
[INFO] [stdout] 
[INFO] [stdout] running 1 test
[INFO] [stdout] test src/err/mod.rs - err (line 8) ... FAILED
[INFO] [stdout] 
[INFO] [stdout] failures:
[INFO] [stdout] 
[INFO] [stdout] ---- src/err/mod.rs - err (line 8) stdout ----
[INFO] [stdout] error[E0432]: unresolved import `ruc`
[INFO] [stdout]  --> src/err/mod.rs:9:5
[INFO] [stdout]   |
[INFO] [stdout] 3 | use ruc::*;
[INFO] [stdout]   |     ^^^ use of undeclared crate or module `ruc`
[INFO] [stdout] 
[INFO] [stdout] error: cannot find macro `eg` in this scope
[INFO] [stdout]  --> src/err/mod.rs:15:37
[INFO] [stdout]   |
[INFO] [stdout] 9 |     let l1 = || -> Result<()> { Err(eg!("The final error message!")) };
[INFO] [stdout]   |                                     ^^
[INFO] [stdout]   |
[INFO] [stdout] help: consider importing this macro
[INFO] [stdout]   |
[INFO] [stdout] 2 + use myutil::eg;
[INFO] [stdout]   |
[INFO] [stdout] 
[INFO] [stdout] error: cannot find macro `d` in this scope
[INFO] [stdout]   --> src/err/mod.rs:16:40
[INFO] [stdout]    |
[INFO] [stdout] 10 |     let l2 = || -> Result<()> { l1().c(d!()) };
[INFO] [stdout]    |                                        ^
[INFO] [stdout]    |
[INFO] [stdout] help: consider importing this macro
[INFO] [stdout]    |
[INFO] [stdout] 2  + use myutil::d;
[INFO] [stdout]    |
[INFO] [stdout] 
[INFO] [stdout] error: cannot find macro `d` in this scope
[INFO] [stdout]   --> src/err/mod.rs:17:40
[INFO] [stdout]    |
[INFO] [stdout] 11 |     let l3 = || -> Result<()> { l2().c(d!("A custom message!")) };
[INFO] [stdout]    |                                        ^
[INFO] [stdout]    |
[INFO] [stdout] help: consider importing this macro
[INFO] [stdout]    |
[INFO] [stdout] 2  + use myutil::d;
[INFO] [stdout]    |
[INFO] [stdout] 
[INFO] [stdout] error: cannot find macro `d` in this scope
[INFO] [stdout]   --> src/err/mod.rs:18:40
[INFO] [stdout]    |
[INFO] [stdout] 12 |     let l4 = || -> Result<()> { l3().c(d!("ERR_UNKNOWN")) };
[INFO] [stdout]    |                                        ^
[INFO] [stdout]    |
[INFO] [stdout] help: consider importing this macro
[INFO] [stdout]    |
[INFO] [stdout] 2  + use myutil::d;
[INFO] [stdout]    |
[INFO] [stdout] 
[INFO] [stdout] error: cannot find macro `d` in this scope
[INFO] [stdout]   --> src/err/mod.rs:19:40
[INFO] [stdout]    |
[INFO] [stdout] 13 |     let l5 = || -> Result<()> { l4().c(d!("{:?}", CustomErr(-1))) };
[INFO] [stdout]    |                                        ^
[INFO] [stdout]    |
[INFO] [stdout] help: consider importing this macro
[INFO] [stdout]    |
[INFO] [stdout] 2  + use myutil::d;
[INFO] [stdout]    |
[INFO] [stdout] 
[INFO] [stdout] error: cannot find macro `pnk` in this scope
[INFO] [stdout]   --> src/err/mod.rs:21:5
[INFO] [stdout]    |
[INFO] [stdout] 15 |     pnk!(l5());
[INFO] [stdout]    |     ^^^
[INFO] [stdout]    |
[INFO] [stdout] help: consider importing this macro
[INFO] [stdout]    |
[INFO] [stdout] 2  + use myutil::pnk;
[INFO] [stdout]    |
[INFO] [stdout] 
[INFO] [stdout] error[E0107]: enum takes 2 generic arguments but 1 generic argument was supplied
[INFO] [stdout]  --> src/err/mod.rs:15:20
[INFO] [stdout]   |
[INFO] [stdout] 9 |     let l1 = || -> Result<()> { Err(eg!("The final error message!")) };
[INFO] [stdout]   |                    ^^^^^^ -- supplied 1 generic argument
[INFO] [stdout]   |                    |
[INFO] [stdout]   |                    expected 2 generic arguments
[INFO] [stdout]   |
[INFO] [stdout] help: add missing generic argument
[INFO] [stdout]   |
[INFO] [stdout] 9 |     let l1 = || -> Result<(), E> { Err(eg!("The final error message!")) };
[INFO] [stdout]   |                             +++
[INFO] [stdout] 
[INFO] [stdout] error[E0107]: enum takes 2 generic arguments but 1 generic argument was supplied
[INFO] [stdout]   --> src/err/mod.rs:16:20
[INFO] [stdout]    |
[INFO] [stdout] 10 |     let l2 = || -> Result<()> { l1().c(d!()) };
[INFO] [stdout]    |                    ^^^^^^ -- supplied 1 generic argument
[INFO] [stdout]    |                    |
[INFO] [stdout]    |                    expected 2 generic arguments
[INFO] [stdout]    |
[INFO] [stdout] help: add missing generic argument
[INFO] [stdout]    |
[INFO] [stdout] 10 |     let l2 = || -> Result<(), E> { l1().c(d!()) };
[INFO] [stdout]    |                             +++
[INFO] [stdout] 
[INFO] [stdout] error[E0107]: enum takes 2 generic arguments but 1 generic argument was supplied
[INFO] [stdout]   --> src/err/mod.rs:17:20
[INFO] [stdout]    |
[INFO] [stdout] 11 |     let l3 = || -> Result<()> { l2().c(d!("A custom message!")) };
[INFO] [stdout]    |                    ^^^^^^ -- supplied 1 generic argument
[INFO] [stdout]    |                    |
[INFO] [stdout]    |                    expected 2 generic arguments
[INFO] [stdout]    |
[INFO] [stdout] help: add missing generic argument
[INFO] [stdout]    |
[INFO] [stdout] 11 |     let l3 = || -> Result<(), E> { l2().c(d!("A custom message!")) };
[INFO] [stdout]    |                             +++
[INFO] [stdout] 
[INFO] [stdout] error[E0107]: enum takes 2 generic arguments but 1 generic argument was supplied
[INFO] [stdout]   --> src/err/mod.rs:18:20
[INFO] [stdout]    |
[INFO] [stdout] 12 |     let l4 = || -> Result<()> { l3().c(d!("ERR_UNKNOWN")) };
[INFO] [stdout]    |                    ^^^^^^ -- supplied 1 generic argument
[INFO] [stdout]    |                    |
[INFO] [stdout]    |                    expected 2 generic arguments
[INFO] [stdout]    |
[INFO] [stdout] help: add missing generic argument
[INFO] [stdout]    |
[INFO] [stdout] 12 |     let l4 = || -> Result<(), E> { l3().c(d!("ERR_UNKNOWN")) };
[INFO] [stdout]    |                             +++
[INFO] [stdout] 
[INFO] [stdout] error[E0107]: enum takes 2 generic arguments but 1 generic argument was supplied
[INFO] [stdout]   --> src/err/mod.rs:19:20
[INFO] [stdout]    |
[INFO] [stdout] 13 |     let l5 = || -> Result<()> { l4().c(d!("{:?}", CustomErr(-1))) };
[INFO] [stdout]    |                    ^^^^^^ -- supplied 1 generic argument
[INFO] [stdout]    |                    |
[INFO] [stdout]    |                    expected 2 generic arguments
[INFO] [stdout]    |
[INFO] [stdout] help: add missing generic argument
[INFO] [stdout]    |
[INFO] [stdout] 13 |     let l5 = || -> Result<(), E> { l4().c(d!("{:?}", CustomErr(-1))) };
[INFO] [stdout]    |                             +++
[INFO] [stdout] 
[INFO] [stdout] error: aborting due to 12 previous errors
[INFO] [stdout] 
[INFO] [stdout] Some errors have detailed explanations: E0107, E0432.
[INFO] [stdout] For more information about an error, try `rustc --explain E0107`.
[INFO] [stdout] Couldn't compile the test.
[INFO] [stdout] 
[INFO] [stdout] failures:
[INFO] [stdout]     src/err/mod.rs - err (line 8)
[INFO] [stdout] 
[INFO] [stdout] test result: FAILED. 0 passed; 1 failed; 0 ignored; 0 measured; 0 filtered out; finished in 0.05s
[INFO] [stdout] 
[INFO] [stderr] error: doctest failed, to rerun pass `--doc`
[INFO] running `Command { std: "docker" "inspect" "a443fbd081f82e61df4a7a045eda4e2e7067141753c675198c702be637c2fb5f", kill_on_drop: false }`
[INFO] running `Command { std: "docker" "rm" "-f" "a443fbd081f82e61df4a7a045eda4e2e7067141753c675198c702be637c2fb5f", kill_on_drop: false }`
[INFO] [stdout] a443fbd081f82e61df4a7a045eda4e2e7067141753c675198c702be637c2fb5f
