[INFO] fetching crate mysql_helper 0.1.6...
[INFO] testing mysql_helper-0.1.6 against nightly-2024-10-28 for randomize-layout
[INFO] extracting crate mysql_helper 0.1.6 into /workspace/builds/worker-7-tc1/source
[INFO] validating manifest of crates.io crate mysql_helper 0.1.6 on toolchain nightly-2024-10-28
[INFO] running `Command { std: CARGO_HOME="/workspace/cargo-home" RUSTUP_HOME="/workspace/rustup-home" "/workspace/cargo-home/bin/cargo" "+nightly-2024-10-28" "metadata" "--manifest-path" "Cargo.toml" "--no-deps", kill_on_drop: false }`
[INFO] started tweaking crates.io crate mysql_helper 0.1.6
[INFO] finished tweaking crates.io crate mysql_helper 0.1.6
[INFO] tweaked toml for crates.io crate mysql_helper 0.1.6 written to /workspace/builds/worker-7-tc1/source/Cargo.toml
[INFO] running `Command { std: CARGO_HOME="/workspace/cargo-home" RUSTUP_HOME="/workspace/rustup-home" "/workspace/cargo-home/bin/cargo" "+nightly-2024-10-28" "generate-lockfile" "--manifest-path" "Cargo.toml", kill_on_drop: false }`
[INFO] [stderr]     Updating crates.io index
[INFO] [stderr]      Locking 4 packages to latest compatible versions
[INFO] [stderr]       Adding syn v1.0.109 (available: v2.0.86)
[INFO] running `Command { std: CARGO_HOME="/workspace/cargo-home" RUSTUP_HOME="/workspace/rustup-home" "/workspace/cargo-home/bin/cargo" "+nightly-2024-10-28" "fetch" "--manifest-path" "Cargo.toml", kill_on_drop: false }`
[INFO] running `Command { std: "docker" "create" "-v" "/var/lib/crater-agent-workspace/builds/worker-7-tc1/target:/opt/rustwide/target:rw,Z" "-v" "/var/lib/crater-agent-workspace/builds/worker-7-tc1/source:/opt/rustwide/workdir:ro,Z" "-v" "/var/lib/crater-agent-workspace/cargo-home:/opt/rustwide/cargo-home:ro,Z" "-v" "/var/lib/crater-agent-workspace/rustup-home:/opt/rustwide/rustup-home:ro,Z" "-e" "SOURCE_DIR=/opt/rustwide/workdir" "-e" "CARGO_TARGET_DIR=/opt/rustwide/target" "-e" "CARGO_HOME=/opt/rustwide/cargo-home" "-e" "RUSTUP_HOME=/opt/rustwide/rustup-home" "-w" "/opt/rustwide/workdir" "-m" "1610612736" "--user" "0:0" "--network" "none" "ghcr.io/rust-lang/crates-build-env/linux@sha256:4a844ea9eb2546a2d2c7022eacef16ef2e8229c7fbb2c7d4d55a9ceca922f72d" "/opt/rustwide/cargo-home/bin/cargo" "+nightly-2024-10-28" "metadata" "--no-deps" "--format-version=1", kill_on_drop: false }`
[INFO] [stdout] 62a35049e18b179b96d0d59308f2f8ace215c5bbdc0d29df188cc3e3cd3a2546
[INFO] running `Command { std: "docker" "start" "-a" "62a35049e18b179b96d0d59308f2f8ace215c5bbdc0d29df188cc3e3cd3a2546", kill_on_drop: false }`
[INFO] running `Command { std: "docker" "inspect" "62a35049e18b179b96d0d59308f2f8ace215c5bbdc0d29df188cc3e3cd3a2546", kill_on_drop: false }`
[INFO] running `Command { std: "docker" "rm" "-f" "62a35049e18b179b96d0d59308f2f8ace215c5bbdc0d29df188cc3e3cd3a2546", kill_on_drop: false }`
[INFO] [stdout] 62a35049e18b179b96d0d59308f2f8ace215c5bbdc0d29df188cc3e3cd3a2546
[INFO] running `Command { std: "docker" "create" "-v" "/var/lib/crater-agent-workspace/builds/worker-7-tc1/target:/opt/rustwide/target:rw,Z" "-v" "/var/lib/crater-agent-workspace/builds/worker-7-tc1/source:/opt/rustwide/workdir:ro,Z" "-v" "/var/lib/crater-agent-workspace/cargo-home:/opt/rustwide/cargo-home:ro,Z" "-v" "/var/lib/crater-agent-workspace/rustup-home:/opt/rustwide/rustup-home:ro,Z" "-e" "SOURCE_DIR=/opt/rustwide/workdir" "-e" "CARGO_TARGET_DIR=/opt/rustwide/target" "-e" "CARGO_INCREMENTAL=0" "-e" "RUST_BACKTRACE=full" "-e" "RUSTFLAGS=--cap-lints=forbid" "-e" "RUSTDOCFLAGS=--cap-lints=forbid" "-e" "CARGO_HOME=/opt/rustwide/cargo-home" "-e" "RUSTUP_HOME=/opt/rustwide/rustup-home" "-w" "/opt/rustwide/workdir" "-m" "1610612736" "--user" "0:0" "--network" "none" "ghcr.io/rust-lang/crates-build-env/linux@sha256:4a844ea9eb2546a2d2c7022eacef16ef2e8229c7fbb2c7d4d55a9ceca922f72d" "/opt/rustwide/cargo-home/bin/cargo" "+nightly-2024-10-28" "build" "--frozen" "--message-format=json", kill_on_drop: false }`
[INFO] [stdout] 3bcf88e21c3a3433c46e295f490ea67389887a3b0542db1a2009b04222be07a4
[INFO] running `Command { std: "docker" "start" "-a" "3bcf88e21c3a3433c46e295f490ea67389887a3b0542db1a2009b04222be07a4", kill_on_drop: false }`
[INFO] [stderr]    Compiling proc-macro2 v1.0.89
[INFO] [stderr]    Compiling syn v1.0.109
[INFO] [stderr]    Compiling quote v1.0.37
[INFO] [stderr]    Compiling mysql_helper v0.1.6 (/opt/rustwide/workdir)
[INFO] [stderr]     Finished `dev` profile [unoptimized + debuginfo] target(s) in 1.81s
[INFO] running `Command { std: "docker" "inspect" "3bcf88e21c3a3433c46e295f490ea67389887a3b0542db1a2009b04222be07a4", kill_on_drop: false }`
[INFO] running `Command { std: "docker" "rm" "-f" "3bcf88e21c3a3433c46e295f490ea67389887a3b0542db1a2009b04222be07a4", kill_on_drop: false }`
[INFO] [stdout] 3bcf88e21c3a3433c46e295f490ea67389887a3b0542db1a2009b04222be07a4
[INFO] running `Command { std: "docker" "create" "-v" "/var/lib/crater-agent-workspace/builds/worker-7-tc1/target:/opt/rustwide/target:rw,Z" "-v" "/var/lib/crater-agent-workspace/builds/worker-7-tc1/source:/opt/rustwide/workdir:ro,Z" "-v" "/var/lib/crater-agent-workspace/cargo-home:/opt/rustwide/cargo-home:ro,Z" "-v" "/var/lib/crater-agent-workspace/rustup-home:/opt/rustwide/rustup-home:ro,Z" "-e" "SOURCE_DIR=/opt/rustwide/workdir" "-e" "CARGO_TARGET_DIR=/opt/rustwide/target" "-e" "CARGO_INCREMENTAL=0" "-e" "RUST_BACKTRACE=full" "-e" "RUSTFLAGS=--cap-lints=forbid" "-e" "RUSTDOCFLAGS=--cap-lints=forbid" "-e" "CARGO_HOME=/opt/rustwide/cargo-home" "-e" "RUSTUP_HOME=/opt/rustwide/rustup-home" "-w" "/opt/rustwide/workdir" "-m" "1610612736" "--user" "0:0" "--network" "none" "ghcr.io/rust-lang/crates-build-env/linux@sha256:4a844ea9eb2546a2d2c7022eacef16ef2e8229c7fbb2c7d4d55a9ceca922f72d" "/opt/rustwide/cargo-home/bin/cargo" "+nightly-2024-10-28" "test" "--frozen" "--no-run" "--message-format=json", kill_on_drop: false }`
[INFO] [stdout] 6a9a23d619577294cfaf719ea7241750c19b2a94ba4a734559e40bbb8100b061
[INFO] running `Command { std: "docker" "start" "-a" "6a9a23d619577294cfaf719ea7241750c19b2a94ba4a734559e40bbb8100b061", kill_on_drop: false }`
[INFO] [stderr]    Compiling mysql_helper v0.1.6 (/opt/rustwide/workdir)
[INFO] [stderr]     Finished `test` profile [unoptimized + debuginfo] target(s) in 0.15s
[INFO] running `Command { std: "docker" "inspect" "6a9a23d619577294cfaf719ea7241750c19b2a94ba4a734559e40bbb8100b061", kill_on_drop: false }`
[INFO] running `Command { std: "docker" "rm" "-f" "6a9a23d619577294cfaf719ea7241750c19b2a94ba4a734559e40bbb8100b061", kill_on_drop: false }`
[INFO] [stdout] 6a9a23d619577294cfaf719ea7241750c19b2a94ba4a734559e40bbb8100b061
[INFO] running `Command { std: "docker" "create" "-v" "/var/lib/crater-agent-workspace/builds/worker-7-tc1/target:/opt/rustwide/target:rw,Z" "-v" "/var/lib/crater-agent-workspace/builds/worker-7-tc1/source:/opt/rustwide/workdir:ro,Z" "-v" "/var/lib/crater-agent-workspace/cargo-home:/opt/rustwide/cargo-home:ro,Z" "-v" "/var/lib/crater-agent-workspace/rustup-home:/opt/rustwide/rustup-home:ro,Z" "-e" "SOURCE_DIR=/opt/rustwide/workdir" "-e" "CARGO_TARGET_DIR=/opt/rustwide/target" "-e" "CARGO_INCREMENTAL=0" "-e" "RUST_BACKTRACE=full" "-e" "RUSTFLAGS=--cap-lints=forbid" "-e" "RUSTDOCFLAGS=--cap-lints=forbid" "-e" "CARGO_HOME=/opt/rustwide/cargo-home" "-e" "RUSTUP_HOME=/opt/rustwide/rustup-home" "-w" "/opt/rustwide/workdir" "-m" "1610612736" "--user" "0:0" "--network" "none" "ghcr.io/rust-lang/crates-build-env/linux@sha256:4a844ea9eb2546a2d2c7022eacef16ef2e8229c7fbb2c7d4d55a9ceca922f72d" "/opt/rustwide/cargo-home/bin/cargo" "+nightly-2024-10-28" "test" "--frozen", kill_on_drop: false }`
[INFO] [stdout] 1d799c0a1602a920b91b71109c6f5d17152fb9060649b480a3fa4307d3128e76
[INFO] running `Command { std: "docker" "start" "-a" "1d799c0a1602a920b91b71109c6f5d17152fb9060649b480a3fa4307d3128e76", kill_on_drop: false }`
[INFO] [stderr]     Finished `test` profile [unoptimized + debuginfo] target(s) in 0.01s
[INFO] [stderr]      Running unittests src/lib.rs (/opt/rustwide/target/debug/deps/mysql_helper-9e4909e0a46d3bb7)
[INFO] [stdout] 
[INFO] [stdout] running 0 tests
[INFO] [stdout] 
[INFO] [stdout] test result: ok. 0 passed; 0 failed; 0 ignored; 0 measured; 0 filtered out; finished in 0.00s
[INFO] [stdout] 
[INFO] [stderr]    Doc-tests mysql_helper
[INFO] [stdout] 
[INFO] [stdout] running 2 tests
[INFO] [stdout] ModelHelper start
[INFO] [stdout] test src/lib.rs - (line 22) ... FAILED
[INFO] [stdout] test src/lib.rs - (line 11) ... FAILED
[INFO] [stdout] 
[INFO] [stdout] failures:
[INFO] [stdout] 
[INFO] [stdout] ---- src/lib.rs - (line 22) stdout ----
[INFO] [stdout] error[E0412]: cannot find type `CustomStrcut` in this scope
[INFO] [stdout]  --> src/lib.rs:23:11
[INFO] [stdout]   |
[INFO] [stdout] 3 | let v:Vec<CustomStrcut> = conn.query_map("select * from xxx",|row:Row|CustomStrcut::mysql_to_vo(row));
[INFO] [stdout]   |           ^^^^^^^^^^^^ not found in this scope
[INFO] [stdout]   |
[INFO] [stdout] help: you might be missing a type parameter
[INFO] [stdout]   |
[INFO] [stdout] 2 | fn main() { #[allow(non_snake_case)] fn _doctest_main_src_lib_rs_22_0<CustomStrcut>() {
[INFO] [stdout]   |                                                                      ++++++++++++++
[INFO] [stdout] 
[INFO] [stdout] error[E0425]: cannot find value `conn` in this scope
[INFO] [stdout]  --> src/lib.rs:23:27
[INFO] [stdout]   |
[INFO] [stdout] 3 | let v:Vec<CustomStrcut> = conn.query_map("select * from xxx",|row:Row|CustomStrcut::mysql_to_vo(row));
[INFO] [stdout]   |                           ^^^^ not found in this scope
[INFO] [stdout] 
[INFO] [stdout] error[E0412]: cannot find type `Row` in this scope
[INFO] [stdout]  --> src/lib.rs:23:67
[INFO] [stdout]   |
[INFO] [stdout] 3 | let v:Vec<CustomStrcut> = conn.query_map("select * from xxx",|row:Row|CustomStrcut::mysql_to_vo(row));
[INFO] [stdout]   |                                                                   ^^^ not found in this scope
[INFO] [stdout] 
[INFO] [stdout] error[E0433]: failed to resolve: use of undeclared type `CustomStrcut`
[INFO] [stdout]  --> src/lib.rs:23:71
[INFO] [stdout]   |
[INFO] [stdout] 3 | let v:Vec<CustomStrcut> = conn.query_map("select * from xxx",|row:Row|CustomStrcut::mysql_to_vo(row));
[INFO] [stdout]   |                                                                       ^^^^^^^^^^^^ use of undeclared type `CustomStrcut`
[INFO] [stdout] 
[INFO] [stdout] error: aborting due to 4 previous errors
[INFO] [stdout] 
[INFO] [stdout] Some errors have detailed explanations: E0412, E0425, E0433.
[INFO] [stdout] For more information about an error, try `rustc --explain E0412`.
[INFO] [stdout] Couldn't compile the test.
[INFO] [stdout] ---- src/lib.rs - (line 11) stdout ----
[INFO] [stdout] error[E0433]: failed to resolve: use of undeclared crate or module `mysql`
[INFO] [stdout]  --> src/lib.rs:15:10
[INFO] [stdout]   |
[INFO] [stdout] 7 | #[derive(ModelHelper)]
[INFO] [stdout]   |          ^^^^^^^^^^^ use of undeclared crate or module `mysql`
[INFO] [stdout]   |
[INFO] [stdout]   = note: this error originates in the derive macro `ModelHelper` (in Nightly builds, run with -Z macro-backtrace for more info)
[INFO] [stdout] 
[INFO] [stdout] error: aborting due to 1 previous error
[INFO] [stdout] 
[INFO] [stdout] For more information about this error, try `rustc --explain E0433`.
[INFO] [stdout] Couldn't compile the test.
[INFO] [stdout] 
[INFO] [stdout] failures:
[INFO] [stdout]     src/lib.rs - (line 11)
[INFO] [stdout]     src/lib.rs - (line 22)
[INFO] [stdout] 
[INFO] [stdout] test result: FAILED. 0 passed; 2 failed; 0 ignored; 0 measured; 0 filtered out; finished in 0.04s
[INFO] [stdout] 
[INFO] [stderr] error: doctest failed, to rerun pass `--doc`
[INFO] running `Command { std: "docker" "inspect" "1d799c0a1602a920b91b71109c6f5d17152fb9060649b480a3fa4307d3128e76", kill_on_drop: false }`
[INFO] running `Command { std: "docker" "rm" "-f" "1d799c0a1602a920b91b71109c6f5d17152fb9060649b480a3fa4307d3128e76", kill_on_drop: false }`
[INFO] [stdout] 1d799c0a1602a920b91b71109c6f5d17152fb9060649b480a3fa4307d3128e76
