[INFO] fetching crate mydb 0.0.1...
[INFO] testing mydb-0.0.1 against nightly-2024-10-28 for randomize-layout
[INFO] extracting crate mydb 0.0.1 into /workspace/builds/worker-6-tc1/source
[INFO] validating manifest of crates.io crate mydb 0.0.1 on toolchain nightly-2024-10-28
[INFO] running `Command { std: CARGO_HOME="/workspace/cargo-home" RUSTUP_HOME="/workspace/rustup-home" "/workspace/cargo-home/bin/cargo" "+nightly-2024-10-28" "metadata" "--manifest-path" "Cargo.toml" "--no-deps", kill_on_drop: false }`
[INFO] started tweaking crates.io crate mydb 0.0.1
[INFO] finished tweaking crates.io crate mydb 0.0.1
[INFO] tweaked toml for crates.io crate mydb 0.0.1 written to /workspace/builds/worker-6-tc1/source/Cargo.toml
[INFO] running `Command { std: CARGO_HOME="/workspace/cargo-home" RUSTUP_HOME="/workspace/rustup-home" "/workspace/cargo-home/bin/cargo" "+nightly-2024-10-28" "generate-lockfile" "--manifest-path" "Cargo.toml", kill_on_drop: false }`
[INFO] [stderr]     Updating crates.io index
[INFO] [stderr]      Locking 44 packages to latest compatible versions
[INFO] running `Command { std: CARGO_HOME="/workspace/cargo-home" RUSTUP_HOME="/workspace/rustup-home" "/workspace/cargo-home/bin/cargo" "+nightly-2024-10-28" "fetch" "--manifest-path" "Cargo.toml", kill_on_drop: false }`
[INFO] running `Command { std: "docker" "create" "-v" "/var/lib/crater-agent-workspace/builds/worker-6-tc1/target:/opt/rustwide/target:rw,Z" "-v" "/var/lib/crater-agent-workspace/builds/worker-6-tc1/source:/opt/rustwide/workdir:ro,Z" "-v" "/var/lib/crater-agent-workspace/cargo-home:/opt/rustwide/cargo-home:ro,Z" "-v" "/var/lib/crater-agent-workspace/rustup-home:/opt/rustwide/rustup-home:ro,Z" "-e" "SOURCE_DIR=/opt/rustwide/workdir" "-e" "CARGO_TARGET_DIR=/opt/rustwide/target" "-e" "CARGO_HOME=/opt/rustwide/cargo-home" "-e" "RUSTUP_HOME=/opt/rustwide/rustup-home" "-w" "/opt/rustwide/workdir" "-m" "1610612736" "--user" "0:0" "--network" "none" "ghcr.io/rust-lang/crates-build-env/linux@sha256:4a844ea9eb2546a2d2c7022eacef16ef2e8229c7fbb2c7d4d55a9ceca922f72d" "/opt/rustwide/cargo-home/bin/cargo" "+nightly-2024-10-28" "metadata" "--no-deps" "--format-version=1", kill_on_drop: false }`
[INFO] [stdout] 7ab6ec1890bd835c73141f4bfadeca1b9804ca0ffab1de4f2008bd6571bd5c3c
[INFO] running `Command { std: "docker" "start" "-a" "7ab6ec1890bd835c73141f4bfadeca1b9804ca0ffab1de4f2008bd6571bd5c3c", kill_on_drop: false }`
[INFO] running `Command { std: "docker" "inspect" "7ab6ec1890bd835c73141f4bfadeca1b9804ca0ffab1de4f2008bd6571bd5c3c", kill_on_drop: false }`
[INFO] running `Command { std: "docker" "rm" "-f" "7ab6ec1890bd835c73141f4bfadeca1b9804ca0ffab1de4f2008bd6571bd5c3c", kill_on_drop: false }`
[INFO] [stdout] 7ab6ec1890bd835c73141f4bfadeca1b9804ca0ffab1de4f2008bd6571bd5c3c
[INFO] running `Command { std: "docker" "create" "-v" "/var/lib/crater-agent-workspace/builds/worker-6-tc1/target:/opt/rustwide/target:rw,Z" "-v" "/var/lib/crater-agent-workspace/builds/worker-6-tc1/source:/opt/rustwide/workdir:ro,Z" "-v" "/var/lib/crater-agent-workspace/cargo-home:/opt/rustwide/cargo-home:ro,Z" "-v" "/var/lib/crater-agent-workspace/rustup-home:/opt/rustwide/rustup-home:ro,Z" "-e" "SOURCE_DIR=/opt/rustwide/workdir" "-e" "CARGO_TARGET_DIR=/opt/rustwide/target" "-e" "CARGO_INCREMENTAL=0" "-e" "RUST_BACKTRACE=full" "-e" "RUSTFLAGS=--cap-lints=forbid" "-e" "RUSTDOCFLAGS=--cap-lints=forbid" "-e" "CARGO_HOME=/opt/rustwide/cargo-home" "-e" "RUSTUP_HOME=/opt/rustwide/rustup-home" "-w" "/opt/rustwide/workdir" "-m" "1610612736" "--user" "0:0" "--network" "none" "ghcr.io/rust-lang/crates-build-env/linux@sha256:4a844ea9eb2546a2d2c7022eacef16ef2e8229c7fbb2c7d4d55a9ceca922f72d" "/opt/rustwide/cargo-home/bin/cargo" "+nightly-2024-10-28" "build" "--frozen" "--message-format=json", kill_on_drop: false }`
[INFO] [stdout] f55c54643abd378072052509d017feba7ada59704f3d5cef5f4b73dabf8e4dbe
[INFO] running `Command { std: "docker" "start" "-a" "f55c54643abd378072052509d017feba7ada59704f3d5cef5f4b73dabf8e4dbe", kill_on_drop: false }`
[INFO] [stderr]    Compiling autocfg v1.4.0
[INFO] [stderr]    Compiling serde v1.0.214
[INFO] [stderr]    Compiling itoa v1.0.11
[INFO] [stderr]    Compiling ryu v1.0.18
[INFO] [stderr]    Compiling percent-encoding v2.3.1
[INFO] [stderr]    Compiling serde_json v1.0.132
[INFO] [stderr]    Compiling memchr v2.7.4
[INFO] [stderr]    Compiling iana-time-zone v0.1.61
[INFO] [stderr]    Compiling form_urlencoded v1.2.1
[INFO] [stderr]    Compiling num-traits v0.2.19
[INFO] [stderr]    Compiling chrono v0.4.38
[INFO] [stderr]    Compiling serde_urlencoded v0.7.1
[INFO] [stderr]    Compiling mydb v0.0.1 (/opt/rustwide/workdir)
[INFO] [stdout] warning: unused imports: `Ident` and `Span`
[INFO] [stdout]  --> src/derives/ts_entitys.rs:1:20
[INFO] [stdout]   |
[INFO] [stdout] 1 | use proc_macro2::{ Ident, Span, TokenStream };
[INFO] [stdout]   |                    ^^^^^  ^^^^
[INFO] [stdout]   |
[INFO] [stdout]   = note: `#[warn(unused_imports)]` on by default
[INFO] [stdout] 
[INFO] [stdout] 
[INFO] [stdout] warning: unused imports: `Ident` and `Span`
[INFO] [stdout]  --> src/derives/ts_getters.rs:1:20
[INFO] [stdout]   |
[INFO] [stdout] 1 | use proc_macro2::{ Ident, Span, TokenStream };
[INFO] [stdout]   |                    ^^^^^  ^^^^
[INFO] [stdout] 
[INFO] [stdout] 
[INFO] [stdout] warning: unused imports: `Ident` and `Span`
[INFO] [stdout]  --> src/derives/ts_setters.rs:1:20
[INFO] [stdout]   |
[INFO] [stdout] 1 | use proc_macro2::{ Ident, Span, TokenStream };
[INFO] [stdout]   |                    ^^^^^  ^^^^
[INFO] [stdout] 
[INFO] [stdout] 
[INFO] [stdout] warning: unused import: `quote::quote`
[INFO] [stdout]  --> src/lib.rs:4:5
[INFO] [stdout]   |
[INFO] [stdout] 4 | use quote::quote;
[INFO] [stdout]   |     ^^^^^^^^^^^^
[INFO] [stdout] 
[INFO] [stdout] 
[INFO] [stdout] warning: unused imports: `Data`, `Fields`, `GenericArgument`, `PathArguments`, `Type`, and `Visibility`
[INFO] [stdout]  --> src/lib.rs:5:30
[INFO] [stdout]   |
[INFO] [stdout] 5 | use syn::{parse_macro_input, Data, DeriveInput, Fields, Visibility, Type, PathArguments, GenericArgument, Error};
[INFO] [stdout]   |                              ^^^^               ^^^^^^  ^^^^^^^^^^  ^^^^  ^^^^^^^^^^^^^  ^^^^^^^^^^^^^^^
[INFO] [stdout] 
[INFO] [stdout] 
[INFO] [stdout] warning: unused variable: `ident`
[INFO] [stdout]   --> src/lib.rs:10:7
[INFO] [stdout]    |
[INFO] [stdout] 10 |       ident, data, attrs, vis, generics,
[INFO] [stdout]    |       ^^^^^ help: try ignoring the field: `ident: _`
[INFO] [stdout]    |
[INFO] [stdout]    = note: `#[warn(unused_variables)]` on by default
[INFO] [stdout] 
[INFO] [stdout] 
[INFO] [stdout] warning: unused variable: `vis`
[INFO] [stdout]   --> src/lib.rs:10:27
[INFO] [stdout]    |
[INFO] [stdout] 10 |       ident, data, attrs, vis, generics,
[INFO] [stdout]    |                           ^^^ help: try ignoring the field: `vis: _`
[INFO] [stdout] 
[INFO] [stdout] 
[INFO] [stdout] warning: unused variable: `generics`
[INFO] [stdout]   --> src/lib.rs:10:32
[INFO] [stdout]    |
[INFO] [stdout] 10 |       ident, data, attrs, vis, generics,
[INFO] [stdout]    |                                ^^^^^^^^ help: try ignoring the field: `generics: _`
[INFO] [stdout] 
[INFO] [stdout] 
[INFO] [stdout] warning: unused variable: `attrs`
[INFO] [stdout]   --> src/lib.rs:22:18
[INFO] [stdout]    |
[INFO] [stdout] 22 |     ident, data, attrs, vis, generics,
[INFO] [stdout]    |                  ^^^^^ help: try ignoring the field: `attrs: _`
[INFO] [stdout] 
[INFO] [stdout] 
[INFO] [stdout] warning: unused variable: `vis`
[INFO] [stdout]   --> src/lib.rs:22:25
[INFO] [stdout]    |
[INFO] [stdout] 22 |     ident, data, attrs, vis, generics,
[INFO] [stdout]    |                         ^^^ help: try ignoring the field: `vis: _`
[INFO] [stdout] 
[INFO] [stdout] 
[INFO] [stdout] warning: unused variable: `generics`
[INFO] [stdout]   --> src/lib.rs:22:30
[INFO] [stdout]    |
[INFO] [stdout] 22 |     ident, data, attrs, vis, generics,
[INFO] [stdout]    |                              ^^^^^^^^ help: try ignoring the field: `generics: _`
[INFO] [stdout] 
[INFO] [stdout] 
[INFO] [stdout] warning: unused variable: `attrs`
[INFO] [stdout]   --> src/lib.rs:32:18
[INFO] [stdout]    |
[INFO] [stdout] 32 |     ident, data, attrs, vis, generics,
[INFO] [stdout]    |                  ^^^^^ help: try ignoring the field: `attrs: _`
[INFO] [stdout] 
[INFO] [stdout] 
[INFO] [stdout] warning: unused variable: `vis`
[INFO] [stdout]   --> src/lib.rs:32:25
[INFO] [stdout]    |
[INFO] [stdout] 32 |     ident, data, attrs, vis, generics,
[INFO] [stdout]    |                         ^^^ help: try ignoring the field: `vis: _`
[INFO] [stdout] 
[INFO] [stdout] 
[INFO] [stdout] warning: unused variable: `generics`
[INFO] [stdout]   --> src/lib.rs:32:30
[INFO] [stdout]    |
[INFO] [stdout] 32 |     ident, data, attrs, vis, generics,
[INFO] [stdout]    |                              ^^^^^^^^ help: try ignoring the field: `generics: _`
[INFO] [stdout] 
[INFO] [stdout] 
[INFO] [stdout] warning: enum `DataTypes` is never used
[INFO] [stdout]   --> src/derives/ts_entitys.rs:10:10
[INFO] [stdout]    |
[INFO] [stdout] 10 | pub enum DataTypes {
[INFO] [stdout]    |          ^^^^^^^^^
[INFO] [stdout]    |
[INFO] [stdout]    = note: `DataTypes` has derived impls for the traits `Clone` and `Debug`, but these are intentionally ignored during dead code analysis
[INFO] [stdout]    = note: `#[warn(dead_code)]` on by default
[INFO] [stdout] 
[INFO] [stdout] 
[INFO] [stdout] warning: constant `NUMBER_TYPES` is never used
[INFO] [stdout]   --> src/derives/ts_entitys.rs:16:11
[INFO] [stdout]    |
[INFO] [stdout] 16 | pub const NUMBER_TYPES: &[&str] = &[
[INFO] [stdout]    |           ^^^^^^^^^^^^
[INFO] [stdout] 
[INFO] [stdout] 
[INFO] [stderr]     Finished `dev` profile [unoptimized + debuginfo] target(s) in 2.94s
[INFO] running `Command { std: "docker" "inspect" "f55c54643abd378072052509d017feba7ada59704f3d5cef5f4b73dabf8e4dbe", kill_on_drop: false }`
[INFO] running `Command { std: "docker" "rm" "-f" "f55c54643abd378072052509d017feba7ada59704f3d5cef5f4b73dabf8e4dbe", kill_on_drop: false }`
[INFO] [stdout] f55c54643abd378072052509d017feba7ada59704f3d5cef5f4b73dabf8e4dbe
[INFO] running `Command { std: "docker" "create" "-v" "/var/lib/crater-agent-workspace/builds/worker-6-tc1/target:/opt/rustwide/target:rw,Z" "-v" "/var/lib/crater-agent-workspace/builds/worker-6-tc1/source:/opt/rustwide/workdir:ro,Z" "-v" "/var/lib/crater-agent-workspace/cargo-home:/opt/rustwide/cargo-home:ro,Z" "-v" "/var/lib/crater-agent-workspace/rustup-home:/opt/rustwide/rustup-home:ro,Z" "-e" "SOURCE_DIR=/opt/rustwide/workdir" "-e" "CARGO_TARGET_DIR=/opt/rustwide/target" "-e" "CARGO_INCREMENTAL=0" "-e" "RUST_BACKTRACE=full" "-e" "RUSTFLAGS=--cap-lints=forbid" "-e" "RUSTDOCFLAGS=--cap-lints=forbid" "-e" "CARGO_HOME=/opt/rustwide/cargo-home" "-e" "RUSTUP_HOME=/opt/rustwide/rustup-home" "-w" "/opt/rustwide/workdir" "-m" "1610612736" "--user" "0:0" "--network" "none" "ghcr.io/rust-lang/crates-build-env/linux@sha256:4a844ea9eb2546a2d2c7022eacef16ef2e8229c7fbb2c7d4d55a9ceca922f72d" "/opt/rustwide/cargo-home/bin/cargo" "+nightly-2024-10-28" "test" "--frozen" "--no-run" "--message-format=json", kill_on_drop: false }`
[INFO] [stdout] 0edffdae593edecc29269ddd1dd67ac176db902036e0b95b2f5b47ccec5d57e2
[INFO] running `Command { std: "docker" "start" "-a" "0edffdae593edecc29269ddd1dd67ac176db902036e0b95b2f5b47ccec5d57e2", kill_on_drop: false }`
[INFO] [stderr]    Compiling mydb v0.0.1 (/opt/rustwide/workdir)
[INFO] [stdout] warning: unused imports: `Ident` and `Span`
[INFO] [stdout]  --> src/derives/ts_entitys.rs:1:20
[INFO] [stdout]   |
[INFO] [stdout] 1 | use proc_macro2::{ Ident, Span, TokenStream };
[INFO] [stdout]   |                    ^^^^^  ^^^^
[INFO] [stdout]   |
[INFO] [stdout]   = note: `#[warn(unused_imports)]` on by default
[INFO] [stdout] 
[INFO] [stdout] 
[INFO] [stdout] warning: unused imports: `Ident` and `Span`
[INFO] [stdout]  --> src/derives/ts_entitys.rs:1:20
[INFO] [stdout]   |
[INFO] [stdout] 1 | use proc_macro2::{ Ident, Span, TokenStream };
[INFO] [stdout]   |                    ^^^^^  ^^^^
[INFO] [stdout]   |
[INFO] [stdout]   = note: `#[warn(unused_imports)]` on by default
[INFO] [stdout] 
[INFO] [stdout] 
[INFO] [stdout] warning: unused imports: `Ident` and `Span`
[INFO] [stdout]  --> src/derives/ts_getters.rs:1:20
[INFO] [stdout]   |
[INFO] [stdout] 1 | use proc_macro2::{ Ident, Span, TokenStream };
[INFO] [stdout]   |                    ^^^^^  ^^^^
[INFO] [stdout] 
[INFO] [stdout] 
[INFO] [stdout] warning: unused imports: `Ident` and `Span`
[INFO] [stdout]  --> src/derives/ts_setters.rs:1:20
[INFO] [stdout]   |
[INFO] [stdout] 1 | use proc_macro2::{ Ident, Span, TokenStream };
[INFO] [stdout]   |                    ^^^^^  ^^^^
[INFO] [stdout] 
[INFO] [stdout] 
[INFO] [stdout] warning: unused imports: `Ident` and `Span`
[INFO] [stdout]  --> src/derives/ts_getters.rs:1:20
[INFO] [stdout]   |
[INFO] [stdout] 1 | use proc_macro2::{ Ident, Span, TokenStream };
[INFO] [stdout]   |                    ^^^^^  ^^^^
[INFO] [stdout] 
[INFO] [stdout] 
[INFO] [stdout] warning: unused import: `quote::quote`
[INFO] [stdout]  --> src/lib.rs:4:5
[INFO] [stdout]   |
[INFO] [stdout] 4 | use quote::quote;
[INFO] [stdout]   |     ^^^^^^^^^^^^
[INFO] [stdout] 
[INFO] [stdout] 
[INFO] [stdout] warning: unused imports: `Ident` and `Span`
[INFO] [stdout]  --> src/derives/ts_setters.rs:1:20
[INFO] [stdout]   |
[INFO] [stdout] 1 | use proc_macro2::{ Ident, Span, TokenStream };
[INFO] [stdout]   |                    ^^^^^  ^^^^
[INFO] [stdout] 
[INFO] [stdout] 
[INFO] [stdout] warning: unused imports: `Data`, `Fields`, `GenericArgument`, `PathArguments`, `Type`, and `Visibility`
[INFO] [stdout]  --> src/lib.rs:5:30
[INFO] [stdout]   |
[INFO] [stdout] 5 | use syn::{parse_macro_input, Data, DeriveInput, Fields, Visibility, Type, PathArguments, GenericArgument, Error};
[INFO] [stdout]   |                              ^^^^               ^^^^^^  ^^^^^^^^^^  ^^^^  ^^^^^^^^^^^^^  ^^^^^^^^^^^^^^^
[INFO] [stdout] 
[INFO] [stdout] 
[INFO] [stdout] warning: unused import: `quote::quote`
[INFO] [stdout]  --> src/lib.rs:4:5
[INFO] [stdout]   |
[INFO] [stdout] 4 | use quote::quote;
[INFO] [stdout]   |     ^^^^^^^^^^^^
[INFO] [stdout] 
[INFO] [stdout] 
[INFO] [stdout] warning: unused imports: `Data`, `Fields`, `GenericArgument`, `PathArguments`, `Type`, and `Visibility`
[INFO] [stdout]  --> src/lib.rs:5:30
[INFO] [stdout]   |
[INFO] [stdout] 5 | use syn::{parse_macro_input, Data, DeriveInput, Fields, Visibility, Type, PathArguments, GenericArgument, Error};
[INFO] [stdout]   |                              ^^^^               ^^^^^^  ^^^^^^^^^^  ^^^^  ^^^^^^^^^^^^^  ^^^^^^^^^^^^^^^
[INFO] [stdout] 
[INFO] [stdout] 
[INFO] [stdout] warning: unused variable: `ident`
[INFO] [stdout]   --> src/lib.rs:10:7
[INFO] [stdout]    |
[INFO] [stdout] 10 |       ident, data, attrs, vis, generics,
[INFO] [stdout]    |       ^^^^^ help: try ignoring the field: `ident: _`
[INFO] [stdout]    |
[INFO] [stdout]    = note: `#[warn(unused_variables)]` on by default
[INFO] [stdout] 
[INFO] [stdout] 
[INFO] [stdout] warning: unused variable: `vis`
[INFO] [stdout]   --> src/lib.rs:10:27
[INFO] [stdout]    |
[INFO] [stdout] 10 |       ident, data, attrs, vis, generics,
[INFO] [stdout]    |                           ^^^ help: try ignoring the field: `vis: _`
[INFO] [stdout] 
[INFO] [stdout] 
[INFO] [stdout] warning: unused variable: `generics`
[INFO] [stdout]   --> src/lib.rs:10:32
[INFO] [stdout]    |
[INFO] [stdout] 10 |       ident, data, attrs, vis, generics,
[INFO] [stdout]    |                                ^^^^^^^^ help: try ignoring the field: `generics: _`
[INFO] [stdout] 
[INFO] [stdout] 
[INFO] [stdout] warning: unused variable: `ident`
[INFO] [stdout]   --> src/lib.rs:10:7
[INFO] [stdout]    |
[INFO] [stdout] 10 |       ident, data, attrs, vis, generics,
[INFO] [stdout]    |       ^^^^^ help: try ignoring the field: `ident: _`
[INFO] [stdout]    |
[INFO] [stdout]    = note: `#[warn(unused_variables)]` on by default
[INFO] [stdout] 
[INFO] [stdout] 
[INFO] [stdout] warning: unused variable: `vis`
[INFO] [stdout]   --> src/lib.rs:10:27
[INFO] [stdout]    |
[INFO] [stdout] 10 |       ident, data, attrs, vis, generics,
[INFO] [stdout]    |                           ^^^ help: try ignoring the field: `vis: _`
[INFO] [stdout] 
[INFO] [stdout] 
[INFO] [stdout] warning: unused variable: `generics`
[INFO] [stdout]   --> src/lib.rs:10:32
[INFO] [stdout]    |
[INFO] [stdout] 10 |       ident, data, attrs, vis, generics,
[INFO] [stdout]    |                                ^^^^^^^^ help: try ignoring the field: `generics: _`
[INFO] [stdout] 
[INFO] [stdout] 
[INFO] [stdout] warning: unused variable: `attrs`
[INFO] [stdout]   --> src/lib.rs:22:18
[INFO] [stdout]    |
[INFO] [stdout] 22 |     ident, data, attrs, vis, generics,
[INFO] [stdout]    |                  ^^^^^ help: try ignoring the field: `attrs: _`
[INFO] [stdout] 
[INFO] [stdout] 
[INFO] [stdout] warning: unused variable: `vis`
[INFO] [stdout]   --> src/lib.rs:22:25
[INFO] [stdout]    |
[INFO] [stdout] 22 |     ident, data, attrs, vis, generics,
[INFO] [stdout]    |                         ^^^ help: try ignoring the field: `vis: _`
[INFO] [stdout] 
[INFO] [stdout] 
[INFO] [stdout] warning: unused variable: `generics`
[INFO] [stdout]   --> src/lib.rs:22:30
[INFO] [stdout]    |
[INFO] [stdout] 22 |     ident, data, attrs, vis, generics,
[INFO] [stdout]    |                              ^^^^^^^^ help: try ignoring the field: `generics: _`
[INFO] [stdout] 
[INFO] [stdout] 
[INFO] [stdout] warning: unused variable: `attrs`
[INFO] [stdout]   --> src/lib.rs:32:18
[INFO] [stdout]    |
[INFO] [stdout] 32 |     ident, data, attrs, vis, generics,
[INFO] [stdout]    |                  ^^^^^ help: try ignoring the field: `attrs: _`
[INFO] [stdout] 
[INFO] [stdout] 
[INFO] [stdout] warning: unused variable: `vis`
[INFO] [stdout]   --> src/lib.rs:32:25
[INFO] [stdout]    |
[INFO] [stdout] 32 |     ident, data, attrs, vis, generics,
[INFO] [stdout]    |                         ^^^ help: try ignoring the field: `vis: _`
[INFO] [stdout] 
[INFO] [stdout] 
[INFO] [stdout] warning: unused variable: `attrs`
[INFO] [stdout]   --> src/lib.rs:22:18
[INFO] [stdout]    |
[INFO] [stdout] 22 |     ident, data, attrs, vis, generics,
[INFO] [stdout]    |                  ^^^^^ help: try ignoring the field: `attrs: _`
[INFO] [stdout] 
[INFO] [stdout] 
[INFO] [stdout] warning: unused variable: `generics`
[INFO] [stdout]   --> src/lib.rs:32:30
[INFO] [stdout]    |
[INFO] [stdout] 32 |     ident, data, attrs, vis, generics,
[INFO] [stdout]    |                              ^^^^^^^^ help: try ignoring the field: `generics: _`
[INFO] [stdout] 
[INFO] [stdout] 
[INFO] [stdout] warning: unused variable: `vis`
[INFO] [stdout]   --> src/lib.rs:22:25
[INFO] [stdout]    |
[INFO] [stdout] 22 |     ident, data, attrs, vis, generics,
[INFO] [stdout]    |                         ^^^ help: try ignoring the field: `vis: _`
[INFO] [stdout] 
[INFO] [stdout] 
[INFO] [stdout] warning: unused variable: `generics`
[INFO] [stdout]   --> src/lib.rs:22:30
[INFO] [stdout]    |
[INFO] [stdout] 22 |     ident, data, attrs, vis, generics,
[INFO] [stdout]    |                              ^^^^^^^^ help: try ignoring the field: `generics: _`
[INFO] [stdout] 
[INFO] [stdout] 
[INFO] [stdout] warning: unused variable: `attrs`
[INFO] [stdout]   --> src/lib.rs:32:18
[INFO] [stdout]    |
[INFO] [stdout] 32 |     ident, data, attrs, vis, generics,
[INFO] [stdout]    |                  ^^^^^ help: try ignoring the field: `attrs: _`
[INFO] [stdout] 
[INFO] [stdout] 
[INFO] [stdout] warning: unused variable: `vis`
[INFO] [stdout]   --> src/lib.rs:32:25
[INFO] [stdout]    |
[INFO] [stdout] 32 |     ident, data, attrs, vis, generics,
[INFO] [stdout]    |                         ^^^ help: try ignoring the field: `vis: _`
[INFO] [stdout] 
[INFO] [stdout] 
[INFO] [stdout] warning: unused variable: `generics`
[INFO] [stdout]   --> src/lib.rs:32:30
[INFO] [stdout]    |
[INFO] [stdout] 32 |     ident, data, attrs, vis, generics,
[INFO] [stdout]    |                              ^^^^^^^^ help: try ignoring the field: `generics: _`
[INFO] [stdout] 
[INFO] [stdout] 
[INFO] [stdout] warning: enum `DataTypes` is never used
[INFO] [stdout]   --> src/derives/ts_entitys.rs:10:10
[INFO] [stdout]    |
[INFO] [stdout] 10 | pub enum DataTypes {
[INFO] [stdout]    |          ^^^^^^^^^
[INFO] [stdout]    |
[INFO] [stdout]    = note: `DataTypes` has derived impls for the traits `Clone` and `Debug`, but these are intentionally ignored during dead code analysis
[INFO] [stdout]    = note: `#[warn(dead_code)]` on by default
[INFO] [stdout] 
[INFO] [stdout] 
[INFO] [stdout] warning: constant `NUMBER_TYPES` is never used
[INFO] [stdout]   --> src/derives/ts_entitys.rs:16:11
[INFO] [stdout]    |
[INFO] [stdout] 16 | pub const NUMBER_TYPES: &[&str] = &[
[INFO] [stdout]    |           ^^^^^^^^^^^^
[INFO] [stdout] 
[INFO] [stdout] 
[INFO] [stdout] warning: enum `DataTypes` is never used
[INFO] [stdout]   --> src/derives/ts_entitys.rs:10:10
[INFO] [stdout]    |
[INFO] [stdout] 10 | pub enum DataTypes {
[INFO] [stdout]    |          ^^^^^^^^^
[INFO] [stdout]    |
[INFO] [stdout]    = note: `DataTypes` has derived impls for the traits `Clone` and `Debug`, but these are intentionally ignored during dead code analysis
[INFO] [stdout]    = note: `#[warn(dead_code)]` on by default
[INFO] [stdout] 
[INFO] [stdout] 
[INFO] [stdout] warning: constant `NUMBER_TYPES` is never used
[INFO] [stdout]   --> src/derives/ts_entitys.rs:16:11
[INFO] [stdout]    |
[INFO] [stdout] 16 | pub const NUMBER_TYPES: &[&str] = &[
[INFO] [stdout]    |           ^^^^^^^^^^^^
[INFO] [stdout] 
[INFO] [stdout] 
[INFO] [stderr]     Finished `test` profile [unoptimized + debuginfo] target(s) in 0.21s
[INFO] running `Command { std: "docker" "inspect" "0edffdae593edecc29269ddd1dd67ac176db902036e0b95b2f5b47ccec5d57e2", kill_on_drop: false }`
[INFO] running `Command { std: "docker" "rm" "-f" "0edffdae593edecc29269ddd1dd67ac176db902036e0b95b2f5b47ccec5d57e2", kill_on_drop: false }`
[INFO] [stdout] 0edffdae593edecc29269ddd1dd67ac176db902036e0b95b2f5b47ccec5d57e2
[INFO] running `Command { std: "docker" "create" "-v" "/var/lib/crater-agent-workspace/builds/worker-6-tc1/target:/opt/rustwide/target:rw,Z" "-v" "/var/lib/crater-agent-workspace/builds/worker-6-tc1/source:/opt/rustwide/workdir:ro,Z" "-v" "/var/lib/crater-agent-workspace/cargo-home:/opt/rustwide/cargo-home:ro,Z" "-v" "/var/lib/crater-agent-workspace/rustup-home:/opt/rustwide/rustup-home:ro,Z" "-e" "SOURCE_DIR=/opt/rustwide/workdir" "-e" "CARGO_TARGET_DIR=/opt/rustwide/target" "-e" "CARGO_INCREMENTAL=0" "-e" "RUST_BACKTRACE=full" "-e" "RUSTFLAGS=--cap-lints=forbid" "-e" "RUSTDOCFLAGS=--cap-lints=forbid" "-e" "CARGO_HOME=/opt/rustwide/cargo-home" "-e" "RUSTUP_HOME=/opt/rustwide/rustup-home" "-w" "/opt/rustwide/workdir" "-m" "1610612736" "--user" "0:0" "--network" "none" "ghcr.io/rust-lang/crates-build-env/linux@sha256:4a844ea9eb2546a2d2c7022eacef16ef2e8229c7fbb2c7d4d55a9ceca922f72d" "/opt/rustwide/cargo-home/bin/cargo" "+nightly-2024-10-28" "test" "--frozen", kill_on_drop: false }`
[INFO] [stdout] a15b0684ed2ecef6728f672a6916f89a934230d79c8a2507f318595eff222d9e
[INFO] running `Command { std: "docker" "start" "-a" "a15b0684ed2ecef6728f672a6916f89a934230d79c8a2507f318595eff222d9e", kill_on_drop: false }`
[INFO] [stderr] warning: unused imports: `Ident` and `Span`
[INFO] [stderr]  --> src/derives/ts_entitys.rs:1:20
[INFO] [stderr]   |
[INFO] [stderr] 1 | use proc_macro2::{ Ident, Span, TokenStream };
[INFO] [stderr]   |                    ^^^^^  ^^^^
[INFO] [stderr]   |
[INFO] [stderr]   = note: `#[warn(unused_imports)]` on by default
[INFO] [stderr] 
[INFO] [stderr] warning: unused imports: `Ident` and `Span`
[INFO] [stderr]  --> src/derives/ts_getters.rs:1:20
[INFO] [stderr]   |
[INFO] [stderr] 1 | use proc_macro2::{ Ident, Span, TokenStream };
[INFO] [stderr]   |                    ^^^^^  ^^^^
[INFO] [stderr] 
[INFO] [stderr] warning: unused imports: `Ident` and `Span`
[INFO] [stderr]  --> src/derives/ts_setters.rs:1:20
[INFO] [stderr]   |
[INFO] [stderr] 1 | use proc_macro2::{ Ident, Span, TokenStream };
[INFO] [stderr]   |                    ^^^^^  ^^^^
[INFO] [stderr] 
[INFO] [stderr] warning: unused import: `quote::quote`
[INFO] [stderr]  --> src/lib.rs:4:5
[INFO] [stderr]   |
[INFO] [stderr] 4 | use quote::quote;
[INFO] [stderr]   |     ^^^^^^^^^^^^
[INFO] [stderr] 
[INFO] [stderr] warning: unused imports: `Data`, `Fields`, `GenericArgument`, `PathArguments`, `Type`, and `Visibility`
[INFO] [stderr]  --> src/lib.rs:5:30
[INFO] [stderr]   |
[INFO] [stderr] 5 | use syn::{parse_macro_input, Data, DeriveInput, Fields, Visibility, Type, PathArguments, GenericArgument, Error};
[INFO] [stderr]   |                              ^^^^               ^^^^^^  ^^^^^^^^^^  ^^^^  ^^^^^^^^^^^^^  ^^^^^^^^^^^^^^^
[INFO] [stderr] 
[INFO] [stderr] warning: unused variable: `ident`
[INFO] [stderr]   --> src/lib.rs:10:7
[INFO] [stderr]    |
[INFO] [stderr] 10 |       ident, data, attrs, vis, generics,
[INFO] [stderr]    |       ^^^^^ help: try ignoring the field: `ident: _`
[INFO] [stderr]    |
[INFO] [stderr]    = note: `#[warn(unused_variables)]` on by default
[INFO] [stderr] 
[INFO] [stderr] warning: unused variable: `vis`
[INFO] [stderr]   --> src/lib.rs:10:27
[INFO] [stderr]    |
[INFO] [stderr] 10 |       ident, data, attrs, vis, generics,
[INFO] [stderr]    |                           ^^^ help: try ignoring the field: `vis: _`
[INFO] [stderr] 
[INFO] [stderr] warning: unused variable: `generics`
[INFO] [stderr]   --> src/lib.rs:10:32
[INFO] [stderr]    |
[INFO] [stderr] 10 |       ident, data, attrs, vis, generics,
[INFO] [stderr]    |                                ^^^^^^^^ help: try ignoring the field: `generics: _`
[INFO] [stderr] 
[INFO] [stderr] warning: unused variable: `attrs`
[INFO] [stderr]   --> src/lib.rs:22:18
[INFO] [stderr]    |
[INFO] [stderr] 22 |     ident, data, attrs, vis, generics,
[INFO] [stderr]    |                  ^^^^^ help: try ignoring the field: `attrs: _`
[INFO] [stderr] 
[INFO] [stderr] warning: unused variable: `vis`
[INFO] [stderr]   --> src/lib.rs:22:25
[INFO] [stderr]    |
[INFO] [stderr] 22 |     ident, data, attrs, vis, generics,
[INFO] [stderr]    |                         ^^^ help: try ignoring the field: `vis: _`
[INFO] [stderr] 
[INFO] [stderr] warning: unused variable: `generics`
[INFO] [stderr]   --> src/lib.rs:22:30
[INFO] [stderr]    |
[INFO] [stderr] 22 |     ident, data, attrs, vis, generics,
[INFO] [stderr]    |                              ^^^^^^^^ help: try ignoring the field: `generics: _`
[INFO] [stderr] 
[INFO] [stderr] warning: unused variable: `attrs`
[INFO] [stderr]   --> src/lib.rs:32:18
[INFO] [stderr]    |
[INFO] [stderr] 32 |     ident, data, attrs, vis, generics,
[INFO] [stderr]    |                  ^^^^^ help: try ignoring the field: `attrs: _`
[INFO] [stderr] 
[INFO] [stderr] warning: unused variable: `vis`
[INFO] [stderr]   --> src/lib.rs:32:25
[INFO] [stderr]    |
[INFO] [stderr] 32 |     ident, data, attrs, vis, generics,
[INFO] [stderr]    |                         ^^^ help: try ignoring the field: `vis: _`
[INFO] [stderr] 
[INFO] [stderr] warning: unused variable: `generics`
[INFO] [stderr]   --> src/lib.rs:32:30
[INFO] [stderr]    |
[INFO] [stderr] 32 |     ident, data, attrs, vis, generics,
[INFO] [stderr]    |                              ^^^^^^^^ help: try ignoring the field: `generics: _`
[INFO] [stderr] 
[INFO] [stderr] warning: enum `DataTypes` is never used
[INFO] [stderr]   --> src/derives/ts_entitys.rs:10:10
[INFO] [stderr]    |
[INFO] [stderr] 10 | pub enum DataTypes {
[INFO] [stderr]    |          ^^^^^^^^^
[INFO] [stderr]    |
[INFO] [stderr]    = note: `DataTypes` has derived impls for the traits `Clone` and `Debug`, but these are intentionally ignored during dead code analysis
[INFO] [stderr]    = note: `#[warn(dead_code)]` on by default
[INFO] [stderr] 
[INFO] [stderr] warning: constant `NUMBER_TYPES` is never used
[INFO] [stderr]   --> src/derives/ts_entitys.rs:16:11
[INFO] [stderr]    |
[INFO] [stderr] 16 | pub const NUMBER_TYPES: &[&str] = &[
[INFO] [stderr]    |           ^^^^^^^^^^^^
[INFO] [stderr] 
[INFO] [stderr] warning: `mydb` (lib) generated 16 warnings (run `cargo fix --lib -p mydb` to apply 5 suggestions)
[INFO] [stderr] warning: `mydb` (lib test) generated 16 warnings (16 duplicates)
[INFO] [stderr]     Finished `test` profile [unoptimized + debuginfo] target(s) in 0.02s
[INFO] [stderr]      Running unittests src/lib.rs (/opt/rustwide/target/debug/deps/mydb-8bcf8b6bf232eb75)
[INFO] [stdout] 
[INFO] [stdout] running 0 tests
[INFO] [stdout] 
[INFO] [stdout] test result: ok. 0 passed; 0 failed; 0 ignored; 0 measured; 0 filtered out; finished in 0.00s
[INFO] [stdout] 
[INFO] [stderr]    Doc-tests mydb
[INFO] [stdout] 
[INFO] [stdout] running 1 test
[INFO] [stdout] test src/derives/ts_entity_to_model.rs - derives::ts_entity_to_model::ts_entity_to_model (line 7) ... FAILED
[INFO] [stdout] 
[INFO] [stdout] failures:
[INFO] [stdout] 
[INFO] [stdout] ---- src/derives/ts_entity_to_model.rs - derives::ts_entity_to_model::ts_entity_to_model (line 7) stdout ----
[INFO] [stdout] error[E0432]: unresolved import `sqlx`
[INFO] [stdout]  --> src/derives/ts_entity_to_model.rs:10:5
[INFO] [stdout]   |
[INFO] [stdout] 6 | use sqlx::FromRow;
[INFO] [stdout]   |     ^^^^ use of undeclared crate or module `sqlx`
[INFO] [stdout] 
[INFO] [stdout] error[E0433]: failed to resolve: use of undeclared crate or module `sqlx`
[INFO] [stdout]  --> src/derives/ts_entity_to_model.rs:13:10
[INFO] [stdout]   |
[INFO] [stdout] 9 | #[derive(TableData, Debug, Clone, Default, FromRow, Deserialize, Serialize)]
[INFO] [stdout]   |          ^^^^^^^^^ use of undeclared crate or module `sqlx`
[INFO] [stdout]   |
[INFO] [stdout]   = note: this error originates in the derive macro `TableData` (in Nightly builds, run with -Z macro-backtrace for more info)
[INFO] [stdout] 
[INFO] [stdout] error[E0433]: failed to resolve: could not find `Deserialize` in `serde`
[INFO] [stdout]    --> src/derives/ts_entity_to_model.rs:13:10
[INFO] [stdout]     |
[INFO] [stdout] 9   | #[derive(TableData, Debug, Clone, Default, FromRow, Deserialize, Serialize)]
[INFO] [stdout]     |          ^^^^^^^^^ could not find `Deserialize` in `serde`
[INFO] [stdout]     |
[INFO] [stdout] note: found an item that was configured out
[INFO] [stdout]    --> /opt/rustwide/cargo-home/registry/src/index.crates.io-6f17d22bba15001f/serde-1.0.214/src/lib.rs:343:24
[INFO] [stdout]     |
[INFO] [stdout] 343 | pub use serde_derive::{Deserialize, Serialize};
[INFO] [stdout]     |                        ^^^^^^^^^^^
[INFO] [stdout] note: the item is gated behind the `serde_derive` feature
[INFO] [stdout]    --> /opt/rustwide/cargo-home/registry/src/index.crates.io-6f17d22bba15001f/serde-1.0.214/src/lib.rs:341:7
[INFO] [stdout]     |
[INFO] [stdout] 341 | #[cfg(feature = "serde_derive")]
[INFO] [stdout]     |       ^^^^^^^^^^^^^^^^^^^^^^^^
[INFO] [stdout]     = note: this error originates in the derive macro `TableData` (in Nightly builds, run with -Z macro-backtrace for more info)
[INFO] [stdout] 
[INFO] [stdout] error[E0433]: failed to resolve: could not find `Serialize` in `serde`
[INFO] [stdout]    --> src/derives/ts_entity_to_model.rs:13:10
[INFO] [stdout]     |
[INFO] [stdout] 9   | #[derive(TableData, Debug, Clone, Default, FromRow, Deserialize, Serialize)]
[INFO] [stdout]     |          ^^^^^^^^^ could not find `Serialize` in `serde`
[INFO] [stdout]     |
[INFO] [stdout] note: found an item that was configured out
[INFO] [stdout]    --> /opt/rustwide/cargo-home/registry/src/index.crates.io-6f17d22bba15001f/serde-1.0.214/src/lib.rs:343:37
[INFO] [stdout]     |
[INFO] [stdout] 343 | pub use serde_derive::{Deserialize, Serialize};
[INFO] [stdout]     |                                     ^^^^^^^^^
[INFO] [stdout] note: the item is gated behind the `serde_derive` feature
[INFO] [stdout]    --> /opt/rustwide/cargo-home/registry/src/index.crates.io-6f17d22bba15001f/serde-1.0.214/src/lib.rs:341:7
[INFO] [stdout]     |
[INFO] [stdout] 341 | #[cfg(feature = "serde_derive")]
[INFO] [stdout]     |       ^^^^^^^^^^^^^^^^^^^^^^^^
[INFO] [stdout]     = note: this error originates in the derive macro `TableData` (in Nightly builds, run with -Z macro-backtrace for more info)
[INFO] [stdout] 
[INFO] [stdout] error: cannot find derive macro `Deserialize` in this scope
[INFO] [stdout]  --> src/derives/ts_entity_to_model.rs:13:53
[INFO] [stdout]   |
[INFO] [stdout] 9 | #[derive(TableData, Debug, Clone, Default, FromRow, Deserialize, Serialize)]
[INFO] [stdout]   |                                                     ^^^^^^^^^^^
[INFO] [stdout]   |
[INFO] [stdout] note: `Deserialize` is imported here, but it is only a trait, without a derive macro
[INFO] [stdout]  --> src/derives/ts_entity_to_model.rs:9:13
[INFO] [stdout]   |
[INFO] [stdout] 5 | use serde::{Deserialize, Serialize};
[INFO] [stdout]   |             ^^^^^^^^^^^
[INFO] [stdout] help: consider importing this derive macro
[INFO] [stdout]   |
[INFO] [stdout] 2 + use serde_derive::Deserialize;
[INFO] [stdout]   |
[INFO] [stdout] 
[INFO] [stdout] error: cannot find derive macro `Serialize` in this scope
[INFO] [stdout]  --> src/derives/ts_entity_to_model.rs:13:66
[INFO] [stdout]   |
[INFO] [stdout] 9 | #[derive(TableData, Debug, Clone, Default, FromRow, Deserialize, Serialize)]
[INFO] [stdout]   |                                                                  ^^^^^^^^^
[INFO] [stdout]   |
[INFO] [stdout] note: `Serialize` is imported here, but it is only a trait, without a derive macro
[INFO] [stdout]  --> src/derives/ts_entity_to_model.rs:9:26
[INFO] [stdout]   |
[INFO] [stdout] 5 | use serde::{Deserialize, Serialize};
[INFO] [stdout]   |                          ^^^^^^^^^
[INFO] [stdout] help: consider importing this derive macro
[INFO] [stdout]   |
[INFO] [stdout] 2 + use serde_derive::Serialize;
[INFO] [stdout]   |
[INFO] [stdout] 
[INFO] [stdout] error[E0107]: missing generics for struct `Vec`
[INFO] [stdout]  --> src/derives/ts_entity_to_model.rs:13:10
[INFO] [stdout]   |
[INFO] [stdout] 9 | #[derive(TableData, Debug, Clone, Default, FromRow, Deserialize, Serialize)]
[INFO] [stdout]   |          ^^^^^^^^^ expected at least 1 generic argument
[INFO] [stdout]   |
[INFO] [stdout]   = note: this error originates in the derive macro `TableData` (in Nightly builds, run with -Z macro-backtrace for more info)
[INFO] [stdout] 
[INFO] [stdout] error[E0433]: failed to resolve: use of undeclared crate or module `mydb_sqlx`
[INFO] [stdout]  --> src/derives/ts_entity_to_model.rs:13:10
[INFO] [stdout]   |
[INFO] [stdout] 9 | #[derive(TableData, Debug, Clone, Default, FromRow, Deserialize, Serialize)]
[INFO] [stdout]   |          ^^^^^^^^^ use of undeclared crate or module `mydb_sqlx`
[INFO] [stdout]   |
[INFO] [stdout]   = note: this error originates in the derive macro `TableData` (in Nightly builds, run with -Z macro-backtrace for more info)
[INFO] [stdout] 
[INFO] [stdout] error: aborting due to 8 previous errors
[INFO] [stdout] 
[INFO] [stdout] Some errors have detailed explanations: E0107, E0432, E0433.
[INFO] [stdout] For more information about an error, try `rustc --explain E0107`.
[INFO] [stdout] Couldn't compile the test.
[INFO] [stdout] 
[INFO] [stdout] failures:
[INFO] [stdout]     src/derives/ts_entity_to_model.rs - derives::ts_entity_to_model::ts_entity_to_model (line 7)
[INFO] [stdout] 
[INFO] [stdout] test result: FAILED. 0 passed; 1 failed; 0 ignored; 0 measured; 0 filtered out; finished in 0.05s
[INFO] [stdout] 
[INFO] [stderr] error: doctest failed, to rerun pass `--doc`
[INFO] running `Command { std: "docker" "inspect" "a15b0684ed2ecef6728f672a6916f89a934230d79c8a2507f318595eff222d9e", kill_on_drop: false }`
[INFO] running `Command { std: "docker" "rm" "-f" "a15b0684ed2ecef6728f672a6916f89a934230d79c8a2507f318595eff222d9e", kill_on_drop: false }`
[INFO] [stdout] a15b0684ed2ecef6728f672a6916f89a934230d79c8a2507f318595eff222d9e
