[INFO] fetching crate my_test_package_1234567 0.1.0...
[INFO] testing my_test_package_1234567-0.1.0 against nightly-2024-10-28+rustflags=-Zrandomize-layout for randomize-layout
[INFO] extracting crate my_test_package_1234567 0.1.0 into /workspace/builds/worker-5-tc2/source
[INFO] validating manifest of crates.io crate my_test_package_1234567 0.1.0 on toolchain nightly-2024-10-28
[INFO] running `Command { std: CARGO_HOME="/workspace/cargo-home" RUSTUP_HOME="/workspace/rustup-home" "/workspace/cargo-home/bin/cargo" "+nightly-2024-10-28" "metadata" "--manifest-path" "Cargo.toml" "--no-deps", kill_on_drop: false }`
[INFO] started tweaking crates.io crate my_test_package_1234567 0.1.0
[INFO] finished tweaking crates.io crate my_test_package_1234567 0.1.0
[INFO] tweaked toml for crates.io crate my_test_package_1234567 0.1.0 written to /workspace/builds/worker-5-tc2/source/Cargo.toml
[INFO] crate crates.io crate my_test_package_1234567 0.1.0 already has a lockfile, it will not be regenerated
[INFO] running `Command { std: CARGO_HOME="/workspace/cargo-home" RUSTUP_HOME="/workspace/rustup-home" "/workspace/cargo-home/bin/cargo" "+nightly-2024-10-28" "fetch" "--manifest-path" "Cargo.toml", kill_on_drop: false }`
[INFO] running `Command { std: "docker" "create" "-v" "/var/lib/crater-agent-workspace/builds/worker-5-tc2/target:/opt/rustwide/target:rw,Z" "-v" "/var/lib/crater-agent-workspace/builds/worker-5-tc2/source:/opt/rustwide/workdir:ro,Z" "-v" "/var/lib/crater-agent-workspace/cargo-home:/opt/rustwide/cargo-home:ro,Z" "-v" "/var/lib/crater-agent-workspace/rustup-home:/opt/rustwide/rustup-home:ro,Z" "-e" "SOURCE_DIR=/opt/rustwide/workdir" "-e" "CARGO_TARGET_DIR=/opt/rustwide/target" "-e" "CARGO_HOME=/opt/rustwide/cargo-home" "-e" "RUSTUP_HOME=/opt/rustwide/rustup-home" "-w" "/opt/rustwide/workdir" "-m" "1610612736" "--user" "0:0" "--network" "none" "ghcr.io/rust-lang/crates-build-env/linux@sha256:4a844ea9eb2546a2d2c7022eacef16ef2e8229c7fbb2c7d4d55a9ceca922f72d" "/opt/rustwide/cargo-home/bin/cargo" "+nightly-2024-10-28" "metadata" "--no-deps" "--format-version=1", kill_on_drop: false }`
[INFO] [stdout] bc01ccc5f8025a95943a2df8e4eb4794bcfde433963c90c65e032690af0d7f5a
[INFO] running `Command { std: "docker" "start" "-a" "bc01ccc5f8025a95943a2df8e4eb4794bcfde433963c90c65e032690af0d7f5a", kill_on_drop: false }`
[INFO] running `Command { std: "docker" "inspect" "bc01ccc5f8025a95943a2df8e4eb4794bcfde433963c90c65e032690af0d7f5a", kill_on_drop: false }`
[INFO] running `Command { std: "docker" "rm" "-f" "bc01ccc5f8025a95943a2df8e4eb4794bcfde433963c90c65e032690af0d7f5a", kill_on_drop: false }`
[INFO] [stdout] bc01ccc5f8025a95943a2df8e4eb4794bcfde433963c90c65e032690af0d7f5a
[INFO] running `Command { std: "docker" "create" "-v" "/var/lib/crater-agent-workspace/builds/worker-5-tc2/target:/opt/rustwide/target:rw,Z" "-v" "/var/lib/crater-agent-workspace/builds/worker-5-tc2/source:/opt/rustwide/workdir:ro,Z" "-v" "/var/lib/crater-agent-workspace/cargo-home:/opt/rustwide/cargo-home:ro,Z" "-v" "/var/lib/crater-agent-workspace/rustup-home:/opt/rustwide/rustup-home:ro,Z" "-e" "SOURCE_DIR=/opt/rustwide/workdir" "-e" "CARGO_TARGET_DIR=/opt/rustwide/target" "-e" "CARGO_INCREMENTAL=0" "-e" "RUST_BACKTRACE=full" "-e" "RUSTFLAGS=--cap-lints=forbid -Zrandomize-layout" "-e" "RUSTDOCFLAGS=--cap-lints=forbid" "-e" "CARGO_HOME=/opt/rustwide/cargo-home" "-e" "RUSTUP_HOME=/opt/rustwide/rustup-home" "-w" "/opt/rustwide/workdir" "-m" "1610612736" "--user" "0:0" "--network" "none" "ghcr.io/rust-lang/crates-build-env/linux@sha256:4a844ea9eb2546a2d2c7022eacef16ef2e8229c7fbb2c7d4d55a9ceca922f72d" "/opt/rustwide/cargo-home/bin/cargo" "+nightly-2024-10-28" "build" "--frozen" "--message-format=json", kill_on_drop: false }`
[INFO] [stdout] f3507fae68659b6861d07bdb5e72b9b937878a07ab32a0c70ab7eb9e4005a17f
[INFO] running `Command { std: "docker" "start" "-a" "f3507fae68659b6861d07bdb5e72b9b937878a07ab32a0c70ab7eb9e4005a17f", kill_on_drop: false }`
[INFO] [stderr]    Compiling array_tool v1.0.3
[INFO] [stderr]    Compiling my_test_package_1234567 v0.1.0 (/opt/rustwide/workdir)
[INFO] [stdout] warning: fields `id`, `name`, and `email` are never read
[INFO] [stdout]  --> src/customer.rs:2:5
[INFO] [stdout]   |
[INFO] [stdout] 1 | pub struct Customer {
[INFO] [stdout]   |            -------- fields in this struct
[INFO] [stdout] 2 |     id: u64,
[INFO] [stdout]   |     ^^
[INFO] [stdout] 3 |     name: String,
[INFO] [stdout]   |     ^^^^
[INFO] [stdout] 4 |     email: String,
[INFO] [stdout]   |     ^^^^^
[INFO] [stdout]   |
[INFO] [stdout]   = note: `#[warn(dead_code)]` on by default
[INFO] [stdout] 
[INFO] [stdout] 
[INFO] [stdout] warning: fields `id` and `customer` are never read
[INFO] [stdout]  --> src/order.rs:4:5
[INFO] [stdout]   |
[INFO] [stdout] 3 | pub struct Order {
[INFO] [stdout]   |            ----- fields in this struct
[INFO] [stdout] 4 |     id: u64,
[INFO] [stdout]   |     ^^
[INFO] [stdout] 5 |     product: _Product,
[INFO] [stdout] 6 |     customer: Customer,
[INFO] [stdout]   |     ^^^^^^^^
[INFO] [stdout] 
[INFO] [stdout] 
[INFO] [stderr]     Finished `dev` profile [unoptimized + debuginfo] target(s) in 0.25s
[INFO] running `Command { std: "docker" "inspect" "f3507fae68659b6861d07bdb5e72b9b937878a07ab32a0c70ab7eb9e4005a17f", kill_on_drop: false }`
[INFO] running `Command { std: "docker" "rm" "-f" "f3507fae68659b6861d07bdb5e72b9b937878a07ab32a0c70ab7eb9e4005a17f", kill_on_drop: false }`
[INFO] [stdout] f3507fae68659b6861d07bdb5e72b9b937878a07ab32a0c70ab7eb9e4005a17f
[INFO] running `Command { std: "docker" "create" "-v" "/var/lib/crater-agent-workspace/builds/worker-5-tc2/target:/opt/rustwide/target:rw,Z" "-v" "/var/lib/crater-agent-workspace/builds/worker-5-tc2/source:/opt/rustwide/workdir:ro,Z" "-v" "/var/lib/crater-agent-workspace/cargo-home:/opt/rustwide/cargo-home:ro,Z" "-v" "/var/lib/crater-agent-workspace/rustup-home:/opt/rustwide/rustup-home:ro,Z" "-e" "SOURCE_DIR=/opt/rustwide/workdir" "-e" "CARGO_TARGET_DIR=/opt/rustwide/target" "-e" "CARGO_INCREMENTAL=0" "-e" "RUST_BACKTRACE=full" "-e" "RUSTFLAGS=--cap-lints=forbid -Zrandomize-layout" "-e" "RUSTDOCFLAGS=--cap-lints=forbid" "-e" "CARGO_HOME=/opt/rustwide/cargo-home" "-e" "RUSTUP_HOME=/opt/rustwide/rustup-home" "-w" "/opt/rustwide/workdir" "-m" "1610612736" "--user" "0:0" "--network" "none" "ghcr.io/rust-lang/crates-build-env/linux@sha256:4a844ea9eb2546a2d2c7022eacef16ef2e8229c7fbb2c7d4d55a9ceca922f72d" "/opt/rustwide/cargo-home/bin/cargo" "+nightly-2024-10-28" "test" "--frozen" "--no-run" "--message-format=json", kill_on_drop: false }`
[INFO] [stdout] c79ee6624f972bed01720666404331b844e231e39eee5243b0c95b683e44a275
[INFO] running `Command { std: "docker" "start" "-a" "c79ee6624f972bed01720666404331b844e231e39eee5243b0c95b683e44a275", kill_on_drop: false }`
[INFO] [stdout] warning: fields `id`, `name`, and `email` are never read
[INFO] [stdout]  --> src/customer.rs:2:5
[INFO] [stdout]   |
[INFO] [stdout] 1 | pub struct Customer {
[INFO] [stdout]   |            -------- fields in this struct
[INFO] [stdout] 2 |     id: u64,
[INFO] [stdout]   |     ^^
[INFO] [stdout] 3 |     name: String,
[INFO] [stdout]   |     ^^^^
[INFO] [stdout] 4 |     email: String,
[INFO] [stdout]   |     ^^^^^
[INFO] [stdout]   |
[INFO] [stdout]   = note: `#[warn(dead_code)]` on by default
[INFO] [stdout] 
[INFO] [stdout] 
[INFO] [stdout] warning: fields `id` and `customer` are never read
[INFO] [stdout]  --> src/order.rs:4:5
[INFO] [stdout]   |
[INFO] [stdout] 3 | pub struct Order {
[INFO] [stdout]   |            ----- fields in this struct
[INFO] [stdout] 4 |     id: u64,
[INFO] [stdout]   |     ^^
[INFO] [stdout] 5 |     product: _Product,
[INFO] [stdout] 6 |     customer: Customer,
[INFO] [stdout]   |     ^^^^^^^^
[INFO] [stdout] 
[INFO] [stdout] 
[INFO] [stderr]    Compiling my_test_package_1234567 v0.1.0 (/opt/rustwide/workdir)
[INFO] [stdout] warning: fields `id`, `name`, and `email` are never read
[INFO] [stdout]  --> src/customer.rs:2:5
[INFO] [stdout]   |
[INFO] [stdout] 1 | pub struct Customer {
[INFO] [stdout]   |            -------- fields in this struct
[INFO] [stdout] 2 |     id: u64,
[INFO] [stdout]   |     ^^
[INFO] [stdout] 3 |     name: String,
[INFO] [stdout]   |     ^^^^
[INFO] [stdout] 4 |     email: String,
[INFO] [stdout]   |     ^^^^^
[INFO] [stdout]   |
[INFO] [stdout]   = note: `#[warn(dead_code)]` on by default
[INFO] [stdout] 
[INFO] [stdout] 
[INFO] [stdout] warning: fields `id` and `customer` are never read
[INFO] [stdout]  --> src/order.rs:4:5
[INFO] [stdout]   |
[INFO] [stdout] 3 | pub struct Order {
[INFO] [stdout]   |            ----- fields in this struct
[INFO] [stdout] 4 |     id: u64,
[INFO] [stdout]   |     ^^
[INFO] [stdout] 5 |     product: _Product,
[INFO] [stdout] 6 |     customer: Customer,
[INFO] [stdout]   |     ^^^^^^^^
[INFO] [stdout] 
[INFO] [stdout] 
[INFO] [stderr]     Finished `test` profile [unoptimized + debuginfo] target(s) in 0.09s
[INFO] running `Command { std: "docker" "inspect" "c79ee6624f972bed01720666404331b844e231e39eee5243b0c95b683e44a275", kill_on_drop: false }`
[INFO] running `Command { std: "docker" "rm" "-f" "c79ee6624f972bed01720666404331b844e231e39eee5243b0c95b683e44a275", kill_on_drop: false }`
[INFO] [stdout] c79ee6624f972bed01720666404331b844e231e39eee5243b0c95b683e44a275
[INFO] running `Command { std: "docker" "create" "-v" "/var/lib/crater-agent-workspace/builds/worker-5-tc2/target:/opt/rustwide/target:rw,Z" "-v" "/var/lib/crater-agent-workspace/builds/worker-5-tc2/source:/opt/rustwide/workdir:ro,Z" "-v" "/var/lib/crater-agent-workspace/cargo-home:/opt/rustwide/cargo-home:ro,Z" "-v" "/var/lib/crater-agent-workspace/rustup-home:/opt/rustwide/rustup-home:ro,Z" "-e" "SOURCE_DIR=/opt/rustwide/workdir" "-e" "CARGO_TARGET_DIR=/opt/rustwide/target" "-e" "CARGO_INCREMENTAL=0" "-e" "RUST_BACKTRACE=full" "-e" "RUSTFLAGS=--cap-lints=forbid -Zrandomize-layout" "-e" "RUSTDOCFLAGS=--cap-lints=forbid" "-e" "CARGO_HOME=/opt/rustwide/cargo-home" "-e" "RUSTUP_HOME=/opt/rustwide/rustup-home" "-w" "/opt/rustwide/workdir" "-m" "1610612736" "--user" "0:0" "--network" "none" "ghcr.io/rust-lang/crates-build-env/linux@sha256:4a844ea9eb2546a2d2c7022eacef16ef2e8229c7fbb2c7d4d55a9ceca922f72d" "/opt/rustwide/cargo-home/bin/cargo" "+nightly-2024-10-28" "test" "--frozen", kill_on_drop: false }`
[INFO] [stdout] 6a659e508c913d58093aebd711e8c857b0d05b56444bf45346cd4c6b79d8321c
[INFO] running `Command { std: "docker" "start" "-a" "6a659e508c913d58093aebd711e8c857b0d05b56444bf45346cd4c6b79d8321c", kill_on_drop: false }`
[INFO] [stderr] warning: fields `id`, `name`, and `email` are never read
[INFO] [stderr]  --> src/customer.rs:2:5
[INFO] [stderr]   |
[INFO] [stderr] 1 | pub struct Customer {
[INFO] [stderr]   |            -------- fields in this struct
[INFO] [stderr] 2 |     id: u64,
[INFO] [stderr]   |     ^^
[INFO] [stderr] 3 |     name: String,
[INFO] [stderr]   |     ^^^^
[INFO] [stderr] 4 |     email: String,
[INFO] [stderr]   |     ^^^^^
[INFO] [stderr]   |
[INFO] [stderr]   = note: `#[warn(dead_code)]` on by default
[INFO] [stderr] 
[INFO] [stderr] warning: fields `id` and `customer` are never read
[INFO] [stderr]  --> src/order.rs:4:5
[INFO] [stderr]   |
[INFO] [stderr] 3 | pub struct Order {
[INFO] [stderr]   |            ----- fields in this struct
[INFO] [stderr] 4 |     id: u64,
[INFO] [stderr]   |     ^^
[INFO] [stderr] 5 |     product: _Product,
[INFO] [stderr] 6 |     customer: Customer,
[INFO] [stderr]   |     ^^^^^^^^
[INFO] [stderr] 
[INFO] [stderr] warning: `my_test_package_1234567` (lib) generated 2 warnings
[INFO] [stderr] warning: `my_test_package_1234567` (lib test) generated 2 warnings (2 duplicates)
[INFO] [stderr]     Finished `test` profile [unoptimized + debuginfo] target(s) in 0.00s
[INFO] [stderr]      Running unittests src/lib.rs (/opt/rustwide/target/debug/deps/my_test_package_1234567-6d6d2855b9719a52)
[INFO] [stdout] 
[INFO] [stdout] running 0 tests
[INFO] [stdout] 
[INFO] [stdout] test result: ok. 0 passed; 0 failed; 0 ignored; 0 measured; 0 filtered out; finished in 0.00s
[INFO] [stdout] 
[INFO] [stderr]      Running unittests src/bin/app1.rs (/opt/rustwide/target/debug/deps/app1-b8033824785f5fba)
[INFO] [stdout] 
[INFO] [stdout] running 0 tests
[INFO] [stdout] 
[INFO] [stdout] test result: ok. 0 passed; 0 failed; 0 ignored; 0 measured; 0 filtered out; finished in 0.00s
[INFO] [stdout] 
[INFO] [stderr]      Running unittests src/main.rs (/opt/rustwide/target/debug/deps/my_test_package_1234567-15198a61646c5765)
[INFO] [stdout] 
[INFO] [stdout] running 0 tests
[INFO] [stdout] 
[INFO] [stdout] test result: ok. 0 passed; 0 failed; 0 ignored; 0 measured; 0 filtered out; finished in 0.00s
[INFO] [stdout] 
[INFO] [stderr]    Doc-tests my_test_package_1234567
[INFO] [stdout] 
[INFO] [stdout] running 1 test
[INFO] [stdout] test src/product/mod.rs - product::_Product::new (line 16) ... FAILED
[INFO] [stdout] 
[INFO] [stdout] failures:
[INFO] [stdout] 
[INFO] [stdout] ---- src/product/mod.rs - product::_Product::new (line 16) stdout ----
[INFO] [stdout] error[E0432]: unresolved import `my_package`
[INFO] [stdout]  --> src/product/mod.rs:17:5
[INFO] [stdout]   |
[INFO] [stdout] 3 | use my_package::_Product;
[INFO] [stdout]   |     ^^^^^^^^^^ use of undeclared crate or module `my_package`
[INFO] [stdout] 
[INFO] [stdout] error[E0432]: unresolved import `my_package`
[INFO] [stdout]  --> src/product/mod.rs:18:5
[INFO] [stdout]   |
[INFO] [stdout] 4 | use my_package::_Categeory;
[INFO] [stdout]   |     ^^^^^^^^^^ use of undeclared crate or module `my_package`
[INFO] [stdout] 
[INFO] [stdout] error: aborting due to 2 previous errors
[INFO] [stdout] 
[INFO] [stdout] For more information about this error, try `rustc --explain E0432`.
[INFO] [stdout] Couldn't compile the test.
[INFO] [stdout] 
[INFO] [stdout] failures:
[INFO] [stdout]     src/product/mod.rs - product::_Product::new (line 16)
[INFO] [stdout] 
[INFO] [stdout] test result: FAILED. 0 passed; 1 failed; 0 ignored; 0 measured; 0 filtered out; finished in 0.02s
[INFO] [stdout] 
[INFO] [stderr] error: doctest failed, to rerun pass `--doc`
[INFO] running `Command { std: "docker" "inspect" "6a659e508c913d58093aebd711e8c857b0d05b56444bf45346cd4c6b79d8321c", kill_on_drop: false }`
[INFO] running `Command { std: "docker" "rm" "-f" "6a659e508c913d58093aebd711e8c857b0d05b56444bf45346cd4c6b79d8321c", kill_on_drop: false }`
[INFO] [stdout] 6a659e508c913d58093aebd711e8c857b0d05b56444bf45346cd4c6b79d8321c
