[INFO] fetching crate my_first_crate_in_rust 1.0.0...
[INFO] testing my_first_crate_in_rust-1.0.0 against nightly-2024-10-28 for randomize-layout
[INFO] extracting crate my_first_crate_in_rust 1.0.0 into /workspace/builds/worker-4-tc1/source
[INFO] validating manifest of crates.io crate my_first_crate_in_rust 1.0.0 on toolchain nightly-2024-10-28
[INFO] running `Command { std: CARGO_HOME="/workspace/cargo-home" RUSTUP_HOME="/workspace/rustup-home" "/workspace/cargo-home/bin/cargo" "+nightly-2024-10-28" "metadata" "--manifest-path" "Cargo.toml" "--no-deps", kill_on_drop: false }`
[INFO] started tweaking crates.io crate my_first_crate_in_rust 1.0.0
[INFO] finished tweaking crates.io crate my_first_crate_in_rust 1.0.0
[INFO] tweaked toml for crates.io crate my_first_crate_in_rust 1.0.0 written to /workspace/builds/worker-4-tc1/source/Cargo.toml
[INFO] running `Command { std: CARGO_HOME="/workspace/cargo-home" RUSTUP_HOME="/workspace/rustup-home" "/workspace/cargo-home/bin/cargo" "+nightly-2024-10-28" "generate-lockfile" "--manifest-path" "Cargo.toml", kill_on_drop: false }`
[INFO] running `Command { std: CARGO_HOME="/workspace/cargo-home" RUSTUP_HOME="/workspace/rustup-home" "/workspace/cargo-home/bin/cargo" "+nightly-2024-10-28" "fetch" "--manifest-path" "Cargo.toml", kill_on_drop: false }`
[INFO] running `Command { std: "docker" "create" "-v" "/var/lib/crater-agent-workspace/builds/worker-4-tc1/target:/opt/rustwide/target:rw,Z" "-v" "/var/lib/crater-agent-workspace/builds/worker-4-tc1/source:/opt/rustwide/workdir:ro,Z" "-v" "/var/lib/crater-agent-workspace/cargo-home:/opt/rustwide/cargo-home:ro,Z" "-v" "/var/lib/crater-agent-workspace/rustup-home:/opt/rustwide/rustup-home:ro,Z" "-e" "SOURCE_DIR=/opt/rustwide/workdir" "-e" "CARGO_TARGET_DIR=/opt/rustwide/target" "-e" "CARGO_HOME=/opt/rustwide/cargo-home" "-e" "RUSTUP_HOME=/opt/rustwide/rustup-home" "-w" "/opt/rustwide/workdir" "-m" "1610612736" "--user" "0:0" "--network" "none" "ghcr.io/rust-lang/crates-build-env/linux@sha256:4a844ea9eb2546a2d2c7022eacef16ef2e8229c7fbb2c7d4d55a9ceca922f72d" "/opt/rustwide/cargo-home/bin/cargo" "+nightly-2024-10-28" "metadata" "--no-deps" "--format-version=1", kill_on_drop: false }`
[INFO] [stdout] dc646f2add42aa519d188369661937e3cc6b01f81ab99ab5faa1865489d19228
[INFO] running `Command { std: "docker" "start" "-a" "dc646f2add42aa519d188369661937e3cc6b01f81ab99ab5faa1865489d19228", kill_on_drop: false }`
[INFO] running `Command { std: "docker" "inspect" "dc646f2add42aa519d188369661937e3cc6b01f81ab99ab5faa1865489d19228", kill_on_drop: false }`
[INFO] running `Command { std: "docker" "rm" "-f" "dc646f2add42aa519d188369661937e3cc6b01f81ab99ab5faa1865489d19228", kill_on_drop: false }`
[INFO] [stdout] dc646f2add42aa519d188369661937e3cc6b01f81ab99ab5faa1865489d19228
[INFO] running `Command { std: "docker" "create" "-v" "/var/lib/crater-agent-workspace/builds/worker-4-tc1/target:/opt/rustwide/target:rw,Z" "-v" "/var/lib/crater-agent-workspace/builds/worker-4-tc1/source:/opt/rustwide/workdir:ro,Z" "-v" "/var/lib/crater-agent-workspace/cargo-home:/opt/rustwide/cargo-home:ro,Z" "-v" "/var/lib/crater-agent-workspace/rustup-home:/opt/rustwide/rustup-home:ro,Z" "-e" "SOURCE_DIR=/opt/rustwide/workdir" "-e" "CARGO_TARGET_DIR=/opt/rustwide/target" "-e" "CARGO_INCREMENTAL=0" "-e" "RUST_BACKTRACE=full" "-e" "RUSTFLAGS=--cap-lints=forbid" "-e" "RUSTDOCFLAGS=--cap-lints=forbid" "-e" "CARGO_HOME=/opt/rustwide/cargo-home" "-e" "RUSTUP_HOME=/opt/rustwide/rustup-home" "-w" "/opt/rustwide/workdir" "-m" "1610612736" "--user" "0:0" "--network" "none" "ghcr.io/rust-lang/crates-build-env/linux@sha256:4a844ea9eb2546a2d2c7022eacef16ef2e8229c7fbb2c7d4d55a9ceca922f72d" "/opt/rustwide/cargo-home/bin/cargo" "+nightly-2024-10-28" "build" "--frozen" "--message-format=json", kill_on_drop: false }`
[INFO] [stdout] a1d87bbc316b7d104d37df2ade44c06d19e8de5bbc68472635657f07c5d32c7b
[INFO] running `Command { std: "docker" "start" "-a" "a1d87bbc316b7d104d37df2ade44c06d19e8de5bbc68472635657f07c5d32c7b", kill_on_drop: false }`
[INFO] [stderr]    Compiling my_first_crate_in_rust v1.0.0 (/opt/rustwide/workdir)
[INFO] [stderr]     Finished `dev` profile [unoptimized + debuginfo] target(s) in 0.05s
[INFO] running `Command { std: "docker" "inspect" "a1d87bbc316b7d104d37df2ade44c06d19e8de5bbc68472635657f07c5d32c7b", kill_on_drop: false }`
[INFO] running `Command { std: "docker" "rm" "-f" "a1d87bbc316b7d104d37df2ade44c06d19e8de5bbc68472635657f07c5d32c7b", kill_on_drop: false }`
[INFO] [stdout] a1d87bbc316b7d104d37df2ade44c06d19e8de5bbc68472635657f07c5d32c7b
[INFO] running `Command { std: "docker" "create" "-v" "/var/lib/crater-agent-workspace/builds/worker-4-tc1/target:/opt/rustwide/target:rw,Z" "-v" "/var/lib/crater-agent-workspace/builds/worker-4-tc1/source:/opt/rustwide/workdir:ro,Z" "-v" "/var/lib/crater-agent-workspace/cargo-home:/opt/rustwide/cargo-home:ro,Z" "-v" "/var/lib/crater-agent-workspace/rustup-home:/opt/rustwide/rustup-home:ro,Z" "-e" "SOURCE_DIR=/opt/rustwide/workdir" "-e" "CARGO_TARGET_DIR=/opt/rustwide/target" "-e" "CARGO_INCREMENTAL=0" "-e" "RUST_BACKTRACE=full" "-e" "RUSTFLAGS=--cap-lints=forbid" "-e" "RUSTDOCFLAGS=--cap-lints=forbid" "-e" "CARGO_HOME=/opt/rustwide/cargo-home" "-e" "RUSTUP_HOME=/opt/rustwide/rustup-home" "-w" "/opt/rustwide/workdir" "-m" "1610612736" "--user" "0:0" "--network" "none" "ghcr.io/rust-lang/crates-build-env/linux@sha256:4a844ea9eb2546a2d2c7022eacef16ef2e8229c7fbb2c7d4d55a9ceca922f72d" "/opt/rustwide/cargo-home/bin/cargo" "+nightly-2024-10-28" "test" "--frozen" "--no-run" "--message-format=json", kill_on_drop: false }`
[INFO] [stdout] 3c26686a991c6d5ad807116b0893545603c78583accffc260d9200221b75deae
[INFO] running `Command { std: "docker" "start" "-a" "3c26686a991c6d5ad807116b0893545603c78583accffc260d9200221b75deae", kill_on_drop: false }`
[INFO] [stderr]    Compiling my_first_crate_in_rust v1.0.0 (/opt/rustwide/workdir)
[INFO] [stderr]     Finished `test` profile [unoptimized + debuginfo] target(s) in 0.13s
[INFO] running `Command { std: "docker" "inspect" "3c26686a991c6d5ad807116b0893545603c78583accffc260d9200221b75deae", kill_on_drop: false }`
[INFO] running `Command { std: "docker" "rm" "-f" "3c26686a991c6d5ad807116b0893545603c78583accffc260d9200221b75deae", kill_on_drop: false }`
[INFO] [stdout] 3c26686a991c6d5ad807116b0893545603c78583accffc260d9200221b75deae
[INFO] running `Command { std: "docker" "create" "-v" "/var/lib/crater-agent-workspace/builds/worker-4-tc1/target:/opt/rustwide/target:rw,Z" "-v" "/var/lib/crater-agent-workspace/builds/worker-4-tc1/source:/opt/rustwide/workdir:ro,Z" "-v" "/var/lib/crater-agent-workspace/cargo-home:/opt/rustwide/cargo-home:ro,Z" "-v" "/var/lib/crater-agent-workspace/rustup-home:/opt/rustwide/rustup-home:ro,Z" "-e" "SOURCE_DIR=/opt/rustwide/workdir" "-e" "CARGO_TARGET_DIR=/opt/rustwide/target" "-e" "CARGO_INCREMENTAL=0" "-e" "RUST_BACKTRACE=full" "-e" "RUSTFLAGS=--cap-lints=forbid" "-e" "RUSTDOCFLAGS=--cap-lints=forbid" "-e" "CARGO_HOME=/opt/rustwide/cargo-home" "-e" "RUSTUP_HOME=/opt/rustwide/rustup-home" "-w" "/opt/rustwide/workdir" "-m" "1610612736" "--user" "0:0" "--network" "none" "ghcr.io/rust-lang/crates-build-env/linux@sha256:4a844ea9eb2546a2d2c7022eacef16ef2e8229c7fbb2c7d4d55a9ceca922f72d" "/opt/rustwide/cargo-home/bin/cargo" "+nightly-2024-10-28" "test" "--frozen", kill_on_drop: false }`
[INFO] [stdout] c197c8a184c94a73774efc2a86ce889e7d500320eda97bc5b87683182b767491
[INFO] running `Command { std: "docker" "start" "-a" "c197c8a184c94a73774efc2a86ce889e7d500320eda97bc5b87683182b767491", kill_on_drop: false }`
[INFO] [stderr]     Finished `test` profile [unoptimized + debuginfo] target(s) in 0.00s
[INFO] [stderr]      Running unittests src/lib.rs (/opt/rustwide/target/debug/deps/my_first_crate_in_rust-4f36d2420a43d3d2)
[INFO] [stdout] 
[INFO] [stdout] running 0 tests
[INFO] [stdout] 
[INFO] [stdout] test result: ok. 0 passed; 0 failed; 0 ignored; 0 measured; 0 filtered out; finished in 0.00s
[INFO] [stdout] 
[INFO] [stderr]    Doc-tests my_first_crate_in_rust
[INFO] [stdout] 
[INFO] [stdout] running 1 test
[INFO] [stdout] test src/lib.rs - add_one (line 5) ... FAILED
[INFO] [stdout] 
[INFO] [stdout] failures:
[INFO] [stdout] 
[INFO] [stdout] ---- src/lib.rs - add_one (line 5) stdout ----
[INFO] [stdout] error[E0433]: failed to resolve: use of undeclared crate or module `my_crate`
[INFO] [stdout]  --> src/lib.rs:7:14
[INFO] [stdout]   |
[INFO] [stdout] 4 | let answer = my_crate::add_one(arg);
[INFO] [stdout]   |              ^^^^^^^^ use of undeclared crate or module `my_crate`
[INFO] [stdout] 
[INFO] [stdout] error: aborting due to 1 previous error
[INFO] [stdout] 
[INFO] [stdout] For more information about this error, try `rustc --explain E0433`.
[INFO] [stdout] Couldn't compile the test.
[INFO] [stdout] 
[INFO] [stdout] failures:
[INFO] [stdout]     src/lib.rs - add_one (line 5)
[INFO] [stdout] 
[INFO] [stdout] test result: FAILED. 0 passed; 1 failed; 0 ignored; 0 measured; 0 filtered out; finished in 0.05s
[INFO] [stdout] 
[INFO] [stderr] error: doctest failed, to rerun pass `--doc`
[INFO] running `Command { std: "docker" "inspect" "c197c8a184c94a73774efc2a86ce889e7d500320eda97bc5b87683182b767491", kill_on_drop: false }`
[INFO] running `Command { std: "docker" "rm" "-f" "c197c8a184c94a73774efc2a86ce889e7d500320eda97bc5b87683182b767491", kill_on_drop: false }`
[INFO] [stdout] c197c8a184c94a73774efc2a86ce889e7d500320eda97bc5b87683182b767491
