[INFO] fetching crate my-pwd 0.1.12...
[INFO] testing my-pwd-0.1.12 against nightly-2024-10-28 for randomize-layout
[INFO] extracting crate my-pwd 0.1.12 into /workspace/builds/worker-6-tc1/source
[INFO] validating manifest of crates.io crate my-pwd 0.1.12 on toolchain nightly-2024-10-28
[INFO] running `Command { std: CARGO_HOME="/workspace/cargo-home" RUSTUP_HOME="/workspace/rustup-home" "/workspace/cargo-home/bin/cargo" "+nightly-2024-10-28" "metadata" "--manifest-path" "Cargo.toml" "--no-deps", kill_on_drop: false }`
[INFO] started tweaking crates.io crate my-pwd 0.1.12
[INFO] finished tweaking crates.io crate my-pwd 0.1.12
[INFO] tweaked toml for crates.io crate my-pwd 0.1.12 written to /workspace/builds/worker-6-tc1/source/Cargo.toml
[INFO] crate crates.io crate my-pwd 0.1.12 already has a lockfile, it will not be regenerated
[INFO] running `Command { std: CARGO_HOME="/workspace/cargo-home" RUSTUP_HOME="/workspace/rustup-home" "/workspace/cargo-home/bin/cargo" "+nightly-2024-10-28" "fetch" "--manifest-path" "Cargo.toml", kill_on_drop: false }`
[INFO] running `Command { std: "docker" "create" "-v" "/var/lib/crater-agent-workspace/builds/worker-6-tc1/target:/opt/rustwide/target:rw,Z" "-v" "/var/lib/crater-agent-workspace/builds/worker-6-tc1/source:/opt/rustwide/workdir:ro,Z" "-v" "/var/lib/crater-agent-workspace/cargo-home:/opt/rustwide/cargo-home:ro,Z" "-v" "/var/lib/crater-agent-workspace/rustup-home:/opt/rustwide/rustup-home:ro,Z" "-e" "SOURCE_DIR=/opt/rustwide/workdir" "-e" "CARGO_TARGET_DIR=/opt/rustwide/target" "-e" "CARGO_HOME=/opt/rustwide/cargo-home" "-e" "RUSTUP_HOME=/opt/rustwide/rustup-home" "-w" "/opt/rustwide/workdir" "-m" "1610612736" "--user" "0:0" "--network" "none" "ghcr.io/rust-lang/crates-build-env/linux@sha256:4a844ea9eb2546a2d2c7022eacef16ef2e8229c7fbb2c7d4d55a9ceca922f72d" "/opt/rustwide/cargo-home/bin/cargo" "+nightly-2024-10-28" "metadata" "--no-deps" "--format-version=1", kill_on_drop: false }`
[INFO] [stdout] df6b3939b4e8938901131efbc5d81789ced4ca944b65c6a2d4fd1f0d6c3b87be
[INFO] running `Command { std: "docker" "start" "-a" "df6b3939b4e8938901131efbc5d81789ced4ca944b65c6a2d4fd1f0d6c3b87be", kill_on_drop: false }`
[INFO] running `Command { std: "docker" "inspect" "df6b3939b4e8938901131efbc5d81789ced4ca944b65c6a2d4fd1f0d6c3b87be", kill_on_drop: false }`
[INFO] running `Command { std: "docker" "rm" "-f" "df6b3939b4e8938901131efbc5d81789ced4ca944b65c6a2d4fd1f0d6c3b87be", kill_on_drop: false }`
[INFO] [stdout] df6b3939b4e8938901131efbc5d81789ced4ca944b65c6a2d4fd1f0d6c3b87be
[INFO] running `Command { std: "docker" "create" "-v" "/var/lib/crater-agent-workspace/builds/worker-6-tc1/target:/opt/rustwide/target:rw,Z" "-v" "/var/lib/crater-agent-workspace/builds/worker-6-tc1/source:/opt/rustwide/workdir:ro,Z" "-v" "/var/lib/crater-agent-workspace/cargo-home:/opt/rustwide/cargo-home:ro,Z" "-v" "/var/lib/crater-agent-workspace/rustup-home:/opt/rustwide/rustup-home:ro,Z" "-e" "SOURCE_DIR=/opt/rustwide/workdir" "-e" "CARGO_TARGET_DIR=/opt/rustwide/target" "-e" "CARGO_INCREMENTAL=0" "-e" "RUST_BACKTRACE=full" "-e" "RUSTFLAGS=--cap-lints=forbid" "-e" "RUSTDOCFLAGS=--cap-lints=forbid" "-e" "CARGO_HOME=/opt/rustwide/cargo-home" "-e" "RUSTUP_HOME=/opt/rustwide/rustup-home" "-w" "/opt/rustwide/workdir" "-m" "1610612736" "--user" "0:0" "--network" "none" "ghcr.io/rust-lang/crates-build-env/linux@sha256:4a844ea9eb2546a2d2c7022eacef16ef2e8229c7fbb2c7d4d55a9ceca922f72d" "/opt/rustwide/cargo-home/bin/cargo" "+nightly-2024-10-28" "build" "--frozen" "--message-format=json", kill_on_drop: false }`
[INFO] [stdout] dbc382c982e4b5e050c7b9abe055bb542e5108b03648b5800913867b2d3bea49
[INFO] running `Command { std: "docker" "start" "-a" "dbc382c982e4b5e050c7b9abe055bb542e5108b03648b5800913867b2d3bea49", kill_on_drop: false }`
[INFO] [stderr]    Compiling proc-macro2 v1.0.79
[INFO] [stderr]    Compiling utf8parse v0.2.1
[INFO] [stderr]    Compiling anstyle v1.0.6
[INFO] [stderr]    Compiling colorchoice v1.0.0
[INFO] [stderr]    Compiling anstyle-query v1.0.2
[INFO] [stderr]    Compiling clap_lex v0.7.0
[INFO] [stderr]    Compiling strsim v0.11.1
[INFO] [stderr]    Compiling heck v0.5.0
[INFO] [stderr]    Compiling anyhow v1.0.81
[INFO] [stderr]    Compiling base64 v0.22.0
[INFO] [stderr]    Compiling anstyle-parse v0.2.3
[INFO] [stderr]    Compiling anstream v0.6.13
[INFO] [stderr]    Compiling clap_builder v4.5.2
[INFO] [stderr]    Compiling quote v1.0.35
[INFO] [stderr]    Compiling syn v2.0.58
[INFO] [stderr]    Compiling clap_derive v4.5.4
[INFO] [stderr]    Compiling clap v4.5.4
[INFO] [stderr]    Compiling my-pwd v0.1.12 (/opt/rustwide/workdir)
[INFO] [stderr]     Finished `dev` profile [unoptimized + debuginfo] target(s) in 5.01s
[INFO] running `Command { std: "docker" "inspect" "dbc382c982e4b5e050c7b9abe055bb542e5108b03648b5800913867b2d3bea49", kill_on_drop: false }`
[INFO] running `Command { std: "docker" "rm" "-f" "dbc382c982e4b5e050c7b9abe055bb542e5108b03648b5800913867b2d3bea49", kill_on_drop: false }`
[INFO] [stdout] dbc382c982e4b5e050c7b9abe055bb542e5108b03648b5800913867b2d3bea49
[INFO] running `Command { std: "docker" "create" "-v" "/var/lib/crater-agent-workspace/builds/worker-6-tc1/target:/opt/rustwide/target:rw,Z" "-v" "/var/lib/crater-agent-workspace/builds/worker-6-tc1/source:/opt/rustwide/workdir:ro,Z" "-v" "/var/lib/crater-agent-workspace/cargo-home:/opt/rustwide/cargo-home:ro,Z" "-v" "/var/lib/crater-agent-workspace/rustup-home:/opt/rustwide/rustup-home:ro,Z" "-e" "SOURCE_DIR=/opt/rustwide/workdir" "-e" "CARGO_TARGET_DIR=/opt/rustwide/target" "-e" "CARGO_INCREMENTAL=0" "-e" "RUST_BACKTRACE=full" "-e" "RUSTFLAGS=--cap-lints=forbid" "-e" "RUSTDOCFLAGS=--cap-lints=forbid" "-e" "CARGO_HOME=/opt/rustwide/cargo-home" "-e" "RUSTUP_HOME=/opt/rustwide/rustup-home" "-w" "/opt/rustwide/workdir" "-m" "1610612736" "--user" "0:0" "--network" "none" "ghcr.io/rust-lang/crates-build-env/linux@sha256:4a844ea9eb2546a2d2c7022eacef16ef2e8229c7fbb2c7d4d55a9ceca922f72d" "/opt/rustwide/cargo-home/bin/cargo" "+nightly-2024-10-28" "test" "--frozen" "--no-run" "--message-format=json", kill_on_drop: false }`
[INFO] [stdout] 379c8352afd2db3173d7a527e71bab634f8cca35c0060d9f9800988e12d6bd12
[INFO] running `Command { std: "docker" "start" "-a" "379c8352afd2db3173d7a527e71bab634f8cca35c0060d9f9800988e12d6bd12", kill_on_drop: false }`
[INFO] [stderr]    Compiling my-pwd v0.1.12 (/opt/rustwide/workdir)
[INFO] [stderr]     Finished `test` profile [unoptimized + debuginfo] target(s) in 0.16s
[INFO] running `Command { std: "docker" "inspect" "379c8352afd2db3173d7a527e71bab634f8cca35c0060d9f9800988e12d6bd12", kill_on_drop: false }`
[INFO] running `Command { std: "docker" "rm" "-f" "379c8352afd2db3173d7a527e71bab634f8cca35c0060d9f9800988e12d6bd12", kill_on_drop: false }`
[INFO] [stdout] 379c8352afd2db3173d7a527e71bab634f8cca35c0060d9f9800988e12d6bd12
[INFO] running `Command { std: "docker" "create" "-v" "/var/lib/crater-agent-workspace/builds/worker-6-tc1/target:/opt/rustwide/target:rw,Z" "-v" "/var/lib/crater-agent-workspace/builds/worker-6-tc1/source:/opt/rustwide/workdir:ro,Z" "-v" "/var/lib/crater-agent-workspace/cargo-home:/opt/rustwide/cargo-home:ro,Z" "-v" "/var/lib/crater-agent-workspace/rustup-home:/opt/rustwide/rustup-home:ro,Z" "-e" "SOURCE_DIR=/opt/rustwide/workdir" "-e" "CARGO_TARGET_DIR=/opt/rustwide/target" "-e" "CARGO_INCREMENTAL=0" "-e" "RUST_BACKTRACE=full" "-e" "RUSTFLAGS=--cap-lints=forbid" "-e" "RUSTDOCFLAGS=--cap-lints=forbid" "-e" "CARGO_HOME=/opt/rustwide/cargo-home" "-e" "RUSTUP_HOME=/opt/rustwide/rustup-home" "-w" "/opt/rustwide/workdir" "-m" "1610612736" "--user" "0:0" "--network" "none" "ghcr.io/rust-lang/crates-build-env/linux@sha256:4a844ea9eb2546a2d2c7022eacef16ef2e8229c7fbb2c7d4d55a9ceca922f72d" "/opt/rustwide/cargo-home/bin/cargo" "+nightly-2024-10-28" "test" "--frozen", kill_on_drop: false }`
[INFO] [stdout] 1ead6004ac0a93b711aa5c5fcc9b92e5444ed06b3ce615f2ef4ffbf9343ffaf2
[INFO] running `Command { std: "docker" "start" "-a" "1ead6004ac0a93b711aa5c5fcc9b92e5444ed06b3ce615f2ef4ffbf9343ffaf2", kill_on_drop: false }`
[INFO] [stderr]     Finished `test` profile [unoptimized + debuginfo] target(s) in 0.02s
[INFO] [stderr]      Running unittests src/lib.rs (/opt/rustwide/target/debug/deps/my_pwd-693b54bf8ced6bcf)
[INFO] [stdout] 
[INFO] [stdout] running 0 tests
[INFO] [stdout] 
[INFO] [stdout] test result: ok. 0 passed; 0 failed; 0 ignored; 0 measured; 0 filtered out; finished in 0.00s
[INFO] [stdout] 
[INFO] [stderr]      Running unittests src/main.rs (/opt/rustwide/target/debug/deps/my_pwd-4e065f62cc0b979a)
[INFO] [stdout] 
[INFO] [stdout] running 0 tests
[INFO] [stdout] 
[INFO] [stdout] test result: ok. 0 passed; 0 failed; 0 ignored; 0 measured; 0 filtered out; finished in 0.00s
[INFO] [stdout] 
[INFO] [stderr]    Doc-tests my_pwd
[INFO] [stdout] 
[INFO] [stdout] running 2 tests
[INFO] [stdout] test src/encryptor/mod.rs - encryptor::generate_password (line 9) ... FAILED
[INFO] [stdout] test src/hash/mod.rs - hash::mersenne_hash (line 6) ... FAILED
[INFO] [stdout] 
[INFO] [stdout] failures:
[INFO] [stdout] 
[INFO] [stdout] ---- src/encryptor/mod.rs - encryptor::generate_password (line 9) stdout ----
[INFO] [stdout] error[E0433]: failed to resolve: use of undeclared crate or module `encryptor`
[INFO] [stdout]  --> src/encryptor/mod.rs:10:5
[INFO] [stdout]   |
[INFO] [stdout] 3 | use encryptor::password::generate_password;
[INFO] [stdout]   |     ^^^^^^^^^ use of undeclared crate or module `encryptor`
[INFO] [stdout] 
[INFO] [stdout] error: aborting due to 1 previous error
[INFO] [stdout] 
[INFO] [stdout] For more information about this error, try `rustc --explain E0433`.
[INFO] [stdout] Couldn't compile the test.
[INFO] [stdout] ---- src/hash/mod.rs - hash::mersenne_hash (line 6) stdout ----
[INFO] [stdout] error[E0433]: failed to resolve: use of undeclared crate or module `hash`
[INFO] [stdout]  --> src/hash/mod.rs:7:5
[INFO] [stdout]   |
[INFO] [stdout] 3 | use hash::merhash::mersenne_hash;
[INFO] [stdout]   |     ^^^^ use of undeclared crate or module `hash`
[INFO] [stdout] 
[INFO] [stdout] error: aborting due to 1 previous error
[INFO] [stdout] 
[INFO] [stdout] For more information about this error, try `rustc --explain E0433`.
[INFO] [stdout] Couldn't compile the test.
[INFO] [stdout] 
[INFO] [stdout] failures:
[INFO] [stdout]     src/encryptor/mod.rs - encryptor::generate_password (line 9)
[INFO] [stdout]     src/hash/mod.rs - hash::mersenne_hash (line 6)
[INFO] [stdout] 
[INFO] [stdout] test result: FAILED. 0 passed; 2 failed; 0 ignored; 0 measured; 0 filtered out; finished in 0.03s
[INFO] [stdout] 
[INFO] [stderr] error: doctest failed, to rerun pass `--doc`
[INFO] running `Command { std: "docker" "inspect" "1ead6004ac0a93b711aa5c5fcc9b92e5444ed06b3ce615f2ef4ffbf9343ffaf2", kill_on_drop: false }`
[INFO] running `Command { std: "docker" "rm" "-f" "1ead6004ac0a93b711aa5c5fcc9b92e5444ed06b3ce615f2ef4ffbf9343ffaf2", kill_on_drop: false }`
[INFO] [stdout] 1ead6004ac0a93b711aa5c5fcc9b92e5444ed06b3ce615f2ef4ffbf9343ffaf2
