[INFO] fetching crate mut_set_derive 0.4.1...
[INFO] testing mut_set_derive-0.4.1 against nightly-2024-10-28+rustflags=-Zrandomize-layout for randomize-layout
[INFO] extracting crate mut_set_derive 0.4.1 into /workspace/builds/worker-5-tc2/source
[INFO] validating manifest of crates.io crate mut_set_derive 0.4.1 on toolchain nightly-2024-10-28
[INFO] running `Command { std: CARGO_HOME="/workspace/cargo-home" RUSTUP_HOME="/workspace/rustup-home" "/workspace/cargo-home/bin/cargo" "+nightly-2024-10-28" "metadata" "--manifest-path" "Cargo.toml" "--no-deps", kill_on_drop: false }`
[INFO] started tweaking crates.io crate mut_set_derive 0.4.1
[INFO] finished tweaking crates.io crate mut_set_derive 0.4.1
[INFO] tweaked toml for crates.io crate mut_set_derive 0.4.1 written to /workspace/builds/worker-5-tc2/source/Cargo.toml
[INFO] running `Command { std: CARGO_HOME="/workspace/cargo-home" RUSTUP_HOME="/workspace/rustup-home" "/workspace/cargo-home/bin/cargo" "+nightly-2024-10-28" "generate-lockfile" "--manifest-path" "Cargo.toml", kill_on_drop: false }`
[INFO] [stderr]     Updating crates.io index
[INFO] [stderr]      Locking 4 packages to latest compatible versions
[INFO] running `Command { std: CARGO_HOME="/workspace/cargo-home" RUSTUP_HOME="/workspace/rustup-home" "/workspace/cargo-home/bin/cargo" "+nightly-2024-10-28" "fetch" "--manifest-path" "Cargo.toml", kill_on_drop: false }`
[INFO] running `Command { std: "docker" "create" "-v" "/var/lib/crater-agent-workspace/builds/worker-5-tc2/target:/opt/rustwide/target:rw,Z" "-v" "/var/lib/crater-agent-workspace/builds/worker-5-tc2/source:/opt/rustwide/workdir:ro,Z" "-v" "/var/lib/crater-agent-workspace/cargo-home:/opt/rustwide/cargo-home:ro,Z" "-v" "/var/lib/crater-agent-workspace/rustup-home:/opt/rustwide/rustup-home:ro,Z" "-e" "SOURCE_DIR=/opt/rustwide/workdir" "-e" "CARGO_TARGET_DIR=/opt/rustwide/target" "-e" "CARGO_HOME=/opt/rustwide/cargo-home" "-e" "RUSTUP_HOME=/opt/rustwide/rustup-home" "-w" "/opt/rustwide/workdir" "-m" "1610612736" "--user" "0:0" "--network" "none" "ghcr.io/rust-lang/crates-build-env/linux@sha256:4a844ea9eb2546a2d2c7022eacef16ef2e8229c7fbb2c7d4d55a9ceca922f72d" "/opt/rustwide/cargo-home/bin/cargo" "+nightly-2024-10-28" "metadata" "--no-deps" "--format-version=1", kill_on_drop: false }`
[INFO] [stdout] a90db4bfee4b071eb0272b84d58dcb4a90ad53cac983a9d6b1914435fc5e1d42
[INFO] running `Command { std: "docker" "start" "-a" "a90db4bfee4b071eb0272b84d58dcb4a90ad53cac983a9d6b1914435fc5e1d42", kill_on_drop: false }`
[INFO] running `Command { std: "docker" "inspect" "a90db4bfee4b071eb0272b84d58dcb4a90ad53cac983a9d6b1914435fc5e1d42", kill_on_drop: false }`
[INFO] running `Command { std: "docker" "rm" "-f" "a90db4bfee4b071eb0272b84d58dcb4a90ad53cac983a9d6b1914435fc5e1d42", kill_on_drop: false }`
[INFO] [stdout] a90db4bfee4b071eb0272b84d58dcb4a90ad53cac983a9d6b1914435fc5e1d42
[INFO] running `Command { std: "docker" "create" "-v" "/var/lib/crater-agent-workspace/builds/worker-5-tc2/target:/opt/rustwide/target:rw,Z" "-v" "/var/lib/crater-agent-workspace/builds/worker-5-tc2/source:/opt/rustwide/workdir:ro,Z" "-v" "/var/lib/crater-agent-workspace/cargo-home:/opt/rustwide/cargo-home:ro,Z" "-v" "/var/lib/crater-agent-workspace/rustup-home:/opt/rustwide/rustup-home:ro,Z" "-e" "SOURCE_DIR=/opt/rustwide/workdir" "-e" "CARGO_TARGET_DIR=/opt/rustwide/target" "-e" "CARGO_INCREMENTAL=0" "-e" "RUST_BACKTRACE=full" "-e" "RUSTFLAGS=--cap-lints=forbid -Zrandomize-layout" "-e" "RUSTDOCFLAGS=--cap-lints=forbid" "-e" "CARGO_HOME=/opt/rustwide/cargo-home" "-e" "RUSTUP_HOME=/opt/rustwide/rustup-home" "-w" "/opt/rustwide/workdir" "-m" "1610612736" "--user" "0:0" "--network" "none" "ghcr.io/rust-lang/crates-build-env/linux@sha256:4a844ea9eb2546a2d2c7022eacef16ef2e8229c7fbb2c7d4d55a9ceca922f72d" "/opt/rustwide/cargo-home/bin/cargo" "+nightly-2024-10-28" "build" "--frozen" "--message-format=json", kill_on_drop: false }`
[INFO] [stdout] f4c37aeba7b0be3728404a2484ae7265ca36aff81729175b3a48e11b24cd7e82
[INFO] running `Command { std: "docker" "start" "-a" "f4c37aeba7b0be3728404a2484ae7265ca36aff81729175b3a48e11b24cd7e82", kill_on_drop: false }`
[INFO] [stderr]    Compiling proc-macro2 v1.0.89
[INFO] [stderr]    Compiling quote v1.0.37
[INFO] [stderr]    Compiling syn v2.0.86
[INFO] [stderr]    Compiling mut_set_derive v0.4.1 (/opt/rustwide/workdir)
[INFO] [stderr]     Finished `dev` profile [unoptimized + debuginfo] target(s) in 2.26s
[INFO] running `Command { std: "docker" "inspect" "f4c37aeba7b0be3728404a2484ae7265ca36aff81729175b3a48e11b24cd7e82", kill_on_drop: false }`
[INFO] running `Command { std: "docker" "rm" "-f" "f4c37aeba7b0be3728404a2484ae7265ca36aff81729175b3a48e11b24cd7e82", kill_on_drop: false }`
[INFO] [stdout] f4c37aeba7b0be3728404a2484ae7265ca36aff81729175b3a48e11b24cd7e82
[INFO] running `Command { std: "docker" "create" "-v" "/var/lib/crater-agent-workspace/builds/worker-5-tc2/target:/opt/rustwide/target:rw,Z" "-v" "/var/lib/crater-agent-workspace/builds/worker-5-tc2/source:/opt/rustwide/workdir:ro,Z" "-v" "/var/lib/crater-agent-workspace/cargo-home:/opt/rustwide/cargo-home:ro,Z" "-v" "/var/lib/crater-agent-workspace/rustup-home:/opt/rustwide/rustup-home:ro,Z" "-e" "SOURCE_DIR=/opt/rustwide/workdir" "-e" "CARGO_TARGET_DIR=/opt/rustwide/target" "-e" "CARGO_INCREMENTAL=0" "-e" "RUST_BACKTRACE=full" "-e" "RUSTFLAGS=--cap-lints=forbid -Zrandomize-layout" "-e" "RUSTDOCFLAGS=--cap-lints=forbid" "-e" "CARGO_HOME=/opt/rustwide/cargo-home" "-e" "RUSTUP_HOME=/opt/rustwide/rustup-home" "-w" "/opt/rustwide/workdir" "-m" "1610612736" "--user" "0:0" "--network" "none" "ghcr.io/rust-lang/crates-build-env/linux@sha256:4a844ea9eb2546a2d2c7022eacef16ef2e8229c7fbb2c7d4d55a9ceca922f72d" "/opt/rustwide/cargo-home/bin/cargo" "+nightly-2024-10-28" "test" "--frozen" "--no-run" "--message-format=json", kill_on_drop: false }`
[INFO] [stdout] 093c92cae4c1e3e466e9395b94bd688b90d43248059a1fa0c71d3d63612f8c57
[INFO] running `Command { std: "docker" "start" "-a" "093c92cae4c1e3e466e9395b94bd688b90d43248059a1fa0c71d3d63612f8c57", kill_on_drop: false }`
[INFO] [stderr]    Compiling mut_set_derive v0.4.1 (/opt/rustwide/workdir)
[INFO] [stderr]     Finished `test` profile [unoptimized + debuginfo] target(s) in 0.37s
[INFO] running `Command { std: "docker" "inspect" "093c92cae4c1e3e466e9395b94bd688b90d43248059a1fa0c71d3d63612f8c57", kill_on_drop: false }`
[INFO] running `Command { std: "docker" "rm" "-f" "093c92cae4c1e3e466e9395b94bd688b90d43248059a1fa0c71d3d63612f8c57", kill_on_drop: false }`
[INFO] [stdout] 093c92cae4c1e3e466e9395b94bd688b90d43248059a1fa0c71d3d63612f8c57
[INFO] running `Command { std: "docker" "create" "-v" "/var/lib/crater-agent-workspace/builds/worker-5-tc2/target:/opt/rustwide/target:rw,Z" "-v" "/var/lib/crater-agent-workspace/builds/worker-5-tc2/source:/opt/rustwide/workdir:ro,Z" "-v" "/var/lib/crater-agent-workspace/cargo-home:/opt/rustwide/cargo-home:ro,Z" "-v" "/var/lib/crater-agent-workspace/rustup-home:/opt/rustwide/rustup-home:ro,Z" "-e" "SOURCE_DIR=/opt/rustwide/workdir" "-e" "CARGO_TARGET_DIR=/opt/rustwide/target" "-e" "CARGO_INCREMENTAL=0" "-e" "RUST_BACKTRACE=full" "-e" "RUSTFLAGS=--cap-lints=forbid -Zrandomize-layout" "-e" "RUSTDOCFLAGS=--cap-lints=forbid" "-e" "CARGO_HOME=/opt/rustwide/cargo-home" "-e" "RUSTUP_HOME=/opt/rustwide/rustup-home" "-w" "/opt/rustwide/workdir" "-m" "1610612736" "--user" "0:0" "--network" "none" "ghcr.io/rust-lang/crates-build-env/linux@sha256:4a844ea9eb2546a2d2c7022eacef16ef2e8229c7fbb2c7d4d55a9ceca922f72d" "/opt/rustwide/cargo-home/bin/cargo" "+nightly-2024-10-28" "test" "--frozen", kill_on_drop: false }`
[INFO] [stdout] b65cc7b48fdb62b0cf1b5972c3870d60c49c16265fb33f3da392201cb9c8a49f
[INFO] running `Command { std: "docker" "start" "-a" "b65cc7b48fdb62b0cf1b5972c3870d60c49c16265fb33f3da392201cb9c8a49f", kill_on_drop: false }`
[INFO] [stderr]     Finished `test` profile [unoptimized + debuginfo] target(s) in 0.01s
[INFO] [stderr]      Running unittests src/lib.rs (/opt/rustwide/target/debug/deps/mut_set_derive-05909469569bb6ca)
[INFO] [stdout] 
[INFO] [stdout] running 3 tests
[INFO] [stdout] test expand::parser_args_test ... ok
[INFO] [stdout] test expand::borrow_type_test ... ok
[INFO] [stdout] test expand::vis_sup ... ok
[INFO] [stdout] 
[INFO] [stdout] test result: ok. 3 passed; 0 failed; 0 ignored; 0 measured; 0 filtered out; finished in 0.00s
[INFO] [stdout] 
[INFO] [stderr]    Doc-tests mut_set_derive
[INFO] [stdout] 
[INFO] [stdout] running 2 tests
[INFO] [stdout] test src/lib.rs - item (line 66) ... FAILED
[INFO] [stdout] test src/lib.rs - (line 3) ... FAILED
[INFO] [stdout] 
[INFO] [stdout] failures:
[INFO] [stdout] 
[INFO] [stdout] ---- src/lib.rs - item (line 66) stdout ----
[INFO] [stdout] error[E0433]: failed to resolve: use of undeclared crate or module `mut_set`
[INFO] [stdout]  --> src/lib.rs:68:3
[INFO] [stdout]   |
[INFO] [stdout] 4 | #[mut_set::derive::item]
[INFO] [stdout]   |   ^^^^^^^ use of undeclared crate or module `mut_set`
[INFO] [stdout] 
[INFO] [stdout] error: cannot find attribute `id` in this scope
[INFO] [stdout]  --> src/lib.rs:73:6
[INFO] [stdout]   |
[INFO] [stdout] 9 |    #[id]
[INFO] [stdout]   |      ^^
[INFO] [stdout] 
[INFO] [stdout] error: cannot find attribute `id` in this scope
[INFO] [stdout]   --> src/lib.rs:77:6
[INFO] [stdout]    |
[INFO] [stdout] 13 |    #[id]
[INFO] [stdout]    |      ^^
[INFO] [stdout] 
[INFO] [stdout] error: aborting due to 3 previous errors
[INFO] [stdout] 
[INFO] [stdout] For more information about this error, try `rustc --explain E0433`.
[INFO] [stdout] Couldn't compile the test.
[INFO] [stdout] ---- src/lib.rs - (line 3) stdout ----
[INFO] [stdout] error[E0433]: failed to resolve: use of undeclared crate or module `mut_set`
[INFO] [stdout]  --> src/lib.rs:5:3
[INFO] [stdout]   |
[INFO] [stdout] 4 | #[mut_set::derive::item]
[INFO] [stdout]   |   ^^^^^^^ use of undeclared crate or module `mut_set`
[INFO] [stdout] 
[INFO] [stdout] error: cannot find attribute `id` in this scope
[INFO] [stdout]  --> src/lib.rs:10:7
[INFO] [stdout]   |
[INFO] [stdout] 9 |     #[id]
[INFO] [stdout]   |       ^^
[INFO] [stdout] 
[INFO] [stdout] error: cannot find attribute `id` in this scope
[INFO] [stdout]   --> src/lib.rs:14:7
[INFO] [stdout]    |
[INFO] [stdout] 13 |     #[id]
[INFO] [stdout]    |       ^^
[INFO] [stdout] 
[INFO] [stdout] error[E0433]: failed to resolve: use of undeclared crate or module `mut_set`
[INFO] [stdout]   --> src/lib.rs:18:19
[INFO] [stdout]    |
[INFO] [stdout] 17 |     let mut set = mut_set::MutSet::new();
[INFO] [stdout]    |                   ^^^^^^^ use of undeclared crate or module `mut_set`
[INFO] [stdout] 
[INFO] [stdout] error[E0599]: no function or associated item named `new_id` found for struct `MyItem` in the current scope
[INFO] [stdout]   --> src/lib.rs:43:39
[INFO] [stdout]    |
[INFO] [stdout] 5  | pub struct MyItem<T1, T2>
[INFO] [stdout]    | ------------------------- function or associated item `new_id` not found for this struct
[INFO] [stdout] ...
[INFO] [stdout] 42 |     println!("{:?}", set.get(&MyItem::new_id(2, "www".to_string())));
[INFO] [stdout]    |                                       ^^^^^^ function or associated item not found in `MyItem<_, _>`
[INFO] [stdout] 
[INFO] [stdout] error: aborting due to 5 previous errors
[INFO] [stdout] 
[INFO] [stdout] Some errors have detailed explanations: E0433, E0599.
[INFO] [stdout] For more information about an error, try `rustc --explain E0433`.
[INFO] [stdout] Couldn't compile the test.
[INFO] [stdout] 
[INFO] [stdout] failures:
[INFO] [stdout]     src/lib.rs - (line 3)
[INFO] [stdout]     src/lib.rs - item (line 66)
[INFO] [stdout] 
[INFO] [stdout] test result: FAILED. 0 passed; 2 failed; 0 ignored; 0 measured; 0 filtered out; finished in 0.06s
[INFO] [stdout] 
[INFO] [stderr] error: doctest failed, to rerun pass `--doc`
[INFO] running `Command { std: "docker" "inspect" "b65cc7b48fdb62b0cf1b5972c3870d60c49c16265fb33f3da392201cb9c8a49f", kill_on_drop: false }`
[INFO] running `Command { std: "docker" "rm" "-f" "b65cc7b48fdb62b0cf1b5972c3870d60c49c16265fb33f3da392201cb9c8a49f", kill_on_drop: false }`
[INFO] [stdout] b65cc7b48fdb62b0cf1b5972c3870d60c49c16265fb33f3da392201cb9c8a49f
