[INFO] fetching crate mustafa_art 0.1.0...
[INFO] testing mustafa_art-0.1.0 against nightly-2024-10-28 for randomize-layout
[INFO] extracting crate mustafa_art 0.1.0 into /workspace/builds/worker-3-tc1/source
[INFO] validating manifest of crates.io crate mustafa_art 0.1.0 on toolchain nightly-2024-10-28
[INFO] running `Command { std: CARGO_HOME="/workspace/cargo-home" RUSTUP_HOME="/workspace/rustup-home" "/workspace/cargo-home/bin/cargo" "+nightly-2024-10-28" "metadata" "--manifest-path" "Cargo.toml" "--no-deps", kill_on_drop: false }`
[INFO] started tweaking crates.io crate mustafa_art 0.1.0
[INFO] finished tweaking crates.io crate mustafa_art 0.1.0
[INFO] tweaked toml for crates.io crate mustafa_art 0.1.0 written to /workspace/builds/worker-3-tc1/source/Cargo.toml
[INFO] crate crates.io crate mustafa_art 0.1.0 already has a lockfile, it will not be regenerated
[INFO] running `Command { std: CARGO_HOME="/workspace/cargo-home" RUSTUP_HOME="/workspace/rustup-home" "/workspace/cargo-home/bin/cargo" "+nightly-2024-10-28" "fetch" "--manifest-path" "Cargo.toml", kill_on_drop: false }`
[INFO] running `Command { std: "docker" "create" "-v" "/var/lib/crater-agent-workspace/builds/worker-3-tc1/target:/opt/rustwide/target:rw,Z" "-v" "/var/lib/crater-agent-workspace/builds/worker-3-tc1/source:/opt/rustwide/workdir:ro,Z" "-v" "/var/lib/crater-agent-workspace/cargo-home:/opt/rustwide/cargo-home:ro,Z" "-v" "/var/lib/crater-agent-workspace/rustup-home:/opt/rustwide/rustup-home:ro,Z" "-e" "SOURCE_DIR=/opt/rustwide/workdir" "-e" "CARGO_TARGET_DIR=/opt/rustwide/target" "-e" "CARGO_HOME=/opt/rustwide/cargo-home" "-e" "RUSTUP_HOME=/opt/rustwide/rustup-home" "-w" "/opt/rustwide/workdir" "-m" "1610612736" "--user" "0:0" "--network" "none" "ghcr.io/rust-lang/crates-build-env/linux@sha256:4a844ea9eb2546a2d2c7022eacef16ef2e8229c7fbb2c7d4d55a9ceca922f72d" "/opt/rustwide/cargo-home/bin/cargo" "+nightly-2024-10-28" "metadata" "--no-deps" "--format-version=1", kill_on_drop: false }`
[INFO] [stdout] 28bfa79ff29cf342fb7f6667327b757240d95dd730490ddeef727042171c7d78
[INFO] running `Command { std: "docker" "start" "-a" "28bfa79ff29cf342fb7f6667327b757240d95dd730490ddeef727042171c7d78", kill_on_drop: false }`
[INFO] running `Command { std: "docker" "inspect" "28bfa79ff29cf342fb7f6667327b757240d95dd730490ddeef727042171c7d78", kill_on_drop: false }`
[INFO] running `Command { std: "docker" "rm" "-f" "28bfa79ff29cf342fb7f6667327b757240d95dd730490ddeef727042171c7d78", kill_on_drop: false }`
[INFO] [stdout] 28bfa79ff29cf342fb7f6667327b757240d95dd730490ddeef727042171c7d78
[INFO] running `Command { std: "docker" "create" "-v" "/var/lib/crater-agent-workspace/builds/worker-3-tc1/target:/opt/rustwide/target:rw,Z" "-v" "/var/lib/crater-agent-workspace/builds/worker-3-tc1/source:/opt/rustwide/workdir:ro,Z" "-v" "/var/lib/crater-agent-workspace/cargo-home:/opt/rustwide/cargo-home:ro,Z" "-v" "/var/lib/crater-agent-workspace/rustup-home:/opt/rustwide/rustup-home:ro,Z" "-e" "SOURCE_DIR=/opt/rustwide/workdir" "-e" "CARGO_TARGET_DIR=/opt/rustwide/target" "-e" "CARGO_INCREMENTAL=0" "-e" "RUST_BACKTRACE=full" "-e" "RUSTFLAGS=--cap-lints=forbid" "-e" "RUSTDOCFLAGS=--cap-lints=forbid" "-e" "CARGO_HOME=/opt/rustwide/cargo-home" "-e" "RUSTUP_HOME=/opt/rustwide/rustup-home" "-w" "/opt/rustwide/workdir" "-m" "1610612736" "--user" "0:0" "--network" "none" "ghcr.io/rust-lang/crates-build-env/linux@sha256:4a844ea9eb2546a2d2c7022eacef16ef2e8229c7fbb2c7d4d55a9ceca922f72d" "/opt/rustwide/cargo-home/bin/cargo" "+nightly-2024-10-28" "build" "--frozen" "--message-format=json", kill_on_drop: false }`
[INFO] [stdout] 56990b9bcea07c724f21998183daaef3b3483b6f54c2ba0eee29a827dc77eb84
[INFO] running `Command { std: "docker" "start" "-a" "56990b9bcea07c724f21998183daaef3b3483b6f54c2ba0eee29a827dc77eb84", kill_on_drop: false }`
[INFO] [stderr]    Compiling mustafa_art v0.1.0 (/opt/rustwide/workdir)
[INFO] [stdout] warning: unused variable: `color1`
[INFO] [stdout]   --> src/lib.rs:30:20
[INFO] [stdout]    |
[INFO] [stdout] 30 |         pub fn mix(color1:PrimaryColors,color2:PrimaryColors)->SecondaryColors{
[INFO] [stdout]    |                    ^^^^^^ help: if this is intentional, prefix it with an underscore: `_color1`
[INFO] [stdout]    |
[INFO] [stdout]    = note: `#[warn(unused_variables)]` on by default
[INFO] [stdout] 
[INFO] [stdout] 
[INFO] [stdout] warning: unused variable: `color2`
[INFO] [stdout]   --> src/lib.rs:30:41
[INFO] [stdout]    |
[INFO] [stdout] 30 |         pub fn mix(color1:PrimaryColors,color2:PrimaryColors)->SecondaryColors{
[INFO] [stdout]    |                                         ^^^^^^ help: if this is intentional, prefix it with an underscore: `_color2`
[INFO] [stdout] 
[INFO] [stdout] 
[INFO] [stderr]     Finished `dev` profile [optimized + debuginfo] target(s) in 0.11s
[INFO] running `Command { std: "docker" "inspect" "56990b9bcea07c724f21998183daaef3b3483b6f54c2ba0eee29a827dc77eb84", kill_on_drop: false }`
[INFO] running `Command { std: "docker" "rm" "-f" "56990b9bcea07c724f21998183daaef3b3483b6f54c2ba0eee29a827dc77eb84", kill_on_drop: false }`
[INFO] [stdout] 56990b9bcea07c724f21998183daaef3b3483b6f54c2ba0eee29a827dc77eb84
[INFO] running `Command { std: "docker" "create" "-v" "/var/lib/crater-agent-workspace/builds/worker-3-tc1/target:/opt/rustwide/target:rw,Z" "-v" "/var/lib/crater-agent-workspace/builds/worker-3-tc1/source:/opt/rustwide/workdir:ro,Z" "-v" "/var/lib/crater-agent-workspace/cargo-home:/opt/rustwide/cargo-home:ro,Z" "-v" "/var/lib/crater-agent-workspace/rustup-home:/opt/rustwide/rustup-home:ro,Z" "-e" "SOURCE_DIR=/opt/rustwide/workdir" "-e" "CARGO_TARGET_DIR=/opt/rustwide/target" "-e" "CARGO_INCREMENTAL=0" "-e" "RUST_BACKTRACE=full" "-e" "RUSTFLAGS=--cap-lints=forbid" "-e" "RUSTDOCFLAGS=--cap-lints=forbid" "-e" "CARGO_HOME=/opt/rustwide/cargo-home" "-e" "RUSTUP_HOME=/opt/rustwide/rustup-home" "-w" "/opt/rustwide/workdir" "-m" "1610612736" "--user" "0:0" "--network" "none" "ghcr.io/rust-lang/crates-build-env/linux@sha256:4a844ea9eb2546a2d2c7022eacef16ef2e8229c7fbb2c7d4d55a9ceca922f72d" "/opt/rustwide/cargo-home/bin/cargo" "+nightly-2024-10-28" "test" "--frozen" "--no-run" "--message-format=json", kill_on_drop: false }`
[INFO] [stdout] f21964685bcae19894834611c715365f8617070fc0efc534577eb94cfe857c2d
[INFO] running `Command { std: "docker" "start" "-a" "f21964685bcae19894834611c715365f8617070fc0efc534577eb94cfe857c2d", kill_on_drop: false }`
[INFO] [stderr]    Compiling mustafa_art v0.1.0 (/opt/rustwide/workdir)
[INFO] [stdout] warning: unused variable: `color1`
[INFO] [stdout]   --> src/lib.rs:30:20
[INFO] [stdout]    |
[INFO] [stdout] 30 |         pub fn mix(color1:PrimaryColors,color2:PrimaryColors)->SecondaryColors{
[INFO] [stdout]    |                    ^^^^^^ help: if this is intentional, prefix it with an underscore: `_color1`
[INFO] [stdout]    |
[INFO] [stdout]    = note: `#[warn(unused_variables)]` on by default
[INFO] [stdout] 
[INFO] [stdout] 
[INFO] [stdout] warning: unused variable: `color2`
[INFO] [stdout]   --> src/lib.rs:30:41
[INFO] [stdout]    |
[INFO] [stdout] 30 |         pub fn mix(color1:PrimaryColors,color2:PrimaryColors)->SecondaryColors{
[INFO] [stdout]    |                                         ^^^^^^ help: if this is intentional, prefix it with an underscore: `_color2`
[INFO] [stdout] 
[INFO] [stdout] 
[INFO] [stdout] warning: unused variable: `color1`
[INFO] [stdout]   --> src/lib.rs:30:20
[INFO] [stdout]    |
[INFO] [stdout] 30 |         pub fn mix(color1:PrimaryColors,color2:PrimaryColors)->SecondaryColors{
[INFO] [stdout]    |                    ^^^^^^ help: if this is intentional, prefix it with an underscore: `_color1`
[INFO] [stdout]    |
[INFO] [stdout]    = note: `#[warn(unused_variables)]` on by default
[INFO] [stdout] 
[INFO] [stdout] 
[INFO] [stdout] warning: unused variable: `color2`
[INFO] [stdout]   --> src/lib.rs:30:41
[INFO] [stdout]    |
[INFO] [stdout] 30 |         pub fn mix(color1:PrimaryColors,color2:PrimaryColors)->SecondaryColors{
[INFO] [stdout]    |                                         ^^^^^^ help: if this is intentional, prefix it with an underscore: `_color2`
[INFO] [stdout] 
[INFO] [stdout] 
[INFO] [stderr]     Finished `test` profile [optimized + debuginfo] target(s) in 0.08s
[INFO] running `Command { std: "docker" "inspect" "f21964685bcae19894834611c715365f8617070fc0efc534577eb94cfe857c2d", kill_on_drop: false }`
[INFO] running `Command { std: "docker" "rm" "-f" "f21964685bcae19894834611c715365f8617070fc0efc534577eb94cfe857c2d", kill_on_drop: false }`
[INFO] [stdout] f21964685bcae19894834611c715365f8617070fc0efc534577eb94cfe857c2d
[INFO] running `Command { std: "docker" "create" "-v" "/var/lib/crater-agent-workspace/builds/worker-3-tc1/target:/opt/rustwide/target:rw,Z" "-v" "/var/lib/crater-agent-workspace/builds/worker-3-tc1/source:/opt/rustwide/workdir:ro,Z" "-v" "/var/lib/crater-agent-workspace/cargo-home:/opt/rustwide/cargo-home:ro,Z" "-v" "/var/lib/crater-agent-workspace/rustup-home:/opt/rustwide/rustup-home:ro,Z" "-e" "SOURCE_DIR=/opt/rustwide/workdir" "-e" "CARGO_TARGET_DIR=/opt/rustwide/target" "-e" "CARGO_INCREMENTAL=0" "-e" "RUST_BACKTRACE=full" "-e" "RUSTFLAGS=--cap-lints=forbid" "-e" "RUSTDOCFLAGS=--cap-lints=forbid" "-e" "CARGO_HOME=/opt/rustwide/cargo-home" "-e" "RUSTUP_HOME=/opt/rustwide/rustup-home" "-w" "/opt/rustwide/workdir" "-m" "1610612736" "--user" "0:0" "--network" "none" "ghcr.io/rust-lang/crates-build-env/linux@sha256:4a844ea9eb2546a2d2c7022eacef16ef2e8229c7fbb2c7d4d55a9ceca922f72d" "/opt/rustwide/cargo-home/bin/cargo" "+nightly-2024-10-28" "test" "--frozen", kill_on_drop: false }`
[INFO] [stdout] d6f448e27d14cea6f46546e2492a86d17f17c5b16a2e6b70d284ea5de6e4f3e6
[INFO] running `Command { std: "docker" "start" "-a" "d6f448e27d14cea6f46546e2492a86d17f17c5b16a2e6b70d284ea5de6e4f3e6", kill_on_drop: false }`
[INFO] [stderr] warning: unused variable: `color1`
[INFO] [stderr]   --> src/lib.rs:30:20
[INFO] [stderr]    |
[INFO] [stderr] 30 |         pub fn mix(color1:PrimaryColors,color2:PrimaryColors)->SecondaryColors{
[INFO] [stderr]    |                    ^^^^^^ help: if this is intentional, prefix it with an underscore: `_color1`
[INFO] [stderr]    |
[INFO] [stderr]    = note: `#[warn(unused_variables)]` on by default
[INFO] [stderr] 
[INFO] [stderr] warning: unused variable: `color2`
[INFO] [stderr]   --> src/lib.rs:30:41
[INFO] [stderr]    |
[INFO] [stderr] 30 |         pub fn mix(color1:PrimaryColors,color2:PrimaryColors)->SecondaryColors{
[INFO] [stderr]    |                                         ^^^^^^ help: if this is intentional, prefix it with an underscore: `_color2`
[INFO] [stderr] 
[INFO] [stderr] warning: `mustafa_art` (lib) generated 2 warnings
[INFO] [stderr] warning: `mustafa_art` (lib test) generated 2 warnings (2 duplicates)
[INFO] [stderr]     Finished `test` profile [optimized + debuginfo] target(s) in 0.00s
[INFO] [stderr]      Running unittests src/lib.rs (/opt/rustwide/target/debug/deps/mustafa_art-c0a3f9bc2fa4d085)
[INFO] [stdout] 
[INFO] [stdout] running 0 tests
[INFO] [stdout] 
[INFO] [stdout] test result: ok. 0 passed; 0 failed; 0 ignored; 0 measured; 0 filtered out; finished in 0.00s
[INFO] [stdout] 
[INFO] [stderr]      Running unittests src/main.rs (/opt/rustwide/target/debug/deps/mustafa_art-3aa5bbf21f7815b7)
[INFO] [stdout] 
[INFO] [stdout] running 0 tests
[INFO] [stdout] 
[INFO] [stdout] test result: ok. 0 passed; 0 failed; 0 ignored; 0 measured; 0 filtered out; finished in 0.00s
[INFO] [stdout] 
[INFO] [stderr]    Doc-tests mustafa_art
[INFO] [stdout] 
[INFO] [stdout] running 1 test
[INFO] [stdout] test src/lib.rs - mix (line 5) ... FAILED
[INFO] [stdout] 
[INFO] [stdout] failures:
[INFO] [stdout] 
[INFO] [stdout] ---- src/lib.rs - mix (line 5) stdout ----
[INFO] [stdout] error[E0433]: failed to resolve: use of undeclared crate or module `my_crates`
[INFO] [stdout]  --> src/lib.rs:7:13
[INFO] [stdout]   |
[INFO] [stdout] 4 |  let answer=my_crates::add_one(arg);
[INFO] [stdout]   |             ^^^^^^^^^ use of undeclared crate or module `my_crates`
[INFO] [stdout] 
[INFO] [stdout] error: aborting due to 1 previous error
[INFO] [stdout] 
[INFO] [stdout] For more information about this error, try `rustc --explain E0433`.
[INFO] [stdout] Couldn't compile the test.
[INFO] [stdout] 
[INFO] [stdout] failures:
[INFO] [stdout]     src/lib.rs - mix (line 5)
[INFO] [stdout] 
[INFO] [stdout] test result: FAILED. 0 passed; 1 failed; 0 ignored; 0 measured; 0 filtered out; finished in 0.29s
[INFO] [stdout] 
[INFO] [stderr] error: doctest failed, to rerun pass `--doc`
[INFO] running `Command { std: "docker" "inspect" "d6f448e27d14cea6f46546e2492a86d17f17c5b16a2e6b70d284ea5de6e4f3e6", kill_on_drop: false }`
[INFO] running `Command { std: "docker" "rm" "-f" "d6f448e27d14cea6f46546e2492a86d17f17c5b16a2e6b70d284ea5de6e4f3e6", kill_on_drop: false }`
[INFO] [stdout] d6f448e27d14cea6f46546e2492a86d17f17c5b16a2e6b70d284ea5de6e4f3e6
