[INFO] fetching crate musli-tests 0.0.26...
[INFO] testing musli-tests-0.0.26 against nightly-2024-10-28 for randomize-layout
[INFO] extracting crate musli-tests 0.0.26 into /workspace/builds/worker-1-tc1/source
[INFO] validating manifest of crates.io crate musli-tests 0.0.26 on toolchain nightly-2024-10-28
[INFO] running `Command { std: CARGO_HOME="/workspace/cargo-home" RUSTUP_HOME="/workspace/rustup-home" "/workspace/cargo-home/bin/cargo" "+nightly-2024-10-28" "metadata" "--manifest-path" "Cargo.toml" "--no-deps", kill_on_drop: false }`
[INFO] started tweaking crates.io crate musli-tests 0.0.26
[INFO] finished tweaking crates.io crate musli-tests 0.0.26
[INFO] tweaked toml for crates.io crate musli-tests 0.0.26 written to /workspace/builds/worker-1-tc1/source/Cargo.toml
[INFO] crate crates.io crate musli-tests 0.0.26 already has a lockfile, it will not be regenerated
[INFO] running `Command { std: CARGO_HOME="/workspace/cargo-home" RUSTUP_HOME="/workspace/rustup-home" "/workspace/cargo-home/bin/cargo" "+nightly-2024-10-28" "fetch" "--manifest-path" "Cargo.toml", kill_on_drop: false }`
[INFO] [stderr]     Updating crates.io index
[INFO] [stderr]  Downloading crates ...
[INFO] [stderr]   Downloaded bytecheck v0.6.11
[INFO] [stderr]   Downloaded rkyv_derive v0.7.42
[INFO] [stderr]   Downloaded bytecheck_derive v0.6.11
[INFO] [stderr]   Downloaded rend v0.4.1
[INFO] [stderr]   Downloaded rkyv v0.7.42
[INFO] [stderr]   Downloaded residua-zigzag v0.1.0
[INFO] [stderr]   Downloaded os_str_bytes v6.5.1
[INFO] [stderr]   Downloaded trybuild v1.0.85
[INFO] [stderr]   Downloaded packagemerge v0.1.0
[INFO] [stderr]   Downloaded serde_bytes v0.11.12
[INFO] [stderr]   Downloaded bitcode_derive v0.1.4
[INFO] [stderr]   Downloaded from_bytes_or_zeroed v0.1.0
[INFO] [stderr]   Downloaded regex v1.10.0
[INFO] [stderr]   Downloaded itertools v0.4.19
[INFO] [stderr]   Downloaded bstr v1.7.0
[INFO] [stderr]   Downloaded regex-syntax v0.8.1
[INFO] [stderr]   Downloaded regex-automata v0.4.1
[INFO] [stderr]   Downloaded bitcode v0.4.0
[INFO] [stderr]   Downloaded musli-descriptive v0.0.72
[INFO] [stderr]   Downloaded musli-storage v0.0.72
[INFO] [stderr]   Downloaded musli-value v0.0.72
[INFO] [stderr]   Downloaded musli-wire v0.0.72
[INFO] [stderr]   Downloaded musli-common v0.0.72
[INFO] [stderr]   Downloaded basic-toml v0.1.4
[INFO] [stderr]   Downloaded dlhn v0.1.6
[INFO] [stderr]   Downloaded musli-json v0.0.72
[INFO] [stderr]   Downloaded musli-macros v0.0.72
[INFO] [stderr]   Downloaded musli v0.0.72
[INFO] [stderr]   Downloaded musli-zerocopy v0.0.72
[INFO] running `Command { std: "docker" "create" "-v" "/var/lib/crater-agent-workspace/builds/worker-1-tc1/target:/opt/rustwide/target:rw,Z" "-v" "/var/lib/crater-agent-workspace/builds/worker-1-tc1/source:/opt/rustwide/workdir:ro,Z" "-v" "/var/lib/crater-agent-workspace/cargo-home:/opt/rustwide/cargo-home:ro,Z" "-v" "/var/lib/crater-agent-workspace/rustup-home:/opt/rustwide/rustup-home:ro,Z" "-e" "SOURCE_DIR=/opt/rustwide/workdir" "-e" "CARGO_TARGET_DIR=/opt/rustwide/target" "-e" "CARGO_HOME=/opt/rustwide/cargo-home" "-e" "RUSTUP_HOME=/opt/rustwide/rustup-home" "-w" "/opt/rustwide/workdir" "-m" "1610612736" "--user" "0:0" "--network" "none" "ghcr.io/rust-lang/crates-build-env/linux@sha256:4a844ea9eb2546a2d2c7022eacef16ef2e8229c7fbb2c7d4d55a9ceca922f72d" "/opt/rustwide/cargo-home/bin/cargo" "+nightly-2024-10-28" "metadata" "--no-deps" "--format-version=1", kill_on_drop: false }`
[INFO] [stdout] 757be982fd1f98b17ea47a3be35563f8a69c35e2a126b858ee6af7c12edc89b8
[INFO] running `Command { std: "docker" "start" "-a" "757be982fd1f98b17ea47a3be35563f8a69c35e2a126b858ee6af7c12edc89b8", kill_on_drop: false }`
[INFO] running `Command { std: "docker" "inspect" "757be982fd1f98b17ea47a3be35563f8a69c35e2a126b858ee6af7c12edc89b8", kill_on_drop: false }`
[INFO] running `Command { std: "docker" "rm" "-f" "757be982fd1f98b17ea47a3be35563f8a69c35e2a126b858ee6af7c12edc89b8", kill_on_drop: false }`
[INFO] [stdout] 757be982fd1f98b17ea47a3be35563f8a69c35e2a126b858ee6af7c12edc89b8
[INFO] running `Command { std: "docker" "create" "-v" "/var/lib/crater-agent-workspace/builds/worker-1-tc1/target:/opt/rustwide/target:rw,Z" "-v" "/var/lib/crater-agent-workspace/builds/worker-1-tc1/source:/opt/rustwide/workdir:ro,Z" "-v" "/var/lib/crater-agent-workspace/cargo-home:/opt/rustwide/cargo-home:ro,Z" "-v" "/var/lib/crater-agent-workspace/rustup-home:/opt/rustwide/rustup-home:ro,Z" "-e" "SOURCE_DIR=/opt/rustwide/workdir" "-e" "CARGO_TARGET_DIR=/opt/rustwide/target" "-e" "CARGO_INCREMENTAL=0" "-e" "RUST_BACKTRACE=full" "-e" "RUSTFLAGS=--cap-lints=forbid" "-e" "RUSTDOCFLAGS=--cap-lints=forbid" "-e" "CARGO_HOME=/opt/rustwide/cargo-home" "-e" "RUSTUP_HOME=/opt/rustwide/rustup-home" "-w" "/opt/rustwide/workdir" "-m" "1610612736" "--user" "0:0" "--network" "none" "ghcr.io/rust-lang/crates-build-env/linux@sha256:4a844ea9eb2546a2d2c7022eacef16ef2e8229c7fbb2c7d4d55a9ceca922f72d" "/opt/rustwide/cargo-home/bin/cargo" "+nightly-2024-10-28" "build" "--frozen" "--message-format=json", kill_on_drop: false }`
[INFO] [stdout] eff6514aaadbe0da03757d0595763bab17d3c070ff78444f9b9c9a5edd357ba5
[INFO] running `Command { std: "docker" "start" "-a" "eff6514aaadbe0da03757d0595763bab17d3c070ff78444f9b9c9a5edd357ba5", kill_on_drop: false }`
[INFO] [stderr]    Compiling proc-macro2 v1.0.69
[INFO] [stderr]    Compiling libc v0.2.149
[INFO] [stderr]    Compiling ppv-lite86 v0.2.17
[INFO] [stderr]    Compiling anyhow v1.0.75
[INFO] [stderr]    Compiling lexical-util v0.8.5
[INFO] [stderr]    Compiling lexical-write-integer v0.8.5
[INFO] [stderr]    Compiling lexical-parse-integer v0.8.6
[INFO] [stderr]    Compiling lexical-write-float v0.8.5
[INFO] [stderr]    Compiling lexical-parse-float v0.8.5
[INFO] [stderr]    Compiling quote v1.0.33
[INFO] [stderr]    Compiling getrandom v0.2.10
[INFO] [stderr]    Compiling syn v2.0.38
[INFO] [stderr]    Compiling rand_core v0.6.4
[INFO] [stderr]    Compiling lexical-core v0.8.5
[INFO] [stderr]    Compiling rand_chacha v0.3.1
[INFO] [stderr]    Compiling lexical v6.1.1
[INFO] [stderr]    Compiling rand v0.8.5
[INFO] [stderr]    Compiling musli-macros v0.0.72
[INFO] [stderr]    Compiling musli v0.0.72
[INFO] [stderr]    Compiling musli-common v0.0.72
[INFO] [stderr]    Compiling musli-storage v0.0.72
[INFO] [stderr]    Compiling musli-json v0.0.72
[INFO] [stderr]    Compiling musli-descriptive v0.0.72
[INFO] [stderr]    Compiling musli-wire v0.0.72
[INFO] [stderr]    Compiling musli-value v0.0.72
[INFO] [stderr]    Compiling musli-tests v0.0.26 (/opt/rustwide/workdir)
[INFO] [stdout] warning: unused import: `self::full::*`
[INFO] [stdout]  --> src/utils/mod.rs:4:9
[INFO] [stdout]   |
[INFO] [stdout] 4 | pub use self::full::*;
[INFO] [stdout]   |         ^^^^^^^^^^^^^
[INFO] [stdout]   |
[INFO] [stdout]   = note: `#[warn(unused_imports)]` on by default
[INFO] [stdout] 
[INFO] [stdout] 
[INFO] [stdout] warning: unused import: `self::extra::*`
[INFO] [stdout]  --> src/utils/mod.rs:7:9
[INFO] [stdout]   |
[INFO] [stdout] 7 | pub use self::extra::*;
[INFO] [stdout]   |         ^^^^^^^^^^^^^^
[INFO] [stdout] 
[INFO] [stdout] 
[INFO] [stdout] warning: this function depends on never type fallback being `()`
[INFO] [stdout]    --> src/models.rs:155:46
[INFO] [stdout]     |
[INFO] [stdout] 155 | #[cfg_attr(feature = "musli", derive(Encode, Decode))]
[INFO] [stdout]     |                                              ^^^^^^
[INFO] [stdout]     |
[INFO] [stdout]     = warning: this was previously accepted by the compiler but is being phased out; it will become a hard error in a future release!
[INFO] [stdout]     = note: for more information, see issue #123748 <https://github.com/rust-lang/rust/issues/123748>
[INFO] [stdout]     = help: specify the types explicitly
[INFO] [stdout] note: in edition 2024, the requirement `!: Decode<'_, mode::Packed>` will fail
[INFO] [stdout]    --> src/models.rs:155:46
[INFO] [stdout]     |
[INFO] [stdout] 155 | #[cfg_attr(feature = "musli", derive(Encode, Decode))]
[INFO] [stdout]     |                                              ^^^^^^
[INFO] [stdout]     = note: `#[warn(dependency_on_unit_never_type_fallback)]` on by default
[INFO] [stdout]     = note: this warning originates in the derive macro `Decode` (in Nightly builds, run with -Z macro-backtrace for more info)
[INFO] [stdout] 
[INFO] [stdout] 
[INFO] [stdout] warning: this function depends on never type fallback being `()`
[INFO] [stdout]    --> src/models.rs:155:46
[INFO] [stdout]     |
[INFO] [stdout] 155 | #[cfg_attr(feature = "musli", derive(Encode, Decode))]
[INFO] [stdout]     |                                              ^^^^^^
[INFO] [stdout]     |
[INFO] [stdout]     = warning: this was previously accepted by the compiler but is being phased out; it will become a hard error in a future release!
[INFO] [stdout]     = note: for more information, see issue #123748 <https://github.com/rust-lang/rust/issues/123748>
[INFO] [stdout]     = help: specify the types explicitly
[INFO] [stdout] note: in edition 2024, the requirement `!: Decode<'_>` will fail
[INFO] [stdout]    --> src/models.rs:155:46
[INFO] [stdout]     |
[INFO] [stdout] 155 | #[cfg_attr(feature = "musli", derive(Encode, Decode))]
[INFO] [stdout]     |                                              ^^^^^^
[INFO] [stdout]     = note: this warning originates in the derive macro `Decode` (in Nightly builds, run with -Z macro-backtrace for more info)
[INFO] [stdout] 
[INFO] [stdout] 
[INFO] [stderr]     Finished `dev` profile [unoptimized + debuginfo] target(s) in 10.40s
[INFO] running `Command { std: "docker" "inspect" "eff6514aaadbe0da03757d0595763bab17d3c070ff78444f9b9c9a5edd357ba5", kill_on_drop: false }`
[INFO] running `Command { std: "docker" "rm" "-f" "eff6514aaadbe0da03757d0595763bab17d3c070ff78444f9b9c9a5edd357ba5", kill_on_drop: false }`
[INFO] [stdout] eff6514aaadbe0da03757d0595763bab17d3c070ff78444f9b9c9a5edd357ba5
[INFO] running `Command { std: "docker" "create" "-v" "/var/lib/crater-agent-workspace/builds/worker-1-tc1/target:/opt/rustwide/target:rw,Z" "-v" "/var/lib/crater-agent-workspace/builds/worker-1-tc1/source:/opt/rustwide/workdir:ro,Z" "-v" "/var/lib/crater-agent-workspace/cargo-home:/opt/rustwide/cargo-home:ro,Z" "-v" "/var/lib/crater-agent-workspace/rustup-home:/opt/rustwide/rustup-home:ro,Z" "-e" "SOURCE_DIR=/opt/rustwide/workdir" "-e" "CARGO_TARGET_DIR=/opt/rustwide/target" "-e" "CARGO_INCREMENTAL=0" "-e" "RUST_BACKTRACE=full" "-e" "RUSTFLAGS=--cap-lints=forbid" "-e" "RUSTDOCFLAGS=--cap-lints=forbid" "-e" "CARGO_HOME=/opt/rustwide/cargo-home" "-e" "RUSTUP_HOME=/opt/rustwide/rustup-home" "-w" "/opt/rustwide/workdir" "-m" "1610612736" "--user" "0:0" "--network" "none" "ghcr.io/rust-lang/crates-build-env/linux@sha256:4a844ea9eb2546a2d2c7022eacef16ef2e8229c7fbb2c7d4d55a9ceca922f72d" "/opt/rustwide/cargo-home/bin/cargo" "+nightly-2024-10-28" "test" "--frozen" "--no-run" "--message-format=json", kill_on_drop: false }`
[INFO] [stdout] 68042bcf19b3fa2d516ef55f6e602bdea0afddfada4c1554058ba2e74d46d0fb
[INFO] running `Command { std: "docker" "start" "-a" "68042bcf19b3fa2d516ef55f6e602bdea0afddfada4c1554058ba2e74d46d0fb", kill_on_drop: false }`
[INFO] [stderr]    Compiling serde v1.0.189
[INFO] [stderr]    Compiling crossbeam-utils v0.8.16
[INFO] [stderr]    Compiling regex-syntax v0.8.1
[INFO] [stderr]    Compiling rayon-core v1.12.0
[INFO] [stderr]    Compiling memoffset v0.9.0
[INFO] [stderr]    Compiling crossbeam-epoch v0.9.15
[INFO] [stderr]    Compiling num-traits v0.2.17
[INFO] [stderr]    Compiling plotters-backend v0.3.5
[INFO] [stderr]    Compiling indexmap v1.9.3
[INFO] [stderr]    Compiling ciborium-io v0.2.1
[INFO] [stderr]    Compiling os_str_bytes v6.5.1
[INFO] [stderr]    Compiling half v1.8.2
[INFO] [stderr]    Compiling serde_derive v1.0.189
[INFO] [stderr]    Compiling itertools v0.10.5
[INFO] [stderr]    Compiling textwrap v0.16.0
[INFO] [stderr]    Compiling cast v0.3.0
[INFO] [stderr]    Compiling trybuild v1.0.85
[INFO] [stderr]    Compiling walkdir v2.4.0
[INFO] [stderr]    Compiling ciborium-ll v0.2.1
[INFO] [stderr]    Compiling atty v0.2.14
[INFO] [stderr]    Compiling oorandom v11.1.3
[INFO] [stderr]    Compiling anes v0.1.6
[INFO] [stderr]    Compiling termcolor v1.3.0
[INFO] [stderr]    Compiling memchr v2.6.4
[INFO] [stderr]    Compiling clap_lex v0.2.4
[INFO] [stderr]    Compiling plotters-svg v0.3.5
[INFO] [stdout] warning: unused import: `self::full::*`
[INFO] [stdout]  --> src/utils/mod.rs:4:9
[INFO] [stdout]   |
[INFO] [stdout] 4 | pub use self::full::*;
[INFO] [stdout]   |         ^^^^^^^^^^^^^
[INFO] [stdout]   |
[INFO] [stdout]   = note: `#[warn(unused_imports)]` on by default
[INFO] [stdout] 
[INFO] [stdout] 
[INFO] [stdout] warning: unused import: `self::extra::*`
[INFO] [stdout]  --> src/utils/mod.rs:7:9
[INFO] [stdout]   |
[INFO] [stdout] 7 | pub use self::extra::*;
[INFO] [stdout]   |         ^^^^^^^^^^^^^^
[INFO] [stdout] 
[INFO] [stdout] 
[INFO] [stdout] warning: this function depends on never type fallback being `()`
[INFO] [stdout]    --> src/models.rs:155:46
[INFO] [stdout]     |
[INFO] [stdout] 155 | #[cfg_attr(feature = "musli", derive(Encode, Decode))]
[INFO] [stdout]     |                                              ^^^^^^
[INFO] [stdout]     |
[INFO] [stdout]     = warning: this was previously accepted by the compiler but is being phased out; it will become a hard error in a future release!
[INFO] [stdout]     = note: for more information, see issue #123748 <https://github.com/rust-lang/rust/issues/123748>
[INFO] [stdout]     = help: specify the types explicitly
[INFO] [stdout] note: in edition 2024, the requirement `!: Decode<'_, mode::Packed>` will fail
[INFO] [stdout]    --> src/models.rs:155:46
[INFO] [stdout]     |
[INFO] [stdout] 155 | #[cfg_attr(feature = "musli", derive(Encode, Decode))]
[INFO] [stdout]     |                                              ^^^^^^
[INFO] [stdout]     = note: `#[warn(dependency_on_unit_never_type_fallback)]` on by default
[INFO] [stdout]     = note: this warning originates in the derive macro `Decode` (in Nightly builds, run with -Z macro-backtrace for more info)
[INFO] [stdout] 
[INFO] [stdout] 
[INFO] [stdout] warning: this function depends on never type fallback being `()`
[INFO] [stdout]    --> src/models.rs:155:46
[INFO] [stdout]     |
[INFO] [stdout] 155 | #[cfg_attr(feature = "musli", derive(Encode, Decode))]
[INFO] [stdout]     |                                              ^^^^^^
[INFO] [stdout]     |
[INFO] [stdout]     = warning: this was previously accepted by the compiler but is being phased out; it will become a hard error in a future release!
[INFO] [stdout]     = note: for more information, see issue #123748 <https://github.com/rust-lang/rust/issues/123748>
[INFO] [stdout]     = help: specify the types explicitly
[INFO] [stdout] note: in edition 2024, the requirement `!: Decode<'_>` will fail
[INFO] [stdout]    --> src/models.rs:155:46
[INFO] [stdout]     |
[INFO] [stdout] 155 | #[cfg_attr(feature = "musli", derive(Encode, Decode))]
[INFO] [stdout]     |                                              ^^^^^^
[INFO] [stdout]     = note: this warning originates in the derive macro `Decode` (in Nightly builds, run with -Z macro-backtrace for more info)
[INFO] [stdout] 
[INFO] [stdout] 
[INFO] [stderr]    Compiling clap v3.2.25
[INFO] [stderr]    Compiling crossbeam-deque v0.8.3
[INFO] [stderr]    Compiling regex-automata v0.4.1
[INFO] [stderr]    Compiling plotters v0.3.5
[INFO] [stderr]    Compiling rayon v1.8.0
[INFO] [stderr]    Compiling criterion-plot v0.5.0
[INFO] [stderr]    Compiling regex v1.10.0
[INFO] [stderr]    Compiling bstr v1.7.0
[INFO] [stderr]    Compiling serde_json v1.0.107
[INFO] [stderr]    Compiling basic-toml v0.1.4
[INFO] [stderr]    Compiling ciborium v0.2.1
[INFO] [stderr]    Compiling tinytemplate v1.2.1
[INFO] [stderr]    Compiling criterion v0.4.0
[INFO] [stderr]    Compiling musli-tests v0.0.26 (/opt/rustwide/workdir)
[INFO] [stdout] warning: this function depends on never type fallback being `()`
[INFO] [stdout]  --> tests/test_bytes_compat.rs:4:36
[INFO] [stdout]   |
[INFO] [stdout] 4 | #[derive(Debug, PartialEq, Encode, Decode)]
[INFO] [stdout]   |                                    ^^^^^^
[INFO] [stdout]   |
[INFO] [stdout]   = warning: this was previously accepted by the compiler but is being phased out; it will become a hard error in a future release!
[INFO] [stdout]   = note: for more information, see issue #123748 <https://github.com/rust-lang/rust/issues/123748>
[INFO] [stdout]   = help: specify the types explicitly
[INFO] [stdout] note: in edition 2024, the requirement `!: Decode<'_, M>` will fail
[INFO] [stdout]  --> tests/test_bytes_compat.rs:4:36
[INFO] [stdout]   |
[INFO] [stdout] 4 | #[derive(Debug, PartialEq, Encode, Decode)]
[INFO] [stdout]   |                                    ^^^^^^
[INFO] [stdout]   = note: `#[warn(dependency_on_unit_never_type_fallback)]` on by default
[INFO] [stdout]   = note: this warning originates in the derive macro `Decode` (in Nightly builds, run with -Z macro-backtrace for more info)
[INFO] [stdout] 
[INFO] [stdout] 
[INFO] [stdout] warning: this function depends on never type fallback being `()`
[INFO] [stdout]  --> tests/test_struct.rs:3:36
[INFO] [stdout]   |
[INFO] [stdout] 3 | #[derive(Debug, PartialEq, Encode, Decode)]
[INFO] [stdout]   |                                    ^^^^^^
[INFO] [stdout]   |
[INFO] [stdout]   = warning: this was previously accepted by the compiler but is being phased out; it will become a hard error in a future release!
[INFO] [stdout]   = note: for more information, see issue #123748 <https://github.com/rust-lang/rust/issues/123748>
[INFO] [stdout]   = help: specify the types explicitly
[INFO] [stdout] note: in edition 2024, the requirement `!: Decode<'_, M>` will fail
[INFO] [stdout]  --> tests/test_struct.rs:3:36
[INFO] [stdout]   |
[INFO] [stdout] 3 | #[derive(Debug, PartialEq, Encode, Decode)]
[INFO] [stdout]   |                                    ^^^^^^
[INFO] [stdout]   = note: `#[warn(dependency_on_unit_never_type_fallback)]` on by default
[INFO] [stdout]   = note: this warning originates in the derive macro `Decode` (in Nightly builds, run with -Z macro-backtrace for more info)
[INFO] [stdout] 
[INFO] [stdout] 
[INFO] [stdout] warning: this function depends on never type fallback being `()`
[INFO] [stdout]  --> tests/test_skip_serializing_if.rs:3:36
[INFO] [stdout]   |
[INFO] [stdout] 3 | #[derive(Debug, PartialEq, Encode, Decode)]
[INFO] [stdout]   |                                    ^^^^^^
[INFO] [stdout]   |
[INFO] [stdout]   = warning: this was previously accepted by the compiler but is being phased out; it will become a hard error in a future release!
[INFO] [stdout]   = note: for more information, see issue #123748 <https://github.com/rust-lang/rust/issues/123748>
[INFO] [stdout]   = help: specify the types explicitly
[INFO] [stdout] note: in edition 2024, the requirement `!: Decode<'_, M>` will fail
[INFO] [stdout]  --> tests/test_skip_serializing_if.rs:3:36
[INFO] [stdout]   |
[INFO] [stdout] 3 | #[derive(Debug, PartialEq, Encode, Decode)]
[INFO] [stdout]   |                                    ^^^^^^
[INFO] [stdout]   = note: `#[warn(dependency_on_unit_never_type_fallback)]` on by default
[INFO] [stdout]   = note: this warning originates in the derive macro `Decode` (in Nightly builds, run with -Z macro-backtrace for more info)
[INFO] [stdout] 
[INFO] [stdout] 
[INFO] [stdout] warning: this function depends on never type fallback being `()`
[INFO] [stdout]  --> tests/test_pack_compat.rs:9:36
[INFO] [stdout]   |
[INFO] [stdout] 9 | #[derive(Debug, PartialEq, Encode, Decode)]
[INFO] [stdout]   |                                    ^^^^^^
[INFO] [stdout]   |
[INFO] [stdout]   = warning: this was previously accepted by the compiler but is being phased out; it will become a hard error in a future release!
[INFO] [stdout]   = note: for more information, see issue #123748 <https://github.com/rust-lang/rust/issues/123748>
[INFO] [stdout]   = help: specify the types explicitly
[INFO] [stdout] note: in edition 2024, the requirement `!: Decode<'_, M>` will fail
[INFO] [stdout]  --> tests/test_pack_compat.rs:9:36
[INFO] [stdout]   |
[INFO] [stdout] 9 | #[derive(Debug, PartialEq, Encode, Decode)]
[INFO] [stdout]   |                                    ^^^^^^
[INFO] [stdout]   = note: `#[warn(dependency_on_unit_never_type_fallback)]` on by default
[INFO] [stdout]   = note: this warning originates in the derive macro `Decode` (in Nightly builds, run with -Z macro-backtrace for more info)
[INFO] [stdout] 
[INFO] [stdout] 
[INFO] [stdout] warning: this function depends on never type fallback being `()`
[INFO] [stdout]  --> tests/test_decode_empty_variant.rs:3:36
[INFO] [stdout]   |
[INFO] [stdout] 3 | #[derive(Debug, PartialEq, Encode, Decode)]
[INFO] [stdout]   |                                    ^^^^^^
[INFO] [stdout]   |
[INFO] [stdout]   = warning: this was previously accepted by the compiler but is being phased out; it will become a hard error in a future release!
[INFO] [stdout]   = note: for more information, see issue #123748 <https://github.com/rust-lang/rust/issues/123748>
[INFO] [stdout]   = help: specify the types explicitly
[INFO] [stdout] note: in edition 2024, the requirement `!: Decode<'_, M>` will fail
[INFO] [stdout]  --> tests/test_decode_empty_variant.rs:3:36
[INFO] [stdout]   |
[INFO] [stdout] 3 | #[derive(Debug, PartialEq, Encode, Decode)]
[INFO] [stdout]   |                                    ^^^^^^
[INFO] [stdout]   = note: `#[warn(dependency_on_unit_never_type_fallback)]` on by default
[INFO] [stdout]   = note: this warning originates in the derive macro `Decode` (in Nightly builds, run with -Z macro-backtrace for more info)
[INFO] [stdout] 
[INFO] [stdout] 
[INFO] [stdout] warning: this function depends on never type fallback being `()`
[INFO] [stdout]  --> tests/test_tagged_enums.rs:3:36
[INFO] [stdout]   |
[INFO] [stdout] 3 | #[derive(Debug, PartialEq, Encode, Decode)]
[INFO] [stdout]   |                                    ^^^^^^
[INFO] [stdout]   |
[INFO] [stdout]   = warning: this was previously accepted by the compiler but is being phased out; it will become a hard error in a future release!
[INFO] [stdout]   = note: for more information, see issue #123748 <https://github.com/rust-lang/rust/issues/123748>
[INFO] [stdout]   = help: specify the types explicitly
[INFO] [stdout] note: in edition 2024, the requirement `!: Decode<'_, M>` will fail
[INFO] [stdout]  --> tests/test_tagged_enums.rs:3:36
[INFO] [stdout]   |
[INFO] [stdout] 3 | #[derive(Debug, PartialEq, Encode, Decode)]
[INFO] [stdout]   |                                    ^^^^^^
[INFO] [stdout]   = note: `#[warn(dependency_on_unit_never_type_fallback)]` on by default
[INFO] [stdout]   = note: this warning originates in the derive macro `Decode` (in Nightly builds, run with -Z macro-backtrace for more info)
[INFO] [stdout] 
[INFO] [stdout] 
[INFO] [stdout] warning: this function depends on never type fallback being `()`
[INFO] [stdout]  --> tests/test_field_compat.rs:9:49
[INFO] [stdout]   |
[INFO] [stdout] 9 | #[derive(Debug, Clone, Copy, PartialEq, Encode, Decode)]
[INFO] [stdout]   |                                                 ^^^^^^
[INFO] [stdout]   |
[INFO] [stdout]   = warning: this was previously accepted by the compiler but is being phased out; it will become a hard error in a future release!
[INFO] [stdout]   = note: for more information, see issue #123748 <https://github.com/rust-lang/rust/issues/123748>
[INFO] [stdout]   = help: specify the types explicitly
[INFO] [stdout] note: in edition 2024, the requirement `!: Decode<'_, M>` will fail
[INFO] [stdout]  --> tests/test_field_compat.rs:9:49
[INFO] [stdout]   |
[INFO] [stdout] 9 | #[derive(Debug, Clone, Copy, PartialEq, Encode, Decode)]
[INFO] [stdout]   |                                                 ^^^^^^
[INFO] [stdout]   = note: `#[warn(dependency_on_unit_never_type_fallback)]` on by default
[INFO] [stdout]   = note: this warning originates in the derive macro `Decode` (in Nightly builds, run with -Z macro-backtrace for more info)
[INFO] [stdout] 
[INFO] [stdout] 
[INFO] [stdout] warning: this function depends on never type fallback being `()`
[INFO] [stdout]   --> tests/test_field_compat.rs:46:36
[INFO] [stdout]    |
[INFO] [stdout] 46 | #[derive(Debug, PartialEq, Encode, Decode)]
[INFO] [stdout]    |                                    ^^^^^^
[INFO] [stdout]    |
[INFO] [stdout]    = warning: this was previously accepted by the compiler but is being phased out; it will become a hard error in a future release!
[INFO] [stdout]    = note: for more information, see issue #123748 <https://github.com/rust-lang/rust/issues/123748>
[INFO] [stdout]    = help: specify the types explicitly
[INFO] [stdout] note: in edition 2024, the requirement `!: Decode<'_, M>` will fail
[INFO] [stdout]   --> tests/test_field_compat.rs:46:36
[INFO] [stdout]    |
[INFO] [stdout] 46 | #[derive(Debug, PartialEq, Encode, Decode)]
[INFO] [stdout]    |                                    ^^^^^^
[INFO] [stdout]    = note: this warning originates in the derive macro `Decode` (in Nightly builds, run with -Z macro-backtrace for more info)
[INFO] [stdout] 
[INFO] [stdout] 
[INFO] [stdout] warning: this function depends on never type fallback being `()`
[INFO] [stdout]  --> tests/test_default_variant.rs:3:36
[INFO] [stdout]   |
[INFO] [stdout] 3 | #[derive(Debug, PartialEq, Encode, Decode)]
[INFO] [stdout]   |                                    ^^^^^^
[INFO] [stdout]   |
[INFO] [stdout]   = warning: this was previously accepted by the compiler but is being phased out; it will become a hard error in a future release!
[INFO] [stdout]   = note: for more information, see issue #123748 <https://github.com/rust-lang/rust/issues/123748>
[INFO] [stdout]   = help: specify the types explicitly
[INFO] [stdout] note: in edition 2024, the requirement `!: Decode<'_, M>` will fail
[INFO] [stdout]  --> tests/test_default_variant.rs:3:36
[INFO] [stdout]   |
[INFO] [stdout] 3 | #[derive(Debug, PartialEq, Encode, Decode)]
[INFO] [stdout]   |                                    ^^^^^^
[INFO] [stdout]   = note: `#[warn(dependency_on_unit_never_type_fallback)]` on by default
[INFO] [stdout]   = note: this warning originates in the derive macro `Decode` (in Nightly builds, run with -Z macro-backtrace for more info)
[INFO] [stdout] 
[INFO] [stdout] 
[INFO] [stdout] warning: this function depends on never type fallback being `()`
[INFO] [stdout]   --> tests/test_default_variant.rs:10:36
[INFO] [stdout]    |
[INFO] [stdout] 10 | #[derive(Debug, PartialEq, Encode, Decode)]
[INFO] [stdout]    |                                    ^^^^^^
[INFO] [stdout]    |
[INFO] [stdout]    = warning: this was previously accepted by the compiler but is being phased out; it will become a hard error in a future release!
[INFO] [stdout]    = note: for more information, see issue #123748 <https://github.com/rust-lang/rust/issues/123748>
[INFO] [stdout]    = help: specify the types explicitly
[INFO] [stdout] note: in edition 2024, the requirement `!: Decode<'_, M>` will fail
[INFO] [stdout]   --> tests/test_default_variant.rs:10:36
[INFO] [stdout]    |
[INFO] [stdout] 10 | #[derive(Debug, PartialEq, Encode, Decode)]
[INFO] [stdout]    |                                    ^^^^^^
[INFO] [stdout]    = note: this warning originates in the derive macro `Decode` (in Nightly builds, run with -Z macro-backtrace for more info)
[INFO] [stdout] 
[INFO] [stdout] 
[INFO] [stdout] warning: this function depends on never type fallback being `()`
[INFO] [stdout]  --> tests/test_sequence_compat.rs:4:36
[INFO] [stdout]   |
[INFO] [stdout] 4 | #[derive(Debug, PartialEq, Encode, Decode)]
[INFO] [stdout]   |                                    ^^^^^^
[INFO] [stdout]   |
[INFO] [stdout]   = warning: this was previously accepted by the compiler but is being phased out; it will become a hard error in a future release!
[INFO] [stdout]   = note: for more information, see issue #123748 <https://github.com/rust-lang/rust/issues/123748>
[INFO] [stdout]   = help: specify the types explicitly
[INFO] [stdout] note: in edition 2024, the requirement `!: Decode<'_, M>` will fail
[INFO] [stdout]  --> tests/test_sequence_compat.rs:4:36
[INFO] [stdout]   |
[INFO] [stdout] 4 | #[derive(Debug, PartialEq, Encode, Decode)]
[INFO] [stdout]   |                                    ^^^^^^
[INFO] [stdout]   = note: `#[warn(dependency_on_unit_never_type_fallback)]` on by default
[INFO] [stdout]   = note: this warning originates in the derive macro `Decode` (in Nightly builds, run with -Z macro-backtrace for more info)
[INFO] [stdout] 
[INFO] [stdout] 
[INFO] [stdout] warning: unused import: `self::full::*`
[INFO] [stdout]  --> src/utils/mod.rs:4:9
[INFO] [stdout]   |
[INFO] [stdout] 4 | pub use self::full::*;
[INFO] [stdout]   |         ^^^^^^^^^^^^^
[INFO] [stdout]   |
[INFO] [stdout]   = note: `#[warn(unused_imports)]` on by default
[INFO] [stdout] 
[INFO] [stdout] 
[INFO] [stdout] warning: unused import: `self::extra::*`
[INFO] [stdout]  --> src/utils/mod.rs:7:9
[INFO] [stdout]   |
[INFO] [stdout] 7 | pub use self::extra::*;
[INFO] [stdout]   |         ^^^^^^^^^^^^^^
[INFO] [stdout] 
[INFO] [stdout] 
[INFO] [stdout] warning: this function depends on never type fallback being `()`
[INFO] [stdout]  --> tests/test_primitives.rs:4:36
[INFO] [stdout]   |
[INFO] [stdout] 4 | #[derive(Debug, PartialEq, Encode, Decode)]
[INFO] [stdout]   |                                    ^^^^^^
[INFO] [stdout]   |
[INFO] [stdout]   = warning: this was previously accepted by the compiler but is being phased out; it will become a hard error in a future release!
[INFO] [stdout]   = note: for more information, see issue #123748 <https://github.com/rust-lang/rust/issues/123748>
[INFO] [stdout]   = help: specify the types explicitly
[INFO] [stdout] note: in edition 2024, the requirement `!: Decode<'_, M>` will fail
[INFO] [stdout]  --> tests/test_primitives.rs:4:36
[INFO] [stdout]   |
[INFO] [stdout] 4 | #[derive(Debug, PartialEq, Encode, Decode)]
[INFO] [stdout]   |                                    ^^^^^^
[INFO] [stdout]   = note: `#[warn(dependency_on_unit_never_type_fallback)]` on by default
[INFO] [stdout]   = note: this warning originates in the derive macro `Decode` (in Nightly builds, run with -Z macro-backtrace for more info)
[INFO] [stdout] 
[INFO] [stdout] 
[INFO] [stdout] warning: this function depends on never type fallback being `()`
[INFO] [stdout]    --> src/models.rs:155:46
[INFO] [stdout]     |
[INFO] [stdout] 155 | #[cfg_attr(feature = "musli", derive(Encode, Decode))]
[INFO] [stdout]     |                                              ^^^^^^
[INFO] [stdout]     |
[INFO] [stdout]     = warning: this was previously accepted by the compiler but is being phased out; it will become a hard error in a future release!
[INFO] [stdout]     = note: for more information, see issue #123748 <https://github.com/rust-lang/rust/issues/123748>
[INFO] [stdout]     = help: specify the types explicitly
[INFO] [stdout] note: in edition 2024, the requirement `!: Decode<'_, mode::Packed>` will fail
[INFO] [stdout]    --> src/models.rs:155:46
[INFO] [stdout]     |
[INFO] [stdout] 155 | #[cfg_attr(feature = "musli", derive(Encode, Decode))]
[INFO] [stdout]     |                                              ^^^^^^
[INFO] [stdout]     = note: `#[warn(dependency_on_unit_never_type_fallback)]` on by default
[INFO] [stdout]     = note: this warning originates in the derive macro `Decode` (in Nightly builds, run with -Z macro-backtrace for more info)
[INFO] [stdout] 
[INFO] [stdout] 
[INFO] [stdout] warning: this function depends on never type fallback being `()`
[INFO] [stdout]    --> src/models.rs:155:46
[INFO] [stdout]     |
[INFO] [stdout] 155 | #[cfg_attr(feature = "musli", derive(Encode, Decode))]
[INFO] [stdout]     |                                              ^^^^^^
[INFO] [stdout]     |
[INFO] [stdout]     = warning: this was previously accepted by the compiler but is being phased out; it will become a hard error in a future release!
[INFO] [stdout]     = note: for more information, see issue #123748 <https://github.com/rust-lang/rust/issues/123748>
[INFO] [stdout]     = help: specify the types explicitly
[INFO] [stdout] note: in edition 2024, the requirement `!: Decode<'_>` will fail
[INFO] [stdout]    --> src/models.rs:155:46
[INFO] [stdout]     |
[INFO] [stdout] 155 | #[cfg_attr(feature = "musli", derive(Encode, Decode))]
[INFO] [stdout]     |                                              ^^^^^^
[INFO] [stdout]     = note: this warning originates in the derive macro `Decode` (in Nightly builds, run with -Z macro-backtrace for more info)
[INFO] [stdout] 
[INFO] [stdout] 
[INFO] [stderr]     Finished `test` profile [unoptimized + debuginfo] target(s) in 14.72s
[INFO] running `Command { std: "docker" "inspect" "68042bcf19b3fa2d516ef55f6e602bdea0afddfada4c1554058ba2e74d46d0fb", kill_on_drop: false }`
[INFO] running `Command { std: "docker" "rm" "-f" "68042bcf19b3fa2d516ef55f6e602bdea0afddfada4c1554058ba2e74d46d0fb", kill_on_drop: false }`
[INFO] [stdout] 68042bcf19b3fa2d516ef55f6e602bdea0afddfada4c1554058ba2e74d46d0fb
[INFO] running `Command { std: "docker" "create" "-v" "/var/lib/crater-agent-workspace/builds/worker-1-tc1/target:/opt/rustwide/target:rw,Z" "-v" "/var/lib/crater-agent-workspace/builds/worker-1-tc1/source:/opt/rustwide/workdir:ro,Z" "-v" "/var/lib/crater-agent-workspace/cargo-home:/opt/rustwide/cargo-home:ro,Z" "-v" "/var/lib/crater-agent-workspace/rustup-home:/opt/rustwide/rustup-home:ro,Z" "-e" "SOURCE_DIR=/opt/rustwide/workdir" "-e" "CARGO_TARGET_DIR=/opt/rustwide/target" "-e" "CARGO_INCREMENTAL=0" "-e" "RUST_BACKTRACE=full" "-e" "RUSTFLAGS=--cap-lints=forbid" "-e" "RUSTDOCFLAGS=--cap-lints=forbid" "-e" "CARGO_HOME=/opt/rustwide/cargo-home" "-e" "RUSTUP_HOME=/opt/rustwide/rustup-home" "-w" "/opt/rustwide/workdir" "-m" "1610612736" "--user" "0:0" "--network" "none" "ghcr.io/rust-lang/crates-build-env/linux@sha256:4a844ea9eb2546a2d2c7022eacef16ef2e8229c7fbb2c7d4d55a9ceca922f72d" "/opt/rustwide/cargo-home/bin/cargo" "+nightly-2024-10-28" "test" "--frozen", kill_on_drop: false }`
[INFO] [stdout] a4a0780c0e92aaf830939a1dc9316dffec591e5f875fe86f27424f207697ef61
[INFO] running `Command { std: "docker" "start" "-a" "a4a0780c0e92aaf830939a1dc9316dffec591e5f875fe86f27424f207697ef61", kill_on_drop: false }`
[INFO] [stderr] warning: unused import: `self::full::*`
[INFO] [stderr]  --> src/utils/mod.rs:4:9
[INFO] [stderr]   |
[INFO] [stderr] 4 | pub use self::full::*;
[INFO] [stderr]   |         ^^^^^^^^^^^^^
[INFO] [stderr]   |
[INFO] [stderr]   = note: `#[warn(unused_imports)]` on by default
[INFO] [stderr] 
[INFO] [stderr] warning: unused import: `self::extra::*`
[INFO] [stderr]  --> src/utils/mod.rs:7:9
[INFO] [stderr]   |
[INFO] [stderr] 7 | pub use self::extra::*;
[INFO] [stderr]   |         ^^^^^^^^^^^^^^
[INFO] [stderr] 
[INFO] [stderr] warning: this function depends on never type fallback being `()`
[INFO] [stderr]    --> src/models.rs:155:46
[INFO] [stderr]     |
[INFO] [stderr] 155 | #[cfg_attr(feature = "musli", derive(Encode, Decode))]
[INFO] [stderr]     |                                              ^^^^^^
[INFO] [stderr]     |
[INFO] [stderr]     = warning: this was previously accepted by the compiler but is being phased out; it will become a hard error in a future release!
[INFO] [stderr]     = note: for more information, see issue #123748 <https://github.com/rust-lang/rust/issues/123748>
[INFO] [stderr]     = help: specify the types explicitly
[INFO] [stderr] note: in edition 2024, the requirement `!: Decode<'_, mode::Packed>` will fail
[INFO] [stderr]    --> src/models.rs:155:46
[INFO] [stderr]     |
[INFO] [stderr] 155 | #[cfg_attr(feature = "musli", derive(Encode, Decode))]
[INFO] [stderr]     |                                              ^^^^^^
[INFO] [stderr]     = note: `#[warn(dependency_on_unit_never_type_fallback)]` on by default
[INFO] [stderr]     = note: this warning originates in the derive macro `Decode` (in Nightly builds, run with -Z macro-backtrace for more info)
[INFO] [stderr] 
[INFO] [stderr] warning: this function depends on never type fallback being `()`
[INFO] [stderr]    --> src/models.rs:155:46
[INFO] [stderr]     |
[INFO] [stderr] 155 | #[cfg_attr(feature = "musli", derive(Encode, Decode))]
[INFO] [stderr]     |                                              ^^^^^^
[INFO] [stderr]     |
[INFO] [stderr]     = warning: this was previously accepted by the compiler but is being phased out; it will become a hard error in a future release!
[INFO] [stderr]     = note: for more information, see issue #123748 <https://github.com/rust-lang/rust/issues/123748>
[INFO] [stderr]     = help: specify the types explicitly
[INFO] [stderr] note: in edition 2024, the requirement `!: Decode<'_>` will fail
[INFO] [stderr]    --> src/models.rs:155:46
[INFO] [stderr]     |
[INFO] [stderr] 155 | #[cfg_attr(feature = "musli", derive(Encode, Decode))]
[INFO] [stderr]     |                                              ^^^^^^
[INFO] [stderr]     = note: this warning originates in the derive macro `Decode` (in Nightly builds, run with -Z macro-backtrace for more info)
[INFO] [stderr] 
[INFO] [stderr] warning: `musli-tests` (lib) generated 4 warnings (run `cargo fix --lib -p musli-tests` to apply 2 suggestions)
[INFO] [stderr] warning: `musli-tests` (lib test) generated 4 warnings (4 duplicates)
[INFO] [stderr] warning: this function depends on never type fallback being `()`
[INFO] [stderr]  --> tests/test_sequence_compat.rs:4:36
[INFO] [stderr]   |
[INFO] [stderr] 4 | #[derive(Debug, PartialEq, Encode, Decode)]
[INFO] [stderr]   |                                    ^^^^^^
[INFO] [stderr]   |
[INFO] [stderr]   = warning: this was previously accepted by the compiler but is being phased out; it will become a hard error in a future release!
[INFO] [stderr]   = note: for more information, see issue #123748 <https://github.com/rust-lang/rust/issues/123748>
[INFO] [stderr]   = help: specify the types explicitly
[INFO] [stderr] note: in edition 2024, the requirement `!: Decode<'_, M>` will fail
[INFO] [stderr]  --> tests/test_sequence_compat.rs:4:36
[INFO] [stderr]   |
[INFO] [stderr] 4 | #[derive(Debug, PartialEq, Encode, Decode)]
[INFO] [stderr]   |                                    ^^^^^^
[INFO] [stderr]   = note: `#[warn(dependency_on_unit_never_type_fallback)]` on by default
[INFO] [stderr]   = note: this warning originates in the derive macro `Decode` (in Nightly builds, run with -Z macro-backtrace for more info)
[INFO] [stderr] 
[INFO] [stderr] warning: this function depends on never type fallback being `()`
[INFO] [stderr]  --> tests/test_field_compat.rs:9:49
[INFO] [stderr]   |
[INFO] [stderr] 9 | #[derive(Debug, Clone, Copy, PartialEq, Encode, Decode)]
[INFO] [stderr]   |                                                 ^^^^^^
[INFO] [stderr]   |
[INFO] [stderr]   = warning: this was previously accepted by the compiler but is being phased out; it will become a hard error in a future release!
[INFO] [stderr]   = note: for more information, see issue #123748 <https://github.com/rust-lang/rust/issues/123748>
[INFO] [stderr]   = help: specify the types explicitly
[INFO] [stderr] note: in edition 2024, the requirement `!: Decode<'_, M>` will fail
[INFO] [stderr]  --> tests/test_field_compat.rs:9:49
[INFO] [stderr]   |
[INFO] [stderr] 9 | #[derive(Debug, Clone, Copy, PartialEq, Encode, Decode)]
[INFO] [stderr]   |                                                 ^^^^^^
[INFO] [stderr]   = note: `#[warn(dependency_on_unit_never_type_fallback)]` on by default
[INFO] [stderr]   = note: this warning originates in the derive macro `Decode` (in Nightly builds, run with -Z macro-backtrace for more info)
[INFO] [stderr] 
[INFO] [stderr] warning: this function depends on never type fallback being `()`
[INFO] [stderr]   --> tests/test_field_compat.rs:46:36
[INFO] [stderr]    |
[INFO] [stderr] 46 | #[derive(Debug, PartialEq, Encode, Decode)]
[INFO] [stderr]    |                                    ^^^^^^
[INFO] [stderr]    |
[INFO] [stderr]    = warning: this was previously accepted by the compiler but is being phased out; it will become a hard error in a future release!
[INFO] [stderr]    = note: for more information, see issue #123748 <https://github.com/rust-lang/rust/issues/123748>
[INFO] [stderr]    = help: specify the types explicitly
[INFO] [stderr] note: in edition 2024, the requirement `!: Decode<'_, M>` will fail
[INFO] [stderr]   --> tests/test_field_compat.rs:46:36
[INFO] [stderr]    |
[INFO] [stderr] 46 | #[derive(Debug, PartialEq, Encode, Decode)]
[INFO] [stderr]    |                                    ^^^^^^
[INFO] [stderr]    = note: this warning originates in the derive macro `Decode` (in Nightly builds, run with -Z macro-backtrace for more info)
[INFO] [stderr] 
[INFO] [stderr] warning: this function depends on never type fallback being `()`
[INFO] [stderr]  --> tests/test_struct.rs:3:36
[INFO] [stderr]   |
[INFO] [stderr] 3 | #[derive(Debug, PartialEq, Encode, Decode)]
[INFO] [stderr]   |                                    ^^^^^^
[INFO] [stderr]   |
[INFO] [stderr]   = warning: this was previously accepted by the compiler but is being phased out; it will become a hard error in a future release!
[INFO] [stderr]   = note: for more information, see issue #123748 <https://github.com/rust-lang/rust/issues/123748>
[INFO] [stderr]   = help: specify the types explicitly
[INFO] [stderr] note: in edition 2024, the requirement `!: Decode<'_, M>` will fail
[INFO] [stderr]  --> tests/test_struct.rs:3:36
[INFO] [stderr]   |
[INFO] [stderr] 3 | #[derive(Debug, PartialEq, Encode, Decode)]
[INFO] [stderr]   |                                    ^^^^^^
[INFO] [stderr]   = note: `#[warn(dependency_on_unit_never_type_fallback)]` on by default
[INFO] [stderr]   = note: this warning originates in the derive macro `Decode` (in Nightly builds, run with -Z macro-backtrace for more info)
[INFO] [stderr] 
[INFO] [stderr] warning: this function depends on never type fallback being `()`
[INFO] [stderr]  --> tests/test_decode_empty_variant.rs:3:36
[INFO] [stderr]   |
[INFO] [stderr] 3 | #[derive(Debug, PartialEq, Encode, Decode)]
[INFO] [stderr]   |                                    ^^^^^^
[INFO] [stderr]   |
[INFO] [stderr]   = warning: this was previously accepted by the compiler but is being phased out; it will become a hard error in a future release!
[INFO] [stderr]   = note: for more information, see issue #123748 <https://github.com/rust-lang/rust/issues/123748>
[INFO] [stderr]   = help: specify the types explicitly
[INFO] [stderr] note: in edition 2024, the requirement `!: Decode<'_, M>` will fail
[INFO] [stderr]  --> tests/test_decode_empty_variant.rs:3:36
[INFO] [stderr]   |
[INFO] [stderr] 3 | #[derive(Debug, PartialEq, Encode, Decode)]
[INFO] [stderr]   |                                    ^^^^^^
[INFO] [stderr]   = note: `#[warn(dependency_on_unit_never_type_fallback)]` on by default
[INFO] [stderr]   = note: this warning originates in the derive macro `Decode` (in Nightly builds, run with -Z macro-backtrace for more info)
[INFO] [stderr] 
[INFO] [stderr] warning: this function depends on never type fallback being `()`
[INFO] [stderr]  --> tests/test_default_variant.rs:3:36
[INFO] [stderr]   |
[INFO] [stderr] 3 | #[derive(Debug, PartialEq, Encode, Decode)]
[INFO] [stderr]   |                                    ^^^^^^
[INFO] [stderr]   |
[INFO] [stderr]   = warning: this was previously accepted by the compiler but is being phased out; it will become a hard error in a future release!
[INFO] [stderr]   = note: for more information, see issue #123748 <https://github.com/rust-lang/rust/issues/123748>
[INFO] [stderr]   = help: specify the types explicitly
[INFO] [stderr] note: in edition 2024, the requirement `!: Decode<'_, M>` will fail
[INFO] [stderr]  --> tests/test_default_variant.rs:3:36
[INFO] [stderr]   |
[INFO] [stderr] 3 | #[derive(Debug, PartialEq, Encode, Decode)]
[INFO] [stderr]   |                                    ^^^^^^
[INFO] [stderr]   = note: `#[warn(dependency_on_unit_never_type_fallback)]` on by default
[INFO] [stderr]   = note: this warning originates in the derive macro `Decode` (in Nightly builds, run with -Z macro-backtrace for more info)
[INFO] [stderr] 
[INFO] [stderr] warning: this function depends on never type fallback being `()`
[INFO] [stderr]   --> tests/test_default_variant.rs:10:36
[INFO] [stderr]    |
[INFO] [stderr] 10 | #[derive(Debug, PartialEq, Encode, Decode)]
[INFO] [stderr]    |                                    ^^^^^^
[INFO] [stderr]    |
[INFO] [stderr]    = warning: this was previously accepted by the compiler but is being phased out; it will become a hard error in a future release!
[INFO] [stderr]    = note: for more information, see issue #123748 <https://github.com/rust-lang/rust/issues/123748>
[INFO] [stderr]    = help: specify the types explicitly
[INFO] [stderr] note: in edition 2024, the requirement `!: Decode<'_, M>` will fail
[INFO] [stderr]   --> tests/test_default_variant.rs:10:36
[INFO] [stderr]    |
[INFO] [stderr] 10 | #[derive(Debug, PartialEq, Encode, Decode)]
[INFO] [stderr]    |                                    ^^^^^^
[INFO] [stderr]    = note: this warning originates in the derive macro `Decode` (in Nightly builds, run with -Z macro-backtrace for more info)
[INFO] [stderr] 
[INFO] [stderr] warning: this function depends on never type fallback being `()`
[INFO] [stderr]  --> tests/test_skip_serializing_if.rs:3:36
[INFO] [stderr]   |
[INFO] [stderr] 3 | #[derive(Debug, PartialEq, Encode, Decode)]
[INFO] [stderr]   |                                    ^^^^^^
[INFO] [stderr]   |
[INFO] [stderr]   = warning: this was previously accepted by the compiler but is being phased out; it will become a hard error in a future release!
[INFO] [stderr]   = note: for more information, see issue #123748 <https://github.com/rust-lang/rust/issues/123748>
[INFO] [stderr]   = help: specify the types explicitly
[INFO] [stderr] note: in edition 2024, the requirement `!: Decode<'_, M>` will fail
[INFO] [stderr]  --> tests/test_skip_serializing_if.rs:3:36
[INFO] [stderr]   |
[INFO] [stderr] 3 | #[derive(Debug, PartialEq, Encode, Decode)]
[INFO] [stderr]   |                                    ^^^^^^
[INFO] [stderr]   = note: `#[warn(dependency_on_unit_never_type_fallback)]` on by default
[INFO] [stderr]   = note: this warning originates in the derive macro `Decode` (in Nightly builds, run with -Z macro-backtrace for more info)
[INFO] [stderr] 
[INFO] [stderr] warning: `musli-tests` (test "test_sequence_compat") generated 1 warning
[INFO] [stderr] warning: `musli-tests` (test "test_field_compat") generated 2 warnings
[INFO] [stderr] warning: `musli-tests` (test "test_struct") generated 1 warning
[INFO] [stderr] warning: `musli-tests` (test "test_decode_empty_variant") generated 1 warning
[INFO] [stderr] warning: `musli-tests` (test "test_default_variant") generated 2 warnings
[INFO] [stderr] warning: `musli-tests` (test "test_skip_serializing_if") generated 1 warning
[INFO] [stderr] warning: this function depends on never type fallback being `()`
[INFO] [stderr]  --> tests/test_primitives.rs:4:36
[INFO] [stderr]   |
[INFO] [stderr] 4 | #[derive(Debug, PartialEq, Encode, Decode)]
[INFO] [stderr]   |                                    ^^^^^^
[INFO] [stderr]   |
[INFO] [stderr]   = warning: this was previously accepted by the compiler but is being phased out; it will become a hard error in a future release!
[INFO] [stderr]   = note: for more information, see issue #123748 <https://github.com/rust-lang/rust/issues/123748>
[INFO] [stderr]   = help: specify the types explicitly
[INFO] [stderr] note: in edition 2024, the requirement `!: Decode<'_, M>` will fail
[INFO] [stderr]  --> tests/test_primitives.rs:4:36
[INFO] [stderr]   |
[INFO] [stderr] 4 | #[derive(Debug, PartialEq, Encode, Decode)]
[INFO] [stderr]   |                                    ^^^^^^
[INFO] [stderr]   = note: `#[warn(dependency_on_unit_never_type_fallback)]` on by default
[INFO] [stderr]   = note: this warning originates in the derive macro `Decode` (in Nightly builds, run with -Z macro-backtrace for more info)
[INFO] [stderr] 
[INFO] [stderr] warning: this function depends on never type fallback being `()`
[INFO] [stderr]  --> tests/test_bytes_compat.rs:4:36
[INFO] [stderr]   |
[INFO] [stderr] 4 | #[derive(Debug, PartialEq, Encode, Decode)]
[INFO] [stderr]   |                                    ^^^^^^
[INFO] [stderr]   |
[INFO] [stderr]   = warning: this was previously accepted by the compiler but is being phased out; it will become a hard error in a future release!
[INFO] [stderr]   = note: for more information, see issue #123748 <https://github.com/rust-lang/rust/issues/123748>
[INFO] [stderr]   = help: specify the types explicitly
[INFO] [stderr] note: in edition 2024, the requirement `!: Decode<'_, M>` will fail
[INFO] [stderr]  --> tests/test_bytes_compat.rs:4:36
[INFO] [stderr]   |
[INFO] [stderr] 4 | #[derive(Debug, PartialEq, Encode, Decode)]
[INFO] [stderr]   |                                    ^^^^^^
[INFO] [stderr]   = note: `#[warn(dependency_on_unit_never_type_fallback)]` on by default
[INFO] [stderr]   = note: this warning originates in the derive macro `Decode` (in Nightly builds, run with -Z macro-backtrace for more info)
[INFO] [stderr] 
[INFO] [stderr] warning: this function depends on never type fallback being `()`
[INFO] [stderr]  --> tests/test_tagged_enums.rs:3:36
[INFO] [stderr]   |
[INFO] [stderr] 3 | #[derive(Debug, PartialEq, Encode, Decode)]
[INFO] [stderr]   |                                    ^^^^^^
[INFO] [stderr]   |
[INFO] [stderr]   = warning: this was previously accepted by the compiler but is being phased out; it will become a hard error in a future release!
[INFO] [stderr]   = note: for more information, see issue #123748 <https://github.com/rust-lang/rust/issues/123748>
[INFO] [stderr]   = help: specify the types explicitly
[INFO] [stderr] note: in edition 2024, the requirement `!: Decode<'_, M>` will fail
[INFO] [stderr]  --> tests/test_tagged_enums.rs:3:36
[INFO] [stderr]   |
[INFO] [stderr] 3 | #[derive(Debug, PartialEq, Encode, Decode)]
[INFO] [stderr]   |                                    ^^^^^^
[INFO] [stderr]   = note: `#[warn(dependency_on_unit_never_type_fallback)]` on by default
[INFO] [stderr]   = note: this warning originates in the derive macro `Decode` (in Nightly builds, run with -Z macro-backtrace for more info)
[INFO] [stderr] 
[INFO] [stderr] warning: this function depends on never type fallback being `()`
[INFO] [stderr]  --> tests/test_pack_compat.rs:9:36
[INFO] [stderr]   |
[INFO] [stderr] 9 | #[derive(Debug, PartialEq, Encode, Decode)]
[INFO] [stderr]   |                                    ^^^^^^
[INFO] [stderr]   |
[INFO] [stderr]   = warning: this was previously accepted by the compiler but is being phased out; it will become a hard error in a future release!
[INFO] [stderr]   = note: for more information, see issue #123748 <https://github.com/rust-lang/rust/issues/123748>
[INFO] [stderr]   = help: specify the types explicitly
[INFO] [stderr] note: in edition 2024, the requirement `!: Decode<'_, M>` will fail
[INFO] [stderr]  --> tests/test_pack_compat.rs:9:36
[INFO] [stderr]   |
[INFO] [stderr] 9 | #[derive(Debug, PartialEq, Encode, Decode)]
[INFO] [stderr]   |                                    ^^^^^^
[INFO] [stderr]   = note: `#[warn(dependency_on_unit_never_type_fallback)]` on by default
[INFO] [stderr]   = note: this warning originates in the derive macro `Decode` (in Nightly builds, run with -Z macro-backtrace for more info)
[INFO] [stderr] 
[INFO] [stderr] warning: `musli-tests` (test "test_primitives") generated 1 warning
[INFO] [stderr] warning: `musli-tests` (test "test_bytes_compat") generated 1 warning
[INFO] [stderr] warning: `musli-tests` (test "test_tagged_enums") generated 1 warning
[INFO] [stderr] warning: `musli-tests` (test "test_pack_compat") generated 1 warning
[INFO] [stderr]     Finished `test` profile [unoptimized + debuginfo] target(s) in 0.08s
[INFO] [stderr]      Running unittests src/lib.rs (/opt/rustwide/target/debug/deps/musli_tests-bf934a942b7ac9ac)
[INFO] [stdout] 
[INFO] [stdout] running 0 tests
[INFO] [stdout] 
[INFO] [stdout] test result: ok. 0 passed; 0 failed; 0 ignored; 0 measured; 0 filtered out; finished in 0.00s
[INFO] [stdout] 
[INFO] [stderr]      Running unittests src/bin/fuzz.rs (/opt/rustwide/target/debug/deps/fuzz-a95df844e70c9322)
[INFO] [stdout] 
[INFO] [stdout] running 0 tests
[INFO] [stdout] 
[INFO] [stdout] test result: ok. 0 passed; 0 failed; 0 ignored; 0 measured; 0 filtered out; finished in 0.00s
[INFO] [stdout] 
[INFO] [stderr]      Running tests/test_builtin.rs (/opt/rustwide/target/debug/deps/test_builtin-ee3b52598a2b646e)
[INFO] [stdout] 
[INFO] [stdout] running 1 test
[INFO] [stdout] test test_vec ... ok
[INFO] [stdout] 
[INFO] [stdout] test result: ok. 1 passed; 0 failed; 0 ignored; 0 measured; 0 filtered out; finished in 0.00s
[INFO] [stdout] 
[INFO] [stderr]      Running tests/test_bytes_compat.rs (/opt/rustwide/target/debug/deps/test_bytes_compat-5613ce46c5924db9)
[INFO] [stdout] 
[INFO] [stdout] running 1 test
[INFO] [stdout] test test_bytes_compat ... ok
[INFO] [stdout] 
[INFO] [stdout] test result: ok. 1 passed; 0 failed; 0 ignored; 0 measured; 0 filtered out; finished in 0.00s
[INFO] [stdout] 
[INFO] [stderr]      Running tests/test_complex_field.rs (/opt/rustwide/target/debug/deps/test_complex_field-888e1cf7037886f1)
[INFO] [stdout] 
[INFO] [stdout] running 5 tests
[INFO] [stdout] test test_bytes_tag_vec ... ok
[INFO] [stdout] test test_custom_struct_tag ... ok
[INFO] [stdout] test test_bytes_tag_in_enum ... ok
[INFO] [stdout] test test_custom_tag ... ok
[INFO] [stdout] test test_struct_with_bytes_tag ... ok
[INFO] [stdout] 
[INFO] [stdout] test result: ok. 5 passed; 0 failed; 0 ignored; 0 measured; 0 filtered out; finished in 0.00s
[INFO] [stdout] 
[INFO] [stderr]      Running tests/test_custom_tagging_json.rs (/opt/rustwide/target/debug/deps/test_custom_tagging_json-3b2d5e7900640810)
[INFO] [stdout] 
[INFO] [stdout] running 2 tests
[INFO] [stdout] test test_internally_tagged ... ignored, doesn't work right now
[INFO] [stdout] test test_adjacently_tagged ... ok
[INFO] [stdout] 
[INFO] [stdout] test result: ok. 1 passed; 0 failed; 1 ignored; 0 measured; 0 filtered out; finished in 0.00s
[INFO] [stdout] 
[INFO] [stderr]      Running tests/test_decode_empty_variant.rs (/opt/rustwide/target/debug/deps/test_decode_empty_variant-afeb45dd7d2e02a6)
[INFO] [stdout] 
[INFO] [stdout] running 1 test
[INFO] [stdout] test test_enum_with_empty_variant ... ok
[INFO] [stdout] 
[INFO] [stdout] test result: ok. 1 passed; 0 failed; 0 ignored; 0 measured; 0 filtered out; finished in 0.00s
[INFO] [stdout] 
[INFO] [stderr]      Running tests/test_default.rs (/opt/rustwide/target/debug/deps/test_default-dcaa33da182a8f96)
[INFO] [stdout] 
[INFO] [stdout] running 1 test
[INFO] [stdout] test test_decode_with_default ... ok
[INFO] [stdout] 
[INFO] [stdout] test result: ok. 1 passed; 0 failed; 0 ignored; 0 measured; 0 filtered out; finished in 0.00s
[INFO] [stdout] 
[INFO] [stderr]      Running tests/test_default_variant.rs (/opt/rustwide/target/debug/deps/test_default_variant-8313e788f0f6e3d1)
[INFO] [stdout] 
[INFO] [stdout] running 1 test
[INFO] [stdout] test test_fallback_variant ... ok
[INFO] [stdout] 
[INFO] [stdout] test result: ok. 1 passed; 0 failed; 0 ignored; 0 measured; 0 filtered out; finished in 0.00s
[INFO] [stdout] 
[INFO] [stderr]      Running tests/test_empty_enum.rs (/opt/rustwide/target/debug/deps/test_empty_enum-d1d3f2842f15a221)
[INFO] [stdout] 
[INFO] [stdout] running 1 test
[INFO] [stdout] test test_decode_empty ... ok
[INFO] [stdout] 
[INFO] [stdout] test result: ok. 1 passed; 0 failed; 0 ignored; 0 measured; 0 filtered out; finished in 0.00s
[INFO] [stdout] 
[INFO] [stderr]      Running tests/test_field_compat.rs (/opt/rustwide/target/debug/deps/test_field_compat-7a2f77395f8bacd4)
[INFO] [stdout] 
[INFO] [stdout] running 3 tests
[INFO] [stdout] test test_simple_struct_compat ... ok
[INFO] [stdout] test test_simple_struct_compat_to_empty ... ok
[INFO] [stdout] test test_simple_struct_to_enum_compat ... ok
[INFO] [stdout] 
[INFO] [stdout] test result: ok. 3 passed; 0 failed; 0 ignored; 0 measured; 0 filtered out; finished in 0.00s
[INFO] [stdout] 
[INFO] [stderr]      Running tests/test_generic_bounds.rs (/opt/rustwide/target/debug/deps/test_generic_bounds-259483326aa540b4)
[INFO] [stdout] 
[INFO] [stdout] running 1 test
[INFO] [stdout] test test_generic_with_bound ... ok
[INFO] [stdout] 
[INFO] [stdout] test result: ok. 1 passed; 0 failed; 0 ignored; 0 measured; 0 filtered out; finished in 0.00s
[INFO] [stdout] 
[INFO] [stderr]      Running tests/test_large_enum.rs (/opt/rustwide/target/debug/deps/test_large_enum-c90b85e1b39e3547)
[INFO] [stdout] 
[INFO] [stdout] running 1 test
[INFO] [stdout] test test_large_enum_string_variants ... ok
[INFO] [stdout] 
[INFO] [stdout] test result: ok. 1 passed; 0 failed; 0 ignored; 0 measured; 0 filtered out; finished in 0.00s
[INFO] [stdout] 
[INFO] [stderr]      Running tests/test_multiple_named_variants.rs (/opt/rustwide/target/debug/deps/test_multiple_named_variants-ad3a9a0a40efc8c3)
[INFO] [stdout] 
[INFO] [stdout] running 0 tests
[INFO] [stdout] 
[INFO] [stdout] test result: ok. 0 passed; 0 failed; 0 ignored; 0 measured; 0 filtered out; finished in 0.00s
[INFO] [stdout] 
[INFO] [stderr]      Running tests/test_numbers.rs (/opt/rustwide/target/debug/deps/test_numbers-06a84c22e4e2ae7b)
[INFO] [stdout] 
[INFO] [stdout] running 1 test
[INFO] [stdout] test test_signed_unpacked ... ok
[INFO] [stdout] 
[INFO] [stdout] test result: ok. 1 passed; 0 failed; 0 ignored; 0 measured; 0 filtered out; finished in 0.00s
[INFO] [stdout] 
[INFO] [stderr]      Running tests/test_pack_compat.rs (/opt/rustwide/target/debug/deps/test_pack_compat-3681094dea0ba6a6)
[INFO] [stdout] 
[INFO] [stdout] running 1 test
[INFO] [stdout] test test_packed_compat ... ok
[INFO] [stdout] 
[INFO] [stdout] test result: ok. 1 passed; 0 failed; 0 ignored; 0 measured; 0 filtered out; finished in 0.00s
[INFO] [stdout] 
[INFO] [stderr]      Running tests/test_primitives.rs (/opt/rustwide/target/debug/deps/test_primitives-bc0afa3b420f8708)
[INFO] [stdout] 
[INFO] [stdout] running 2 tests
[INFO] [stdout] test test_primitives_max ... ok
[INFO] [stdout] test test_primitives_min ... ok
[INFO] [stdout] 
[INFO] [stdout] test result: ok. 2 passed; 0 failed; 0 ignored; 0 measured; 0 filtered out; finished in 0.00s
[INFO] [stdout] 
[INFO] [stderr]      Running tests/test_sequence_compat.rs (/opt/rustwide/target/debug/deps/test_sequence_compat-5719e2dc3eb6ab0b)
[INFO] [stdout] 
[INFO] [stdout] running 1 test
[INFO] [stdout] test test_sequence_compat ... ok
[INFO] [stdout] 
[INFO] [stdout] test result: ok. 1 passed; 0 failed; 0 ignored; 0 measured; 0 filtered out; finished in 0.00s
[INFO] [stdout] 
[INFO] [stderr]      Running tests/test_skip_serialize.rs (/opt/rustwide/target/debug/deps/test_skip_serialize-ff5c850c804ff84e)
[INFO] [stdout] 
[INFO] [stdout] running 1 test
[INFO] [stdout] test test_skip_serialize ... ok
[INFO] [stdout] 
[INFO] [stdout] test result: ok. 1 passed; 0 failed; 0 ignored; 0 measured; 0 filtered out; finished in 0.00s
[INFO] [stdout] 
[INFO] [stderr]      Running tests/test_skip_serializing_if.rs (/opt/rustwide/target/debug/deps/test_skip_serializing_if-1e34753577bdf34a)
[INFO] [stdout] 
[INFO] [stdout] running 1 test
[INFO] [stdout] test test_skip_serializing_if_outer ... ok
[INFO] [stdout] 
[INFO] [stdout] test result: ok. 1 passed; 0 failed; 0 ignored; 0 measured; 0 filtered out; finished in 0.00s
[INFO] [stdout] 
[INFO] [stderr]      Running tests/test_str.rs (/opt/rustwide/target/debug/deps/test_str-e50a542c699d3d71)
[INFO] [stdout] 
[INFO] [stdout] running 1 test
[INFO] [stdout] test test_deserialize_roundtrip ... ok
[INFO] [stdout] 
[INFO] [stdout] test result: ok. 1 passed; 0 failed; 0 ignored; 0 measured; 0 filtered out; finished in 0.00s
[INFO] [stdout] 
[INFO] [stderr]      Running tests/test_struct.rs (/opt/rustwide/target/debug/deps/test_struct-6b1f52adb185355c)
[INFO] [stdout] 
[INFO] [stdout] running 1 test
[INFO] [stdout] test test_struct ... ok
[INFO] [stdout] 
[INFO] [stdout] test result: ok. 1 passed; 0 failed; 0 ignored; 0 measured; 0 filtered out; finished in 0.00s
[INFO] [stdout] 
[INFO] [stderr]      Running tests/test_struct_name.rs (/opt/rustwide/target/debug/deps/test_struct_name-796754b352dcb647)
[INFO] [stdout] 
[INFO] [stdout] running 2 tests
[INFO] [stdout] test struct_named_fields ... ignored, figure out what's going wrong
[INFO] [stdout] test struct_indexed_fields ... ok
[INFO] [stdout] 
[INFO] [stdout] test result: ok. 1 passed; 0 failed; 1 ignored; 0 measured; 0 filtered out; finished in 0.00s
[INFO] [stdout] 
[INFO] [stderr]      Running tests/test_tagged_enums.rs (/opt/rustwide/target/debug/deps/test_tagged_enums-cd824cdef3d20228)
[INFO] [stdout] 
[INFO] [stdout] running 1 test
[INFO] [stdout] test test_tagged_enums ... ok
[INFO] [stdout] 
[INFO] [stdout] test result: ok. 1 passed; 0 failed; 0 ignored; 0 measured; 0 filtered out; finished in 0.00s
[INFO] [stdout] 
[INFO] [stderr]      Running tests/test_tagged_fields.rs (/opt/rustwide/target/debug/deps/test_tagged_fields-38532734f3f9e8f5)
[INFO] [stdout] 
[INFO] [stdout] running 1 test
[INFO] [stdout] test test_struct_renamed ... ok
[INFO] [stdout] 
[INFO] [stdout] test result: ok. 1 passed; 0 failed; 0 ignored; 0 measured; 0 filtered out; finished in 0.00s
[INFO] [stdout] 
[INFO] [stderr]      Running tests/test_transparent.rs (/opt/rustwide/target/debug/deps/test_transparent-17ab894dd895584f)
[INFO] [stdout] 
[INFO] [stdout] running 2 tests
[INFO] [stdout] test test_transparent_enum ... ok
[INFO] [stdout] test test_transparent_struct ... ok
[INFO] [stdout] 
[INFO] [stdout] test result: ok. 2 passed; 0 failed; 0 ignored; 0 measured; 0 filtered out; finished in 0.00s
[INFO] [stdout] 
[INFO] [stderr]      Running tests/test_untagged_enums.rs (/opt/rustwide/target/debug/deps/test_untagged_enums-d6dcecbbe1fb404a)
[INFO] [stdout] 
[INFO] [stdout] running 1 test
[INFO] [stdout] test test_untagged_enums ... ok
[INFO] [stdout] 
[INFO] [stdout] test result: ok. 1 passed; 0 failed; 0 ignored; 0 measured; 0 filtered out; finished in 0.00s
[INFO] [stdout] 
[INFO] [stderr]      Running tests/test_untagged_variants.rs (/opt/rustwide/target/debug/deps/test_untagged_variants-2143640631a3e924)
[INFO] [stdout] 
[INFO] [stdout] running 2 tests
[INFO] [stdout] test test_untagged_single_field_variant ... ok
[INFO] [stdout] test test_untagged_variants ... ok
[INFO] [stdout] 
[INFO] [stdout] test result: ok. 2 passed; 0 failed; 0 ignored; 0 measured; 0 filtered out; finished in 0.00s
[INFO] [stdout] 
[INFO] [stderr]      Running tests/ui.rs (/opt/rustwide/target/debug/deps/ui-93d817b6e3b296fa)
[INFO] [stdout] 
[INFO] [stdout] running 1 test
[INFO] [stderr]    Compiling proc-macro2 v1.0.69
[INFO] [stderr]    Compiling autocfg v1.1.0
[INFO] [stderr]    Compiling unicode-ident v1.0.12
[INFO] [stderr]    Compiling cfg-if v1.0.0
[INFO] [stderr]    Compiling static_assertions v1.1.0
[INFO] [stderr]    Compiling libc v0.2.149
[INFO] [stderr]    Compiling crossbeam-utils v0.8.16
[INFO] [stderr]    Compiling serde v1.0.189
[INFO] [stderr]    Compiling ryu v1.0.15
[INFO] [stderr]    Compiling itoa v1.0.9
[INFO] [stderr]    Compiling scopeguard v1.2.0
[INFO] [stderr]    Compiling serde_json v1.0.107
[INFO] [stderr]    Compiling either v1.9.0
[INFO] [stderr]    Compiling rayon-core v1.12.0
[INFO] [stderr]    Compiling regex-syntax v0.8.1
[INFO] [stderr]    Compiling os_str_bytes v6.5.1
[INFO] [stderr]    Compiling lexical-util v0.8.5
[INFO] [stderr]    Compiling anyhow v1.0.75
[INFO] [stderr]    Compiling hashbrown v0.12.3
[INFO] [stderr]    Compiling half v1.8.2
[INFO] [stderr]    Compiling ppv-lite86 v0.2.17
[INFO] [stderr]    Compiling ciborium-io v0.2.1
[INFO] [stderr]    Compiling plotters-backend v0.3.5
[INFO] [stderr]    Compiling clap_lex v0.2.4
[INFO] [stderr]    Compiling bitflags v1.3.2
[INFO] [stderr]    Compiling itertools v0.10.5
[INFO] [stderr]    Compiling cast v0.3.0
[INFO] [stderr]    Compiling same-file v1.0.6
[INFO] [stderr]    Compiling ciborium-ll v0.2.1
[INFO] [stderr]    Compiling textwrap v0.16.0
[INFO] [stderr]    Compiling walkdir v2.4.0
[INFO] [stderr]    Compiling anes v0.1.6
[INFO] [stderr]    Compiling plotters-svg v0.3.5
[INFO] [stderr]    Compiling lazy_static v1.4.0
[INFO] [stderr]    Compiling memchr v2.6.4
[INFO] [stderr]    Compiling lexical-parse-integer v0.8.6
[INFO] [stderr]    Compiling lexical-write-integer v0.8.5
[INFO] [stderr]    Compiling memoffset v0.9.0
[INFO] [stderr]    Compiling crossbeam-epoch v0.9.15
[INFO] [stderr]    Compiling num-traits v0.2.17
[INFO] [stderr]    Compiling lexical-parse-float v0.8.5
[INFO] [stderr]    Compiling indexmap v1.9.3
[INFO] [stderr]    Compiling oorandom v11.1.3
[INFO] [stderr]    Compiling lexical-write-float v0.8.5
[INFO] [stderr]    Compiling quote v1.0.33
[INFO] [stderr]    Compiling syn v2.0.38
[INFO] [stderr]    Compiling getrandom v0.2.10
[INFO] [stderr]    Compiling atty v0.2.14
[INFO] [stderr]    Compiling lexical-core v0.8.5
[INFO] [stderr]    Compiling crossbeam-deque v0.8.3
[INFO] [stderr]    Compiling rand_core v0.6.4
[INFO] [stderr]    Compiling clap v3.2.25
[INFO] [stderr]    Compiling lexical v6.1.1
[INFO] [stderr]    Compiling rand_chacha v0.3.1
[INFO] [stderr]    Compiling regex-automata v0.4.1
[INFO] [stderr]    Compiling rand v0.8.5
[INFO] [stderr]    Compiling rayon v1.8.0
[INFO] [stderr]    Compiling criterion-plot v0.5.0
[INFO] [stderr]    Compiling plotters v0.3.5
[INFO] [stderr]    Compiling regex v1.10.0
[INFO] [stderr]    Compiling bstr v1.7.0
[INFO] [stderr]    Compiling musli-macros v0.0.72
[INFO] [stderr]    Compiling serde_derive v1.0.189
[INFO] [stderr]    Compiling musli v0.0.72
[INFO] [stderr]    Compiling musli-common v0.0.72
[INFO] [stderr]    Compiling musli-storage v0.0.72
[INFO] [stderr]    Compiling musli-json v0.0.72
[INFO] [stderr]    Compiling musli-descriptive v0.0.72
[INFO] [stderr]    Compiling musli-value v0.0.72
[INFO] [stderr]    Compiling musli-wire v0.0.72
[INFO] [stderr]    Compiling musli-tests v0.0.26 (/opt/rustwide/workdir)
[INFO] [stderr] warning: unused import: `self::full::*`
[INFO] [stderr]  --> /opt/rustwide/workdir/src/utils/mod.rs:4:9
[INFO] [stderr]   |
[INFO] [stderr] 4 | pub use self::full::*;
[INFO] [stderr]   |         ^^^^^^^^^^^^^
[INFO] [stderr]   |
[INFO] [stderr]   = note: `#[warn(unused_imports)]` on by default
[INFO] [stderr] 
[INFO] [stderr] warning: unused import: `self::extra::*`
[INFO] [stderr]  --> /opt/rustwide/workdir/src/utils/mod.rs:7:9
[INFO] [stderr]   |
[INFO] [stderr] 7 | pub use self::extra::*;
[INFO] [stderr]   |         ^^^^^^^^^^^^^^
[INFO] [stderr] 
[INFO] [stderr] warning: this function depends on never type fallback being `()`
[INFO] [stderr]    --> /opt/rustwide/workdir/src/models.rs:155:46
[INFO] [stderr]     |
[INFO] [stderr] 155 | #[cfg_attr(feature = "musli", derive(Encode, Decode))]
[INFO] [stderr]     |                                              ^^^^^^
[INFO] [stderr]     |
[INFO] [stderr]     = warning: this was previously accepted by the compiler but is being phased out; it will become a hard error in a future release!
[INFO] [stderr]     = note: for more information, see issue #123748 <https://github.com/rust-lang/rust/issues/123748>
[INFO] [stderr]     = help: specify the types explicitly
[INFO] [stderr] note: in edition 2024, the requirement `!: Decode<'_, mode::Packed>` will fail
[INFO] [stderr]    --> /opt/rustwide/workdir/src/models.rs:155:46
[INFO] [stderr]     |
[INFO] [stderr] 155 | #[cfg_attr(feature = "musli", derive(Encode, Decode))]
[INFO] [stderr]     |                                              ^^^^^^
[INFO] [stderr]     = note: `#[warn(dependency_on_unit_never_type_fallback)]` on by default
[INFO] [stderr]     = note: this warning originates in the derive macro `Decode` (in Nightly builds, run with -Z macro-backtrace for more info)
[INFO] [stderr] 
[INFO] [stderr] warning: this function depends on never type fallback being `()`
[INFO] [stderr]    --> /opt/rustwide/workdir/src/models.rs:155:46
[INFO] [stderr]     |
[INFO] [stderr] 155 | #[cfg_attr(feature = "musli", derive(Encode, Decode))]
[INFO] [stderr]     |                                              ^^^^^^
[INFO] [stderr]     |
[INFO] [stderr]     = warning: this was previously accepted by the compiler but is being phased out; it will become a hard error in a future release!
[INFO] [stderr]     = note: for more information, see issue #123748 <https://github.com/rust-lang/rust/issues/123748>
[INFO] [stderr]     = help: specify the types explicitly
[INFO] [stderr] note: in edition 2024, the requirement `!: Decode<'_>` will fail
[INFO] [stderr]    --> /opt/rustwide/workdir/src/models.rs:155:46
[INFO] [stderr]     |
[INFO] [stderr] 155 | #[cfg_attr(feature = "musli", derive(Encode, Decode))]
[INFO] [stderr]     |                                              ^^^^^^
[INFO] [stderr]     = note: this warning originates in the derive macro `Decode` (in Nightly builds, run with -Z macro-backtrace for more info)
[INFO] [stderr] 
[INFO] [stderr]    Compiling ciborium v0.2.1
[INFO] [stderr] warning: `musli-tests` (lib) generated 4 warnings (run `cargo fix --lib -p musli-tests` to apply 2 suggestions)
[INFO] [stderr]    Compiling tinytemplate v1.2.1
[INFO] [stderr]    Compiling criterion v0.4.0
[INFO] [stderr]    Compiling musli-tests-tests v0.0.0 (/opt/rustwide/target/tests/trybuild/musli-tests)
[INFO] [stderr]     Finished `dev` profile [unoptimized + debuginfo] target(s) in 12.48s
[INFO] [stderr] 
[INFO] [stderr] 
[INFO] [stderr] test tests/ui/combine_packed_transparent_error.rs [should fail to compile] ... ok
[INFO] [stderr] test tests/ui/custom_decoder_error.rs [should fail to compile] ... mismatch
[INFO] [stderr] 
[INFO] [stderr] EXPECTED:
[INFO] [stderr] ┈┈┈┈┈┈┈┈┈┈┈┈┈┈┈┈┈┈┈┈┈┈┈┈┈┈┈┈┈┈┈┈┈┈┈┈┈┈┈┈┈┈┈┈┈┈┈┈┈┈┈┈┈┈┈┈┈┈┈┈
[INFO] [stderr] error: expected identifier
[INFO] [stderr]  --> tests/ui/custom_decoder_error.rs:5:20
[INFO] [stderr]   |
[INFO] [stderr] 5 |     #[musli(with = "bytes")]
[INFO] [stderr]   |                    ^^^^^^^
[INFO] [stderr] ┈┈┈┈┈┈┈┈┈┈┈┈┈┈┈┈┈┈┈┈┈┈┈┈┈┈┈┈┈┈┈┈┈┈┈┈┈┈┈┈┈┈┈┈┈┈┈┈┈┈┈┈┈┈┈┈┈┈┈┈
[INFO] [stderr] 
[INFO] [stderr] ACTUAL OUTPUT:
[INFO] [stderr] ┈┈┈┈┈┈┈┈┈┈┈┈┈┈┈┈┈┈┈┈┈┈┈┈┈┈┈┈┈┈┈┈┈┈┈┈┈┈┈┈┈┈┈┈┈┈┈┈┈┈┈┈┈┈┈┈┈┈┈┈
[INFO] [stderr] error: expected identifier
[INFO] [stderr]  --> tests/ui/custom_decoder_error.rs:5:20
[INFO] [stderr]   |
[INFO] [stderr] 5 |     #[musli(with = "bytes")]
[INFO] [stderr]   |                    ^^^^^^^
[INFO] [stderr] 
[INFO] [stderr] warning: unused variable: `this`
[INFO] [stderr]   --> tests/ui/custom_decoder_error.rs:12:29
[INFO] [stderr]    |
[INFO] [stderr] 12 |     pub(crate) fn encode<E>(this: &[u8], mut encoder: E) -> Result<(), E::Error>
[INFO] [stderr]    |                             ^^^^ help: if this is intentional, prefix it with an underscore: `_this`
[INFO] [stderr]    |
[INFO] [stderr]    = note: `#[warn(unused_variables)]` on by default
[INFO] [stderr] 
[INFO] [stderr] warning: unused variable: `encoder`
[INFO] [stderr]   --> tests/ui/custom_decoder_error.rs:12:46
[INFO] [stderr]    |
[INFO] [stderr] 12 |     pub(crate) fn encode<E>(this: &[u8], mut encoder: E) -> Result<(), E::Error>
[INFO] [stderr]    |                                              ^^^^^^^ help: if this is intentional, prefix it with an underscore: `_encoder`
[INFO] [stderr] 
[INFO] [stderr] warning: variable does not need to be mutable
[INFO] [stderr]   --> tests/ui/custom_decoder_error.rs:12:42
[INFO] [stderr]    |
[INFO] [stderr] 12 |     pub(crate) fn encode<E>(this: &[u8], mut encoder: E) -> Result<(), E::Error>
[INFO] [stderr]    |                                          ----^^^^^^^
[INFO] [stderr]    |                                          |
[INFO] [stderr]    |                                          help: remove this `mut`
[INFO] [stderr]    |
[INFO] [stderr]    = note: `#[warn(unused_mut)]` on by default
[INFO] [stderr] 
[INFO] [stderr] warning: unused variable: `decoder`
[INFO] [stderr]   --> tests/ui/custom_decoder_error.rs:19:38
[INFO] [stderr]    |
[INFO] [stderr] 19 |     pub(crate) fn decode<'de, D>(mut decoder: D) -> Result<Vec<u8>, D::Error>
[INFO] [stderr]    |                                      ^^^^^^^ help: if this is intentional, prefix it with an underscore: `_decoder`
[INFO] [stderr] 
[INFO] [stderr] warning: variable does not need to be mutable
[INFO] [stderr]   --> tests/ui/custom_decoder_error.rs:19:34
[INFO] [stderr]    |
[INFO] [stderr] 19 |     pub(crate) fn decode<'de, D>(mut decoder: D) -> Result<Vec<u8>, D::Error>
[INFO] [stderr]    |                                  ----^^^^^^^
[INFO] [stderr]    |                                  |
[INFO] [stderr]    |                                  help: remove this `mut`
[INFO] [stderr] ┈┈┈┈┈┈┈┈┈┈┈┈┈┈┈┈┈┈┈┈┈┈┈┈┈┈┈┈┈┈┈┈┈┈┈┈┈┈┈┈┈┈┈┈┈┈┈┈┈┈┈┈┈┈┈┈┈┈┈┈
[INFO] [stderr] note: If the actual output is the correct output you can bless it by rerunning
[INFO] [stderr]       your test with the environment variable TRYBUILD=overwrite
[INFO] [stderr] 
[INFO] [stderr] test tests/ui/enum_content_tag_error.rs [should fail to compile] ... ok
[INFO] [stderr] test tests/ui/illegal_fallback_variant_error.rs [should fail to compile] ... mismatch
[INFO] [stderr] 
[INFO] [stderr] EXPECTED:
[INFO] [stderr] ┈┈┈┈┈┈┈┈┈┈┈┈┈┈┈┈┈┈┈┈┈┈┈┈┈┈┈┈┈┈┈┈┈┈┈┈┈┈┈┈┈┈┈┈┈┈┈┈┈┈┈┈┈┈┈┈┈┈┈┈
[INFO] [stderr] error: #[musli(default)] variant must be empty
[INFO] [stderr]  --> tests/ui/illegal_fallback_variant_error.rs:6:5
[INFO] [stderr]   |
[INFO] [stderr] 6 |     #[musli(default)]
[INFO] [stderr]   |     ^
[INFO] [stderr] 
[INFO] [stderr] error: #[musli(default)] only one fallback variant is supported
[INFO] [stderr]   --> tests/ui/illegal_fallback_variant_error.rs:17:5
[INFO] [stderr]    |
[INFO] [stderr] 17 |     #[musli(default)]
[INFO] [stderr]    |     ^
[INFO] [stderr] ┈┈┈┈┈┈┈┈┈┈┈┈┈┈┈┈┈┈┈┈┈┈┈┈┈┈┈┈┈┈┈┈┈┈┈┈┈┈┈┈┈┈┈┈┈┈┈┈┈┈┈┈┈┈┈┈┈┈┈┈
[INFO] [stderr] 
[INFO] [stderr] ACTUAL OUTPUT:
[INFO] [stderr] ┈┈┈┈┈┈┈┈┈┈┈┈┈┈┈┈┈┈┈┈┈┈┈┈┈┈┈┈┈┈┈┈┈┈┈┈┈┈┈┈┈┈┈┈┈┈┈┈┈┈┈┈┈┈┈┈┈┈┈┈
[INFO] [stderr] error: #[musli(default)] variant must be empty
[INFO] [stderr]  --> tests/ui/illegal_fallback_variant_error.rs:6:5
[INFO] [stderr]   |
[INFO] [stderr] 6 | /     #[musli(default)]
[INFO] [stderr] 7 | |     Variant {
[INFO] [stderr] 8 | |         field: u32,
[INFO] [stderr] 9 | |     }
[INFO] [stderr]   | |_____^
[INFO] [stderr] 
[INFO] [stderr] error: #[musli(default)] only one fallback variant is supported
[INFO] [stderr]   --> tests/ui/illegal_fallback_variant_error.rs:17:5
[INFO] [stderr]    |
[INFO] [stderr] 17 | /     #[musli(default)]
[INFO] [stderr] 18 | |     Fallback2,
[INFO] [stderr]    | |_____________^
[INFO] [stderr] ┈┈┈┈┈┈┈┈┈┈┈┈┈┈┈┈┈┈┈┈┈┈┈┈┈┈┈┈┈┈┈┈┈┈┈┈┈┈┈┈┈┈┈┈┈┈┈┈┈┈┈┈┈┈┈┈┈┈┈┈
[INFO] [stderr] note: If the actual output is the correct output you can bless it by rerunning
[INFO] [stderr]       your test with the environment variable TRYBUILD=overwrite
[INFO] [stderr] 
[INFO] [stderr] test tests/ui/private_fn_error.rs [should fail to compile] ... mismatch
[INFO] [stderr] 
[INFO] [stderr] EXPECTED:
[INFO] [stderr] ┈┈┈┈┈┈┈┈┈┈┈┈┈┈┈┈┈┈┈┈┈┈┈┈┈┈┈┈┈┈┈┈┈┈┈┈┈┈┈┈┈┈┈┈┈┈┈┈┈┈┈┈┈┈┈┈┈┈┈┈
[INFO] [stderr] error[E0603]: function `decode` is private
[INFO] [stderr]   --> tests/ui/private_fn_error.rs:5:26
[INFO] [stderr]    |
[INFO] [stderr] 5  |     #[musli(with = self::array::<_, 4>)]
[INFO] [stderr]    |                          ^^^^^ private function
[INFO] [stderr]    |
[INFO] [stderr] note: the function `decode` is defined here
[INFO] [stderr]   --> tests/ui/private_fn_error.rs:23:5
[INFO] [stderr]    |
[INFO] [stderr] 23 | /     fn decode<'de, M, C, D, T, const N: usize>(cx: &mut C, decoder: D) -> Result<[T; N], C::Error>
[INFO] [stderr] 24 | |     where
[INFO] [stderr] 25 | |         M: Mode,
[INFO] [stderr] 26 | |         C: Context<Input = D::Error>,
[INFO] [stderr] ...  |
[INFO] [stderr] 29 | |         todo!()
[INFO] [stderr] 30 | |     }
[INFO] [stderr]    | |_____^
[INFO] [stderr] ┈┈┈┈┈┈┈┈┈┈┈┈┈┈┈┈┈┈┈┈┈┈┈┈┈┈┈┈┈┈┈┈┈┈┈┈┈┈┈┈┈┈┈┈┈┈┈┈┈┈┈┈┈┈┈┈┈┈┈┈
[INFO] [stderr] 
[INFO] [stderr] ACTUAL OUTPUT:
[INFO] [stderr] ┈┈┈┈┈┈┈┈┈┈┈┈┈┈┈┈┈┈┈┈┈┈┈┈┈┈┈┈┈┈┈┈┈┈┈┈┈┈┈┈┈┈┈┈┈┈┈┈┈┈┈┈┈┈┈┈┈┈┈┈
[INFO] [stderr] error[E0603]: function `decode` is private
[INFO] [stderr]   --> tests/ui/private_fn_error.rs:5:26
[INFO] [stderr]    |
[INFO] [stderr] 5  |     #[musli(with = self::array::<_, 4>)]
[INFO] [stderr]    |                          ^^^^^^^^^^^^^ private function
[INFO] [stderr]    |
[INFO] [stderr] note: the function `decode` is defined here
[INFO] [stderr]   --> tests/ui/private_fn_error.rs:23:5
[INFO] [stderr]    |
[INFO] [stderr] 23 | /     fn decode<'de, M, C, D, T, const N: usize>(cx: &mut C, decoder: D) -> Result<[T; N], C::Error>
[INFO] [stderr] 24 | |     where
[INFO] [stderr] 25 | |         M: Mode,
[INFO] [stderr] 26 | |         C: Context<Input = D::Error>,
[INFO] [stderr] ...  |
[INFO] [stderr] 29 | |         todo!()
[INFO] [stderr] 30 | |     }
[INFO] [stderr]    | |_____^
[INFO] [stderr] 
[INFO] [stderr] warning: unused variable: `this`
[INFO] [stderr]   --> tests/ui/private_fn_error.rs:13:43
[INFO] [stderr]    |
[INFO] [stderr] 13 |     fn encode<M, E, C, T, const N: usize>(this: &[T; N], cx: &mut C, encoder: E) -> Result<E::Ok, C::Error>
[INFO] [stderr]    |                                           ^^^^ help: if this is intentional, prefix it with an underscore: `_this`
[INFO] [stderr]    |
[INFO] [stderr]    = note: `#[warn(unused_variables)]` on by default
[INFO] [stderr] 
[INFO] [stderr] warning: unused variable: `cx`
[INFO] [stderr]   --> tests/ui/private_fn_error.rs:13:58
[INFO] [stderr]    |
[INFO] [stderr] 13 |     fn encode<M, E, C, T, const N: usize>(this: &[T; N], cx: &mut C, encoder: E) -> Result<E::Ok, C::Error>
[INFO] [stderr]    |                                                          ^^ help: if this is intentional, prefix it with an underscore: `_cx`
[INFO] [stderr] 
[INFO] [stderr] warning: unused variable: `encoder`
[INFO] [stderr]   --> tests/ui/private_fn_error.rs:13:70
[INFO] [stderr]    |
[INFO] [stderr] 13 |     fn encode<M, E, C, T, const N: usize>(this: &[T; N], cx: &mut C, encoder: E) -> Result<E::Ok, C::Error>
[INFO] [stderr]    |                                                                      ^^^^^^^ help: if this is intentional, prefix it with an underscore: `_encoder`
[INFO] [stderr] 
[INFO] [stderr] warning: unused variable: `cx`
[INFO] [stderr]   --> tests/ui/private_fn_error.rs:23:48
[INFO] [stderr]    |
[INFO] [stderr] 23 |     fn decode<'de, M, C, D, T, const N: usize>(cx: &mut C, decoder: D) -> Result<[T; N], C::Error>
[INFO] [stderr]    |                                                ^^ help: if this is intentional, prefix it with an underscore: `_cx`
[INFO] [stderr] 
[INFO] [stderr] warning: unused variable: `decoder`
[INFO] [stderr]   --> tests/ui/private_fn_error.rs:23:60
[INFO] [stderr]    |
[INFO] [stderr] 23 |     fn decode<'de, M, C, D, T, const N: usize>(cx: &mut C, decoder: D) -> Result<[T; N], C::Error>
[INFO] [stderr]    |                                                            ^^^^^^^ help: if this is intentional, prefix it with an underscore: `_decoder`
[INFO] [stderr] ┈┈┈┈┈┈┈┈┈┈┈┈┈┈┈┈┈┈┈┈┈┈┈┈┈┈┈┈┈┈┈┈┈┈┈┈┈┈┈┈┈┈┈┈┈┈┈┈┈┈┈┈┈┈┈┈┈┈┈┈
[INFO] [stderr] note: If the actual output is the correct output you can bless it by rerunning
[INFO] [stderr]       your test with the environment variable TRYBUILD=overwrite
[INFO] [stderr] 
[INFO] [stderr] test tests/ui/transparent_error.rs [should fail to compile] ... mismatch
[INFO] [stderr] 
[INFO] [stderr] EXPECTED:
[INFO] [stderr] ┈┈┈┈┈┈┈┈┈┈┈┈┈┈┈┈┈┈┈┈┈┈┈┈┈┈┈┈┈┈┈┈┈┈┈┈┈┈┈┈┈┈┈┈┈┈┈┈┈┈┈┈┈┈┈┈┈┈┈┈
[INFO] [stderr] error: #[musli(transparent)] can only be used on types which have a single field
[INFO] [stderr]  --> tests/ui/transparent_error.rs:3:10
[INFO] [stderr]   |
[INFO] [stderr] 3 | #[derive(Encode, Decode)]
[INFO] [stderr]   |          ^^^^^^
[INFO] [stderr]   |
[INFO] [stderr]   = note: this error originates in the derive macro `Encode` (in Nightly builds, run with -Z macro-backtrace for more info)
[INFO] [stderr] 
[INFO] [stderr] error: #[musli(transparent)] can only be used on types which have a single field
[INFO] [stderr]  --> tests/ui/transparent_error.rs:3:18
[INFO] [stderr]   |
[INFO] [stderr] 3 | #[derive(Encode, Decode)]
[INFO] [stderr]   |                  ^^^^^^
[INFO] [stderr]   |
[INFO] [stderr]   = note: this error originates in the derive macro `Decode` (in Nightly builds, run with -Z macro-backtrace for more info)
[INFO] [stderr] 
[INFO] [stderr] error: #[musli(transparent)] can only be used on types which have a single field
[INFO] [stderr]   --> tests/ui/transparent_error.rs:10:10
[INFO] [stderr]    |
[INFO] [stderr] 10 | #[derive(Encode, Decode)]
[INFO] [stderr]    |          ^^^^^^
[INFO] [stderr]    |
[INFO] [stderr]    = note: this error originates in the derive macro `Encode` (in Nightly builds, run with -Z macro-backtrace for more info)
[INFO] [stderr] 
[INFO] [stderr] error: #[musli(transparent)] can only be used on types which have a single field
[INFO] [stderr]   --> tests/ui/transparent_error.rs:10:18
[INFO] [stderr]    |
[INFO] [stderr] 10 | #[derive(Encode, Decode)]
[INFO] [stderr]    |                  ^^^^^^
[INFO] [stderr]    |
[INFO] [stderr]    = note: this error originates in the derive macro `Decode` (in Nightly builds, run with -Z macro-backtrace for more info)
[INFO] [stderr] 
[INFO] [stderr] error: #[musli(transparent)] types must have a single field
[INFO] [stderr]   --> tests/ui/transparent_error.rs:14:10
[INFO] [stderr]    |
[INFO] [stderr] 14 | #[derive(Encode, Decode)]
[INFO] [stderr]    |          ^^^^^^
[INFO] [stderr]    |
[INFO] [stderr]    = note: this error originates in the derive macro `Encode` (in Nightly builds, run with -Z macro-backtrace for more info)
[INFO] [stderr] 
[INFO] [stderr] error: #[musli(transparent)] types must have a single field
[INFO] [stderr]   --> tests/ui/transparent_error.rs:14:18
[INFO] [stderr]    |
[INFO] [stderr] 14 | #[derive(Encode, Decode)]
[INFO] [stderr]    |                  ^^^^^^
[INFO] [stderr]    |
[INFO] [stderr]    = note: this error originates in the derive macro `Decode` (in Nightly builds, run with -Z macro-backtrace for more info)
[INFO] [stderr] 
[INFO] [stderr] error: #[musli(transparent)] types must have a single field
[INFO] [stderr]   --> tests/ui/transparent_error.rs:18:10
[INFO] [stderr]    |
[INFO] [stderr] 18 | #[derive(Encode, Decode)]
[INFO] [stderr]    |          ^^^^^^
[INFO] [stderr]    |
[INFO] [stderr]    = note: this error originates in the derive macro `Encode` (in Nightly builds, run with -Z macro-backtrace for more info)
[INFO] [stderr] 
[INFO] [stderr] error: #[musli(transparent)] types must have a single field
[INFO] [stderr]   --> tests/ui/transparent_error.rs:18:18
[INFO] [stderr]    |
[INFO] [stderr] 18 | #[derive(Encode, Decode)]
[INFO] [stderr]    |                  ^^^^^^
[INFO] [stderr]    |
[INFO] [stderr]    = note: this error originates in the derive macro `Decode` (in Nightly builds, run with -Z macro-backtrace for more info)
[INFO] [stderr] 
[INFO] [stderr] error: #[musli(transparent)] can only be used on types which have a single field
[INFO] [stderr]   --> tests/ui/transparent_error.rs:24:5
[INFO] [stderr]    |
[INFO] [stderr] 24 |     #[musli(transparent)]
[INFO] [stderr]    |     ^
[INFO] [stderr] 
[INFO] [stderr] error: #[musli(transparent)] can only be used on types which have a single field
[INFO] [stderr]   --> tests/ui/transparent_error.rs:29:5
[INFO] [stderr]    |
[INFO] [stderr] 29 |     #[musli(transparent)]
[INFO] [stderr]    |     ^
[INFO] [stderr] 
[INFO] [stderr] error: #[musli(transparent)] types must have a single field
[INFO] [stderr]   --> tests/ui/transparent_error.rs:31:5
[INFO] [stderr]    |
[INFO] [stderr] 31 |     #[musli(transparent)]
[INFO] [stderr]    |     ^
[INFO] [stderr] 
[INFO] [stderr] error: #[musli(transparent)] types must have a single field
[INFO] [stderr]   --> tests/ui/transparent_error.rs:33:5
[INFO] [stderr]    |
[INFO] [stderr] 33 |     #[musli(transparent)]
[INFO] [stderr]    |     ^
[INFO] [stderr] ┈┈┈┈┈┈┈┈┈┈┈┈┈┈┈┈┈┈┈┈┈┈┈┈┈┈┈┈┈┈┈┈┈┈┈┈┈┈┈┈┈┈┈┈┈┈┈┈┈┈┈┈┈┈┈┈┈┈┈┈
[INFO] [stderr] 
[INFO] [stderr] ACTUAL OUTPUT:
[INFO] [stderr] ┈┈┈┈┈┈┈┈┈┈┈┈┈┈┈┈┈┈┈┈┈┈┈┈┈┈┈┈┈┈┈┈┈┈┈┈┈┈┈┈┈┈┈┈┈┈┈┈┈┈┈┈┈┈┈┈┈┈┈┈
[INFO] [stderr] error: #[musli(transparent)] can only be used on types which have a single field
[INFO] [stderr]  --> tests/ui/transparent_error.rs:3:10
[INFO] [stderr]   |
[INFO] [stderr] 3 | #[derive(Encode, Decode)]
[INFO] [stderr]   |          ^^^^^^
[INFO] [stderr]   |
[INFO] [stderr]   = note: this error originates in the derive macro `Encode` (in Nightly builds, run with -Z macro-backtrace for more info)
[INFO] [stderr] 
[INFO] [stderr] error: #[musli(transparent)] can only be used on types which have a single field
[INFO] [stderr]  --> tests/ui/transparent_error.rs:3:18
[INFO] [stderr]   |
[INFO] [stderr] 3 | #[derive(Encode, Decode)]
[INFO] [stderr]   |                  ^^^^^^
[INFO] [stderr]   |
[INFO] [stderr]   = note: this error originates in the derive macro `Decode` (in Nightly builds, run with -Z macro-backtrace for more info)
[INFO] [stderr] 
[INFO] [stderr] error: #[musli(transparent)] can only be used on types which have a single field
[INFO] [stderr]   --> tests/ui/transparent_error.rs:10:10
[INFO] [stderr]    |
[INFO] [stderr] 10 | #[derive(Encode, Decode)]
[INFO] [stderr]    |          ^^^^^^
[INFO] [stderr]    |
[INFO] [stderr]    = note: this error originates in the derive macro `Encode` (in Nightly builds, run with -Z macro-backtrace for more info)
[INFO] [stderr] 
[INFO] [stderr] error: #[musli(transparent)] can only be used on types which have a single field
[INFO] [stderr]   --> tests/ui/transparent_error.rs:10:18
[INFO] [stderr]    |
[INFO] [stderr] 10 | #[derive(Encode, Decode)]
[INFO] [stderr]    |                  ^^^^^^
[INFO] [stderr]    |
[INFO] [stderr]    = note: this error originates in the derive macro `Decode` (in Nightly builds, run with -Z macro-backtrace for more info)
[INFO] [stderr] 
[INFO] [stderr] error: #[musli(transparent)] types must have a single field
[INFO] [stderr]   --> tests/ui/transparent_error.rs:14:10
[INFO] [stderr]    |
[INFO] [stderr] 14 | #[derive(Encode, Decode)]
[INFO] [stderr]    |          ^^^^^^
[INFO] [stderr]    |
[INFO] [stderr]    = note: this error originates in the derive macro `Encode` (in Nightly builds, run with -Z macro-backtrace for more info)
[INFO] [stderr] 
[INFO] [stderr] error: #[musli(transparent)] types must have a single field
[INFO] [stderr]   --> tests/ui/transparent_error.rs:14:18
[INFO] [stderr]    |
[INFO] [stderr] 14 | #[derive(Encode, Decode)]
[INFO] [stderr]    |                  ^^^^^^
[INFO] [stderr]    |
[INFO] [stderr]    = note: this error originates in the derive macro `Decode` (in Nightly builds, run with -Z macro-backtrace for more info)
[INFO] [stderr] 
[INFO] [stderr] error: #[musli(transparent)] types must have a single field
[INFO] [stderr]   --> tests/ui/transparent_error.rs:18:10
[INFO] [stderr]    |
[INFO] [stderr] 18 | #[derive(Encode, Decode)]
[INFO] [stderr]    |          ^^^^^^
[INFO] [stderr]    |
[INFO] [stderr]    = note: this error originates in the derive macro `Encode` (in Nightly builds, run with -Z macro-backtrace for more info)
[INFO] [stderr] 
[INFO] [stderr] error: #[musli(transparent)] types must have a single field
[INFO] [stderr]   --> tests/ui/transparent_error.rs:18:18
[INFO] [stderr]    |
[INFO] [stderr] 18 | #[derive(Encode, Decode)]
[INFO] [stderr]    |                  ^^^^^^
[INFO] [stderr]    |
[INFO] [stderr]    = note: this error originates in the derive macro `Decode` (in Nightly builds, run with -Z macro-backtrace for more info)
[INFO] [stderr] 
[INFO] [stderr] error: #[musli(transparent)] can only be used on types which have a single field
[INFO] [stderr]   --> tests/ui/transparent_error.rs:24:5
[INFO] [stderr]    |
[INFO] [stderr] 24 | /     #[musli(transparent)]
[INFO] [stderr] 25 | |     Variant {
[INFO] [stderr] 26 | |         first: u32,
[INFO] [stderr] 27 | |         second: u32,
[INFO] [stderr] 28 | |     },
[INFO] [stderr]    | |_____^
[INFO] [stderr] 
[INFO] [stderr] error: #[musli(transparent)] can only be used on types which have a single field
[INFO] [stderr]   --> tests/ui/transparent_error.rs:29:5
[INFO] [stderr]    |
[INFO] [stderr] 29 | /     #[musli(transparent)]
[INFO] [stderr] 30 | |     TransparentTuple(u32, u32),
[INFO] [stderr]    | |______________________________^
[INFO] [stderr] 
[INFO] [stderr] error: #[musli(transparent)] types must have a single field
[INFO] [stderr]   --> tests/ui/transparent_error.rs:31:5
[INFO] [stderr]    |
[INFO] [stderr] 31 | /     #[musli(transparent)]
[INFO] [stderr] 32 | |     TransparentEmptyStruct,
[INFO] [stderr]    | |__________________________^
[INFO] [stderr] 
[INFO] [stderr] error: #[musli(transparent)] types must have a single field
[INFO] [stderr]   --> tests/ui/transparent_error.rs:33:5
[INFO] [stderr]    |
[INFO] [stderr] 33 | /     #[musli(transparent)]
[INFO] [stderr] 34 | |     TransparentEmptyTuple,
[INFO] [stderr]    | |_________________________^
[INFO] [stderr] ┈┈┈┈┈┈┈┈┈┈┈┈┈┈┈┈┈┈┈┈┈┈┈┈┈┈┈┈┈┈┈┈┈┈┈┈┈┈┈┈┈┈┈┈┈┈┈┈┈┈┈┈┈┈┈┈┈┈┈┈
[INFO] [stderr] note: If the actual output is the correct output you can bless it by rerunning
[INFO] [stderr]       your test with the environment variable TRYBUILD=overwrite
[INFO] [stderr] 
[INFO] [stderr] test tests/ui/untagged_enum_error.rs [should fail to compile] ... ok
[INFO] [stderr] test tests/ui/complex_mode_combination_ok.rs [should pass] ... ok
[INFO] [stderr] 
[INFO] [stderr] STDERR:
[INFO] [stderr] ┈┈┈┈┈┈┈┈┈┈┈┈┈┈┈┈┈┈┈┈┈┈┈┈┈┈┈┈┈┈┈┈┈┈┈┈┈┈┈┈┈┈┈┈┈┈┈┈┈┈┈┈┈┈┈┈┈┈┈┈
[INFO] [stderr] warning: unused import: `self::full::*`
[INFO] [stderr]  --> /opt/rustwide/workdir/src/utils/mod.rs:4:9
[INFO] [stderr]   |
[INFO] [stderr] 4 | pub use self::full::*;
[INFO] [stderr]   |         ^^^^^^^^^^^^^
[INFO] [stderr]   |
[INFO] [stderr]   = note: `#[warn(unused_imports)]` on by default
[INFO] [stderr] 
[INFO] [stderr] warning: unused import: `self::extra::*`
[INFO] [stderr]  --> /opt/rustwide/workdir/src/utils/mod.rs:7:9
[INFO] [stderr]   |
[INFO] [stderr] 7 | pub use self::extra::*;
[INFO] [stderr]   |         ^^^^^^^^^^^^^^
[INFO] [stderr] 
[INFO] [stderr] warning: this function depends on never type fallback being `()`
[INFO] [stderr]    --> /opt/rustwide/workdir/src/models.rs:155:46
[INFO] [stderr]     |
[INFO] [stderr] 155 | #[cfg_attr(feature = "musli", derive(Encode, Decode))]
[INFO] [stderr]     |                                              ^^^^^^
[INFO] [stderr]     |
[INFO] [stderr]     = warning: this was previously accepted by the compiler but is being phased out; it will become a hard error in a future release!
[INFO] [stderr]     = note: for more information, see issue #123748 <https://github.com/rust-lang/rust/issues/123748>
[INFO] [stderr]     = help: specify the types explicitly
[INFO] [stderr] note: in edition 2024, the requirement `!: Decode<'_, mode::Packed>` will fail
[INFO] [stderr]    --> /opt/rustwide/workdir/src/models.rs:155:46
[INFO] [stderr]     |
[INFO] [stderr] 155 | #[cfg_attr(feature = "musli", derive(Encode, Decode))]
[INFO] [stderr]     |                                              ^^^^^^
[INFO] [stderr]     = note: `#[warn(dependency_on_unit_never_type_fallback)]` on by default
[INFO] [stderr]     = note: this warning originates in the derive macro `Decode` (in Nightly builds, run with -Z macro-backtrace for more info)
[INFO] [stderr] 
[INFO] [stderr] warning: this function depends on never type fallback being `()`
[INFO] [stderr]    --> /opt/rustwide/workdir/src/models.rs:155:46
[INFO] [stderr]     |
[INFO] [stderr] 155 | #[cfg_attr(feature = "musli", derive(Encode, Decode))]
[INFO] [stderr]     |                                              ^^^^^^
[INFO] [stderr]     |
[INFO] [stderr]     = warning: this was previously accepted by the compiler but is being phased out; it will become a hard error in a future release!
[INFO] [stderr]     = note: for more information, see issue #123748 <https://github.com/rust-lang/rust/issues/123748>
[INFO] [stderr]     = help: specify the types explicitly
[INFO] [stderr] note: in edition 2024, the requirement `!: Decode<'_>` will fail
[INFO] [stderr]    --> /opt/rustwide/workdir/src/models.rs:155:46
[INFO] [stderr]     |
[INFO] [stderr] 155 | #[cfg_attr(feature = "musli", derive(Encode, Decode))]
[INFO] [stderr]     |                                              ^^^^^^
[INFO] [stderr]     = note: this warning originates in the derive macro `Decode` (in Nightly builds, run with -Z macro-backtrace for more info)
[INFO] [stderr] ┈┈┈┈┈┈┈┈┈┈┈┈┈┈┈┈┈┈┈┈┈┈┈┈┈┈┈┈┈┈┈┈┈┈┈┈┈┈┈┈┈┈┈┈┈┈┈┈┈┈┈┈┈┈┈┈┈┈┈┈
[INFO] [stderr] 
[INFO] [stderr] test tests/ui/untagged_enum_ok.rs [should pass] ... ok
[INFO] [stderr] 
[INFO] [stderr] STDERR:
[INFO] [stderr] ┈┈┈┈┈┈┈┈┈┈┈┈┈┈┈┈┈┈┈┈┈┈┈┈┈┈┈┈┈┈┈┈┈┈┈┈┈┈┈┈┈┈┈┈┈┈┈┈┈┈┈┈┈┈┈┈┈┈┈┈
[INFO] [stderr] warning: unused import: `self::full::*`
[INFO] [stderr]  --> /opt/rustwide/workdir/src/utils/mod.rs:4:9
[INFO] [stderr]   |
[INFO] [stderr] 4 | pub use self::full::*;
[INFO] [stderr]   |         ^^^^^^^^^^^^^
[INFO] [stderr]   |
[INFO] [stderr]   = note: `#[warn(unused_imports)]` on by default
[INFO] [stderr] 
[INFO] [stderr] warning: unused import: `self::extra::*`
[INFO] [stderr]  --> /opt/rustwide/workdir/src/utils/mod.rs:7:9
[INFO] [stderr]   |
[INFO] [stderr] 7 | pub use self::extra::*;
[INFO] [stderr]   |         ^^^^^^^^^^^^^^
[INFO] [stderr] 
[INFO] [stderr] warning: this function depends on never type fallback being `()`
[INFO] [stderr]    --> /opt/rustwide/workdir/src/models.rs:155:46
[INFO] [stderr]     |
[INFO] [stderr] 155 | #[cfg_attr(feature = "musli", derive(Encode, Decode))]
[INFO] [stderr]     |                                              ^^^^^^
[INFO] [stderr]     |
[INFO] [stderr]     = warning: this was previously accepted by the compiler but is being phased out; it will become a hard error in a future release!
[INFO] [stderr]     = note: for more information, see issue #123748 <https://github.com/rust-lang/rust/issues/123748>
[INFO] [stderr]     = help: specify the types explicitly
[INFO] [stderr] note: in edition 2024, the requirement `!: Decode<'_, mode::Packed>` will fail
[INFO] [stderr]    --> /opt/rustwide/workdir/src/models.rs:155:46
[INFO] [stderr]     |
[INFO] [stderr] 155 | #[cfg_attr(feature = "musli", derive(Encode, Decode))]
[INFO] [stderr]     |                                              ^^^^^^
[INFO] [stderr]     = note: `#[warn(dependency_on_unit_never_type_fallback)]` on by default
[INFO] [stderr]     = note: this warning originates in the derive macro `Decode` (in Nightly builds, run with -Z macro-backtrace for more info)
[INFO] [stderr] 
[INFO] [stderr] warning: this function depends on never type fallback being `()`
[INFO] [stderr]    --> /opt/rustwide/workdir/src/models.rs:155:46
[INFO] [stderr]     |
[INFO] [stderr] 155 | #[cfg_attr(feature = "musli", derive(Encode, Decode))]
[INFO] [stderr]     |                                              ^^^^^^
[INFO] [stderr]     |
[INFO] [stderr]     = warning: this was previously accepted by the compiler but is being phased out; it will become a hard error in a future release!
[INFO] [stderr]     = note: for more information, see issue #123748 <https://github.com/rust-lang/rust/issues/123748>
[INFO] [stderr]     = help: specify the types explicitly
[INFO] [stderr] note: in edition 2024, the requirement `!: Decode<'_>` will fail
[INFO] [stderr]    --> /opt/rustwide/workdir/src/models.rs:155:46
[INFO] [stderr]     |
[INFO] [stderr] 155 | #[cfg_attr(feature = "musli", derive(Encode, Decode))]
[INFO] [stderr]     |                                              ^^^^^^
[INFO] [stderr]     = note: this warning originates in the derive macro `Decode` (in Nightly builds, run with -Z macro-backtrace for more info)
[INFO] [stderr] ┈┈┈┈┈┈┈┈┈┈┈┈┈┈┈┈┈┈┈┈┈┈┈┈┈┈┈┈┈┈┈┈┈┈┈┈┈┈┈┈┈┈┈┈┈┈┈┈┈┈┈┈┈┈┈┈┈┈┈┈
[INFO] [stderr] 
[INFO] [stderr] test tests/ui/visitor_attribute_ok.rs [should pass] ... ok
[INFO] [stderr] 
[INFO] [stderr] STDERR:
[INFO] [stderr] ┈┈┈┈┈┈┈┈┈┈┈┈┈┈┈┈┈┈┈┈┈┈┈┈┈┈┈┈┈┈┈┈┈┈┈┈┈┈┈┈┈┈┈┈┈┈┈┈┈┈┈┈┈┈┈┈┈┈┈┈
[INFO] [stderr] warning: unused import: `self::full::*`
[INFO] [stderr]  --> /opt/rustwide/workdir/src/utils/mod.rs:4:9
[INFO] [stderr]   |
[INFO] [stderr] 4 | pub use self::full::*;
[INFO] [stderr]   |         ^^^^^^^^^^^^^
[INFO] [stderr]   |
[INFO] [stderr]   = note: `#[warn(unused_imports)]` on by default
[INFO] [stderr] 
[INFO] [stderr] warning: unused import: `self::extra::*`
[INFO] [stderr]  --> /opt/rustwide/workdir/src/utils/mod.rs:7:9
[INFO] [stderr]   |
[INFO] [stderr] 7 | pub use self::extra::*;
[INFO] [stderr]   |         ^^^^^^^^^^^^^^
[INFO] [stderr] 
[INFO] [stderr] warning: this function depends on never type fallback being `()`
[INFO] [stderr]    --> /opt/rustwide/workdir/src/models.rs:155:46
[INFO] [stderr]     |
[INFO] [stderr] 155 | #[cfg_attr(feature = "musli", derive(Encode, Decode))]
[INFO] [stderr]     |                                              ^^^^^^
[INFO] [stderr]     |
[INFO] [stderr]     = warning: this was previously accepted by the compiler but is being phased out; it will become a hard error in a future release!
[INFO] [stderr]     = note: for more information, see issue #123748 <https://github.com/rust-lang/rust/issues/123748>
[INFO] [stderr]     = help: specify the types explicitly
[INFO] [stderr] note: in edition 2024, the requirement `!: Decode<'_, mode::Packed>` will fail
[INFO] [stderr]    --> /opt/rustwide/workdir/src/models.rs:155:46
[INFO] [stderr]     |
[INFO] [stderr] 155 | #[cfg_attr(feature = "musli", derive(Encode, Decode))]
[INFO] [stderr]     |                                              ^^^^^^
[INFO] [stderr]     = note: `#[warn(dependency_on_unit_never_type_fallback)]` on by default
[INFO] [stderr]     = note: this warning originates in the derive macro `Decode` (in Nightly builds, run with -Z macro-backtrace for more info)
[INFO] [stderr] 
[INFO] [stderr] warning: this function depends on never type fallback being `()`
[INFO] [stderr]    --> /opt/rustwide/workdir/src/models.rs:155:46
[INFO] [stderr]     |
[INFO] [stderr] 155 | #[cfg_attr(feature = "musli", derive(Encode, Decode))]
[INFO] [stderr]     |                                              ^^^^^^
[INFO] [stderr]     |
[INFO] [stderr]     = warning: this was previously accepted by the compiler but is being phased out; it will become a hard error in a future release!
[INFO] [stderr]     = note: for more information, see issue #123748 <https://github.com/rust-lang/rust/issues/123748>
[INFO] [stderr]     = help: specify the types explicitly
[INFO] [stderr] note: in edition 2024, the requirement `!: Decode<'_>` will fail
[INFO] [stderr]    --> /opt/rustwide/workdir/src/models.rs:155:46
[INFO] [stderr]     |
[INFO] [stderr] 155 | #[cfg_attr(feature = "musli", derive(Encode, Decode))]
[INFO] [stderr]     |                                              ^^^^^^
[INFO] [stderr]     = note: this warning originates in the derive macro `Decode` (in Nightly builds, run with -Z macro-backtrace for more info)
[INFO] [stderr] ┈┈┈┈┈┈┈┈┈┈┈┈┈┈┈┈┈┈┈┈┈┈┈┈┈┈┈┈┈┈┈┈┈┈┈┈┈┈┈┈┈┈┈┈┈┈┈┈┈┈┈┈┈┈┈┈┈┈┈┈
[INFO] [stderr] 
[INFO] [stderr] 
[INFO] [stderr] 
[INFO] [stdout] test ui ... FAILED
[INFO] [stdout] 
[INFO] [stdout] failures:
[INFO] [stdout] 
[INFO] [stdout] ---- ui stdout ----
[INFO] [stdout] thread 'ui' panicked at /opt/rustwide/cargo-home/registry/src/index.crates.io-6f17d22bba15001f/trybuild-1.0.85/src/run.rs:101:13:
[INFO] [stdout] 4 of 10 tests failed
[INFO] [stdout] stack backtrace:
[INFO] [stdout]    0:     0x5af8df2aa47a - std::backtrace_rs::backtrace::libunwind::trace::h207520d6e9873551
[INFO] [stdout]                                at /rustc/df4ca44d3fbc9301ee17f30f4d474e6ae4b05252/library/std/src/../../backtrace/src/backtrace/libunwind.rs:116:5
[INFO] [stdout]    1:     0x5af8df2aa47a - std::backtrace_rs::backtrace::trace_unsynchronized::h2ed7433f370e3eca
[INFO] [stdout]                                at /rustc/df4ca44d3fbc9301ee17f30f4d474e6ae4b05252/library/std/src/../../backtrace/src/backtrace/mod.rs:66:5
[INFO] [stdout]    2:     0x5af8df2aa47a - std::sys::backtrace::_print_fmt::h916fac51166b18d7
[INFO] [stdout]                                at /rustc/df4ca44d3fbc9301ee17f30f4d474e6ae4b05252/library/std/src/sys/backtrace.rs:66:9
[INFO] [stdout]    3:     0x5af8df2aa47a - <std::sys::backtrace::BacktraceLock::print::DisplayBacktrace as core::fmt::Display>::fmt::ha0a4c9b8ce3802e6
[INFO] [stdout]                                at /rustc/df4ca44d3fbc9301ee17f30f4d474e6ae4b05252/library/std/src/sys/backtrace.rs:39:26
[INFO] [stdout]    4:     0x5af8df2d35b3 - core::fmt::rt::Argument::fmt::h4cfc8587d52b3eb5
[INFO] [stdout]                                at /rustc/df4ca44d3fbc9301ee17f30f4d474e6ae4b05252/library/core/src/fmt/rt.rs:177:76
[INFO] [stdout]    5:     0x5af8df2d35b3 - core::fmt::write::h522cc39e5b36ae9f
[INFO] [stdout]                                at /rustc/df4ca44d3fbc9301ee17f30f4d474e6ae4b05252/library/core/src/fmt/mod.rs:1190:21
[INFO] [stdout]    6:     0x5af8df2a64b3 - std::io::Write::write_fmt::h7d3c26752da97734
[INFO] [stdout]                                at /rustc/df4ca44d3fbc9301ee17f30f4d474e6ae4b05252/library/std/src/io/mod.rs:1839:15
[INFO] [stdout]    7:     0x5af8df2aa2c2 - std::sys::backtrace::BacktraceLock::print::h4b9e00b29e9c0942
[INFO] [stdout]                                at /rustc/df4ca44d3fbc9301ee17f30f4d474e6ae4b05252/library/std/src/sys/backtrace.rs:42:9
[INFO] [stdout]    8:     0x5af8df2ab90a - std::panicking::default_hook::{{closure}}::hb59b88280d0324d9
[INFO] [stdout]                                at /rustc/df4ca44d3fbc9301ee17f30f4d474e6ae4b05252/library/std/src/panicking.rs:268:22
[INFO] [stdout]    9:     0x5af8df2ab714 - std::panicking::default_hook::he1dd496665be4a29
[INFO] [stdout]                                at /rustc/df4ca44d3fbc9301ee17f30f4d474e6ae4b05252/library/std/src/panicking.rs:292:9
[INFO] [stdout]   10:     0x5af8df273369 - <alloc::boxed::Box<F,A> as core::ops::function::Fn<Args>>::call::h4ff71de18744e1dc
[INFO] [stdout]                                at /rustc/df4ca44d3fbc9301ee17f30f4d474e6ae4b05252/library/alloc/src/boxed.rs:2468:9
[INFO] [stdout]   11:     0x5af8df273369 - test::test_main::{{closure}}::hcf7c055ce117aa81
[INFO] [stdout]                                at /rustc/df4ca44d3fbc9301ee17f30f4d474e6ae4b05252/library/test/src/lib.rs:133:21
[INFO] [stdout]   12:     0x5af8df2ac008 - <alloc::boxed::Box<F,A> as core::ops::function::Fn<Args>>::call::h1d66c6bbd60c9692
[INFO] [stdout]                                at /rustc/df4ca44d3fbc9301ee17f30f4d474e6ae4b05252/library/alloc/src/boxed.rs:2468:9
[INFO] [stdout]   13:     0x5af8df2ac008 - std::panicking::rust_panic_with_hook::h2ff17fe8f26dfcf8
[INFO] [stdout]                                at /rustc/df4ca44d3fbc9301ee17f30f4d474e6ae4b05252/library/std/src/panicking.rs:809:13
[INFO] [stdout]   14:     0x5af8df2abdca - std::panicking::begin_panic_handler::{{closure}}::h4fad77951c07e101
[INFO] [stdout]                                at /rustc/df4ca44d3fbc9301ee17f30f4d474e6ae4b05252/library/std/src/panicking.rs:674:13
[INFO] [stdout]   15:     0x5af8df2aa959 - std::sys::backtrace::__rust_end_short_backtrace::hb1a25b3da5d0ea08
[INFO] [stdout]                                at /rustc/df4ca44d3fbc9301ee17f30f4d474e6ae4b05252/library/std/src/sys/backtrace.rs:170:18
[INFO] [stdout]   16:     0x5af8df2aba5c - rust_begin_unwind
[INFO] [stdout]                                at /rustc/df4ca44d3fbc9301ee17f30f4d474e6ae4b05252/library/std/src/panicking.rs:665:5
[INFO] [stdout]   17:     0x5af8df2d1fb0 - core::panicking::panic_fmt::ha9db07b529f9b256
[INFO] [stdout]                                at /rustc/df4ca44d3fbc9301ee17f30f4d474e6ae4b05252/library/core/src/panicking.rs:75:14
[INFO] [stdout]   18:     0x5af8df073a27 - trybuild::run::<impl trybuild::Runner>::run::h0ce37ab0515631b6
[INFO] [stdout]                                at /opt/rustwide/cargo-home/registry/src/index.crates.io-6f17d22bba15001f/trybuild-1.0.85/src/run.rs:101:13
[INFO] [stdout]   19:     0x5af8df079078 - <trybuild::TestCases as core::ops::drop::Drop>::drop::hd718150951cb3658
[INFO] [stdout]                                at /opt/rustwide/cargo-home/registry/src/index.crates.io-6f17d22bba15001f/trybuild-1.0.85/src/lib.rs:315:13
[INFO] [stdout]   20:     0x5af8df0609d7 - core::ptr::drop_in_place<trybuild::TestCases>::h25b7b311289fa08c
[INFO] [stdout]                                at /rustc/df4ca44d3fbc9301ee17f30f4d474e6ae4b05252/library/core/src/ptr/mod.rs:521:1
[INFO] [stdout]   21:     0x5af8df06127b - ui::ui::h1fcacaabb48954b5
[INFO] [stdout]                                at /opt/rustwide/workdir/tests/ui.rs:7:1
[INFO] [stdout]   22:     0x5af8df0611f7 - ui::ui::{{closure}}::h100c6c23e2d4793e
[INFO] [stdout]                                at /opt/rustwide/workdir/tests/ui.rs:3:8
[INFO] [stdout]   23:     0x5af8df060986 - core::ops::function::FnOnce::call_once::hd3078f9238f2579d
[INFO] [stdout]                                at /rustc/df4ca44d3fbc9301ee17f30f4d474e6ae4b05252/library/core/src/ops/function.rs:250:5
[INFO] [stdout]   24:     0x5af8df277c3b - core::ops::function::FnOnce::call_once::h22c3ba5715e93f05
[INFO] [stdout]                                at /rustc/df4ca44d3fbc9301ee17f30f4d474e6ae4b05252/library/core/src/ops/function.rs:250:5
[INFO] [stdout]   25:     0x5af8df277c3b - test::__rust_begin_short_backtrace::h8e82d8113d0da17f
[INFO] [stdout]                                at /rustc/df4ca44d3fbc9301ee17f30f4d474e6ae4b05252/library/test/src/lib.rs:621:18
[INFO] [stdout]   26:     0x5af8df2775b7 - test::run_test_in_process::{{closure}}::h33235f4f20b7b7c7
[INFO] [stdout]                                at /rustc/df4ca44d3fbc9301ee17f30f4d474e6ae4b05252/library/test/src/lib.rs:644:60
[INFO] [stdout]   27:     0x5af8df2775b7 - <core::panic::unwind_safe::AssertUnwindSafe<F> as core::ops::function::FnOnce<()>>::call_once::hb5043206310c586f
[INFO] [stdout]                                at /rustc/df4ca44d3fbc9301ee17f30f4d474e6ae4b05252/library/core/src/panic/unwind_safe.rs:272:9
[INFO] [stdout]   28:     0x5af8df2775b7 - std::panicking::try::do_call::h9ad4731a60ab23e2
[INFO] [stdout]                                at /rustc/df4ca44d3fbc9301ee17f30f4d474e6ae4b05252/library/std/src/panicking.rs:557:40
[INFO] [stdout]   29:     0x5af8df2775b7 - std::panicking::try::h3824d23db772a716
[INFO] [stdout]                                at /rustc/df4ca44d3fbc9301ee17f30f4d474e6ae4b05252/library/std/src/panicking.rs:520:19
[INFO] [stdout]   30:     0x5af8df2775b7 - std::panic::catch_unwind::h5afd514605fde46b
[INFO] [stdout]                                at /rustc/df4ca44d3fbc9301ee17f30f4d474e6ae4b05252/library/std/src/panic.rs:358:14
[INFO] [stdout]   31:     0x5af8df2775b7 - test::run_test_in_process::h0d5cbfa7067d1720
[INFO] [stdout]                                at /rustc/df4ca44d3fbc9301ee17f30f4d474e6ae4b05252/library/test/src/lib.rs:644:27
[INFO] [stdout]   32:     0x5af8df2775b7 - test::run_test::{{closure}}::h708eb8872708115d
[INFO] [stdout]                                at /rustc/df4ca44d3fbc9301ee17f30f4d474e6ae4b05252/library/test/src/lib.rs:565:43
[INFO] [stdout]   33:     0x5af8df23acd4 - test::run_test::{{closure}}::h392c51cee94713ab
[INFO] [stdout]                                at /rustc/df4ca44d3fbc9301ee17f30f4d474e6ae4b05252/library/test/src/lib.rs:595:41
[INFO] [stdout]   34:     0x5af8df23acd4 - std::sys::backtrace::__rust_begin_short_backtrace::h2f40290710935a8b
[INFO] [stdout]                                at /rustc/df4ca44d3fbc9301ee17f30f4d474e6ae4b05252/library/std/src/sys/backtrace.rs:154:18
[INFO] [stdout]   35:     0x5af8df23e47e - std::thread::Builder::spawn_unchecked_::{{closure}}::{{closure}}::h3fd968d89053a903
[INFO] [stdout]                                at /rustc/df4ca44d3fbc9301ee17f30f4d474e6ae4b05252/library/std/src/thread/mod.rs:541:17
[INFO] [stdout]   36:     0x5af8df23e47e - <core::panic::unwind_safe::AssertUnwindSafe<F> as core::ops::function::FnOnce<()>>::call_once::h743f637ba4229880
[INFO] [stdout]                                at /rustc/df4ca44d3fbc9301ee17f30f4d474e6ae4b05252/library/core/src/panic/unwind_safe.rs:272:9
[INFO] [stdout]   37:     0x5af8df23e47e - std::panicking::try::do_call::h07440897322525a6
[INFO] [stdout]                                at /rustc/df4ca44d3fbc9301ee17f30f4d474e6ae4b05252/library/std/src/panicking.rs:557:40
[INFO] [stdout]   38:     0x5af8df23e47e - std::panicking::try::he5a2e00188156637
[INFO] [stdout]                                at /rustc/df4ca44d3fbc9301ee17f30f4d474e6ae4b05252/library/std/src/panicking.rs:520:19
[INFO] [stdout]   39:     0x5af8df23e47e - std::panic::catch_unwind::hbaf3cae49b3c6433
[INFO] [stdout]                                at /rustc/df4ca44d3fbc9301ee17f30f4d474e6ae4b05252/library/std/src/panic.rs:358:14
[INFO] [stdout]   40:     0x5af8df23e47e - std::thread::Builder::spawn_unchecked_::{{closure}}::h8e141ea224820bce
[INFO] [stdout]                                at /rustc/df4ca44d3fbc9301ee17f30f4d474e6ae4b05252/library/std/src/thread/mod.rs:540:30
[INFO] [stdout]   41:     0x5af8df23e47e - core::ops::function::FnOnce::call_once{{vtable.shim}}::h90d312fedd7b8ea8
[INFO] [stdout]                                at /rustc/df4ca44d3fbc9301ee17f30f4d474e6ae4b05252/library/core/src/ops/function.rs:250:5
[INFO] [stdout]   42:     0x5af8df2b0dcb - <alloc::boxed::Box<F,A> as core::ops::function::FnOnce<Args>>::call_once::h69aa08ddb6adb8b6
[INFO] [stdout]                                at /rustc/df4ca44d3fbc9301ee17f30f4d474e6ae4b05252/library/alloc/src/boxed.rs:2454:9
[INFO] [stdout]   43:     0x5af8df2b0dcb - <alloc::boxed::Box<F,A> as core::ops::function::FnOnce<Args>>::call_once::h5aa36efdb79c806f
[INFO] [stdout]                                at /rustc/df4ca44d3fbc9301ee17f30f4d474e6ae4b05252/library/alloc/src/boxed.rs:2454:9
[INFO] [stdout]   44:     0x5af8df2b0dcb - std::sys::pal::unix::thread::Thread::new::thread_start::h6cd80a1b4be5158d
[INFO] [stdout]                                at /rustc/df4ca44d3fbc9301ee17f30f4d474e6ae4b05252/library/std/src/sys/pal/unix/thread.rs:105:17
[INFO] [stdout]   45:     0x729fa6b7bac3 - <unknown>
[INFO] [stdout]   46:     0x729fa6c0ca04 - clone
[INFO] [stdout]   47:                0x0 - <unknown>
[INFO] [stdout] 
[INFO] [stdout] 
[INFO] [stdout] failures:
[INFO] [stdout]     ui
[INFO] [stdout] 
[INFO] [stdout] test result: FAILED. 0 passed; 1 failed; 0 ignored; 0 measured; 0 filtered out; finished in 14.79s
[INFO] [stdout] 
[INFO] [stderr] error: test failed, to rerun pass `--test ui`
[INFO] running `Command { std: "docker" "inspect" "a4a0780c0e92aaf830939a1dc9316dffec591e5f875fe86f27424f207697ef61", kill_on_drop: false }`
[INFO] running `Command { std: "docker" "rm" "-f" "a4a0780c0e92aaf830939a1dc9316dffec591e5f875fe86f27424f207697ef61", kill_on_drop: false }`
[INFO] [stdout] a4a0780c0e92aaf830939a1dc9316dffec591e5f875fe86f27424f207697ef61
