[INFO] fetching crate murray 0.4.2...
[INFO] testing murray-0.4.2 against nightly-2024-10-28+rustflags=-Zrandomize-layout for randomize-layout
[INFO] extracting crate murray 0.4.2 into /workspace/builds/worker-4-tc2/source
[INFO] validating manifest of crates.io crate murray 0.4.2 on toolchain nightly-2024-10-28
[INFO] running `Command { std: CARGO_HOME="/workspace/cargo-home" RUSTUP_HOME="/workspace/rustup-home" "/workspace/cargo-home/bin/cargo" "+nightly-2024-10-28" "metadata" "--manifest-path" "Cargo.toml" "--no-deps", kill_on_drop: false }`
[INFO] started tweaking crates.io crate murray 0.4.2
[INFO] finished tweaking crates.io crate murray 0.4.2
[INFO] tweaked toml for crates.io crate murray 0.4.2 written to /workspace/builds/worker-4-tc2/source/Cargo.toml
[INFO] running `Command { std: CARGO_HOME="/workspace/cargo-home" RUSTUP_HOME="/workspace/rustup-home" "/workspace/cargo-home/bin/cargo" "+nightly-2024-10-28" "generate-lockfile" "--manifest-path" "Cargo.toml", kill_on_drop: false }`
[INFO] [stderr]     Updating crates.io index
[INFO] [stderr]      Locking 3 packages to latest compatible versions
[INFO] running `Command { std: CARGO_HOME="/workspace/cargo-home" RUSTUP_HOME="/workspace/rustup-home" "/workspace/cargo-home/bin/cargo" "+nightly-2024-10-28" "fetch" "--manifest-path" "Cargo.toml", kill_on_drop: false }`
[INFO] running `Command { std: "docker" "create" "-v" "/var/lib/crater-agent-workspace/builds/worker-4-tc2/target:/opt/rustwide/target:rw,Z" "-v" "/var/lib/crater-agent-workspace/builds/worker-4-tc2/source:/opt/rustwide/workdir:ro,Z" "-v" "/var/lib/crater-agent-workspace/cargo-home:/opt/rustwide/cargo-home:ro,Z" "-v" "/var/lib/crater-agent-workspace/rustup-home:/opt/rustwide/rustup-home:ro,Z" "-e" "SOURCE_DIR=/opt/rustwide/workdir" "-e" "CARGO_TARGET_DIR=/opt/rustwide/target" "-e" "CARGO_HOME=/opt/rustwide/cargo-home" "-e" "RUSTUP_HOME=/opt/rustwide/rustup-home" "-w" "/opt/rustwide/workdir" "-m" "1610612736" "--user" "0:0" "--network" "none" "ghcr.io/rust-lang/crates-build-env/linux@sha256:4a844ea9eb2546a2d2c7022eacef16ef2e8229c7fbb2c7d4d55a9ceca922f72d" "/opt/rustwide/cargo-home/bin/cargo" "+nightly-2024-10-28" "metadata" "--no-deps" "--format-version=1", kill_on_drop: false }`
[INFO] [stdout] 7fa07040ea92ff3d80c628b96c91a91d1ac3ea17b1851a0b88c79a8bdf394598
[INFO] running `Command { std: "docker" "start" "-a" "7fa07040ea92ff3d80c628b96c91a91d1ac3ea17b1851a0b88c79a8bdf394598", kill_on_drop: false }`
[INFO] running `Command { std: "docker" "inspect" "7fa07040ea92ff3d80c628b96c91a91d1ac3ea17b1851a0b88c79a8bdf394598", kill_on_drop: false }`
[INFO] running `Command { std: "docker" "rm" "-f" "7fa07040ea92ff3d80c628b96c91a91d1ac3ea17b1851a0b88c79a8bdf394598", kill_on_drop: false }`
[INFO] [stdout] 7fa07040ea92ff3d80c628b96c91a91d1ac3ea17b1851a0b88c79a8bdf394598
[INFO] running `Command { std: "docker" "create" "-v" "/var/lib/crater-agent-workspace/builds/worker-4-tc2/target:/opt/rustwide/target:rw,Z" "-v" "/var/lib/crater-agent-workspace/builds/worker-4-tc2/source:/opt/rustwide/workdir:ro,Z" "-v" "/var/lib/crater-agent-workspace/cargo-home:/opt/rustwide/cargo-home:ro,Z" "-v" "/var/lib/crater-agent-workspace/rustup-home:/opt/rustwide/rustup-home:ro,Z" "-e" "SOURCE_DIR=/opt/rustwide/workdir" "-e" "CARGO_TARGET_DIR=/opt/rustwide/target" "-e" "CARGO_INCREMENTAL=0" "-e" "RUST_BACKTRACE=full" "-e" "RUSTFLAGS=--cap-lints=forbid -Zrandomize-layout" "-e" "RUSTDOCFLAGS=--cap-lints=forbid" "-e" "CARGO_HOME=/opt/rustwide/cargo-home" "-e" "RUSTUP_HOME=/opt/rustwide/rustup-home" "-w" "/opt/rustwide/workdir" "-m" "1610612736" "--user" "0:0" "--network" "none" "ghcr.io/rust-lang/crates-build-env/linux@sha256:4a844ea9eb2546a2d2c7022eacef16ef2e8229c7fbb2c7d4d55a9ceca922f72d" "/opt/rustwide/cargo-home/bin/cargo" "+nightly-2024-10-28" "build" "--frozen" "--message-format=json", kill_on_drop: false }`
[INFO] [stdout] 30e8fcf956ac3e282bca2c7b646b056d4f3fcc01969cfc77017614a4328ae3cb
[INFO] running `Command { std: "docker" "start" "-a" "30e8fcf956ac3e282bca2c7b646b056d4f3fcc01969cfc77017614a4328ae3cb", kill_on_drop: false }`
[INFO] [stderr]    Compiling proc-macro2 v1.0.89
[INFO] [stderr]    Compiling quote v1.0.37
[INFO] [stderr]    Compiling murray v0.4.2 (/opt/rustwide/workdir)
[INFO] [stderr]     Finished `dev` profile [unoptimized + debuginfo] target(s) in 0.85s
[INFO] running `Command { std: "docker" "inspect" "30e8fcf956ac3e282bca2c7b646b056d4f3fcc01969cfc77017614a4328ae3cb", kill_on_drop: false }`
[INFO] running `Command { std: "docker" "rm" "-f" "30e8fcf956ac3e282bca2c7b646b056d4f3fcc01969cfc77017614a4328ae3cb", kill_on_drop: false }`
[INFO] [stdout] 30e8fcf956ac3e282bca2c7b646b056d4f3fcc01969cfc77017614a4328ae3cb
[INFO] running `Command { std: "docker" "create" "-v" "/var/lib/crater-agent-workspace/builds/worker-4-tc2/target:/opt/rustwide/target:rw,Z" "-v" "/var/lib/crater-agent-workspace/builds/worker-4-tc2/source:/opt/rustwide/workdir:ro,Z" "-v" "/var/lib/crater-agent-workspace/cargo-home:/opt/rustwide/cargo-home:ro,Z" "-v" "/var/lib/crater-agent-workspace/rustup-home:/opt/rustwide/rustup-home:ro,Z" "-e" "SOURCE_DIR=/opt/rustwide/workdir" "-e" "CARGO_TARGET_DIR=/opt/rustwide/target" "-e" "CARGO_INCREMENTAL=0" "-e" "RUST_BACKTRACE=full" "-e" "RUSTFLAGS=--cap-lints=forbid -Zrandomize-layout" "-e" "RUSTDOCFLAGS=--cap-lints=forbid" "-e" "CARGO_HOME=/opt/rustwide/cargo-home" "-e" "RUSTUP_HOME=/opt/rustwide/rustup-home" "-w" "/opt/rustwide/workdir" "-m" "1610612736" "--user" "0:0" "--network" "none" "ghcr.io/rust-lang/crates-build-env/linux@sha256:4a844ea9eb2546a2d2c7022eacef16ef2e8229c7fbb2c7d4d55a9ceca922f72d" "/opt/rustwide/cargo-home/bin/cargo" "+nightly-2024-10-28" "test" "--frozen" "--no-run" "--message-format=json", kill_on_drop: false }`
[INFO] [stdout] efe2e9588685186c673ea7342d6964d438e77507548d70ee0654d25ee36be131
[INFO] running `Command { std: "docker" "start" "-a" "efe2e9588685186c673ea7342d6964d438e77507548d70ee0654d25ee36be131", kill_on_drop: false }`
[INFO] [stderr]    Compiling murray v0.4.2 (/opt/rustwide/workdir)
[INFO] [stderr]     Finished `test` profile [unoptimized + debuginfo] target(s) in 0.24s
[INFO] running `Command { std: "docker" "inspect" "efe2e9588685186c673ea7342d6964d438e77507548d70ee0654d25ee36be131", kill_on_drop: false }`
[INFO] running `Command { std: "docker" "rm" "-f" "efe2e9588685186c673ea7342d6964d438e77507548d70ee0654d25ee36be131", kill_on_drop: false }`
[INFO] [stdout] efe2e9588685186c673ea7342d6964d438e77507548d70ee0654d25ee36be131
[INFO] running `Command { std: "docker" "create" "-v" "/var/lib/crater-agent-workspace/builds/worker-4-tc2/target:/opt/rustwide/target:rw,Z" "-v" "/var/lib/crater-agent-workspace/builds/worker-4-tc2/source:/opt/rustwide/workdir:ro,Z" "-v" "/var/lib/crater-agent-workspace/cargo-home:/opt/rustwide/cargo-home:ro,Z" "-v" "/var/lib/crater-agent-workspace/rustup-home:/opt/rustwide/rustup-home:ro,Z" "-e" "SOURCE_DIR=/opt/rustwide/workdir" "-e" "CARGO_TARGET_DIR=/opt/rustwide/target" "-e" "CARGO_INCREMENTAL=0" "-e" "RUST_BACKTRACE=full" "-e" "RUSTFLAGS=--cap-lints=forbid -Zrandomize-layout" "-e" "RUSTDOCFLAGS=--cap-lints=forbid" "-e" "CARGO_HOME=/opt/rustwide/cargo-home" "-e" "RUSTUP_HOME=/opt/rustwide/rustup-home" "-w" "/opt/rustwide/workdir" "-m" "1610612736" "--user" "0:0" "--network" "none" "ghcr.io/rust-lang/crates-build-env/linux@sha256:4a844ea9eb2546a2d2c7022eacef16ef2e8229c7fbb2c7d4d55a9ceca922f72d" "/opt/rustwide/cargo-home/bin/cargo" "+nightly-2024-10-28" "test" "--frozen", kill_on_drop: false }`
[INFO] [stdout] 9f441cc26371f882dcd87977686e5f50310fedf5e65e55d4ad15f8d4111ca988
[INFO] running `Command { std: "docker" "start" "-a" "9f441cc26371f882dcd87977686e5f50310fedf5e65e55d4ad15f8d4111ca988", kill_on_drop: false }`
[INFO] [stderr]     Finished `test` profile [unoptimized + debuginfo] target(s) in 0.01s
[INFO] [stderr]      Running unittests src/lib.rs (/opt/rustwide/target/debug/deps/murray-38e9e8eb1974f9ce)
[INFO] [stdout] 
[INFO] [stdout] running 0 tests
[INFO] [stdout] 
[INFO] [stdout] test result: ok. 0 passed; 0 failed; 0 ignored; 0 measured; 0 filtered out; finished in 0.00s
[INFO] [stdout] 
[INFO] [stderr]    Doc-tests murray
[INFO] [stdout] 
[INFO] [stdout] running 1 test
[INFO] [stdout] test src/lib.rs - actor (line 197) ... FAILED
[INFO] [stdout] 
[INFO] [stdout] failures:
[INFO] [stdout] 
[INFO] [stdout] ---- src/lib.rs - actor (line 197) stdout ----
[INFO] [stdout] error: unexpected token: `...`
[INFO] [stdout]   --> src/lib.rs:226:2
[INFO] [stdout]    |
[INFO] [stdout] 31 |     ...
[INFO] [stdout]    |     ^^^
[INFO] [stdout]    |
[INFO] [stdout] help: use `..` for an exclusive range
[INFO] [stdout]    |
[INFO] [stdout] 31 |     ..
[INFO] [stdout]    |
[INFO] [stdout] help: or `..=` for an inclusive range
[INFO] [stdout]    |
[INFO] [stdout] 31 |     ..=
[INFO] [stdout]    |
[INFO] [stdout] 
[INFO] [stdout] error[E0586]: inclusive range with no end
[INFO] [stdout]   --> src/lib.rs:226:2
[INFO] [stdout]    |
[INFO] [stdout] 31 |     ...
[INFO] [stdout]    |     ^^^
[INFO] [stdout]    |
[INFO] [stdout]    = note: inclusive ranges must be bounded at the end (`..=b` or `a..=b`)
[INFO] [stdout] help: use `..` instead
[INFO] [stdout]    |
[INFO] [stdout] 31 -     ...
[INFO] [stdout] 31 +     ..
[INFO] [stdout]    |
[INFO] [stdout] 
[INFO] [stdout] error: unexpected token: `...`
[INFO] [stdout]   --> src/lib.rs:229:2
[INFO] [stdout]    |
[INFO] [stdout] 34 |     ...
[INFO] [stdout]    |     ^^^
[INFO] [stdout]    |
[INFO] [stdout] help: use `..` for an exclusive range
[INFO] [stdout]    |
[INFO] [stdout] 34 |     ..
[INFO] [stdout]    |
[INFO] [stdout] help: or `..=` for an inclusive range
[INFO] [stdout]    |
[INFO] [stdout] 34 |     ..=
[INFO] [stdout]    |
[INFO] [stdout] 
[INFO] [stdout] error[E0586]: inclusive range with no end
[INFO] [stdout]   --> src/lib.rs:229:2
[INFO] [stdout]    |
[INFO] [stdout] 34 |     ...
[INFO] [stdout]    |     ^^^
[INFO] [stdout]    |
[INFO] [stdout]    = note: inclusive ranges must be bounded at the end (`..=b` or `a..=b`)
[INFO] [stdout] help: use `..` instead
[INFO] [stdout]    |
[INFO] [stdout] 34 -     ...
[INFO] [stdout] 34 +     ..
[INFO] [stdout]    |
[INFO] [stdout] 
[INFO] [stdout] error: unexpected token: `...`
[INFO] [stdout]   --> src/lib.rs:232:2
[INFO] [stdout]    |
[INFO] [stdout] 37 |     ...
[INFO] [stdout]    |     ^^^
[INFO] [stdout]    |
[INFO] [stdout] help: use `..` for an exclusive range
[INFO] [stdout]    |
[INFO] [stdout] 37 |     ..
[INFO] [stdout]    |
[INFO] [stdout] help: or `..=` for an inclusive range
[INFO] [stdout]    |
[INFO] [stdout] 37 |     ..=
[INFO] [stdout]    |
[INFO] [stdout] 
[INFO] [stdout] error[E0586]: inclusive range with no end
[INFO] [stdout]   --> src/lib.rs:232:2
[INFO] [stdout]    |
[INFO] [stdout] 37 |     ...
[INFO] [stdout]    |     ^^^
[INFO] [stdout]    |
[INFO] [stdout]    = note: inclusive ranges must be bounded at the end (`..=b` or `a..=b`)
[INFO] [stdout] help: use `..` instead
[INFO] [stdout]    |
[INFO] [stdout] 37 -     ...
[INFO] [stdout] 37 +     ..
[INFO] [stdout]    |
[INFO] [stdout] 
[INFO] [stdout] error: unexpected token: `...`
[INFO] [stdout]   --> src/lib.rs:238:2
[INFO] [stdout]    |
[INFO] [stdout] 43 |     ...
[INFO] [stdout]    |     ^^^
[INFO] [stdout]    |
[INFO] [stdout] help: use `..` for an exclusive range
[INFO] [stdout]    |
[INFO] [stdout] 43 |     ..
[INFO] [stdout]    |
[INFO] [stdout] help: or `..=` for an inclusive range
[INFO] [stdout]    |
[INFO] [stdout] 43 |     ..=
[INFO] [stdout]    |
[INFO] [stdout] 
[INFO] [stdout] error[E0586]: inclusive range with no end
[INFO] [stdout]   --> src/lib.rs:238:2
[INFO] [stdout]    |
[INFO] [stdout] 43 |     ...
[INFO] [stdout]    |     ^^^
[INFO] [stdout]    |
[INFO] [stdout]    = note: inclusive ranges must be bounded at the end (`..=b` or `a..=b`)
[INFO] [stdout] help: use `..` instead
[INFO] [stdout]    |
[INFO] [stdout] 43 -     ...
[INFO] [stdout] 43 +     ..
[INFO] [stdout]    |
[INFO] [stdout] 
[INFO] [stdout] error: unexpected token: `...`
[INFO] [stdout]   --> src/lib.rs:241:2
[INFO] [stdout]    |
[INFO] [stdout] 46 |     ...
[INFO] [stdout]    |     ^^^
[INFO] [stdout]    |
[INFO] [stdout] help: use `..` for an exclusive range
[INFO] [stdout]    |
[INFO] [stdout] 46 |     ..
[INFO] [stdout]    |
[INFO] [stdout] help: or `..=` for an inclusive range
[INFO] [stdout]    |
[INFO] [stdout] 46 |     ..=
[INFO] [stdout]    |
[INFO] [stdout] 
[INFO] [stdout] error[E0586]: inclusive range with no end
[INFO] [stdout]   --> src/lib.rs:241:2
[INFO] [stdout]    |
[INFO] [stdout] 46 |     ...
[INFO] [stdout]    |     ^^^
[INFO] [stdout]    |
[INFO] [stdout]    = note: inclusive ranges must be bounded at the end (`..=b` or `a..=b`)
[INFO] [stdout] help: use `..` instead
[INFO] [stdout]    |
[INFO] [stdout] 46 -     ...
[INFO] [stdout] 46 +     ..
[INFO] [stdout]    |
[INFO] [stdout] 
[INFO] [stdout] error: unexpected token: `...`
[INFO] [stdout]   --> src/lib.rs:245:7
[INFO] [stdout]    |
[INFO] [stdout] 50 |       ...
[INFO] [stdout]    |       ^^^
[INFO] [stdout]    |
[INFO] [stdout] help: use `..` for an exclusive range
[INFO] [stdout]    |
[INFO] [stdout] 50 |       ..
[INFO] [stdout]    |
[INFO] [stdout] help: or `..=` for an inclusive range
[INFO] [stdout]    |
[INFO] [stdout] 50 |       ..=
[INFO] [stdout]    |
[INFO] [stdout] 
[INFO] [stdout] error[E0586]: inclusive range with no end
[INFO] [stdout]   --> src/lib.rs:245:7
[INFO] [stdout]    |
[INFO] [stdout] 50 |       ...
[INFO] [stdout]    |       ^^^
[INFO] [stdout]    |
[INFO] [stdout]    = note: inclusive ranges must be bounded at the end (`..=b` or `a..=b`)
[INFO] [stdout] help: use `..` instead
[INFO] [stdout]    |
[INFO] [stdout] 50 -       ...
[INFO] [stdout] 50 +       ..
[INFO] [stdout]    |
[INFO] [stdout] 
[INFO] [stdout] error: cannot find macro `actor` in this scope
[INFO] [stdout]   --> src/lib.rs:207:1
[INFO] [stdout]    |
[INFO] [stdout] 12 | actor! {
[INFO] [stdout]    | ^^^^^
[INFO] [stdout]    |
[INFO] [stdout] help: consider importing this macro
[INFO] [stdout]    |
[INFO] [stdout] 2  + use murray::actor;
[INFO] [stdout]    |
[INFO] [stdout] 
[INFO] [stdout] error: cannot find macro `actor` in this scope
[INFO] [stdout]  --> src/lib.rs:198:1
[INFO] [stdout]   |
[INFO] [stdout] 3 | actor! {
[INFO] [stdout]   | ^^^^^
[INFO] [stdout]   |
[INFO] [stdout] help: consider importing this macro
[INFO] [stdout]   |
[INFO] [stdout] 2 + use murray::actor;
[INFO] [stdout]   |
[INFO] [stdout] 
[INFO] [stdout] error[E0412]: cannot find type `FooActor` in this scope
[INFO] [stdout]   --> src/lib.rs:224:6
[INFO] [stdout]    |
[INFO] [stdout] 29 | impl FooActor {
[INFO] [stdout]    |      ^^^^^^^^ not found in this scope
[INFO] [stdout] 
[INFO] [stdout] error[E0412]: cannot find type `FooActorState` in this scope
[INFO] [stdout]   --> src/lib.rs:225:45
[INFO] [stdout]    |
[INFO] [stdout] 30 |     async fn handle_msg1(&self, state: &mut FooActorState)  {
[INFO] [stdout]    |                                             ^^^^^^^^^^^^^ not found in this scope
[INFO] [stdout] 
[INFO] [stdout] error[E0412]: cannot find type `FooActorState` in this scope
[INFO] [stdout]   --> src/lib.rs:228:45
[INFO] [stdout]    |
[INFO] [stdout] 33 |     async fn handle_msg2(&self, state: &mut FooActorState)  {
[INFO] [stdout]    |                                             ^^^^^^^^^^^^^ not found in this scope
[INFO] [stdout] 
[INFO] [stdout] error[E0412]: cannot find type `FooActorState` in this scope
[INFO] [stdout]   --> src/lib.rs:231:45
[INFO] [stdout]    |
[INFO] [stdout] 36 |     async fn handle_msg3(&self, state: &mut FooActorState, msg: FooActorMessagesMsg3)  {
[INFO] [stdout]    |                                             ^^^^^^^^^^^^^ not found in this scope
[INFO] [stdout] 
[INFO] [stdout] error[E0412]: cannot find type `FooActorMessagesMsg3` in this scope
[INFO] [stdout]   --> src/lib.rs:231:65
[INFO] [stdout]    |
[INFO] [stdout] 36 |     async fn handle_msg3(&self, state: &mut FooActorState, msg: FooActorMessagesMsg3)  {
[INFO] [stdout]    |                                                                 ^^^^^^^^^^^^^^^^^^^^ not found in this scope
[INFO] [stdout] 
[INFO] [stdout] error[E0412]: cannot find type `BarActor` in this scope
[INFO] [stdout]   --> src/lib.rs:236:6
[INFO] [stdout]    |
[INFO] [stdout] 41 | impl BarActor {
[INFO] [stdout]    |      ^^^^^^^^ not found in this scope
[INFO] [stdout] 
[INFO] [stdout] error[E0412]: cannot find type `BarActorState` in this scope
[INFO] [stdout]   --> src/lib.rs:237:42
[INFO] [stdout]    |
[INFO] [stdout] 42 |     async fn handle_a(&self, state: &mut BarActorState)  {
[INFO] [stdout]    |                                          ^^^^^^^^^^^^^ not found in this scope
[INFO] [stdout] 
[INFO] [stdout] error[E0412]: cannot find type `BarActorState` in this scope
[INFO] [stdout]   --> src/lib.rs:240:42
[INFO] [stdout]    |
[INFO] [stdout] 45 |     async fn handle_b(&self, state: &mut BarActorState, msg: BarActorMessagesB)  {
[INFO] [stdout]    |                                          ^^^^^^^^^^^^^ not found in this scope
[INFO] [stdout] 
[INFO] [stdout] error[E0412]: cannot find type `BarActorMessagesB` in this scope
[INFO] [stdout]   --> src/lib.rs:240:62
[INFO] [stdout]    |
[INFO] [stdout] 45 |     async fn handle_b(&self, state: &mut BarActorState, msg: BarActorMessagesB)  {
[INFO] [stdout]    |                                                              ^^^^^^^^^^^^^^^^^ not found in this scope
[INFO] [stdout] 
[INFO] [stdout] error[E0412]: cannot find type `BarActorState` in this scope
[INFO] [stdout]   --> src/lib.rs:244:32
[INFO] [stdout]    |
[INFO] [stdout] 49 |     fn init(&self, state: &mut BarActorState) {
[INFO] [stdout]    |                                ^^^^^^^^^^^^^ not found in this scope
[INFO] [stdout] 
[INFO] [stdout] error[E0422]: cannot find struct, variant or union type `FooActor` in this scope
[INFO] [stdout]   --> src/lib.rs:249:11
[INFO] [stdout]    |
[INFO] [stdout] 54 | let sup = FooActor{}.start();
[INFO] [stdout]    |           ^^^^^^^^ not found in this scope
[INFO] [stdout] 
[INFO] [stdout] error[E0422]: cannot find struct, variant or union type `BarActor` in this scope
[INFO] [stdout]   --> src/lib.rs:251:12
[INFO] [stdout]    |
[INFO] [stdout] 56 | let abar = BarActor{}.start(sup, &id);
[INFO] [stdout]    |            ^^^^^^^^ not found in this scope
[INFO] [stdout] 
[INFO] [stdout] error[E0433]: failed to resolve: use of undeclared type `BarActorMessages`
[INFO] [stdout]   --> src/lib.rs:253:11
[INFO] [stdout]    |
[INFO] [stdout] 58 | abar.send(BarActorMessages::B(true));
[INFO] [stdout]    |           ^^^^^^^^^^^^^^^^ use of undeclared type `BarActorMessages`
[INFO] [stdout] 
[INFO] [stdout] error: aborting due to 27 previous errors
[INFO] [stdout] 
[INFO] [stdout] Some errors have detailed explanations: E0412, E0422, E0433, E0586.
[INFO] [stdout] For more information about an error, try `rustc --explain E0412`.
[INFO] [stdout] Couldn't compile the test.
[INFO] [stdout] 
[INFO] [stdout] failures:
[INFO] [stdout]     src/lib.rs - actor (line 197)
[INFO] [stdout] 
[INFO] [stdout] test result: FAILED. 0 passed; 1 failed; 0 ignored; 0 measured; 0 filtered out; finished in 0.07s
[INFO] [stdout] 
[INFO] [stderr] error: doctest failed, to rerun pass `--doc`
[INFO] running `Command { std: "docker" "inspect" "9f441cc26371f882dcd87977686e5f50310fedf5e65e55d4ad15f8d4111ca988", kill_on_drop: false }`
[INFO] running `Command { std: "docker" "rm" "-f" "9f441cc26371f882dcd87977686e5f50310fedf5e65e55d4ad15f8d4111ca988", kill_on_drop: false }`
[INFO] [stdout] 9f441cc26371f882dcd87977686e5f50310fedf5e65e55d4ad15f8d4111ca988
