[INFO] fetching crate munzip 0.1.2...
[INFO] testing munzip-0.1.2 against nightly-2024-10-28 for randomize-layout
[INFO] extracting crate munzip 0.1.2 into /workspace/builds/worker-7-tc1/source
[INFO] validating manifest of crates.io crate munzip 0.1.2 on toolchain nightly-2024-10-28
[INFO] running `Command { std: CARGO_HOME="/workspace/cargo-home" RUSTUP_HOME="/workspace/rustup-home" "/workspace/cargo-home/bin/cargo" "+nightly-2024-10-28" "metadata" "--manifest-path" "Cargo.toml" "--no-deps", kill_on_drop: false }`
[INFO] started tweaking crates.io crate munzip 0.1.2
[INFO] finished tweaking crates.io crate munzip 0.1.2
[INFO] tweaked toml for crates.io crate munzip 0.1.2 written to /workspace/builds/worker-7-tc1/source/Cargo.toml
[INFO] crate crates.io crate munzip 0.1.2 already has a lockfile, it will not be regenerated
[INFO] running `Command { std: CARGO_HOME="/workspace/cargo-home" RUSTUP_HOME="/workspace/rustup-home" "/workspace/cargo-home/bin/cargo" "+nightly-2024-10-28" "fetch" "--manifest-path" "Cargo.toml", kill_on_drop: false }`
[INFO] running `Command { std: "docker" "create" "-v" "/var/lib/crater-agent-workspace/builds/worker-7-tc1/target:/opt/rustwide/target:rw,Z" "-v" "/var/lib/crater-agent-workspace/builds/worker-7-tc1/source:/opt/rustwide/workdir:ro,Z" "-v" "/var/lib/crater-agent-workspace/cargo-home:/opt/rustwide/cargo-home:ro,Z" "-v" "/var/lib/crater-agent-workspace/rustup-home:/opt/rustwide/rustup-home:ro,Z" "-e" "SOURCE_DIR=/opt/rustwide/workdir" "-e" "CARGO_TARGET_DIR=/opt/rustwide/target" "-e" "CARGO_HOME=/opt/rustwide/cargo-home" "-e" "RUSTUP_HOME=/opt/rustwide/rustup-home" "-w" "/opt/rustwide/workdir" "-m" "1610612736" "--user" "0:0" "--network" "none" "ghcr.io/rust-lang/crates-build-env/linux@sha256:4a844ea9eb2546a2d2c7022eacef16ef2e8229c7fbb2c7d4d55a9ceca922f72d" "/opt/rustwide/cargo-home/bin/cargo" "+nightly-2024-10-28" "metadata" "--no-deps" "--format-version=1", kill_on_drop: false }`
[INFO] [stdout] a2fc196f9bbcd55e32868a4fea4de2f04ee4e59e3d4b873e6ccfa5ecf56e5bb7
[INFO] running `Command { std: "docker" "start" "-a" "a2fc196f9bbcd55e32868a4fea4de2f04ee4e59e3d4b873e6ccfa5ecf56e5bb7", kill_on_drop: false }`
[INFO] running `Command { std: "docker" "inspect" "a2fc196f9bbcd55e32868a4fea4de2f04ee4e59e3d4b873e6ccfa5ecf56e5bb7", kill_on_drop: false }`
[INFO] running `Command { std: "docker" "rm" "-f" "a2fc196f9bbcd55e32868a4fea4de2f04ee4e59e3d4b873e6ccfa5ecf56e5bb7", kill_on_drop: false }`
[INFO] [stdout] a2fc196f9bbcd55e32868a4fea4de2f04ee4e59e3d4b873e6ccfa5ecf56e5bb7
[INFO] running `Command { std: "docker" "create" "-v" "/var/lib/crater-agent-workspace/builds/worker-7-tc1/target:/opt/rustwide/target:rw,Z" "-v" "/var/lib/crater-agent-workspace/builds/worker-7-tc1/source:/opt/rustwide/workdir:ro,Z" "-v" "/var/lib/crater-agent-workspace/cargo-home:/opt/rustwide/cargo-home:ro,Z" "-v" "/var/lib/crater-agent-workspace/rustup-home:/opt/rustwide/rustup-home:ro,Z" "-e" "SOURCE_DIR=/opt/rustwide/workdir" "-e" "CARGO_TARGET_DIR=/opt/rustwide/target" "-e" "CARGO_INCREMENTAL=0" "-e" "RUST_BACKTRACE=full" "-e" "RUSTFLAGS=--cap-lints=forbid" "-e" "RUSTDOCFLAGS=--cap-lints=forbid" "-e" "CARGO_HOME=/opt/rustwide/cargo-home" "-e" "RUSTUP_HOME=/opt/rustwide/rustup-home" "-w" "/opt/rustwide/workdir" "-m" "1610612736" "--user" "0:0" "--network" "none" "ghcr.io/rust-lang/crates-build-env/linux@sha256:4a844ea9eb2546a2d2c7022eacef16ef2e8229c7fbb2c7d4d55a9ceca922f72d" "/opt/rustwide/cargo-home/bin/cargo" "+nightly-2024-10-28" "build" "--frozen" "--message-format=json", kill_on_drop: false }`
[INFO] [stdout] 819b084b305af8d9ab50403a86bf49cbc5d15aacd54802e7410c67a459e03ab9
[INFO] running `Command { std: "docker" "start" "-a" "819b084b305af8d9ab50403a86bf49cbc5d15aacd54802e7410c67a459e03ab9", kill_on_drop: false }`
[INFO] [stderr]    Compiling adler32 v1.2.0
[INFO] [stderr]    Compiling inflate v0.4.5
[INFO] [stderr]    Compiling munzip v0.1.2 (/opt/rustwide/workdir)
[INFO] [stderr]     Finished `dev` profile [unoptimized + debuginfo] target(s) in 0.70s
[INFO] running `Command { std: "docker" "inspect" "819b084b305af8d9ab50403a86bf49cbc5d15aacd54802e7410c67a459e03ab9", kill_on_drop: false }`
[INFO] running `Command { std: "docker" "rm" "-f" "819b084b305af8d9ab50403a86bf49cbc5d15aacd54802e7410c67a459e03ab9", kill_on_drop: false }`
[INFO] [stdout] 819b084b305af8d9ab50403a86bf49cbc5d15aacd54802e7410c67a459e03ab9
[INFO] running `Command { std: "docker" "create" "-v" "/var/lib/crater-agent-workspace/builds/worker-7-tc1/target:/opt/rustwide/target:rw,Z" "-v" "/var/lib/crater-agent-workspace/builds/worker-7-tc1/source:/opt/rustwide/workdir:ro,Z" "-v" "/var/lib/crater-agent-workspace/cargo-home:/opt/rustwide/cargo-home:ro,Z" "-v" "/var/lib/crater-agent-workspace/rustup-home:/opt/rustwide/rustup-home:ro,Z" "-e" "SOURCE_DIR=/opt/rustwide/workdir" "-e" "CARGO_TARGET_DIR=/opt/rustwide/target" "-e" "CARGO_INCREMENTAL=0" "-e" "RUST_BACKTRACE=full" "-e" "RUSTFLAGS=--cap-lints=forbid" "-e" "RUSTDOCFLAGS=--cap-lints=forbid" "-e" "CARGO_HOME=/opt/rustwide/cargo-home" "-e" "RUSTUP_HOME=/opt/rustwide/rustup-home" "-w" "/opt/rustwide/workdir" "-m" "1610612736" "--user" "0:0" "--network" "none" "ghcr.io/rust-lang/crates-build-env/linux@sha256:4a844ea9eb2546a2d2c7022eacef16ef2e8229c7fbb2c7d4d55a9ceca922f72d" "/opt/rustwide/cargo-home/bin/cargo" "+nightly-2024-10-28" "test" "--frozen" "--no-run" "--message-format=json", kill_on_drop: false }`
[INFO] [stdout] e39e311476f93e6254e3703577ce30e2a053ebe835d07cff239ae51393c4bc64
[INFO] running `Command { std: "docker" "start" "-a" "e39e311476f93e6254e3703577ce30e2a053ebe835d07cff239ae51393c4bc64", kill_on_drop: false }`
[INFO] [stderr]    Compiling munzip v0.1.2 (/opt/rustwide/workdir)
[INFO] [stderr]     Finished `test` profile [unoptimized + debuginfo] target(s) in 0.38s
[INFO] running `Command { std: "docker" "inspect" "e39e311476f93e6254e3703577ce30e2a053ebe835d07cff239ae51393c4bc64", kill_on_drop: false }`
[INFO] running `Command { std: "docker" "rm" "-f" "e39e311476f93e6254e3703577ce30e2a053ebe835d07cff239ae51393c4bc64", kill_on_drop: false }`
[INFO] [stdout] e39e311476f93e6254e3703577ce30e2a053ebe835d07cff239ae51393c4bc64
[INFO] running `Command { std: "docker" "create" "-v" "/var/lib/crater-agent-workspace/builds/worker-7-tc1/target:/opt/rustwide/target:rw,Z" "-v" "/var/lib/crater-agent-workspace/builds/worker-7-tc1/source:/opt/rustwide/workdir:ro,Z" "-v" "/var/lib/crater-agent-workspace/cargo-home:/opt/rustwide/cargo-home:ro,Z" "-v" "/var/lib/crater-agent-workspace/rustup-home:/opt/rustwide/rustup-home:ro,Z" "-e" "SOURCE_DIR=/opt/rustwide/workdir" "-e" "CARGO_TARGET_DIR=/opt/rustwide/target" "-e" "CARGO_INCREMENTAL=0" "-e" "RUST_BACKTRACE=full" "-e" "RUSTFLAGS=--cap-lints=forbid" "-e" "RUSTDOCFLAGS=--cap-lints=forbid" "-e" "CARGO_HOME=/opt/rustwide/cargo-home" "-e" "RUSTUP_HOME=/opt/rustwide/rustup-home" "-w" "/opt/rustwide/workdir" "-m" "1610612736" "--user" "0:0" "--network" "none" "ghcr.io/rust-lang/crates-build-env/linux@sha256:4a844ea9eb2546a2d2c7022eacef16ef2e8229c7fbb2c7d4d55a9ceca922f72d" "/opt/rustwide/cargo-home/bin/cargo" "+nightly-2024-10-28" "test" "--frozen", kill_on_drop: false }`
[INFO] [stdout] 93fa98126400e36a4666f300044bd147531977aea8d94db2e7c0c39a09f966a4
[INFO] running `Command { std: "docker" "start" "-a" "93fa98126400e36a4666f300044bd147531977aea8d94db2e7c0c39a09f966a4", kill_on_drop: false }`
[INFO] [stderr]     Finished `test` profile [unoptimized + debuginfo] target(s) in 0.01s
[INFO] [stderr]      Running unittests src/lib.rs (/opt/rustwide/target/debug/deps/munzip-f994683ae9e3a4ae)
[INFO] [stdout] 
[INFO] [stdout] running 0 tests
[INFO] [stdout] 
[INFO] [stderr]    Doc-tests munzip
[INFO] [stdout] test result: ok. 0 passed; 0 failed; 0 ignored; 0 measured; 0 filtered out; finished in 0.00s
[INFO] [stdout] 
[INFO] [stdout] 
[INFO] [stdout] running 2 tests
[INFO] [stdout] test src/iterable.rs - iterable::IterableArchive (line 15) - compile ... FAILED
[INFO] [stdout] test src/searchable.rs - searchable::SearchableArchive (line 16) - compile ... FAILED
[INFO] [stdout] 
[INFO] [stdout] failures:
[INFO] [stdout] 
[INFO] [stdout] ---- src/iterable.rs - iterable::IterableArchive (line 15) stdout ----
[INFO] [stdout] error[E0425]: cannot find value `my_file` in this scope
[INFO] [stdout]  --> src/iterable.rs:17:44
[INFO] [stdout]   |
[INFO] [stdout] 5 | let zi = munzip::IterableArchive::new(&mut my_file).unwrap();
[INFO] [stdout]   |                                            ^^^^^^^ not found in this scope
[INFO] [stdout] 
[INFO] [stdout] error[E0425]: cannot find function `write_file` in this scope
[INFO] [stdout]   --> src/iterable.rs:25:5
[INFO] [stdout]    |
[INFO] [stdout] 13 |     write_file(&filename, &buffer).unwrap();
[INFO] [stdout]    |     ^^^^^^^^^^ not found in this scope
[INFO] [stdout] 
[INFO] [stdout] error: aborting due to 2 previous errors
[INFO] [stdout] 
[INFO] [stdout] For more information about this error, try `rustc --explain E0425`.
[INFO] [stdout] Couldn't compile the test.
[INFO] [stdout] ---- src/searchable.rs - searchable::SearchableArchive (line 16) stdout ----
[INFO] [stdout] error[E0425]: cannot find value `input` in this scope
[INFO] [stdout]  --> src/searchable.rs:18:50
[INFO] [stdout]   |
[INFO] [stdout] 5 | let mut zi = munzip::SearchableArchive::new(&mut input).unwrap();
[INFO] [stdout]   |                                                  ^^^^^ not found in this scope
[INFO] [stdout] 
[INFO] [stdout] error[E0433]: failed to resolve: use of undeclared crate or module `write`
[INFO] [stdout]  --> src/searchable.rs:22:1
[INFO] [stdout]   |
[INFO] [stdout] 9 | write::write_file(&"Cargo.toml".to_owned(), &cargo_toml).unwrap();
[INFO] [stdout]   | ^^^^^ use of undeclared crate or module `write`
[INFO] [stdout] 
[INFO] [stdout] error: aborting due to 2 previous errors
[INFO] [stdout] 
[INFO] [stdout] Some errors have detailed explanations: E0425, E0433.
[INFO] [stdout] For more information about an error, try `rustc --explain E0425`.
[INFO] [stdout] Couldn't compile the test.
[INFO] [stdout] 
[INFO] [stdout] failures:
[INFO] [stdout]     src/iterable.rs - iterable::IterableArchive (line 15)
[INFO] [stdout]     src/searchable.rs - searchable::SearchableArchive (line 16)
[INFO] [stderr] error: doctest failed, to rerun pass `--doc`
[INFO] [stdout] 
[INFO] [stdout] test result: FAILED. 0 passed; 2 failed; 0 ignored; 0 measured; 0 filtered out; finished in 0.09s
[INFO] [stdout] 
[INFO] running `Command { std: "docker" "inspect" "93fa98126400e36a4666f300044bd147531977aea8d94db2e7c0c39a09f966a4", kill_on_drop: false }`
[INFO] running `Command { std: "docker" "rm" "-f" "93fa98126400e36a4666f300044bd147531977aea8d94db2e7c0c39a09f966a4", kill_on_drop: false }`
[INFO] [stdout] 93fa98126400e36a4666f300044bd147531977aea8d94db2e7c0c39a09f966a4
