[INFO] fetching crate muggle 0.1.1...
[INFO] testing muggle-0.1.1 against nightly-2024-10-28 for randomize-layout
[INFO] extracting crate muggle 0.1.1 into /workspace/builds/worker-3-tc1/source
[INFO] validating manifest of crates.io crate muggle 0.1.1 on toolchain nightly-2024-10-28
[INFO] running `Command { std: CARGO_HOME="/workspace/cargo-home" RUSTUP_HOME="/workspace/rustup-home" "/workspace/cargo-home/bin/cargo" "+nightly-2024-10-28" "metadata" "--manifest-path" "Cargo.toml" "--no-deps", kill_on_drop: false }`
[INFO] started tweaking crates.io crate muggle 0.1.1
[INFO] finished tweaking crates.io crate muggle 0.1.1
[INFO] tweaked toml for crates.io crate muggle 0.1.1 written to /workspace/builds/worker-3-tc1/source/Cargo.toml
[INFO] running `Command { std: CARGO_HOME="/workspace/cargo-home" RUSTUP_HOME="/workspace/rustup-home" "/workspace/cargo-home/bin/cargo" "+nightly-2024-10-28" "generate-lockfile" "--manifest-path" "Cargo.toml", kill_on_drop: false }`
[INFO] [stderr]     Updating crates.io index
[INFO] [stderr]      Locking 21 packages to latest compatible versions
[INFO] [stderr]       Adding num_enum v0.5.11 (available: v0.7.3)
[INFO] running `Command { std: CARGO_HOME="/workspace/cargo-home" RUSTUP_HOME="/workspace/rustup-home" "/workspace/cargo-home/bin/cargo" "+nightly-2024-10-28" "fetch" "--manifest-path" "Cargo.toml", kill_on_drop: false }`
[INFO] [stderr]  Downloading crates ...
[INFO] [stderr]   Downloaded muggle_macros v0.1.0
[INFO] [stderr]   Downloaded angel v0.1.0-alpha.2
[INFO] running `Command { std: "docker" "create" "-v" "/var/lib/crater-agent-workspace/builds/worker-3-tc1/target:/opt/rustwide/target:rw,Z" "-v" "/var/lib/crater-agent-workspace/builds/worker-3-tc1/source:/opt/rustwide/workdir:ro,Z" "-v" "/var/lib/crater-agent-workspace/cargo-home:/opt/rustwide/cargo-home:ro,Z" "-v" "/var/lib/crater-agent-workspace/rustup-home:/opt/rustwide/rustup-home:ro,Z" "-e" "SOURCE_DIR=/opt/rustwide/workdir" "-e" "CARGO_TARGET_DIR=/opt/rustwide/target" "-e" "CARGO_HOME=/opt/rustwide/cargo-home" "-e" "RUSTUP_HOME=/opt/rustwide/rustup-home" "-w" "/opt/rustwide/workdir" "-m" "1610612736" "--user" "0:0" "--network" "none" "ghcr.io/rust-lang/crates-build-env/linux@sha256:4a844ea9eb2546a2d2c7022eacef16ef2e8229c7fbb2c7d4d55a9ceca922f72d" "/opt/rustwide/cargo-home/bin/cargo" "+nightly-2024-10-28" "metadata" "--no-deps" "--format-version=1", kill_on_drop: false }`
[INFO] [stdout] cb881c6f1721fda18c78bff839ed7b21cd9be9a65c5ee64fd91aa8fe6d0a2c78
[INFO] running `Command { std: "docker" "start" "-a" "cb881c6f1721fda18c78bff839ed7b21cd9be9a65c5ee64fd91aa8fe6d0a2c78", kill_on_drop: false }`
[INFO] running `Command { std: "docker" "inspect" "cb881c6f1721fda18c78bff839ed7b21cd9be9a65c5ee64fd91aa8fe6d0a2c78", kill_on_drop: false }`
[INFO] running `Command { std: "docker" "rm" "-f" "cb881c6f1721fda18c78bff839ed7b21cd9be9a65c5ee64fd91aa8fe6d0a2c78", kill_on_drop: false }`
[INFO] [stdout] cb881c6f1721fda18c78bff839ed7b21cd9be9a65c5ee64fd91aa8fe6d0a2c78
[INFO] running `Command { std: "docker" "create" "-v" "/var/lib/crater-agent-workspace/builds/worker-3-tc1/target:/opt/rustwide/target:rw,Z" "-v" "/var/lib/crater-agent-workspace/builds/worker-3-tc1/source:/opt/rustwide/workdir:ro,Z" "-v" "/var/lib/crater-agent-workspace/cargo-home:/opt/rustwide/cargo-home:ro,Z" "-v" "/var/lib/crater-agent-workspace/rustup-home:/opt/rustwide/rustup-home:ro,Z" "-e" "SOURCE_DIR=/opt/rustwide/workdir" "-e" "CARGO_TARGET_DIR=/opt/rustwide/target" "-e" "CARGO_INCREMENTAL=0" "-e" "RUST_BACKTRACE=full" "-e" "RUSTFLAGS=--cap-lints=forbid" "-e" "RUSTDOCFLAGS=--cap-lints=forbid" "-e" "CARGO_HOME=/opt/rustwide/cargo-home" "-e" "RUSTUP_HOME=/opt/rustwide/rustup-home" "-w" "/opt/rustwide/workdir" "-m" "1610612736" "--user" "0:0" "--network" "none" "ghcr.io/rust-lang/crates-build-env/linux@sha256:4a844ea9eb2546a2d2c7022eacef16ef2e8229c7fbb2c7d4d55a9ceca922f72d" "/opt/rustwide/cargo-home/bin/cargo" "+nightly-2024-10-28" "build" "--frozen" "--message-format=json", kill_on_drop: false }`
[INFO] [stdout] 604e4e92ebdf4762dbe3d0546aa004a2dc226d3fb116a016f9ced376010307ed
[INFO] running `Command { std: "docker" "start" "-a" "604e4e92ebdf4762dbe3d0546aa004a2dc226d3fb116a016f9ced376010307ed", kill_on_drop: false }`
[INFO] [stderr]    Compiling equivalent v1.0.1
[INFO] [stderr]    Compiling hashbrown v0.15.0
[INFO] [stderr]    Compiling winnow v0.5.40
[INFO] [stderr]    Compiling toml_datetime v0.6.8
[INFO] [stderr]    Compiling once_cell v1.20.2
[INFO] [stderr]    Compiling angel v0.1.0-alpha.2
[INFO] [stderr]    Compiling muggle_macros v0.1.0
[INFO] [stderr]    Compiling indexmap v2.6.0
[INFO] [stderr]    Compiling toml_edit v0.19.15
[INFO] [stderr]    Compiling proc-macro-crate v1.3.1
[INFO] [stderr]    Compiling num_enum_derive v0.5.11
[INFO] [stderr]    Compiling num_enum v0.5.11
[INFO] [stderr]    Compiling muggle v0.1.1 (/opt/rustwide/workdir)
[INFO] [stderr]     Finished `dev` profile [unoptimized + debuginfo] target(s) in 3.16s
[INFO] running `Command { std: "docker" "inspect" "604e4e92ebdf4762dbe3d0546aa004a2dc226d3fb116a016f9ced376010307ed", kill_on_drop: false }`
[INFO] running `Command { std: "docker" "rm" "-f" "604e4e92ebdf4762dbe3d0546aa004a2dc226d3fb116a016f9ced376010307ed", kill_on_drop: false }`
[INFO] [stdout] 604e4e92ebdf4762dbe3d0546aa004a2dc226d3fb116a016f9ced376010307ed
[INFO] running `Command { std: "docker" "create" "-v" "/var/lib/crater-agent-workspace/builds/worker-3-tc1/target:/opt/rustwide/target:rw,Z" "-v" "/var/lib/crater-agent-workspace/builds/worker-3-tc1/source:/opt/rustwide/workdir:ro,Z" "-v" "/var/lib/crater-agent-workspace/cargo-home:/opt/rustwide/cargo-home:ro,Z" "-v" "/var/lib/crater-agent-workspace/rustup-home:/opt/rustwide/rustup-home:ro,Z" "-e" "SOURCE_DIR=/opt/rustwide/workdir" "-e" "CARGO_TARGET_DIR=/opt/rustwide/target" "-e" "CARGO_INCREMENTAL=0" "-e" "RUST_BACKTRACE=full" "-e" "RUSTFLAGS=--cap-lints=forbid" "-e" "RUSTDOCFLAGS=--cap-lints=forbid" "-e" "CARGO_HOME=/opt/rustwide/cargo-home" "-e" "RUSTUP_HOME=/opt/rustwide/rustup-home" "-w" "/opt/rustwide/workdir" "-m" "1610612736" "--user" "0:0" "--network" "none" "ghcr.io/rust-lang/crates-build-env/linux@sha256:4a844ea9eb2546a2d2c7022eacef16ef2e8229c7fbb2c7d4d55a9ceca922f72d" "/opt/rustwide/cargo-home/bin/cargo" "+nightly-2024-10-28" "test" "--frozen" "--no-run" "--message-format=json", kill_on_drop: false }`
[INFO] [stdout] db719c44f2a129a62f69989c2a9179ee5d600d308b5906a08252da35e3c334c2
[INFO] running `Command { std: "docker" "start" "-a" "db719c44f2a129a62f69989c2a9179ee5d600d308b5906a08252da35e3c334c2", kill_on_drop: false }`
[INFO] [stderr]    Compiling muggle v0.1.1 (/opt/rustwide/workdir)
[INFO] [stderr]     Finished `test` profile [unoptimized + debuginfo] target(s) in 0.19s
[INFO] running `Command { std: "docker" "inspect" "db719c44f2a129a62f69989c2a9179ee5d600d308b5906a08252da35e3c334c2", kill_on_drop: false }`
[INFO] running `Command { std: "docker" "rm" "-f" "db719c44f2a129a62f69989c2a9179ee5d600d308b5906a08252da35e3c334c2", kill_on_drop: false }`
[INFO] [stdout] db719c44f2a129a62f69989c2a9179ee5d600d308b5906a08252da35e3c334c2
[INFO] running `Command { std: "docker" "create" "-v" "/var/lib/crater-agent-workspace/builds/worker-3-tc1/target:/opt/rustwide/target:rw,Z" "-v" "/var/lib/crater-agent-workspace/builds/worker-3-tc1/source:/opt/rustwide/workdir:ro,Z" "-v" "/var/lib/crater-agent-workspace/cargo-home:/opt/rustwide/cargo-home:ro,Z" "-v" "/var/lib/crater-agent-workspace/rustup-home:/opt/rustwide/rustup-home:ro,Z" "-e" "SOURCE_DIR=/opt/rustwide/workdir" "-e" "CARGO_TARGET_DIR=/opt/rustwide/target" "-e" "CARGO_INCREMENTAL=0" "-e" "RUST_BACKTRACE=full" "-e" "RUSTFLAGS=--cap-lints=forbid" "-e" "RUSTDOCFLAGS=--cap-lints=forbid" "-e" "CARGO_HOME=/opt/rustwide/cargo-home" "-e" "RUSTUP_HOME=/opt/rustwide/rustup-home" "-w" "/opt/rustwide/workdir" "-m" "1610612736" "--user" "0:0" "--network" "none" "ghcr.io/rust-lang/crates-build-env/linux@sha256:4a844ea9eb2546a2d2c7022eacef16ef2e8229c7fbb2c7d4d55a9ceca922f72d" "/opt/rustwide/cargo-home/bin/cargo" "+nightly-2024-10-28" "test" "--frozen", kill_on_drop: false }`
[INFO] [stdout] a835ed74dcecb389fbfbf27aa4e29652c245e0b48270ae6c942455cb01db0cd0
[INFO] running `Command { std: "docker" "start" "-a" "a835ed74dcecb389fbfbf27aa4e29652c245e0b48270ae6c942455cb01db0cd0", kill_on_drop: false }`
[INFO] [stderr]     Finished `test` profile [unoptimized + debuginfo] target(s) in 0.02s
[INFO] [stderr]      Running unittests src/lib.rs (/opt/rustwide/target/debug/deps/muggle-bb6cbea8da516918)
[INFO] [stdout] 
[INFO] [stdout] running 0 tests
[INFO] [stdout] 
[INFO] [stdout] test result: ok. 0 passed; 0 failed; 0 ignored; 0 measured; 0 filtered out; finished in 0.00s
[INFO] [stdout] 
[INFO] [stderr]    Doc-tests muggle
[INFO] [stdout] 
[INFO] [stdout] running 1 test
[INFO] [stdout] test src/lib.rs - Context::set_active_texture (line 46) - compile ... FAILED
[INFO] [stdout] 
[INFO] [stdout] failures:
[INFO] [stdout] 
[INFO] [stdout] ---- src/lib.rs - Context::set_active_texture (line 46) stdout ----
[INFO] [stdout] error[E0425]: cannot find value `gl` in this scope
[INFO] [stdout]  --> src/lib.rs:47:1
[INFO] [stdout]   |
[INFO] [stdout] 3 | gl.set_active_texture(Texture::TEXTURE12 + 7)
[INFO] [stdout]   | ^^ not found in this scope
[INFO] [stdout] 
[INFO] [stdout] error[E0433]: failed to resolve: use of undeclared type `Texture`
[INFO] [stdout]  --> src/lib.rs:47:23
[INFO] [stdout]   |
[INFO] [stdout] 3 | gl.set_active_texture(Texture::TEXTURE12 + 7)
[INFO] [stdout]   |                       ^^^^^^^ use of undeclared type `Texture`
[INFO] [stdout]   |
[INFO] [stdout] help: consider importing this struct
[INFO] [stdout]   |
[INFO] [stdout] 2 + use muggle::Texture;
[INFO] [stdout]   |
[INFO] [stdout] 
[INFO] [stdout] error: aborting due to 2 previous errors
[INFO] [stdout] 
[INFO] [stdout] Some errors have detailed explanations: E0425, E0433.
[INFO] [stdout] For more information about an error, try `rustc --explain E0425`.
[INFO] [stdout] Couldn't compile the test.
[INFO] [stdout] 
[INFO] [stdout] failures:
[INFO] [stdout]     src/lib.rs - Context::set_active_texture (line 46)
[INFO] [stdout] 
[INFO] [stdout] test result: FAILED. 0 passed; 1 failed; 0 ignored; 0 measured; 0 filtered out; finished in 0.04s
[INFO] [stdout] 
[INFO] [stderr] error: doctest failed, to rerun pass `--doc`
[INFO] running `Command { std: "docker" "inspect" "a835ed74dcecb389fbfbf27aa4e29652c245e0b48270ae6c942455cb01db0cd0", kill_on_drop: false }`
[INFO] running `Command { std: "docker" "rm" "-f" "a835ed74dcecb389fbfbf27aa4e29652c245e0b48270ae6c942455cb01db0cd0", kill_on_drop: false }`
[INFO] [stdout] a835ed74dcecb389fbfbf27aa4e29652c245e0b48270ae6c942455cb01db0cd0
