[INFO] fetching crate mpvipc 1.3.0...
[INFO] testing mpvipc-1.3.0 against nightly-2024-10-28 for randomize-layout
[INFO] extracting crate mpvipc 1.3.0 into /workspace/builds/worker-7-tc1/source
[INFO] validating manifest of crates.io crate mpvipc 1.3.0 on toolchain nightly-2024-10-28
[INFO] running `Command { std: CARGO_HOME="/workspace/cargo-home" RUSTUP_HOME="/workspace/rustup-home" "/workspace/cargo-home/bin/cargo" "+nightly-2024-10-28" "metadata" "--manifest-path" "Cargo.toml" "--no-deps", kill_on_drop: false }`
[INFO] started tweaking crates.io crate mpvipc 1.3.0
[INFO] finished tweaking crates.io crate mpvipc 1.3.0
[INFO] tweaked toml for crates.io crate mpvipc 1.3.0 written to /workspace/builds/worker-7-tc1/source/Cargo.toml
[INFO] crate crates.io crate mpvipc 1.3.0 already has a lockfile, it will not be regenerated
[INFO] running `Command { std: CARGO_HOME="/workspace/cargo-home" RUSTUP_HOME="/workspace/rustup-home" "/workspace/cargo-home/bin/cargo" "+nightly-2024-10-28" "fetch" "--manifest-path" "Cargo.toml", kill_on_drop: false }`
[INFO] [stderr]     Blocking waiting for file lock on package cache
[INFO] [stderr]     Blocking waiting for file lock on package cache
[INFO] running `Command { std: "docker" "create" "-v" "/var/lib/crater-agent-workspace/builds/worker-7-tc1/target:/opt/rustwide/target:rw,Z" "-v" "/var/lib/crater-agent-workspace/builds/worker-7-tc1/source:/opt/rustwide/workdir:ro,Z" "-v" "/var/lib/crater-agent-workspace/cargo-home:/opt/rustwide/cargo-home:ro,Z" "-v" "/var/lib/crater-agent-workspace/rustup-home:/opt/rustwide/rustup-home:ro,Z" "-e" "SOURCE_DIR=/opt/rustwide/workdir" "-e" "CARGO_TARGET_DIR=/opt/rustwide/target" "-e" "CARGO_HOME=/opt/rustwide/cargo-home" "-e" "RUSTUP_HOME=/opt/rustwide/rustup-home" "-w" "/opt/rustwide/workdir" "-m" "1610612736" "--user" "0:0" "--network" "none" "ghcr.io/rust-lang/crates-build-env/linux@sha256:4a844ea9eb2546a2d2c7022eacef16ef2e8229c7fbb2c7d4d55a9ceca922f72d" "/opt/rustwide/cargo-home/bin/cargo" "+nightly-2024-10-28" "metadata" "--no-deps" "--format-version=1", kill_on_drop: false }`
[INFO] [stdout] d8b551a0fd2da49ae47acf0ef8e16e51c9a3c000fd67d7bc164cac8a7d81e419
[INFO] running `Command { std: "docker" "start" "-a" "d8b551a0fd2da49ae47acf0ef8e16e51c9a3c000fd67d7bc164cac8a7d81e419", kill_on_drop: false }`
[INFO] running `Command { std: "docker" "inspect" "d8b551a0fd2da49ae47acf0ef8e16e51c9a3c000fd67d7bc164cac8a7d81e419", kill_on_drop: false }`
[INFO] running `Command { std: "docker" "rm" "-f" "d8b551a0fd2da49ae47acf0ef8e16e51c9a3c000fd67d7bc164cac8a7d81e419", kill_on_drop: false }`
[INFO] [stdout] d8b551a0fd2da49ae47acf0ef8e16e51c9a3c000fd67d7bc164cac8a7d81e419
[INFO] running `Command { std: "docker" "create" "-v" "/var/lib/crater-agent-workspace/builds/worker-7-tc1/target:/opt/rustwide/target:rw,Z" "-v" "/var/lib/crater-agent-workspace/builds/worker-7-tc1/source:/opt/rustwide/workdir:ro,Z" "-v" "/var/lib/crater-agent-workspace/cargo-home:/opt/rustwide/cargo-home:ro,Z" "-v" "/var/lib/crater-agent-workspace/rustup-home:/opt/rustwide/rustup-home:ro,Z" "-e" "SOURCE_DIR=/opt/rustwide/workdir" "-e" "CARGO_TARGET_DIR=/opt/rustwide/target" "-e" "CARGO_INCREMENTAL=0" "-e" "RUST_BACKTRACE=full" "-e" "RUSTFLAGS=--cap-lints=forbid" "-e" "RUSTDOCFLAGS=--cap-lints=forbid" "-e" "CARGO_HOME=/opt/rustwide/cargo-home" "-e" "RUSTUP_HOME=/opt/rustwide/rustup-home" "-w" "/opt/rustwide/workdir" "-m" "1610612736" "--user" "0:0" "--network" "none" "ghcr.io/rust-lang/crates-build-env/linux@sha256:4a844ea9eb2546a2d2c7022eacef16ef2e8229c7fbb2c7d4d55a9ceca922f72d" "/opt/rustwide/cargo-home/bin/cargo" "+nightly-2024-10-28" "build" "--frozen" "--message-format=json", kill_on_drop: false }`
[INFO] [stdout] 7b2e186e71b701637787eb6e70f94d630798c01d5b9e22e338737fb1508e0bde
[INFO] running `Command { std: "docker" "start" "-a" "7b2e186e71b701637787eb6e70f94d630798c01d5b9e22e338737fb1508e0bde", kill_on_drop: false }`
[INFO] [stderr]    Compiling serde v1.0.180
[INFO] [stderr]    Compiling serde_json v1.0.104
[INFO] [stderr]    Compiling itoa v1.0.9
[INFO] [stderr]    Compiling ryu v1.0.15
[INFO] [stderr]    Compiling mpvipc v1.3.0 (/opt/rustwide/workdir)
[INFO] [stderr]     Finished `dev` profile [unoptimized + debuginfo] target(s) in 4.09s
[INFO] running `Command { std: "docker" "inspect" "7b2e186e71b701637787eb6e70f94d630798c01d5b9e22e338737fb1508e0bde", kill_on_drop: false }`
[INFO] running `Command { std: "docker" "rm" "-f" "7b2e186e71b701637787eb6e70f94d630798c01d5b9e22e338737fb1508e0bde", kill_on_drop: false }`
[INFO] [stdout] 7b2e186e71b701637787eb6e70f94d630798c01d5b9e22e338737fb1508e0bde
[INFO] running `Command { std: "docker" "create" "-v" "/var/lib/crater-agent-workspace/builds/worker-7-tc1/target:/opt/rustwide/target:rw,Z" "-v" "/var/lib/crater-agent-workspace/builds/worker-7-tc1/source:/opt/rustwide/workdir:ro,Z" "-v" "/var/lib/crater-agent-workspace/cargo-home:/opt/rustwide/cargo-home:ro,Z" "-v" "/var/lib/crater-agent-workspace/rustup-home:/opt/rustwide/rustup-home:ro,Z" "-e" "SOURCE_DIR=/opt/rustwide/workdir" "-e" "CARGO_TARGET_DIR=/opt/rustwide/target" "-e" "CARGO_INCREMENTAL=0" "-e" "RUST_BACKTRACE=full" "-e" "RUSTFLAGS=--cap-lints=forbid" "-e" "RUSTDOCFLAGS=--cap-lints=forbid" "-e" "CARGO_HOME=/opt/rustwide/cargo-home" "-e" "RUSTUP_HOME=/opt/rustwide/rustup-home" "-w" "/opt/rustwide/workdir" "-m" "1610612736" "--user" "0:0" "--network" "none" "ghcr.io/rust-lang/crates-build-env/linux@sha256:4a844ea9eb2546a2d2c7022eacef16ef2e8229c7fbb2c7d4d55a9ceca922f72d" "/opt/rustwide/cargo-home/bin/cargo" "+nightly-2024-10-28" "test" "--frozen" "--no-run" "--message-format=json", kill_on_drop: false }`
[INFO] [stdout] f36de5f1abc22d9ba408cc1ade0ce83a2047b4d1ebed7bdb174f23bc4fc915ae
[INFO] running `Command { std: "docker" "start" "-a" "f36de5f1abc22d9ba408cc1ade0ce83a2047b4d1ebed7bdb174f23bc4fc915ae", kill_on_drop: false }`
[INFO] [stderr]    Compiling rustix v0.38.6
[INFO] [stderr]    Compiling linux-raw-sys v0.4.5
[INFO] [stderr]    Compiling regex-syntax v0.7.4
[INFO] [stderr]    Compiling aho-corasick v1.0.2
[INFO] [stderr]    Compiling humantime v2.1.0
[INFO] [stderr]    Compiling mpvipc v1.3.0 (/opt/rustwide/workdir)
[INFO] [stderr]    Compiling is-terminal v0.4.9
[INFO] [stderr]    Compiling regex-automata v0.3.4
[INFO] [stderr]    Compiling regex v1.9.1
[INFO] [stderr]    Compiling env_logger v0.10.0
[INFO] [stderr]     Finished `test` profile [unoptimized + debuginfo] target(s) in 8.18s
[INFO] running `Command { std: "docker" "inspect" "f36de5f1abc22d9ba408cc1ade0ce83a2047b4d1ebed7bdb174f23bc4fc915ae", kill_on_drop: false }`
[INFO] running `Command { std: "docker" "rm" "-f" "f36de5f1abc22d9ba408cc1ade0ce83a2047b4d1ebed7bdb174f23bc4fc915ae", kill_on_drop: false }`
[INFO] [stdout] f36de5f1abc22d9ba408cc1ade0ce83a2047b4d1ebed7bdb174f23bc4fc915ae
[INFO] running `Command { std: "docker" "create" "-v" "/var/lib/crater-agent-workspace/builds/worker-7-tc1/target:/opt/rustwide/target:rw,Z" "-v" "/var/lib/crater-agent-workspace/builds/worker-7-tc1/source:/opt/rustwide/workdir:ro,Z" "-v" "/var/lib/crater-agent-workspace/cargo-home:/opt/rustwide/cargo-home:ro,Z" "-v" "/var/lib/crater-agent-workspace/rustup-home:/opt/rustwide/rustup-home:ro,Z" "-e" "SOURCE_DIR=/opt/rustwide/workdir" "-e" "CARGO_TARGET_DIR=/opt/rustwide/target" "-e" "CARGO_INCREMENTAL=0" "-e" "RUST_BACKTRACE=full" "-e" "RUSTFLAGS=--cap-lints=forbid" "-e" "RUSTDOCFLAGS=--cap-lints=forbid" "-e" "CARGO_HOME=/opt/rustwide/cargo-home" "-e" "RUSTUP_HOME=/opt/rustwide/rustup-home" "-w" "/opt/rustwide/workdir" "-m" "1610612736" "--user" "0:0" "--network" "none" "ghcr.io/rust-lang/crates-build-env/linux@sha256:4a844ea9eb2546a2d2c7022eacef16ef2e8229c7fbb2c7d4d55a9ceca922f72d" "/opt/rustwide/cargo-home/bin/cargo" "+nightly-2024-10-28" "test" "--frozen", kill_on_drop: false }`
[INFO] [stdout] de9577116dde5512ff64ccdbc70951df569d1dc660135b754cfdf01c704cfc7c
[INFO] running `Command { std: "docker" "start" "-a" "de9577116dde5512ff64ccdbc70951df569d1dc660135b754cfdf01c704cfc7c", kill_on_drop: false }`
[INFO] [stderr]     Finished `test` profile [unoptimized + debuginfo] target(s) in 0.05s
[INFO] [stderr]      Running unittests src/lib.rs (/opt/rustwide/target/debug/deps/mpvipc-3a529bdbfa491535)
[INFO] [stdout] 
[INFO] [stdout] running 0 tests
[INFO] [stdout] 
[INFO] [stdout] test result: ok. 0 passed; 0 failed; 0 ignored; 0 measured; 0 filtered out; finished in 0.00s
[INFO] [stdout] 
[INFO] [stderr]    Doc-tests mpvipc
[INFO] [stdout] 
[INFO] [stdout] running 5 tests
[INFO] [stdout] test src/lib.rs - Mpv::event_listen (line 403) ... ignored
[INFO] [stdout] test src/lib.rs - Mpv::run_command (line 458) ... FAILED
[INFO] [stdout] test src/lib.rs - Mpv::set_property (line 669) ... FAILED
[INFO] [stdout] test src/lib.rs - Mpv::get_property_string (line 381) ... FAILED
[INFO] [stdout] test src/lib.rs - Mpv::get_property (line 357) ... FAILED
[INFO] [stdout] 
[INFO] [stdout] failures:
[INFO] [stdout] 
[INFO] [stdout] ---- src/lib.rs - Mpv::run_command (line 458) stdout ----
[INFO] [stdout] error[E0433]: failed to resolve: use of undeclared type `MpvCommand`
[INFO] [stdout]  --> src/lib.rs:465:21
[INFO] [stdout]   |
[INFO] [stdout] 9 |     mpv.run_command(MpvCommand::PlaylistShuffle)?;
[INFO] [stdout]   |                     ^^^^^^^^^^ use of undeclared type `MpvCommand`
[INFO] [stdout]   |
[INFO] [stdout] help: consider importing this enum
[INFO] [stdout]   |
[INFO] [stdout] 4 + use mpvipc::MpvCommand;
[INFO] [stdout]   |
[INFO] [stdout] 
[INFO] [stdout] error[E0433]: failed to resolve: use of undeclared type `MpvCommand`
[INFO] [stdout]   --> src/lib.rs:468:21
[INFO] [stdout]    |
[INFO] [stdout] 12 |     mpv.run_command(MpvCommand::Seek {
[INFO] [stdout]    |                     ^^^^^^^^^^ use of undeclared type `MpvCommand`
[INFO] [stdout]    |
[INFO] [stdout] help: consider importing this enum
[INFO] [stdout]    |
[INFO] [stdout] 4  + use mpvipc::MpvCommand;
[INFO] [stdout]    |
[INFO] [stdout] 
[INFO] [stdout] error[E0433]: failed to resolve: use of undeclared type `SeekOptions`
[INFO] [stdout]   --> src/lib.rs:470:17
[INFO] [stdout]    |
[INFO] [stdout] 14 |         option: SeekOptions::Absolute,
[INFO] [stdout]    |                 ^^^^^^^^^^^ use of undeclared type `SeekOptions`
[INFO] [stdout]    |
[INFO] [stdout] help: consider importing this enum
[INFO] [stdout]    |
[INFO] [stdout] 4  + use mpvipc::SeekOptions;
[INFO] [stdout]    |
[INFO] [stdout] 
[INFO] [stdout] error: aborting due to 3 previous errors
[INFO] [stdout] 
[INFO] [stdout] For more information about this error, try `rustc --explain E0433`.
[INFO] [stdout] Couldn't compile the test.
[INFO] [stdout] ---- src/lib.rs - Mpv::set_property (line 669) stdout ----
[INFO] [stdout] Test executable failed (exit status: 1).
[INFO] [stdout] 
[INFO] [stdout] stderr:
[INFO] [stdout] Error: Error(ConnectError("No such file or directory (os error 2)"))
[INFO] [stdout] 
[INFO] [stdout] 
[INFO] [stdout] ---- src/lib.rs - Mpv::get_property_string (line 381) stdout ----
[INFO] [stdout] Test executable failed (exit status: 1).
[INFO] [stdout] 
[INFO] [stdout] stderr:
[INFO] [stdout] Error: Error(ConnectError("No such file or directory (os error 2)"))
[INFO] [stdout] 
[INFO] [stdout] 
[INFO] [stdout] ---- src/lib.rs - Mpv::get_property (line 357) stdout ----
[INFO] [stdout] Test executable failed (exit status: 1).
[INFO] [stdout] 
[INFO] [stdout] stderr:
[INFO] [stdout] Error: Error(ConnectError("No such file or directory (os error 2)"))
[INFO] [stdout] 
[INFO] [stdout] 
[INFO] [stdout] 
[INFO] [stdout] failures:
[INFO] [stdout]     src/lib.rs - Mpv::get_property (line 357)
[INFO] [stdout]     src/lib.rs - Mpv::get_property_string (line 381)
[INFO] [stdout]     src/lib.rs - Mpv::run_command (line 458)
[INFO] [stdout]     src/lib.rs - Mpv::set_property (line 669)
[INFO] [stdout] 
[INFO] [stdout] test result: FAILED. 0 passed; 4 failed; 1 ignored; 0 measured; 0 filtered out; finished in 0.37s
[INFO] [stdout] 
[INFO] [stderr] error: doctest failed, to rerun pass `--doc`
[INFO] running `Command { std: "docker" "inspect" "de9577116dde5512ff64ccdbc70951df569d1dc660135b754cfdf01c704cfc7c", kill_on_drop: false }`
[INFO] running `Command { std: "docker" "rm" "-f" "de9577116dde5512ff64ccdbc70951df569d1dc660135b754cfdf01c704cfc7c", kill_on_drop: false }`
[INFO] [stdout] de9577116dde5512ff64ccdbc70951df569d1dc660135b754cfdf01c704cfc7c
