[INFO] fetching crate mpt_trie 0.4.1...
[INFO] testing mpt_trie-0.4.1 against nightly-2024-10-28 for randomize-layout
[INFO] extracting crate mpt_trie 0.4.1 into /workspace/builds/worker-4-tc1/source
[INFO] validating manifest of crates.io crate mpt_trie 0.4.1 on toolchain nightly-2024-10-28
[INFO] running `Command { std: CARGO_HOME="/workspace/cargo-home" RUSTUP_HOME="/workspace/rustup-home" "/workspace/cargo-home/bin/cargo" "+nightly-2024-10-28" "metadata" "--manifest-path" "Cargo.toml" "--no-deps", kill_on_drop: false }`
[INFO] started tweaking crates.io crate mpt_trie 0.4.1
[INFO] removed 0 missing examples
[INFO] finished tweaking crates.io crate mpt_trie 0.4.1
[INFO] tweaked toml for crates.io crate mpt_trie 0.4.1 written to /workspace/builds/worker-4-tc1/source/Cargo.toml
[INFO] crate crates.io crate mpt_trie 0.4.1 already has a lockfile, it will not be regenerated
[INFO] running `Command { std: CARGO_HOME="/workspace/cargo-home" RUSTUP_HOME="/workspace/rustup-home" "/workspace/cargo-home/bin/cargo" "+nightly-2024-10-28" "fetch" "--manifest-path" "Cargo.toml", kill_on_drop: false }`
[INFO] [stderr]     Updating crates.io index
[INFO] [stderr]  Downloading crates ...
[INFO] [stderr]   Downloaded impl-num-traits v0.1.2
[INFO] running `Command { std: "docker" "create" "-v" "/var/lib/crater-agent-workspace/builds/worker-4-tc1/target:/opt/rustwide/target:rw,Z" "-v" "/var/lib/crater-agent-workspace/builds/worker-4-tc1/source:/opt/rustwide/workdir:ro,Z" "-v" "/var/lib/crater-agent-workspace/cargo-home:/opt/rustwide/cargo-home:ro,Z" "-v" "/var/lib/crater-agent-workspace/rustup-home:/opt/rustwide/rustup-home:ro,Z" "-e" "SOURCE_DIR=/opt/rustwide/workdir" "-e" "CARGO_TARGET_DIR=/opt/rustwide/target" "-e" "CARGO_HOME=/opt/rustwide/cargo-home" "-e" "RUSTUP_HOME=/opt/rustwide/rustup-home" "-w" "/opt/rustwide/workdir" "-m" "1610612736" "--user" "0:0" "--network" "none" "ghcr.io/rust-lang/crates-build-env/linux@sha256:4a844ea9eb2546a2d2c7022eacef16ef2e8229c7fbb2c7d4d55a9ceca922f72d" "/opt/rustwide/cargo-home/bin/cargo" "+nightly-2024-10-28" "metadata" "--no-deps" "--format-version=1", kill_on_drop: false }`
[INFO] [stdout] 20c8b39ee0471b93861c4a90a2cf293129b3d8fa824376f6214ab18234e042cf
[INFO] running `Command { std: "docker" "start" "-a" "20c8b39ee0471b93861c4a90a2cf293129b3d8fa824376f6214ab18234e042cf", kill_on_drop: false }`
[INFO] running `Command { std: "docker" "inspect" "20c8b39ee0471b93861c4a90a2cf293129b3d8fa824376f6214ab18234e042cf", kill_on_drop: false }`
[INFO] running `Command { std: "docker" "rm" "-f" "20c8b39ee0471b93861c4a90a2cf293129b3d8fa824376f6214ab18234e042cf", kill_on_drop: false }`
[INFO] [stdout] 20c8b39ee0471b93861c4a90a2cf293129b3d8fa824376f6214ab18234e042cf
[INFO] running `Command { std: "docker" "create" "-v" "/var/lib/crater-agent-workspace/builds/worker-4-tc1/target:/opt/rustwide/target:rw,Z" "-v" "/var/lib/crater-agent-workspace/builds/worker-4-tc1/source:/opt/rustwide/workdir:ro,Z" "-v" "/var/lib/crater-agent-workspace/cargo-home:/opt/rustwide/cargo-home:ro,Z" "-v" "/var/lib/crater-agent-workspace/rustup-home:/opt/rustwide/rustup-home:ro,Z" "-e" "SOURCE_DIR=/opt/rustwide/workdir" "-e" "CARGO_TARGET_DIR=/opt/rustwide/target" "-e" "CARGO_INCREMENTAL=0" "-e" "RUST_BACKTRACE=full" "-e" "RUSTFLAGS=--cap-lints=forbid" "-e" "RUSTDOCFLAGS=--cap-lints=forbid" "-e" "CARGO_HOME=/opt/rustwide/cargo-home" "-e" "RUSTUP_HOME=/opt/rustwide/rustup-home" "-w" "/opt/rustwide/workdir" "-m" "1610612736" "--user" "0:0" "--network" "none" "ghcr.io/rust-lang/crates-build-env/linux@sha256:4a844ea9eb2546a2d2c7022eacef16ef2e8229c7fbb2c7d4d55a9ceca922f72d" "/opt/rustwide/cargo-home/bin/cargo" "+nightly-2024-10-28" "build" "--frozen" "--message-format=json", kill_on_drop: false }`
[INFO] [stdout] 1ed60e37695baf5fba10cdc703ba09495a02f7fea9a6158fda5d743e37c25e6f
[INFO] running `Command { std: "docker" "start" "-a" "1ed60e37695baf5fba10cdc703ba09495a02f7fea9a6158fda5d743e37c25e6f", kill_on_drop: false }`
[INFO] [stderr]    Compiling proc-macro2 v1.0.86
[INFO] [stderr]    Compiling unicode-ident v1.0.12
[INFO] [stderr]    Compiling serde v1.0.204
[INFO] [stderr]    Compiling autocfg v1.3.0
[INFO] [stderr]    Compiling crunchy v0.2.2
[INFO] [stderr]    Compiling byteorder v1.5.0
[INFO] [stderr]    Compiling ppv-lite86 v0.2.17
[INFO] [stderr]    Compiling getrandom v0.2.15
[INFO] [stderr]    Compiling rustc-hex v2.1.0
[INFO] [stderr]    Compiling rand_core v0.6.4
[INFO] [stderr]    Compiling static_assertions v1.1.0
[INFO] [stderr]    Compiling bytes v1.6.0
[INFO] [stderr]    Compiling tiny-keccak v2.0.2
[INFO] [stderr]    Compiling hex v0.4.3
[INFO] [stderr]    Compiling syn v1.0.109
[INFO] [stderr]    Compiling num-traits v0.2.19
[INFO] [stderr]    Compiling rand_chacha v0.3.1
[INFO] [stderr]    Compiling lock_api v0.4.12
[INFO] [stderr]    Compiling rlp v0.5.2
[INFO] [stderr]    Compiling parking_lot_core v0.9.10
[INFO] [stderr]    Compiling impl-rlp v0.3.0
[INFO] [stderr]    Compiling uint v0.9.5
[INFO] [stderr]    Compiling thiserror v1.0.61
[INFO] [stderr]    Compiling scopeguard v1.2.0
[INFO] [stderr]    Compiling smallvec v1.13.2
[INFO] [stderr]    Compiling byte-slice-cast v1.2.2
[INFO] [stderr]    Compiling rand v0.8.5
[INFO] [stderr]    Compiling quote v1.0.36
[INFO] [stderr]    Compiling arrayvec v0.7.4
[INFO] [stderr]    Compiling heck v0.4.1
[INFO] [stderr]    Compiling log v0.4.22
[INFO] [stderr]    Compiling syn v2.0.70
[INFO] [stderr]    Compiling integer-sqrt v0.1.5
[INFO] [stderr]    Compiling impl-num-traits v0.1.2
[INFO] [stderr]    Compiling fixed-hash v0.8.0
[INFO] [stderr]    Compiling serde_derive v1.0.204
[INFO] [stderr]    Compiling thiserror-impl v1.0.61
[INFO] [stderr]    Compiling enum-as-inner v0.6.0
[INFO] [stderr]    Compiling impl-trait-for-tuples v0.2.2
[INFO] [stderr]    Compiling impl-serde v0.4.0
[INFO] [stderr]    Compiling parity-scale-codec v3.6.12
[INFO] [stderr]    Compiling primitive-types v0.12.2
[INFO] [stderr]    Compiling ethbloom v0.13.0
[INFO] [stderr]    Compiling parking_lot v0.12.3
[INFO] [stderr]    Compiling impl-codec v0.6.0
[INFO] [stderr]    Compiling ethereum-types v0.14.1
[INFO] [stderr]    Compiling keccak-hash v0.10.0
[INFO] [stderr]    Compiling mpt_trie v0.4.1 (/opt/rustwide/workdir)
[INFO] [stderr]     Finished `dev` profile [unoptimized + debuginfo] target(s) in 17.05s
[INFO] running `Command { std: "docker" "inspect" "1ed60e37695baf5fba10cdc703ba09495a02f7fea9a6158fda5d743e37c25e6f", kill_on_drop: false }`
[INFO] running `Command { std: "docker" "rm" "-f" "1ed60e37695baf5fba10cdc703ba09495a02f7fea9a6158fda5d743e37c25e6f", kill_on_drop: false }`
[INFO] [stdout] 1ed60e37695baf5fba10cdc703ba09495a02f7fea9a6158fda5d743e37c25e6f
[INFO] running `Command { std: "docker" "create" "-v" "/var/lib/crater-agent-workspace/builds/worker-4-tc1/target:/opt/rustwide/target:rw,Z" "-v" "/var/lib/crater-agent-workspace/builds/worker-4-tc1/source:/opt/rustwide/workdir:ro,Z" "-v" "/var/lib/crater-agent-workspace/cargo-home:/opt/rustwide/cargo-home:ro,Z" "-v" "/var/lib/crater-agent-workspace/rustup-home:/opt/rustwide/rustup-home:ro,Z" "-e" "SOURCE_DIR=/opt/rustwide/workdir" "-e" "CARGO_TARGET_DIR=/opt/rustwide/target" "-e" "CARGO_INCREMENTAL=0" "-e" "RUST_BACKTRACE=full" "-e" "RUSTFLAGS=--cap-lints=forbid" "-e" "RUSTDOCFLAGS=--cap-lints=forbid" "-e" "CARGO_HOME=/opt/rustwide/cargo-home" "-e" "RUSTUP_HOME=/opt/rustwide/rustup-home" "-w" "/opt/rustwide/workdir" "-m" "1610612736" "--user" "0:0" "--network" "none" "ghcr.io/rust-lang/crates-build-env/linux@sha256:4a844ea9eb2546a2d2c7022eacef16ef2e8229c7fbb2c7d4d55a9ceca922f72d" "/opt/rustwide/cargo-home/bin/cargo" "+nightly-2024-10-28" "test" "--frozen" "--no-run" "--message-format=json", kill_on_drop: false }`
[INFO] [stdout] b0fdf85cffc5ffff8dd4eaf25084f036b138cfc054ffdb68e72732961569df3f
[INFO] running `Command { std: "docker" "start" "-a" "b0fdf85cffc5ffff8dd4eaf25084f036b138cfc054ffdb68e72732961569df3f", kill_on_drop: false }`
[INFO] [stderr]    Compiling rand v0.8.5
[INFO] [stderr]    Compiling memchr v2.7.4
[INFO] [stderr]    Compiling ahash v0.8.11
[INFO] [stderr]    Compiling log v0.4.22
[INFO] [stderr]    Compiling regex-syntax v0.8.4
[INFO] [stderr]    Compiling zerocopy v0.7.35
[INFO] [stderr]    Compiling once_cell v1.19.0
[INFO] [stderr]    Compiling is-terminal v0.4.12
[INFO] [stderr]    Compiling allocator-api2 v0.2.18
[INFO] [stderr]    Compiling termcolor v1.4.1
[INFO] [stderr]    Compiling humantime v2.1.0
[INFO] [stderr]    Compiling serde_json v1.0.120
[INFO] [stderr]    Compiling ryu v1.0.18
[INFO] [stderr]    Compiling itoa v1.0.11
[INFO] [stderr]    Compiling rlp-derive v0.1.0
[INFO] [stderr]    Compiling aho-corasick v1.1.3
[INFO] [stderr]    Compiling hashbrown v0.14.5
[INFO] [stderr]    Compiling fixed-hash v0.8.0
[INFO] [stderr]    Compiling primitive-types v0.12.2
[INFO] [stderr]    Compiling ethbloom v0.13.0
[INFO] [stderr]    Compiling regex-automata v0.4.7
[INFO] [stderr]    Compiling ethereum-types v0.14.1
[INFO] [stderr]    Compiling keccak-hash v0.10.0
[INFO] [stderr]    Compiling eth_trie v0.4.0
[INFO] [stderr]    Compiling mpt_trie v0.4.1 (/opt/rustwide/workdir)
[INFO] [stderr]    Compiling regex v1.10.5
[INFO] [stderr]    Compiling env_logger v0.10.2
[INFO] [stderr]    Compiling pretty_env_logger v0.5.0
[INFO] [stderr]     Finished `test` profile [unoptimized + debuginfo] target(s) in 9.43s
[INFO] running `Command { std: "docker" "inspect" "b0fdf85cffc5ffff8dd4eaf25084f036b138cfc054ffdb68e72732961569df3f", kill_on_drop: false }`
[INFO] running `Command { std: "docker" "rm" "-f" "b0fdf85cffc5ffff8dd4eaf25084f036b138cfc054ffdb68e72732961569df3f", kill_on_drop: false }`
[INFO] [stdout] b0fdf85cffc5ffff8dd4eaf25084f036b138cfc054ffdb68e72732961569df3f
[INFO] running `Command { std: "docker" "create" "-v" "/var/lib/crater-agent-workspace/builds/worker-4-tc1/target:/opt/rustwide/target:rw,Z" "-v" "/var/lib/crater-agent-workspace/builds/worker-4-tc1/source:/opt/rustwide/workdir:ro,Z" "-v" "/var/lib/crater-agent-workspace/cargo-home:/opt/rustwide/cargo-home:ro,Z" "-v" "/var/lib/crater-agent-workspace/rustup-home:/opt/rustwide/rustup-home:ro,Z" "-e" "SOURCE_DIR=/opt/rustwide/workdir" "-e" "CARGO_TARGET_DIR=/opt/rustwide/target" "-e" "CARGO_INCREMENTAL=0" "-e" "RUST_BACKTRACE=full" "-e" "RUSTFLAGS=--cap-lints=forbid" "-e" "RUSTDOCFLAGS=--cap-lints=forbid" "-e" "CARGO_HOME=/opt/rustwide/cargo-home" "-e" "RUSTUP_HOME=/opt/rustwide/rustup-home" "-w" "/opt/rustwide/workdir" "-m" "1610612736" "--user" "0:0" "--network" "none" "ghcr.io/rust-lang/crates-build-env/linux@sha256:4a844ea9eb2546a2d2c7022eacef16ef2e8229c7fbb2c7d4d55a9ceca922f72d" "/opt/rustwide/cargo-home/bin/cargo" "+nightly-2024-10-28" "test" "--frozen", kill_on_drop: false }`
[INFO] [stdout] 4fc680d093733230fb03353daad972d49010e9fe13e94b4da20518192b899518
[INFO] running `Command { std: "docker" "start" "-a" "4fc680d093733230fb03353daad972d49010e9fe13e94b4da20518192b899518", kill_on_drop: false }`
[INFO] [stderr]     Finished `test` profile [unoptimized + debuginfo] target(s) in 0.06s
[INFO] [stderr]      Running unittests src/lib.rs (/opt/rustwide/target/debug/deps/mpt_trie-16c20a0629dad66a)
[INFO] [stdout] 
[INFO] [stdout] running 98 tests
[INFO] [stdout] test debug_tools::diff::tests::depth_massive_multi_node_diff_tests ... ignored
[INFO] [stdout] test debug_tools::diff::tests::depth_massive_single_node_diff_tests ... ignored
[INFO] [stdout] test debug_tools::diff::tests::depth_multi_node_multi_node_hash_diffs_work ... ignored
[INFO] [stdout] test debug_tools::diff::tests::depth_multi_node_multi_node_node_diffs_work ... ignored
[INFO] [stdout] test debug_tools::diff::tests::depth_multi_node_single_node_hash_diffs_work ... ignored
[INFO] [stdout] test debug_tools::diff::tests::depth_multi_node_single_node_node_diffs_work ... ignored
[INFO] [stdout] test debug_tools::diff::tests::depth_single_node_node_diffs_work ... ignored
[INFO] [stdout] test debug_tools::stats::tests::depth_stats_work ... ignored
[INFO] [stdout] test debug_tools::stats::tests::perfectly_balanced_trie_has_correct_node_stats ... ignored
[INFO] [stdout] test debug_tools::stats::tests::hand_made_trie_has_correct_node_stats ... ok
[INFO] [stdout] test nibbles::tests::find_nibble_idx_that_differs_between_nibbles_works ... ok
[INFO] [stdout] test nibbles::tests::from_hex_prefix_encoding_edge_case ... ok
[INFO] [stdout] test nibbles::tests::get_next_nibbles_works ... ok
[INFO] [stdout] test nibbles::tests::from_u256_works ... ok
[INFO] [stdout] test debug_tools::diff::tests::depth_single_node_hash_diffs_work ... ok
[INFO] [stdout] test nibbles::tests::get_nibble_works ... ok
[INFO] [stdout] test nibbles::tests::nibbles_are_identical_up_to_smallest_count_works ... ok
[INFO] [stdout] test nibbles::tests::merge_nibble_works ... ok
[INFO] [stdout] test nibbles::tests::get_nibble_range_works ... ok
[INFO] [stdout] test nibbles::tests::nibbles_as_byte_slice_works ... ok
[INFO] [stdout] test nibbles::tests::nibbles_from_hex_prefix_encoding_errors_if_flags_invalid ... ok
[INFO] [stdout] test nibbles::tests::merge_nibbles_works ... ok
[INFO] [stdout] test nibbles::tests::nibbles_from_h256_works ... ok
[INFO] [stdout] test nibbles::tests::nibbles_from_hex_prefix_encoding_works ... ok
[INFO] [stdout] test nibbles::tests::nibbles_from_nibble_works ... ok
[INFO] [stdout] test nibbles::tests::nibbles_from_hex_prefix_encoding_errors_if_too_large ... ok
[INFO] [stdout] test nibbles::tests::nibbles_to_bytes_works ... ok
[INFO] [stdout] test nibbles::tests::nibbles_to_hex_prefix_encoding_works ... ok
[INFO] [stdout] test nibbles::tests::pop_nibble_back_works ... ok
[INFO] [stdout] test nibbles::tests::nibbles_from_str_works ... ok
[INFO] [stdout] test nibbles::tests::nibbles_into_h256_works ... ok
[INFO] [stdout] test nibbles::tests::pop_nibble_front_works ... ok
[INFO] [stdout] test nibbles::tests::pop_nibbles_back_works ... ok
[INFO] [stdout] test nibbles::tests::pop_nibbles_front_works ... ok
[INFO] [stdout] test nibbles::tests::push_nibbles_front_works ... ok
[INFO] [stdout] test nibbles::tests::push_nibble_front_works ... ok
[INFO] [stdout] test nibbles::tests::push_nibbles_back_works ... ok
[INFO] [stdout] test nibbles::tests::push_nibble_back_works ... ok
[INFO] [stdout] test nibbles::tests::reverse_works ... ok
[INFO] [stdout] test nibbles::tests::split_at_idx_postfix_works ... ok
[INFO] [stdout] test nibbles::tests::split_at_idx_prefix_works ... ok
[INFO] [stdout] test nibbles::tests::to_nibbles_works ... ok
[INFO] [stdout] test nibbles::tests::truncate_nibbles_works ... ok
[INFO] [stdout] test special_query::test::query_iter_works_no_last_node ... ok
[INFO] [stdout] test special_query::test::query_iter_works_with_last_node ... ok
[INFO] [stdout] test nibbles::tests::split_at_idx_works ... ok
[INFO] [stdout] test trie_hashing::tests::empty_hash_is_correct ... ok
[INFO] [stdout] test nibbles::tests::split_at_idx_panics_if_out_of_range - should panic ... ok
[INFO] [stdout] test trie_hashing::tests::massive_account_insert_hashes_agree_with_eth_trie_and_py_evm ... FAILED
[INFO] [stdout] test nibbles::tests::nibbles_from_nibble_panics_when_not_nibble - should panic ... ok
[INFO] [stdout] test trie_hashing::tests::replacing_branch_of_leaves_with_hash_nodes_produced_same_hash ... ok
[INFO] [stdout] test trie_hashing::tests::single_account_leaf_hash_is_correct ... FAILED
[INFO] [stdout] test trie_hashing::tests::single_leaf_hash_is_correct ... ok
[INFO] [stdout] test trie_hashing::tests::two_variable_length_keys_with_no_overlap_produces_correct_hash ... ok
[INFO] [stdout] test trie_hashing::tests::two_variable_length_keys_with_overlap_produces_correct_hash ... ok
[INFO] [stdout] test trie_ops::tests::cloning_a_trie_creates_two_separate_tries ... ok
[INFO] [stdout] test trie_ops::tests::deleting_a_non_existent_node_returns_none ... ok
[INFO] [stdout] test trie_ops::tests::deleting_from_an_empty_trie_returns_none ... ok
[INFO] [stdout] test trie_hashing::tests::replacing_part_of_a_trie_with_a_hash_node_produces_same_hash ... ok
[INFO] [stdout] test trie_ops::tests::diagonal_inserts_to_base_of_trie_works ... ok
[INFO] [stdout] test trie_hashing::tests::massive_trie_data_deletion_agrees_with_eth_trie ... ok
[INFO] [stdout] test trie_ops::tests::existent_node_key_contains_returns_true ... ok
[INFO] [stdout] test trie_hashing::tests::massive_random_data_insert_variable_keys_hashes_agree_with_eth_trie ... ok
[INFO] [stdout] test trie_hashing::tests::massive_random_data_insert_fixed_keys_hashes_agree_with_eth_trie ... ok
[INFO] [stdout] test trie_ops::tests::held_trie_cow_references_do_not_change_as_trie_changes ... ok
[INFO] [stdout] test debug_tools::stats::tests::massive_leaf_trie_has_correct_leaf_node_stats ... ok
[INFO] [stdout] test trie_ops::tests::get_massive_trie_works ... ok
[INFO] [stdout] test trie_ops::tests::non_existent_node_key_contains_returns_false ... ok
[INFO] [stdout] test trie_ops::tests::single_insert ... ok
[INFO] [stdout] test trie_ops::tests::deletion_massive_trie ... ok
[INFO] [stdout] test trie_ops::tests::two_disjoint_inserts_works ... ok
[INFO] [stdout] test trie_ops::tests::two_inserts_that_differ_on_last_nibble_works ... ok
[INFO] [stdout] test trie_ops::tests::two_inserts_that_share_one_nibble_works ... ok
[INFO] [stdout] test trie_ops::tests::two_variable_length_keys_with_overlap_are_queryable ... ok
[INFO] [stdout] test trie_ops::tests::updating_an_existing_node_works ... ok
[INFO] [stdout] test debug_tools::stats::tests::massive_mixed_trie_has_correct_hash_node_stats ... ok
[INFO] [stdout] test trie_subsets::tests::empty_trie_does_not_return_err_on_query ... ok
[INFO] [stdout] test trie_subsets::tests::encountering_a_hash_node_returns_err ... ok
[INFO] [stdout] test trie_ops::tests::mass_inserts_fixed_sized_keys_all_entries_are_retrievable ... ok
[INFO] [stdout] test trie_subsets::tests::hash_of_branch_partial_tries_matches_original_trie ... ok
[INFO] [stdout] test trie_ops::tests::equivalency_check_works ... ok
[INFO] [stdout] test debug_tools::stats::tests::massive_hash_trie_has_correct_hash_node_stats ... ok
[INFO] [stdout] test trie_subsets::tests::hash_of_single_leaf_trie_partial_trie_matches_original_trie ... ok
[INFO] [stdout] test trie_subsets::tests::multi_node_trie_returns_proper_subset ... ok
[INFO] [stdout] test trie_subsets::tests::non_existent_key_does_not_return_err ... ok
[INFO] [stdout] test trie_subsets::tests::single_node_trie_is_queryable ... ok
[INFO] [stdout] test trie_subsets::tests::sub_trie_existent_key_contains_returns_true ... ok
[INFO] [stdout] test trie_subsets::tests::sub_trie_for_non_existent_key_that_hits_branch_leaf_does_not_hash_out_leaf ... ok
[INFO] [stdout] test trie_subsets::tests::sub_trie_non_existent_key_contains_returns_false ... ok
[INFO] [stdout] test trie_subsets::tests::sub_trie_that_includes_branch_but_not_children_hashes_out_children ... ok
[INFO] [stdout] test utils::tests::path_from_query_works ... ok
[INFO] [stdout] test trie_subsets::tests::intermediate_nodes_are_included_in_subset ... ok
[INFO] [stdout] test trie_ops::tests::mass_inserts_variable_sized_keys_all_entries_are_retrievable ... ok
[INFO] [stdout] test trie_ops::tests::mass_inserts_variable_sized_keys_with_hash_nodes_all_entries_are_retrievable ... ok
[INFO] [stdout] test trie_ops::tests::trie_iter_works ... ok
[INFO] [stdout] test trie_subsets::tests::all_leafs_of_keys_to_create_subset_are_included_in_subset_for_giant_trie ... ok
[INFO] [stdout] test trie_subsets::tests::hash_of_giant_random_partial_tries_matches_original_trie ... ok
[INFO] [stdout] test trie_subsets::tests::giant_random_partial_tries_hashes_leaves_correctly ... ok
[INFO] [stdout] 
[INFO] [stdout] failures:
[INFO] [stdout] 
[INFO] [stdout] ---- trie_hashing::tests::massive_account_insert_hashes_agree_with_eth_trie_and_py_evm stdout ----
[INFO] [stdout] thread 'trie_hashing::tests::massive_account_insert_hashes_agree_with_eth_trie_and_py_evm' panicked at src/trie_hashing.rs:203:58:
[INFO] [stdout] called `Result::unwrap()` on an `Err` value: Os { code: 2, kind: NotFound, message: "No such file or directory" }
[INFO] [stdout] stack backtrace:
[INFO] [stdout]    0:     0x565ab506fc2a - std::backtrace_rs::backtrace::libunwind::trace::h207520d6e9873551
[INFO] [stdout]                                at /rustc/df4ca44d3fbc9301ee17f30f4d474e6ae4b05252/library/std/src/../../backtrace/src/backtrace/libunwind.rs:116:5
[INFO] [stdout]    1:     0x565ab506fc2a - std::backtrace_rs::backtrace::trace_unsynchronized::h2ed7433f370e3eca
[INFO] [stdout]                                at /rustc/df4ca44d3fbc9301ee17f30f4d474e6ae4b05252/library/std/src/../../backtrace/src/backtrace/mod.rs:66:5
[INFO] [stdout]    2:     0x565ab506fc2a - std::sys::backtrace::_print_fmt::h916fac51166b18d7
[INFO] [stdout]                                at /rustc/df4ca44d3fbc9301ee17f30f4d474e6ae4b05252/library/std/src/sys/backtrace.rs:66:9
[INFO] [stdout]    3:     0x565ab506fc2a - <std::sys::backtrace::BacktraceLock::print::DisplayBacktrace as core::fmt::Display>::fmt::ha0a4c9b8ce3802e6
[INFO] [stdout]                                at /rustc/df4ca44d3fbc9301ee17f30f4d474e6ae4b05252/library/std/src/sys/backtrace.rs:39:26
[INFO] [stdout]    4:     0x565ab5096e53 - core::fmt::rt::Argument::fmt::h4cfc8587d52b3eb5
[INFO] [stdout]                                at /rustc/df4ca44d3fbc9301ee17f30f4d474e6ae4b05252/library/core/src/fmt/rt.rs:177:76
[INFO] [stdout]    5:     0x565ab5096e53 - core::fmt::write::h522cc39e5b36ae9f
[INFO] [stdout]                                at /rustc/df4ca44d3fbc9301ee17f30f4d474e6ae4b05252/library/core/src/fmt/mod.rs:1190:21
[INFO] [stdout]    6:     0x565ab506c893 - std::io::Write::write_fmt::h7d3c26752da97734
[INFO] [stdout]                                at /rustc/df4ca44d3fbc9301ee17f30f4d474e6ae4b05252/library/std/src/io/mod.rs:1839:15
[INFO] [stdout]    7:     0x565ab506fa72 - std::sys::backtrace::BacktraceLock::print::h4b9e00b29e9c0942
[INFO] [stdout]                                at /rustc/df4ca44d3fbc9301ee17f30f4d474e6ae4b05252/library/std/src/sys/backtrace.rs:42:9
[INFO] [stdout]    8:     0x565ab50710ba - std::panicking::default_hook::{{closure}}::hb59b88280d0324d9
[INFO] [stdout]                                at /rustc/df4ca44d3fbc9301ee17f30f4d474e6ae4b05252/library/std/src/panicking.rs:268:22
[INFO] [stdout]    9:     0x565ab5070ec4 - std::panicking::default_hook::he1dd496665be4a29
[INFO] [stdout]                                at /rustc/df4ca44d3fbc9301ee17f30f4d474e6ae4b05252/library/std/src/panicking.rs:292:9
[INFO] [stdout]   10:     0x565ab4fb75b9 - <alloc::boxed::Box<F,A> as core::ops::function::Fn<Args>>::call::h4ff71de18744e1dc
[INFO] [stdout]                                at /rustc/df4ca44d3fbc9301ee17f30f4d474e6ae4b05252/library/alloc/src/boxed.rs:2468:9
[INFO] [stdout]   11:     0x565ab4fb75b9 - test::test_main::{{closure}}::hcf7c055ce117aa81
[INFO] [stdout]                                at /rustc/df4ca44d3fbc9301ee17f30f4d474e6ae4b05252/library/test/src/lib.rs:133:21
[INFO] [stdout]   12:     0x565ab50717b8 - <alloc::boxed::Box<F,A> as core::ops::function::Fn<Args>>::call::h1d66c6bbd60c9692
[INFO] [stdout]                                at /rustc/df4ca44d3fbc9301ee17f30f4d474e6ae4b05252/library/alloc/src/boxed.rs:2468:9
[INFO] [stdout]   13:     0x565ab50717b8 - std::panicking::rust_panic_with_hook::h2ff17fe8f26dfcf8
[INFO] [stdout]                                at /rustc/df4ca44d3fbc9301ee17f30f4d474e6ae4b05252/library/std/src/panicking.rs:809:13
[INFO] [stdout]   14:     0x565ab507157a - std::panicking::begin_panic_handler::{{closure}}::h4fad77951c07e101
[INFO] [stdout]                                at /rustc/df4ca44d3fbc9301ee17f30f4d474e6ae4b05252/library/std/src/panicking.rs:674:13
[INFO] [stdout]   15:     0x565ab5070109 - std::sys::backtrace::__rust_end_short_backtrace::hb1a25b3da5d0ea08
[INFO] [stdout]                                at /rustc/df4ca44d3fbc9301ee17f30f4d474e6ae4b05252/library/std/src/sys/backtrace.rs:170:18
[INFO] [stdout]   16:     0x565ab507120c - rust_begin_unwind
[INFO] [stdout]                                at /rustc/df4ca44d3fbc9301ee17f30f4d474e6ae4b05252/library/std/src/panicking.rs:665:5
[INFO] [stdout]   17:     0x565ab5095460 - core::panicking::panic_fmt::ha9db07b529f9b256
[INFO] [stdout]                                at /rustc/df4ca44d3fbc9301ee17f30f4d474e6ae4b05252/library/core/src/panicking.rs:75:14
[INFO] [stdout]   18:     0x565ab50958e6 - core::result::unwrap_failed::h5e8218e4d4338b8a
[INFO] [stdout]                                at /rustc/df4ca44d3fbc9301ee17f30f4d474e6ae4b05252/library/core/src/result.rs:1698:5
[INFO] [stdout]   19:     0x565ab4cbd8af - core::result::Result<T,E>::unwrap::hdf570a6f1a38e70d
[INFO] [stdout]                                at /rustc/df4ca44d3fbc9301ee17f30f4d474e6ae4b05252/library/core/src/result.rs:1103:23
[INFO] [stdout]   20:     0x565ab4cbd8af - mpt_trie::trie_hashing::tests::load_pyevm_truth_vals::h8afc4e46f8cf382f
[INFO] [stdout]                                at /opt/rustwide/workdir/src/trie_hashing.rs:203:21
[INFO] [stdout]   21:     0x565ab4cc5d99 - mpt_trie::trie_hashing::tests::massive_account_insert_hashes_agree_with_eth_trie_and_py_evm::hbcc069ff6e2f1f8b
[INFO] [stdout]                                at /opt/rustwide/workdir/src/trie_hashing.rs:338:33
[INFO] [stdout]   22:     0x565ab4cc5d37 - mpt_trie::trie_hashing::tests::massive_account_insert_hashes_agree_with_eth_trie_and_py_evm::{{closure}}::ha351c34c3c4773d5
[INFO] [stdout]                                at /opt/rustwide/workdir/src/trie_hashing.rs:335:70
[INFO] [stdout]   23:     0x565ab4caef16 - core::ops::function::FnOnce::call_once::h3485ac52eca3a1af
[INFO] [stdout]                                at /rustc/df4ca44d3fbc9301ee17f30f4d474e6ae4b05252/library/core/src/ops/function.rs:250:5
[INFO] [stdout]   24:     0x565ab4fbbe8b - core::ops::function::FnOnce::call_once::h22c3ba5715e93f05
[INFO] [stdout]                                at /rustc/df4ca44d3fbc9301ee17f30f4d474e6ae4b05252/library/core/src/ops/function.rs:250:5
[INFO] [stdout]   25:     0x565ab4fbbe8b - test::__rust_begin_short_backtrace::h8e82d8113d0da17f
[INFO] [stdout]                                at /rustc/df4ca44d3fbc9301ee17f30f4d474e6ae4b05252/library/test/src/lib.rs:621:18
[INFO] [stdout]   26:     0x565ab4fbb807 - test::run_test_in_process::{{closure}}::h33235f4f20b7b7c7
[INFO] [stdout]                                at /rustc/df4ca44d3fbc9301ee17f30f4d474e6ae4b05252/library/test/src/lib.rs:644:60
[INFO] [stdout]   27:     0x565ab4fbb807 - <core::panic::unwind_safe::AssertUnwindSafe<F> as core::ops::function::FnOnce<()>>::call_once::hb5043206310c586f
[INFO] [stdout]                                at /rustc/df4ca44d3fbc9301ee17f30f4d474e6ae4b05252/library/core/src/panic/unwind_safe.rs:272:9
[INFO] [stdout]   28:     0x565ab4fbb807 - std::panicking::try::do_call::h9ad4731a60ab23e2
[INFO] [stdout]                                at /rustc/df4ca44d3fbc9301ee17f30f4d474e6ae4b05252/library/std/src/panicking.rs:557:40
[INFO] [stdout]   29:     0x565ab4fbb807 - std::panicking::try::h3824d23db772a716
[INFO] [stdout]                                at /rustc/df4ca44d3fbc9301ee17f30f4d474e6ae4b05252/library/std/src/panicking.rs:520:19
[INFO] [stdout]   30:     0x565ab4fbb807 - std::panic::catch_unwind::h5afd514605fde46b
[INFO] [stdout]                                at /rustc/df4ca44d3fbc9301ee17f30f4d474e6ae4b05252/library/std/src/panic.rs:358:14
[INFO] [stdout]   31:     0x565ab4fbb807 - test::run_test_in_process::h0d5cbfa7067d1720
[INFO] [stdout]                                at /rustc/df4ca44d3fbc9301ee17f30f4d474e6ae4b05252/library/test/src/lib.rs:644:27
[INFO] [stdout]   32:     0x565ab4fbb807 - test::run_test::{{closure}}::h708eb8872708115d
[INFO] [stdout]                                at /rustc/df4ca44d3fbc9301ee17f30f4d474e6ae4b05252/library/test/src/lib.rs:565:43
[INFO] [stdout]   33:     0x565ab4f7ef24 - test::run_test::{{closure}}::h392c51cee94713ab
[INFO] [stdout]                                at /rustc/df4ca44d3fbc9301ee17f30f4d474e6ae4b05252/library/test/src/lib.rs:595:41
[INFO] [stdout]   34:     0x565ab4f7ef24 - std::sys::backtrace::__rust_begin_short_backtrace::h2f40290710935a8b
[INFO] [stdout]                                at /rustc/df4ca44d3fbc9301ee17f30f4d474e6ae4b05252/library/std/src/sys/backtrace.rs:154:18
[INFO] [stdout]   35:     0x565ab4f826ce - std::thread::Builder::spawn_unchecked_::{{closure}}::{{closure}}::h3fd968d89053a903
[INFO] [stdout]                                at /rustc/df4ca44d3fbc9301ee17f30f4d474e6ae4b05252/library/std/src/thread/mod.rs:541:17
[INFO] [stdout]   36:     0x565ab4f826ce - <core::panic::unwind_safe::AssertUnwindSafe<F> as core::ops::function::FnOnce<()>>::call_once::h743f637ba4229880
[INFO] [stdout]                                at /rustc/df4ca44d3fbc9301ee17f30f4d474e6ae4b05252/library/core/src/panic/unwind_safe.rs:272:9
[INFO] [stdout]   37:     0x565ab4f826ce - std::panicking::try::do_call::h07440897322525a6
[INFO] [stdout]                                at /rustc/df4ca44d3fbc9301ee17f30f4d474e6ae4b05252/library/std/src/panicking.rs:557:40
[INFO] [stdout]   38:     0x565ab4f826ce - std::panicking::try::he5a2e00188156637
[INFO] [stdout]                                at /rustc/df4ca44d3fbc9301ee17f30f4d474e6ae4b05252/library/std/src/panicking.rs:520:19
[INFO] [stdout]   39:     0x565ab4f826ce - std::panic::catch_unwind::hbaf3cae49b3c6433
[INFO] [stdout]                                at /rustc/df4ca44d3fbc9301ee17f30f4d474e6ae4b05252/library/std/src/panic.rs:358:14
[INFO] [stdout]   40:     0x565ab4f826ce - std::thread::Builder::spawn_unchecked_::{{closure}}::h8e141ea224820bce
[INFO] [stdout]                                at /rustc/df4ca44d3fbc9301ee17f30f4d474e6ae4b05252/library/std/src/thread/mod.rs:540:30
[INFO] [stdout]   41:     0x565ab4f826ce - core::ops::function::FnOnce::call_once{{vtable.shim}}::h90d312fedd7b8ea8
[INFO] [stdout]                                at /rustc/df4ca44d3fbc9301ee17f30f4d474e6ae4b05252/library/core/src/ops/function.rs:250:5
[INFO] [stdout]   42:     0x565ab50755ab - <alloc::boxed::Box<F,A> as core::ops::function::FnOnce<Args>>::call_once::h69aa08ddb6adb8b6
[INFO] [stdout]                                at /rustc/df4ca44d3fbc9301ee17f30f4d474e6ae4b05252/library/alloc/src/boxed.rs:2454:9
[INFO] [stdout]   43:     0x565ab50755ab - <alloc::boxed::Box<F,A> as core::ops::function::FnOnce<Args>>::call_once::h5aa36efdb79c806f
[INFO] [stdout]                                at /rustc/df4ca44d3fbc9301ee17f30f4d474e6ae4b05252/library/alloc/src/boxed.rs:2454:9
[INFO] [stdout]   44:     0x565ab50755ab - std::sys::pal::unix::thread::Thread::new::thread_start::h6cd80a1b4be5158d
[INFO] [stdout]                                at /rustc/df4ca44d3fbc9301ee17f30f4d474e6ae4b05252/library/std/src/sys/pal/unix/thread.rs:105:17
[INFO] [stdout]   45:     0x763d3dcd2ac3 - <unknown>
[INFO] [stdout]   46:     0x763d3dd63a04 - clone
[INFO] [stdout]   47:                0x0 - <unknown>
[INFO] [stdout] 
[INFO] [stdout] ---- trie_hashing::tests::single_account_leaf_hash_is_correct stdout ----
[INFO] [stdout] thread 'trie_hashing::tests::single_account_leaf_hash_is_correct' panicked at src/trie_hashing.rs:203:58:
[INFO] [stdout] called `Result::unwrap()` on an `Err` value: Os { code: 2, kind: NotFound, message: "No such file or directory" }
[INFO] [stdout] stack backtrace:
[INFO] [stdout]    0:     0x565ab506fc2a - std::backtrace_rs::backtrace::libunwind::trace::h207520d6e9873551
[INFO] [stdout]                                at /rustc/df4ca44d3fbc9301ee17f30f4d474e6ae4b05252/library/std/src/../../backtrace/src/backtrace/libunwind.rs:116:5
[INFO] [stdout]    1:     0x565ab506fc2a - std::backtrace_rs::backtrace::trace_unsynchronized::h2ed7433f370e3eca
[INFO] [stdout]                                at /rustc/df4ca44d3fbc9301ee17f30f4d474e6ae4b05252/library/std/src/../../backtrace/src/backtrace/mod.rs:66:5
[INFO] [stdout]    2:     0x565ab506fc2a - std::sys::backtrace::_print_fmt::h916fac51166b18d7
[INFO] [stdout]                                at /rustc/df4ca44d3fbc9301ee17f30f4d474e6ae4b05252/library/std/src/sys/backtrace.rs:66:9
[INFO] [stdout]    3:     0x565ab506fc2a - <std::sys::backtrace::BacktraceLock::print::DisplayBacktrace as core::fmt::Display>::fmt::ha0a4c9b8ce3802e6
[INFO] [stdout]                                at /rustc/df4ca44d3fbc9301ee17f30f4d474e6ae4b05252/library/std/src/sys/backtrace.rs:39:26
[INFO] [stdout]    4:     0x565ab5096e53 - core::fmt::rt::Argument::fmt::h4cfc8587d52b3eb5
[INFO] [stdout]                                at /rustc/df4ca44d3fbc9301ee17f30f4d474e6ae4b05252/library/core/src/fmt/rt.rs:177:76
[INFO] [stdout]    5:     0x565ab5096e53 - core::fmt::write::h522cc39e5b36ae9f
[INFO] [stdout]                                at /rustc/df4ca44d3fbc9301ee17f30f4d474e6ae4b05252/library/core/src/fmt/mod.rs:1190:21
[INFO] [stdout]    6:     0x565ab506c893 - std::io::Write::write_fmt::h7d3c26752da97734
[INFO] [stdout]                                at /rustc/df4ca44d3fbc9301ee17f30f4d474e6ae4b05252/library/std/src/io/mod.rs:1839:15
[INFO] [stdout]    7:     0x565ab506fa72 - std::sys::backtrace::BacktraceLock::print::h4b9e00b29e9c0942
[INFO] [stdout]                                at /rustc/df4ca44d3fbc9301ee17f30f4d474e6ae4b05252/library/std/src/sys/backtrace.rs:42:9
[INFO] [stdout]    8:     0x565ab50710ba - std::panicking::default_hook::{{closure}}::hb59b88280d0324d9
[INFO] [stdout]                                at /rustc/df4ca44d3fbc9301ee17f30f4d474e6ae4b05252/library/std/src/panicking.rs:268:22
[INFO] [stdout]    9:     0x565ab5070ec4 - std::panicking::default_hook::he1dd496665be4a29
[INFO] [stdout]                                at /rustc/df4ca44d3fbc9301ee17f30f4d474e6ae4b05252/library/std/src/panicking.rs:292:9
[INFO] [stdout]   10:     0x565ab4fb75b9 - <alloc::boxed::Box<F,A> as core::ops::function::Fn<Args>>::call::h4ff71de18744e1dc
[INFO] [stdout]                                at /rustc/df4ca44d3fbc9301ee17f30f4d474e6ae4b05252/library/alloc/src/boxed.rs:2468:9
[INFO] [stdout]   11:     0x565ab4fb75b9 - test::test_main::{{closure}}::hcf7c055ce117aa81
[INFO] [stdout]                                at /rustc/df4ca44d3fbc9301ee17f30f4d474e6ae4b05252/library/test/src/lib.rs:133:21
[INFO] [stdout]   12:     0x565ab50717b8 - <alloc::boxed::Box<F,A> as core::ops::function::Fn<Args>>::call::h1d66c6bbd60c9692
[INFO] [stdout]                                at /rustc/df4ca44d3fbc9301ee17f30f4d474e6ae4b05252/library/alloc/src/boxed.rs:2468:9
[INFO] [stdout]   13:     0x565ab50717b8 - std::panicking::rust_panic_with_hook::h2ff17fe8f26dfcf8
[INFO] [stdout]                                at /rustc/df4ca44d3fbc9301ee17f30f4d474e6ae4b05252/library/std/src/panicking.rs:809:13
[INFO] [stdout]   14:     0x565ab507157a - std::panicking::begin_panic_handler::{{closure}}::h4fad77951c07e101
[INFO] [stdout]                                at /rustc/df4ca44d3fbc9301ee17f30f4d474e6ae4b05252/library/std/src/panicking.rs:674:13
[INFO] [stdout]   15:     0x565ab5070109 - std::sys::backtrace::__rust_end_short_backtrace::hb1a25b3da5d0ea08
[INFO] [stdout]                                at /rustc/df4ca44d3fbc9301ee17f30f4d474e6ae4b05252/library/std/src/sys/backtrace.rs:170:18
[INFO] [stdout]   16:     0x565ab507120c - rust_begin_unwind
[INFO] [stdout]                                at /rustc/df4ca44d3fbc9301ee17f30f4d474e6ae4b05252/library/std/src/panicking.rs:665:5
[INFO] [stdout]   17:     0x565ab5095460 - core::panicking::panic_fmt::ha9db07b529f9b256
[INFO] [stdout]                                at /rustc/df4ca44d3fbc9301ee17f30f4d474e6ae4b05252/library/core/src/panicking.rs:75:14
[INFO] [stdout]   18:     0x565ab50958e6 - core::result::unwrap_failed::h5e8218e4d4338b8a
[INFO] [stdout]                                at /rustc/df4ca44d3fbc9301ee17f30f4d474e6ae4b05252/library/core/src/result.rs:1698:5
[INFO] [stdout]   19:     0x565ab4cbd8af - core::result::Result<T,E>::unwrap::hdf570a6f1a38e70d
[INFO] [stdout]                                at /rustc/df4ca44d3fbc9301ee17f30f4d474e6ae4b05252/library/core/src/result.rs:1103:23
[INFO] [stdout]   20:     0x565ab4cbd8af - mpt_trie::trie_hashing::tests::load_pyevm_truth_vals::h8afc4e46f8cf382f
[INFO] [stdout]                                at /opt/rustwide/workdir/src/trie_hashing.rs:203:21
[INFO] [stdout]   21:     0x565ab4cc51c5 - mpt_trie::trie_hashing::tests::single_account_leaf_hash_is_correct::h1fcf6c231b872256
[INFO] [stdout]                                at /opt/rustwide/workdir/src/trie_hashing.rs:266:35
[INFO] [stdout]   22:     0x565ab4cc516d - mpt_trie::trie_hashing::tests::single_account_leaf_hash_is_correct::{{closure}}::h81fd8440d5861d4e
[INFO] [stdout]                                at /opt/rustwide/workdir/src/trie_hashing.rs:263:49
[INFO] [stdout]   23:     0x565ab4caf816 - core::ops::function::FnOnce::call_once::h6eb662db17efc83e
[INFO] [stdout]                                at /rustc/df4ca44d3fbc9301ee17f30f4d474e6ae4b05252/library/core/src/ops/function.rs:250:5
[INFO] [stdout]   24:     0x565ab4fbbe8b - core::ops::function::FnOnce::call_once::h22c3ba5715e93f05
[INFO] [stdout]                                at /rustc/df4ca44d3fbc9301ee17f30f4d474e6ae4b05252/library/core/src/ops/function.rs:250:5
[INFO] [stdout]   25:     0x565ab4fbbe8b - test::__rust_begin_short_backtrace::h8e82d8113d0da17f
[INFO] [stdout]                                at /rustc/df4ca44d3fbc9301ee17f30f4d474e6ae4b05252/library/test/src/lib.rs:621:18
[INFO] [stdout]   26:     0x565ab4fbb807 - test::run_test_in_process::{{closure}}::h33235f4f20b7b7c7
[INFO] [stdout]                                at /rustc/df4ca44d3fbc9301ee17f30f4d474e6ae4b05252/library/test/src/lib.rs:644:60
[INFO] [stdout]   27:     0x565ab4fbb807 - <core::panic::unwind_safe::AssertUnwindSafe<F> as core::ops::function::FnOnce<()>>::call_once::hb5043206310c586f
[INFO] [stdout]                                at /rustc/df4ca44d3fbc9301ee17f30f4d474e6ae4b05252/library/core/src/panic/unwind_safe.rs:272:9
[INFO] [stdout]   28:     0x565ab4fbb807 - std::panicking::try::do_call::h9ad4731a60ab23e2
[INFO] [stdout]                                at /rustc/df4ca44d3fbc9301ee17f30f4d474e6ae4b05252/library/std/src/panicking.rs:557:40
[INFO] [stdout]   29:     0x565ab4fbb807 - std::panicking::try::h3824d23db772a716
[INFO] [stdout]                                at /rustc/df4ca44d3fbc9301ee17f30f4d474e6ae4b05252/library/std/src/panicking.rs:520:19
[INFO] [stdout]   30:     0x565ab4fbb807 - std::panic::catch_unwind::h5afd514605fde46b
[INFO] [stdout]                                at /rustc/df4ca44d3fbc9301ee17f30f4d474e6ae4b05252/library/std/src/panic.rs:358:14
[INFO] [stdout]   31:     0x565ab4fbb807 - test::run_test_in_process::h0d5cbfa7067d1720
[INFO] [stdout]                                at /rustc/df4ca44d3fbc9301ee17f30f4d474e6ae4b05252/library/test/src/lib.rs:644:27
[INFO] [stdout]   32:     0x565ab4fbb807 - test::run_test::{{closure}}::h708eb8872708115d
[INFO] [stderr] error: test failed, to rerun pass `--lib`
[INFO] [stdout]                                at /rustc/df4ca44d3fbc9301ee17f30f4d474e6ae4b05252/library/test/src/lib.rs:565:43
[INFO] [stdout]   33:     0x565ab4f7ef24 - test::run_test::{{closure}}::h392c51cee94713ab
[INFO] [stdout]                                at /rustc/df4ca44d3fbc9301ee17f30f4d474e6ae4b05252/library/test/src/lib.rs:595:41
[INFO] [stdout]   34:     0x565ab4f7ef24 - std::sys::backtrace::__rust_begin_short_backtrace::h2f40290710935a8b
[INFO] [stdout]                                at /rustc/df4ca44d3fbc9301ee17f30f4d474e6ae4b05252/library/std/src/sys/backtrace.rs:154:18
[INFO] [stdout]   35:     0x565ab4f826ce - std::thread::Builder::spawn_unchecked_::{{closure}}::{{closure}}::h3fd968d89053a903
[INFO] [stdout]                                at /rustc/df4ca44d3fbc9301ee17f30f4d474e6ae4b05252/library/std/src/thread/mod.rs:541:17
[INFO] [stdout]   36:     0x565ab4f826ce - <core::panic::unwind_safe::AssertUnwindSafe<F> as core::ops::function::FnOnce<()>>::call_once::h743f637ba4229880
[INFO] [stdout]                                at /rustc/df4ca44d3fbc9301ee17f30f4d474e6ae4b05252/library/core/src/panic/unwind_safe.rs:272:9
[INFO] [stdout]   37:     0x565ab4f826ce - std::panicking::try::do_call::h07440897322525a6
[INFO] [stdout]                                at /rustc/df4ca44d3fbc9301ee17f30f4d474e6ae4b05252/library/std/src/panicking.rs:557:40
[INFO] [stdout]   38:     0x565ab4f826ce - std::panicking::try::he5a2e00188156637
[INFO] [stdout]                                at /rustc/df4ca44d3fbc9301ee17f30f4d474e6ae4b05252/library/std/src/panicking.rs:520:19
[INFO] [stdout]   39:     0x565ab4f826ce - std::panic::catch_unwind::hbaf3cae49b3c6433
[INFO] [stdout]                                at /rustc/df4ca44d3fbc9301ee17f30f4d474e6ae4b05252/library/std/src/panic.rs:358:14
[INFO] [stdout]   40:     0x565ab4f826ce - std::thread::Builder::spawn_unchecked_::{{closure}}::h8e141ea224820bce
[INFO] [stdout]                                at /rustc/df4ca44d3fbc9301ee17f30f4d474e6ae4b05252/library/std/src/thread/mod.rs:540:30
[INFO] [stdout]   41:     0x565ab4f826ce - core::ops::function::FnOnce::call_once{{vtable.shim}}::h90d312fedd7b8ea8
[INFO] [stdout]                                at /rustc/df4ca44d3fbc9301ee17f30f4d474e6ae4b05252/library/core/src/ops/function.rs:250:5
[INFO] [stdout]   42:     0x565ab50755ab - <alloc::boxed::Box<F,A> as core::ops::function::FnOnce<Args>>::call_once::h69aa08ddb6adb8b6
[INFO] [stdout]                                at /rustc/df4ca44d3fbc9301ee17f30f4d474e6ae4b05252/library/alloc/src/boxed.rs:2454:9
[INFO] [stdout]   43:     0x565ab50755ab - <alloc::boxed::Box<F,A> as core::ops::function::FnOnce<Args>>::call_once::h5aa36efdb79c806f
[INFO] [stdout]                                at /rustc/df4ca44d3fbc9301ee17f30f4d474e6ae4b05252/library/alloc/src/boxed.rs:2454:9
[INFO] [stdout]   44:     0x565ab50755ab - std::sys::pal::unix::thread::Thread::new::thread_start::h6cd80a1b4be5158d
[INFO] [stdout]                                at /rustc/df4ca44d3fbc9301ee17f30f4d474e6ae4b05252/library/std/src/sys/pal/unix/thread.rs:105:17
[INFO] [stdout]   45:     0x763d3dcd2ac3 - <unknown>
[INFO] [stdout]   46:     0x763d3dd63a04 - clone
[INFO] [stdout]   47:                0x0 - <unknown>
[INFO] [stdout] 
[INFO] [stdout] 
[INFO] [stdout] failures:
[INFO] [stdout]     trie_hashing::tests::massive_account_insert_hashes_agree_with_eth_trie_and_py_evm
[INFO] [stdout]     trie_hashing::tests::single_account_leaf_hash_is_correct
[INFO] [stdout] 
[INFO] [stdout] test result: FAILED. 87 passed; 2 failed; 9 ignored; 0 measured; 0 filtered out; finished in 56.57s
[INFO] [stdout] 
[INFO] running `Command { std: "docker" "inspect" "4fc680d093733230fb03353daad972d49010e9fe13e94b4da20518192b899518", kill_on_drop: false }`
[INFO] running `Command { std: "docker" "rm" "-f" "4fc680d093733230fb03353daad972d49010e9fe13e94b4da20518192b899518", kill_on_drop: false }`
[INFO] [stdout] 4fc680d093733230fb03353daad972d49010e9fe13e94b4da20518192b899518
