[INFO] fetching crate mpd 0.1.0...
[INFO] testing mpd-0.1.0 against nightly-2024-10-28 for randomize-layout
[INFO] extracting crate mpd 0.1.0 into /workspace/builds/worker-0-tc1/source
[INFO] validating manifest of crates.io crate mpd 0.1.0 on toolchain nightly-2024-10-28
[INFO] running `Command { std: CARGO_HOME="/workspace/cargo-home" RUSTUP_HOME="/workspace/rustup-home" "/workspace/cargo-home/bin/cargo" "+nightly-2024-10-28" "metadata" "--manifest-path" "Cargo.toml" "--no-deps", kill_on_drop: false }`
[INFO] started tweaking crates.io crate mpd 0.1.0
[INFO] finished tweaking crates.io crate mpd 0.1.0
[INFO] tweaked toml for crates.io crate mpd 0.1.0 written to /workspace/builds/worker-0-tc1/source/Cargo.toml
[INFO] crate crates.io crate mpd 0.1.0 already has a lockfile, it will not be regenerated
[INFO] running `Command { std: CARGO_HOME="/workspace/cargo-home" RUSTUP_HOME="/workspace/rustup-home" "/workspace/cargo-home/bin/cargo" "+nightly-2024-10-28" "fetch" "--manifest-path" "Cargo.toml", kill_on_drop: false }`
[INFO] [stderr]  Downloading crates ...
[INFO] [stderr]   Downloaded serde_derive v1.0.169
[INFO] [stderr]   Downloaded serde_repr v0.1.14
[INFO] [stderr]   Downloaded syn v2.0.24
[INFO] running `Command { std: "docker" "create" "-v" "/var/lib/crater-agent-workspace/builds/worker-0-tc1/target:/opt/rustwide/target:rw,Z" "-v" "/var/lib/crater-agent-workspace/builds/worker-0-tc1/source:/opt/rustwide/workdir:ro,Z" "-v" "/var/lib/crater-agent-workspace/cargo-home:/opt/rustwide/cargo-home:ro,Z" "-v" "/var/lib/crater-agent-workspace/rustup-home:/opt/rustwide/rustup-home:ro,Z" "-e" "SOURCE_DIR=/opt/rustwide/workdir" "-e" "CARGO_TARGET_DIR=/opt/rustwide/target" "-e" "CARGO_HOME=/opt/rustwide/cargo-home" "-e" "RUSTUP_HOME=/opt/rustwide/rustup-home" "-w" "/opt/rustwide/workdir" "-m" "1610612736" "--user" "0:0" "--network" "none" "ghcr.io/rust-lang/crates-build-env/linux@sha256:4a844ea9eb2546a2d2c7022eacef16ef2e8229c7fbb2c7d4d55a9ceca922f72d" "/opt/rustwide/cargo-home/bin/cargo" "+nightly-2024-10-28" "metadata" "--no-deps" "--format-version=1", kill_on_drop: false }`
[INFO] [stdout] 9e62802dc25ff70812d5de5a5fd3aa49019e9dbab1bae4f2182154c9d7a93cfd
[INFO] running `Command { std: "docker" "start" "-a" "9e62802dc25ff70812d5de5a5fd3aa49019e9dbab1bae4f2182154c9d7a93cfd", kill_on_drop: false }`
[INFO] running `Command { std: "docker" "inspect" "9e62802dc25ff70812d5de5a5fd3aa49019e9dbab1bae4f2182154c9d7a93cfd", kill_on_drop: false }`
[INFO] running `Command { std: "docker" "rm" "-f" "9e62802dc25ff70812d5de5a5fd3aa49019e9dbab1bae4f2182154c9d7a93cfd", kill_on_drop: false }`
[INFO] [stdout] 9e62802dc25ff70812d5de5a5fd3aa49019e9dbab1bae4f2182154c9d7a93cfd
[INFO] running `Command { std: "docker" "create" "-v" "/var/lib/crater-agent-workspace/builds/worker-0-tc1/target:/opt/rustwide/target:rw,Z" "-v" "/var/lib/crater-agent-workspace/builds/worker-0-tc1/source:/opt/rustwide/workdir:ro,Z" "-v" "/var/lib/crater-agent-workspace/cargo-home:/opt/rustwide/cargo-home:ro,Z" "-v" "/var/lib/crater-agent-workspace/rustup-home:/opt/rustwide/rustup-home:ro,Z" "-e" "SOURCE_DIR=/opt/rustwide/workdir" "-e" "CARGO_TARGET_DIR=/opt/rustwide/target" "-e" "CARGO_INCREMENTAL=0" "-e" "RUST_BACKTRACE=full" "-e" "RUSTFLAGS=--cap-lints=forbid" "-e" "RUSTDOCFLAGS=--cap-lints=forbid" "-e" "CARGO_HOME=/opt/rustwide/cargo-home" "-e" "RUSTUP_HOME=/opt/rustwide/rustup-home" "-w" "/opt/rustwide/workdir" "-m" "1610612736" "--user" "0:0" "--network" "none" "ghcr.io/rust-lang/crates-build-env/linux@sha256:4a844ea9eb2546a2d2c7022eacef16ef2e8229c7fbb2c7d4d55a9ceca922f72d" "/opt/rustwide/cargo-home/bin/cargo" "+nightly-2024-10-28" "build" "--frozen" "--message-format=json", kill_on_drop: false }`
[INFO] [stdout] 0c9fc349c0d8a38fccf203e5d8ae773bb8ad2f1c32685227ae5f6630b763ddb0
[INFO] running `Command { std: "docker" "start" "-a" "0c9fc349c0d8a38fccf203e5d8ae773bb8ad2f1c32685227ae5f6630b763ddb0", kill_on_drop: false }`
[INFO] [stderr]    Compiling bufstream v0.1.4
[INFO] [stderr]    Compiling mpd v0.1.0 (/opt/rustwide/workdir)
[INFO] [stdout] warning: elided lifetime has a name
[INFO] [stdout]   --> src/search.rs:27:42
[INFO] [stdout]    |
[INFO] [stdout] 26 | impl<'a> Filter<'a> {
[INFO] [stdout]    |      -- lifetime `'a` declared here
[INFO] [stdout] 27 |     fn new<W>(typ: Term<'a>, what: W) -> Filter
[INFO] [stdout]    |                                          ^^^^^^ this elided lifetime gets resolved as `'a`
[INFO] [stdout]    |
[INFO] [stdout]    = note: `#[warn(elided_named_lifetimes)]` on by default
[INFO] [stdout] 
[INFO] [stdout] 
[INFO] [stdout] warning: unexpected `cfg` condition value: `cargo-clippy`
[INFO] [stdout]    --> src/client.rs:152:16
[INFO] [stdout]     |
[INFO] [stdout] 152 |     #[cfg_attr(feature = "cargo-clippy", allow(clippy::should_implement_trait))]
[INFO] [stdout]     |                ^^^^^^^^^^^^^^^^^^^^^^^^
[INFO] [stdout]     |
[INFO] [stdout]     = note: expected values for `feature` are: `serde`
[INFO] [stdout]     = help: consider adding `cargo-clippy` as a feature in `Cargo.toml`
[INFO] [stdout]     = note: see <https://doc.rust-lang.org/nightly/rustc/check-cfg/cargo-specifics.html> for more information about checking conditional configuration
[INFO] [stdout]     = note: `#[warn(unexpected_cfgs)]` on by default
[INFO] [stdout] 
[INFO] [stdout] 
[INFO] [stdout] warning: field `name` is never read
[INFO] [stdout]  --> src/sticker.rs:6:9
[INFO] [stdout]   |
[INFO] [stdout] 5 | pub struct Sticker {
[INFO] [stdout]   |            ------- field in this struct
[INFO] [stdout] 6 |     pub name: String,
[INFO] [stdout]   |         ^^^^
[INFO] [stdout]   |
[INFO] [stdout]   = note: `#[warn(dead_code)]` on by default
[INFO] [stdout] 
[INFO] [stdout] 
[INFO] [stderr]     Finished `dev` profile [unoptimized + debuginfo] target(s) in 0.52s
[INFO] running `Command { std: "docker" "inspect" "0c9fc349c0d8a38fccf203e5d8ae773bb8ad2f1c32685227ae5f6630b763ddb0", kill_on_drop: false }`
[INFO] running `Command { std: "docker" "rm" "-f" "0c9fc349c0d8a38fccf203e5d8ae773bb8ad2f1c32685227ae5f6630b763ddb0", kill_on_drop: false }`
[INFO] [stdout] 0c9fc349c0d8a38fccf203e5d8ae773bb8ad2f1c32685227ae5f6630b763ddb0
[INFO] running `Command { std: "docker" "create" "-v" "/var/lib/crater-agent-workspace/builds/worker-0-tc1/target:/opt/rustwide/target:rw,Z" "-v" "/var/lib/crater-agent-workspace/builds/worker-0-tc1/source:/opt/rustwide/workdir:ro,Z" "-v" "/var/lib/crater-agent-workspace/cargo-home:/opt/rustwide/cargo-home:ro,Z" "-v" "/var/lib/crater-agent-workspace/rustup-home:/opt/rustwide/rustup-home:ro,Z" "-e" "SOURCE_DIR=/opt/rustwide/workdir" "-e" "CARGO_TARGET_DIR=/opt/rustwide/target" "-e" "CARGO_INCREMENTAL=0" "-e" "RUST_BACKTRACE=full" "-e" "RUSTFLAGS=--cap-lints=forbid" "-e" "RUSTDOCFLAGS=--cap-lints=forbid" "-e" "CARGO_HOME=/opt/rustwide/cargo-home" "-e" "RUSTUP_HOME=/opt/rustwide/rustup-home" "-w" "/opt/rustwide/workdir" "-m" "1610612736" "--user" "0:0" "--network" "none" "ghcr.io/rust-lang/crates-build-env/linux@sha256:4a844ea9eb2546a2d2c7022eacef16ef2e8229c7fbb2c7d4d55a9ceca922f72d" "/opt/rustwide/cargo-home/bin/cargo" "+nightly-2024-10-28" "test" "--frozen" "--no-run" "--message-format=json", kill_on_drop: false }`
[INFO] [stdout] fafa8598dbd83d5a8965eb63fbc07fa9b5985fc354477faf1234170e93c7b816
[INFO] running `Command { std: "docker" "start" "-a" "fafa8598dbd83d5a8965eb63fbc07fa9b5985fc354477faf1234170e93c7b816", kill_on_drop: false }`
[INFO] [stderr]    Compiling libc v0.2.147
[INFO] [stderr]    Compiling remove_dir_all v0.5.3
[INFO] [stderr]    Compiling cfg-if v0.1.10
[INFO] [stdout] warning: elided lifetime has a name
[INFO] [stdout]   --> src/search.rs:27:42
[INFO] [stdout]    |
[INFO] [stdout] 26 | impl<'a> Filter<'a> {
[INFO] [stdout]    |      -- lifetime `'a` declared here
[INFO] [stdout] 27 |     fn new<W>(typ: Term<'a>, what: W) -> Filter
[INFO] [stdout]    |                                          ^^^^^^ this elided lifetime gets resolved as `'a`
[INFO] [stdout]    |
[INFO] [stdout]    = note: `#[warn(elided_named_lifetimes)]` on by default
[INFO] [stdout] 
[INFO] [stdout] 
[INFO] [stdout] warning: unexpected `cfg` condition value: `cargo-clippy`
[INFO] [stdout]    --> src/client.rs:152:16
[INFO] [stdout]     |
[INFO] [stdout] 152 |     #[cfg_attr(feature = "cargo-clippy", allow(clippy::should_implement_trait))]
[INFO] [stdout]     |                ^^^^^^^^^^^^^^^^^^^^^^^^
[INFO] [stdout]     |
[INFO] [stdout]     = note: expected values for `feature` are: `serde`
[INFO] [stdout]     = help: consider adding `cargo-clippy` as a feature in `Cargo.toml`
[INFO] [stdout]     = note: see <https://doc.rust-lang.org/nightly/rustc/check-cfg/cargo-specifics.html> for more information about checking conditional configuration
[INFO] [stdout]     = note: `#[warn(unexpected_cfgs)]` on by default
[INFO] [stdout] 
[INFO] [stdout] 
[INFO] [stdout] warning: field `name` is never read
[INFO] [stdout]  --> src/sticker.rs:6:9
[INFO] [stdout]   |
[INFO] [stdout] 5 | pub struct Sticker {
[INFO] [stdout]   |            ------- field in this struct
[INFO] [stdout] 6 |     pub name: String,
[INFO] [stdout]   |         ^^^^
[INFO] [stdout]   |
[INFO] [stdout]   = note: `#[warn(dead_code)]` on by default
[INFO] [stdout] 
[INFO] [stdout] 
[INFO] [stderr]    Compiling rand v0.4.6
[INFO] [stderr]    Compiling unix_socket v0.5.0
[INFO] [stderr]    Compiling tempdir v0.3.7
[INFO] [stderr]    Compiling mpd v0.1.0 (/opt/rustwide/workdir)
[INFO] [stdout] warning: elided lifetime has a name
[INFO] [stdout]   --> src/search.rs:27:42
[INFO] [stdout]    |
[INFO] [stdout] 26 | impl<'a> Filter<'a> {
[INFO] [stdout]    |      -- lifetime `'a` declared here
[INFO] [stdout] 27 |     fn new<W>(typ: Term<'a>, what: W) -> Filter
[INFO] [stdout]    |                                          ^^^^^^ this elided lifetime gets resolved as `'a`
[INFO] [stdout]    |
[INFO] [stdout]    = note: `#[warn(elided_named_lifetimes)]` on by default
[INFO] [stdout] 
[INFO] [stdout] 
[INFO] [stdout] warning: unexpected `cfg` condition value: `cargo-clippy`
[INFO] [stdout]    --> src/client.rs:152:16
[INFO] [stdout]     |
[INFO] [stdout] 152 |     #[cfg_attr(feature = "cargo-clippy", allow(clippy::should_implement_trait))]
[INFO] [stdout]     |                ^^^^^^^^^^^^^^^^^^^^^^^^
[INFO] [stdout]     |
[INFO] [stdout]     = note: expected values for `feature` are: `serde`
[INFO] [stdout]     = help: consider adding `cargo-clippy` as a feature in `Cargo.toml`
[INFO] [stdout]     = note: see <https://doc.rust-lang.org/nightly/rustc/check-cfg/cargo-specifics.html> for more information about checking conditional configuration
[INFO] [stdout]     = note: `#[warn(unexpected_cfgs)]` on by default
[INFO] [stdout] 
[INFO] [stdout] 
[INFO] [stdout] warning: field `name` is never read
[INFO] [stdout]  --> src/sticker.rs:6:9
[INFO] [stdout]   |
[INFO] [stdout] 5 | pub struct Sticker {
[INFO] [stdout]   |            ------- field in this struct
[INFO] [stdout] 6 |     pub name: String,
[INFO] [stdout]   |         ^^^^
[INFO] [stdout]   |
[INFO] [stdout]   = note: `#[warn(dead_code)]` on by default
[INFO] [stdout] 
[INFO] [stdout] 
[INFO] [stderr]     Finished `test` profile [unoptimized + debuginfo] target(s) in 1.48s
[INFO] running `Command { std: "docker" "inspect" "fafa8598dbd83d5a8965eb63fbc07fa9b5985fc354477faf1234170e93c7b816", kill_on_drop: false }`
[INFO] running `Command { std: "docker" "rm" "-f" "fafa8598dbd83d5a8965eb63fbc07fa9b5985fc354477faf1234170e93c7b816", kill_on_drop: false }`
[INFO] [stdout] fafa8598dbd83d5a8965eb63fbc07fa9b5985fc354477faf1234170e93c7b816
[INFO] running `Command { std: "docker" "create" "-v" "/var/lib/crater-agent-workspace/builds/worker-0-tc1/target:/opt/rustwide/target:rw,Z" "-v" "/var/lib/crater-agent-workspace/builds/worker-0-tc1/source:/opt/rustwide/workdir:ro,Z" "-v" "/var/lib/crater-agent-workspace/cargo-home:/opt/rustwide/cargo-home:ro,Z" "-v" "/var/lib/crater-agent-workspace/rustup-home:/opt/rustwide/rustup-home:ro,Z" "-e" "SOURCE_DIR=/opt/rustwide/workdir" "-e" "CARGO_TARGET_DIR=/opt/rustwide/target" "-e" "CARGO_INCREMENTAL=0" "-e" "RUST_BACKTRACE=full" "-e" "RUSTFLAGS=--cap-lints=forbid" "-e" "RUSTDOCFLAGS=--cap-lints=forbid" "-e" "CARGO_HOME=/opt/rustwide/cargo-home" "-e" "RUSTUP_HOME=/opt/rustwide/rustup-home" "-w" "/opt/rustwide/workdir" "-m" "1610612736" "--user" "0:0" "--network" "none" "ghcr.io/rust-lang/crates-build-env/linux@sha256:4a844ea9eb2546a2d2c7022eacef16ef2e8229c7fbb2c7d4d55a9ceca922f72d" "/opt/rustwide/cargo-home/bin/cargo" "+nightly-2024-10-28" "test" "--frozen", kill_on_drop: false }`
[INFO] [stdout] e434003ba06782e05a10123b4c25d272b27d64a6dacfd75dc84d8544cc2155c3
[INFO] running `Command { std: "docker" "start" "-a" "e434003ba06782e05a10123b4c25d272b27d64a6dacfd75dc84d8544cc2155c3", kill_on_drop: false }`
[INFO] [stderr] warning: elided lifetime has a name
[INFO] [stderr]   --> src/search.rs:27:42
[INFO] [stderr]    |
[INFO] [stderr] 26 | impl<'a> Filter<'a> {
[INFO] [stderr]    |      -- lifetime `'a` declared here
[INFO] [stderr] 27 |     fn new<W>(typ: Term<'a>, what: W) -> Filter
[INFO] [stderr]    |                                          ^^^^^^ this elided lifetime gets resolved as `'a`
[INFO] [stderr]    |
[INFO] [stderr]    = note: `#[warn(elided_named_lifetimes)]` on by default
[INFO] [stderr] 
[INFO] [stderr] warning: unexpected `cfg` condition value: `cargo-clippy`
[INFO] [stderr]    --> src/client.rs:152:16
[INFO] [stderr]     |
[INFO] [stderr] 152 |     #[cfg_attr(feature = "cargo-clippy", allow(clippy::should_implement_trait))]
[INFO] [stderr]     |                ^^^^^^^^^^^^^^^^^^^^^^^^
[INFO] [stderr]     |
[INFO] [stderr]     = note: expected values for `feature` are: `serde`
[INFO] [stderr]     = help: consider adding `cargo-clippy` as a feature in `Cargo.toml`
[INFO] [stderr]     = note: see <https://doc.rust-lang.org/nightly/rustc/check-cfg/cargo-specifics.html> for more information about checking conditional configuration
[INFO] [stderr]     = note: `#[warn(unexpected_cfgs)]` on by default
[INFO] [stderr] 
[INFO] [stderr] warning: field `name` is never read
[INFO] [stderr]  --> src/sticker.rs:6:9
[INFO] [stderr]   |
[INFO] [stderr] 5 | pub struct Sticker {
[INFO] [stderr]   |            ------- field in this struct
[INFO] [stderr] 6 |     pub name: String,
[INFO] [stderr]   |         ^^^^
[INFO] [stderr]   |
[INFO] [stderr]   = note: `#[warn(dead_code)]` on by default
[INFO] [stderr] 
[INFO] [stderr] warning: `mpd` (lib) generated 3 warnings
[INFO] [stderr] warning: `mpd` (lib test) generated 3 warnings (3 duplicates)
[INFO] [stderr]     Finished `test` profile [unoptimized + debuginfo] target(s) in 0.01s
[INFO] [stderr]      Running unittests src/lib.rs (/opt/rustwide/target/debug/deps/mpd-f5f59b446994a8e7)
[INFO] [stdout] 
[INFO] [stdout] running 3 tests
[INFO] [stdout] test search::test::find_query_format ... ok
[INFO] [stdout] test search::test::find_window_format ... ok
[INFO] [stdout] test search::test::multiple_and ... ok
[INFO] [stdout] 
[INFO] [stdout] test result: ok. 3 passed; 0 failed; 0 ignored; 0 measured; 0 filtered out; finished in 0.00s
[INFO] [stdout] 
[INFO] [stderr]      Running tests/idle.rs (/opt/rustwide/target/debug/deps/idle-edc83ba201c6a490)
[INFO] [stdout] 
[INFO] [stdout] running 1 test
[INFO] [stdout] test idle ... FAILED
[INFO] [stdout] 
[INFO] [stdout] failures:
[INFO] [stdout] 
[INFO] [stdout] ---- idle stdout ----
[INFO] [stdout] thread 'idle' panicked at tests/helpers/daemon.rs:108:14:
[INFO] [stdout] Could not create mpd daemon.: Os { code: 2, kind: NotFound, message: "No such file or directory" }
[INFO] [stdout] stack backtrace:
[INFO] [stdout]    0:     0x64d75e8fe31a - std::backtrace_rs::backtrace::libunwind::trace::h207520d6e9873551
[INFO] [stdout]                                at /rustc/df4ca44d3fbc9301ee17f30f4d474e6ae4b05252/library/std/src/../../backtrace/src/backtrace/libunwind.rs:116:5
[INFO] [stdout]    1:     0x64d75e8fe31a - std::backtrace_rs::backtrace::trace_unsynchronized::h2ed7433f370e3eca
[INFO] [stdout]                                at /rustc/df4ca44d3fbc9301ee17f30f4d474e6ae4b05252/library/std/src/../../backtrace/src/backtrace/mod.rs:66:5
[INFO] [stdout]    2:     0x64d75e8fe31a - std::sys::backtrace::_print_fmt::h916fac51166b18d7
[INFO] [stdout]                                at /rustc/df4ca44d3fbc9301ee17f30f4d474e6ae4b05252/library/std/src/sys/backtrace.rs:66:9
[INFO] [stdout]    3:     0x64d75e8fe31a - <std::sys::backtrace::BacktraceLock::print::DisplayBacktrace as core::fmt::Display>::fmt::ha0a4c9b8ce3802e6
[INFO] [stdout]                                at /rustc/df4ca44d3fbc9301ee17f30f4d474e6ae4b05252/library/std/src/sys/backtrace.rs:39:26
[INFO] [stdout]    4:     0x64d75e926403 - core::fmt::rt::Argument::fmt::h4cfc8587d52b3eb5
[INFO] [stdout]                                at /rustc/df4ca44d3fbc9301ee17f30f4d474e6ae4b05252/library/core/src/fmt/rt.rs:177:76
[INFO] [stdout]    5:     0x64d75e926403 - core::fmt::write::h522cc39e5b36ae9f
[INFO] [stdout]                                at /rustc/df4ca44d3fbc9301ee17f30f4d474e6ae4b05252/library/core/src/fmt/mod.rs:1190:21
[INFO] [stdout]    6:     0x64d75e8fa9a3 - std::io::Write::write_fmt::h7d3c26752da97734
[INFO] [stdout]                                at /rustc/df4ca44d3fbc9301ee17f30f4d474e6ae4b05252/library/std/src/io/mod.rs:1839:15
[INFO] [stdout]    7:     0x64d75e8fe162 - std::sys::backtrace::BacktraceLock::print::h4b9e00b29e9c0942
[INFO] [stdout]                                at /rustc/df4ca44d3fbc9301ee17f30f4d474e6ae4b05252/library/std/src/sys/backtrace.rs:42:9
[INFO] [stdout]    8:     0x64d75e8ff7aa - std::panicking::default_hook::{{closure}}::hb59b88280d0324d9
[INFO] [stdout]                                at /rustc/df4ca44d3fbc9301ee17f30f4d474e6ae4b05252/library/std/src/panicking.rs:268:22
[INFO] [stdout]    9:     0x64d75e8ff5b4 - std::panicking::default_hook::he1dd496665be4a29
[INFO] [stdout]                                at /rustc/df4ca44d3fbc9301ee17f30f4d474e6ae4b05252/library/std/src/panicking.rs:292:9
[INFO] [stdout]   10:     0x64d75e8aefd9 - <alloc::boxed::Box<F,A> as core::ops::function::Fn<Args>>::call::h4ff71de18744e1dc
[INFO] [stdout]                                at /rustc/df4ca44d3fbc9301ee17f30f4d474e6ae4b05252/library/alloc/src/boxed.rs:2468:9
[INFO] [stdout]   11:     0x64d75e8aefd9 - test::test_main::{{closure}}::hcf7c055ce117aa81
[INFO] [stdout]                                at /rustc/df4ca44d3fbc9301ee17f30f4d474e6ae4b05252/library/test/src/lib.rs:133:21
[INFO] [stdout]   12:     0x64d75e8ffea8 - <alloc::boxed::Box<F,A> as core::ops::function::Fn<Args>>::call::h1d66c6bbd60c9692
[INFO] [stdout]                                at /rustc/df4ca44d3fbc9301ee17f30f4d474e6ae4b05252/library/alloc/src/boxed.rs:2468:9
[INFO] [stdout]   13:     0x64d75e8ffea8 - std::panicking::rust_panic_with_hook::h2ff17fe8f26dfcf8
[INFO] [stdout]                                at /rustc/df4ca44d3fbc9301ee17f30f4d474e6ae4b05252/library/std/src/panicking.rs:809:13
[INFO] [stdout]   14:     0x64d75e8ffc6a - std::panicking::begin_panic_handler::{{closure}}::h4fad77951c07e101
[INFO] [stdout]                                at /rustc/df4ca44d3fbc9301ee17f30f4d474e6ae4b05252/library/std/src/panicking.rs:674:13
[INFO] [stdout]   15:     0x64d75e8fe7f9 - std::sys::backtrace::__rust_end_short_backtrace::hb1a25b3da5d0ea08
[INFO] [stdout]                                at /rustc/df4ca44d3fbc9301ee17f30f4d474e6ae4b05252/library/std/src/sys/backtrace.rs:170:18
[INFO] [stdout]   16:     0x64d75e8ff8fc - rust_begin_unwind
[INFO] [stdout]                                at /rustc/df4ca44d3fbc9301ee17f30f4d474e6ae4b05252/library/std/src/panicking.rs:665:5
[INFO] [stdout]   17:     0x64d75e924ea0 - core::panicking::panic_fmt::ha9db07b529f9b256
[INFO] [stdout]                                at /rustc/df4ca44d3fbc9301ee17f30f4d474e6ae4b05252/library/core/src/panicking.rs:75:14
[INFO] [stdout]   18:     0x64d75e925246 - core::result::unwrap_failed::h5e8218e4d4338b8a
[INFO] [stdout]                                at /rustc/df4ca44d3fbc9301ee17f30f4d474e6ae4b05252/library/core/src/result.rs:1698:5
[INFO] [stdout]   19:     0x64d75e865305 - core::result::Result<T,E>::expect::hb232d8366c065182
[INFO] [stdout]                                at /rustc/df4ca44d3fbc9301ee17f30f4d474e6ae4b05252/library/core/src/result.rs:1060:23
[INFO] [stdout]   20:     0x64d75e862851 - idle::helpers::daemon::Daemon::start::h4a56044f457c1bff
[INFO] [stdout]                                at /opt/rustwide/workdir/tests/helpers/daemon.rs:101:23
[INFO] [stdout]   21:     0x64d75e86e6ce - idle::idle::h112061ce9653ce92
[INFO] [stdout]                                at /opt/rustwide/workdir/tests/idle.rs:10:18
[INFO] [stdout]   22:     0x64d75e86e697 - idle::idle::{{closure}}::h4b57378532384931
[INFO] [stdout]                                at /opt/rustwide/workdir/tests/idle.rs:9:10
[INFO] [stdout]   23:     0x64d75e86ab76 - core::ops::function::FnOnce::call_once::h0a3c705133a72366
[INFO] [stdout]                                at /rustc/df4ca44d3fbc9301ee17f30f4d474e6ae4b05252/library/core/src/ops/function.rs:250:5
[INFO] [stdout]   24:     0x64d75e8b38ab - core::ops::function::FnOnce::call_once::h22c3ba5715e93f05
[INFO] [stdout]                                at /rustc/df4ca44d3fbc9301ee17f30f4d474e6ae4b05252/library/core/src/ops/function.rs:250:5
[INFO] [stdout]   25:     0x64d75e8b38ab - test::__rust_begin_short_backtrace::h8e82d8113d0da17f
[INFO] [stdout]                                at /rustc/df4ca44d3fbc9301ee17f30f4d474e6ae4b05252/library/test/src/lib.rs:621:18
[INFO] [stdout]   26:     0x64d75e8b3227 - test::run_test_in_process::{{closure}}::h33235f4f20b7b7c7
[INFO] [stdout]                                at /rustc/df4ca44d3fbc9301ee17f30f4d474e6ae4b05252/library/test/src/lib.rs:644:60
[INFO] [stdout]   27:     0x64d75e8b3227 - <core::panic::unwind_safe::AssertUnwindSafe<F> as core::ops::function::FnOnce<()>>::call_once::hb5043206310c586f
[INFO] [stdout]                                at /rustc/df4ca44d3fbc9301ee17f30f4d474e6ae4b05252/library/core/src/panic/unwind_safe.rs:272:9
[INFO] [stdout]   28:     0x64d75e8b3227 - std::panicking::try::do_call::h9ad4731a60ab23e2
[INFO] [stdout]                                at /rustc/df4ca44d3fbc9301ee17f30f4d474e6ae4b05252/library/std/src/panicking.rs:557:40
[INFO] [stdout]   29:     0x64d75e8b3227 - std::panicking::try::h3824d23db772a716
[INFO] [stdout]                                at /rustc/df4ca44d3fbc9301ee17f30f4d474e6ae4b05252/library/std/src/panicking.rs:520:19
[INFO] [stdout]   30:     0x64d75e8b3227 - std::panic::catch_unwind::h5afd514605fde46b
[INFO] [stdout]                                at /rustc/df4ca44d3fbc9301ee17f30f4d474e6ae4b05252/library/std/src/panic.rs:358:14
[INFO] [stdout]   31:     0x64d75e8b3227 - test::run_test_in_process::h0d5cbfa7067d1720
[INFO] [stdout]                                at /rustc/df4ca44d3fbc9301ee17f30f4d474e6ae4b05252/library/test/src/lib.rs:644:27
[INFO] [stdout]   32:     0x64d75e8b3227 - test::run_test::{{closure}}::h708eb8872708115d
[INFO] [stdout]                                at /rustc/df4ca44d3fbc9301ee17f30f4d474e6ae4b05252/library/test/src/lib.rs:565:43
[INFO] [stdout]   33:     0x64d75e876944 - test::run_test::{{closure}}::h392c51cee94713ab
[INFO] [stdout]                                at /rustc/df4ca44d3fbc9301ee17f30f4d474e6ae4b05252/library/test/src/lib.rs:595:41
[INFO] [stdout]   34:     0x64d75e876944 - std::sys::backtrace::__rust_begin_short_backtrace::h2f40290710935a8b
[INFO] [stdout]                                at /rustc/df4ca44d3fbc9301ee17f30f4d474e6ae4b05252/library/std/src/sys/backtrace.rs:154:18
[INFO] [stdout]   35:     0x64d75e87a0ee - std::thread::Builder::spawn_unchecked_::{{closure}}::{{closure}}::h3fd968d89053a903
[INFO] [stdout]                                at /rustc/df4ca44d3fbc9301ee17f30f4d474e6ae4b05252/library/std/src/thread/mod.rs:541:17
[INFO] [stdout]   36:     0x64d75e87a0ee - <core::panic::unwind_safe::AssertUnwindSafe<F> as core::ops::function::FnOnce<()>>::call_once::h743f637ba4229880
[INFO] [stdout]                                at /rustc/df4ca44d3fbc9301ee17f30f4d474e6ae4b05252/library/core/src/panic/unwind_safe.rs:272:9
[INFO] [stdout]   37:     0x64d75e87a0ee - std::panicking::try::do_call::h07440897322525a6
[INFO] [stdout]                                at /rustc/df4ca44d3fbc9301ee17f30f4d474e6ae4b05252/library/std/src/panicking.rs:557:40
[INFO] [stdout]   38:     0x64d75e87a0ee - std::panicking::try::he5a2e00188156637
[INFO] [stdout]                                at /rustc/df4ca44d3fbc9301ee17f30f4d474e6ae4b05252/library/std/src/panicking.rs:520:19
[INFO] [stdout]   39:     0x64d75e87a0ee - std::panic::catch_unwind::hbaf3cae49b3c6433
[INFO] [stdout]                                at /rustc/df4ca44d3fbc9301ee17f30f4d474e6ae4b05252/library/std/src/panic.rs:358:14
[INFO] [stdout]   40:     0x64d75e87a0ee - std::thread::Builder::spawn_unchecked_::{{closure}}::h8e141ea224820bce
[INFO] [stdout]                                at /rustc/df4ca44d3fbc9301ee17f30f4d474e6ae4b05252/library/std/src/thread/mod.rs:540:30
[INFO] [stdout]   41:     0x64d75e87a0ee - core::ops::function::FnOnce::call_once{{vtable.shim}}::h90d312fedd7b8ea8
[INFO] [stdout]                                at /rustc/df4ca44d3fbc9301ee17f30f4d474e6ae4b05252/library/core/src/ops/function.rs:250:5
[INFO] [stdout]   42:     0x64d75e90482b - <alloc::boxed::Box<F,A> as core::ops::function::FnOnce<Args>>::call_once::h69aa08ddb6adb8b6
[INFO] [stdout]                                at /rustc/df4ca44d3fbc9301ee17f30f4d474e6ae4b05252/library/alloc/src/boxed.rs:2454:9
[INFO] [stdout]   43:     0x64d75e90482b - <alloc::boxed::Box<F,A> as core::ops::function::FnOnce<Args>>::call_once::h5aa36efdb79c806f
[INFO] [stdout]                                at /rustc/df4ca44d3fbc9301ee17f30f4d474e6ae4b05252/library/alloc/src/boxed.rs:2454:9
[INFO] [stdout]   44:     0x64d75e90482b - std::sys::pal::unix::thread::Thread::new::thread_start::h6cd80a1b4be5158d
[INFO] [stdout]                                at /rustc/df4ca44d3fbc9301ee17f30f4d474e6ae4b05252/library/std/src/sys/pal/unix/thread.rs:105:17
[INFO] [stdout]   45:     0x7d6335daeac3 - <unknown>
[INFO] [stdout]   46:     0x7d6335e3fa04 - clone
[INFO] [stdout]   47:                0x0 - <unknown>
[INFO] [stdout] 
[INFO] [stdout] 
[INFO] [stdout] failures:
[INFO] [stdout]     idle
[INFO] [stdout] 
[INFO] [stdout] test result: FAILED. 0 passed; 1 failed; 0 ignored; 0 measured; 0 filtered out; finished in 0.02s
[INFO] [stdout] 
[INFO] [stderr] error: test failed, to rerun pass `--test idle`
[INFO] running `Command { std: "docker" "inspect" "e434003ba06782e05a10123b4c25d272b27d64a6dacfd75dc84d8544cc2155c3", kill_on_drop: false }`
[INFO] running `Command { std: "docker" "rm" "-f" "e434003ba06782e05a10123b4c25d272b27d64a6dacfd75dc84d8544cc2155c3", kill_on_drop: false }`
[INFO] [stdout] e434003ba06782e05a10123b4c25d272b27d64a6dacfd75dc84d8544cc2155c3
