[INFO] fetching crate mosaic-derive 1.0.2...
[INFO] testing mosaic-derive-1.0.2 against nightly-2024-10-28 for randomize-layout
[INFO] extracting crate mosaic-derive 1.0.2 into /workspace/builds/worker-6-tc1/source
[INFO] validating manifest of crates.io crate mosaic-derive 1.0.2 on toolchain nightly-2024-10-28
[INFO] running `Command { std: CARGO_HOME="/workspace/cargo-home" RUSTUP_HOME="/workspace/rustup-home" "/workspace/cargo-home/bin/cargo" "+nightly-2024-10-28" "metadata" "--manifest-path" "Cargo.toml" "--no-deps", kill_on_drop: false }`
[INFO] started tweaking crates.io crate mosaic-derive 1.0.2
[INFO] finished tweaking crates.io crate mosaic-derive 1.0.2
[INFO] tweaked toml for crates.io crate mosaic-derive 1.0.2 written to /workspace/builds/worker-6-tc1/source/Cargo.toml
[INFO] running `Command { std: CARGO_HOME="/workspace/cargo-home" RUSTUP_HOME="/workspace/rustup-home" "/workspace/cargo-home/bin/cargo" "+nightly-2024-10-28" "generate-lockfile" "--manifest-path" "Cargo.toml", kill_on_drop: false }`
[INFO] [stderr]     Updating crates.io index
[INFO] [stderr]      Locking 16 packages to latest compatible versions
[INFO] running `Command { std: CARGO_HOME="/workspace/cargo-home" RUSTUP_HOME="/workspace/rustup-home" "/workspace/cargo-home/bin/cargo" "+nightly-2024-10-28" "fetch" "--manifest-path" "Cargo.toml", kill_on_drop: false }`
[INFO] running `Command { std: "docker" "create" "-v" "/var/lib/crater-agent-workspace/builds/worker-6-tc1/target:/opt/rustwide/target:rw,Z" "-v" "/var/lib/crater-agent-workspace/builds/worker-6-tc1/source:/opt/rustwide/workdir:ro,Z" "-v" "/var/lib/crater-agent-workspace/cargo-home:/opt/rustwide/cargo-home:ro,Z" "-v" "/var/lib/crater-agent-workspace/rustup-home:/opt/rustwide/rustup-home:ro,Z" "-e" "SOURCE_DIR=/opt/rustwide/workdir" "-e" "CARGO_TARGET_DIR=/opt/rustwide/target" "-e" "CARGO_HOME=/opt/rustwide/cargo-home" "-e" "RUSTUP_HOME=/opt/rustwide/rustup-home" "-w" "/opt/rustwide/workdir" "-m" "1610612736" "--user" "0:0" "--network" "none" "ghcr.io/rust-lang/crates-build-env/linux@sha256:4a844ea9eb2546a2d2c7022eacef16ef2e8229c7fbb2c7d4d55a9ceca922f72d" "/opt/rustwide/cargo-home/bin/cargo" "+nightly-2024-10-28" "metadata" "--no-deps" "--format-version=1", kill_on_drop: false }`
[INFO] [stdout] f81c8de85aa67af07ae0d39387f8a40812de6bf716bfd3f51ee5e79fe1b6564f
[INFO] running `Command { std: "docker" "start" "-a" "f81c8de85aa67af07ae0d39387f8a40812de6bf716bfd3f51ee5e79fe1b6564f", kill_on_drop: false }`
[INFO] running `Command { std: "docker" "inspect" "f81c8de85aa67af07ae0d39387f8a40812de6bf716bfd3f51ee5e79fe1b6564f", kill_on_drop: false }`
[INFO] running `Command { std: "docker" "rm" "-f" "f81c8de85aa67af07ae0d39387f8a40812de6bf716bfd3f51ee5e79fe1b6564f", kill_on_drop: false }`
[INFO] [stdout] f81c8de85aa67af07ae0d39387f8a40812de6bf716bfd3f51ee5e79fe1b6564f
[INFO] running `Command { std: "docker" "create" "-v" "/var/lib/crater-agent-workspace/builds/worker-6-tc1/target:/opt/rustwide/target:rw,Z" "-v" "/var/lib/crater-agent-workspace/builds/worker-6-tc1/source:/opt/rustwide/workdir:ro,Z" "-v" "/var/lib/crater-agent-workspace/cargo-home:/opt/rustwide/cargo-home:ro,Z" "-v" "/var/lib/crater-agent-workspace/rustup-home:/opt/rustwide/rustup-home:ro,Z" "-e" "SOURCE_DIR=/opt/rustwide/workdir" "-e" "CARGO_TARGET_DIR=/opt/rustwide/target" "-e" "CARGO_INCREMENTAL=0" "-e" "RUST_BACKTRACE=full" "-e" "RUSTFLAGS=--cap-lints=forbid" "-e" "RUSTDOCFLAGS=--cap-lints=forbid" "-e" "CARGO_HOME=/opt/rustwide/cargo-home" "-e" "RUSTUP_HOME=/opt/rustwide/rustup-home" "-w" "/opt/rustwide/workdir" "-m" "1610612736" "--user" "0:0" "--network" "none" "ghcr.io/rust-lang/crates-build-env/linux@sha256:4a844ea9eb2546a2d2c7022eacef16ef2e8229c7fbb2c7d4d55a9ceca922f72d" "/opt/rustwide/cargo-home/bin/cargo" "+nightly-2024-10-28" "build" "--frozen" "--message-format=json", kill_on_drop: false }`
[INFO] [stdout] 63e60bcc28ab87c3d16d7b5eef229350ff44a4601522bf49f480a66abc6fc0fa
[INFO] running `Command { std: "docker" "start" "-a" "63e60bcc28ab87c3d16d7b5eef229350ff44a4601522bf49f480a66abc6fc0fa", kill_on_drop: false }`
[INFO] [stderr]    Compiling proc-macro2 v1.0.89
[INFO] [stderr]    Compiling unicode-ident v1.0.13
[INFO] [stderr]    Compiling siphasher v0.3.11
[INFO] [stderr]    Compiling rand_core v0.6.4
[INFO] [stderr]    Compiling version_check v0.9.5
[INFO] [stderr]    Compiling yansi v1.0.1
[INFO] [stderr]    Compiling unicode-segmentation v1.12.0
[INFO] [stderr]    Compiling rand v0.8.5
[INFO] [stderr]    Compiling phf_shared v0.11.2
[INFO] [stderr]    Compiling proc-macro2-diagnostics v0.10.1
[INFO] [stderr]    Compiling convert_case v0.6.0
[INFO] [stderr]    Compiling phf_generator v0.11.2
[INFO] [stderr]    Compiling quote v1.0.37
[INFO] [stderr]    Compiling syn v2.0.86
[INFO] [stderr]    Compiling phf_macros v0.11.2
[INFO] [stderr]    Compiling phf v0.11.2
[INFO] [stderr]    Compiling mosaic-derive v1.0.2 (/opt/rustwide/workdir)
[INFO] [stderr]     Finished `dev` profile [unoptimized + debuginfo] target(s) in 3.57s
[INFO] running `Command { std: "docker" "inspect" "63e60bcc28ab87c3d16d7b5eef229350ff44a4601522bf49f480a66abc6fc0fa", kill_on_drop: false }`
[INFO] running `Command { std: "docker" "rm" "-f" "63e60bcc28ab87c3d16d7b5eef229350ff44a4601522bf49f480a66abc6fc0fa", kill_on_drop: false }`
[INFO] [stdout] 63e60bcc28ab87c3d16d7b5eef229350ff44a4601522bf49f480a66abc6fc0fa
[INFO] running `Command { std: "docker" "create" "-v" "/var/lib/crater-agent-workspace/builds/worker-6-tc1/target:/opt/rustwide/target:rw,Z" "-v" "/var/lib/crater-agent-workspace/builds/worker-6-tc1/source:/opt/rustwide/workdir:ro,Z" "-v" "/var/lib/crater-agent-workspace/cargo-home:/opt/rustwide/cargo-home:ro,Z" "-v" "/var/lib/crater-agent-workspace/rustup-home:/opt/rustwide/rustup-home:ro,Z" "-e" "SOURCE_DIR=/opt/rustwide/workdir" "-e" "CARGO_TARGET_DIR=/opt/rustwide/target" "-e" "CARGO_INCREMENTAL=0" "-e" "RUST_BACKTRACE=full" "-e" "RUSTFLAGS=--cap-lints=forbid" "-e" "RUSTDOCFLAGS=--cap-lints=forbid" "-e" "CARGO_HOME=/opt/rustwide/cargo-home" "-e" "RUSTUP_HOME=/opt/rustwide/rustup-home" "-w" "/opt/rustwide/workdir" "-m" "1610612736" "--user" "0:0" "--network" "none" "ghcr.io/rust-lang/crates-build-env/linux@sha256:4a844ea9eb2546a2d2c7022eacef16ef2e8229c7fbb2c7d4d55a9ceca922f72d" "/opt/rustwide/cargo-home/bin/cargo" "+nightly-2024-10-28" "test" "--frozen" "--no-run" "--message-format=json", kill_on_drop: false }`
[INFO] [stdout] 0848b0446ee9c2d12f5e202553d6538f0d44780f6439501fb45de2abaa18409e
[INFO] running `Command { std: "docker" "start" "-a" "0848b0446ee9c2d12f5e202553d6538f0d44780f6439501fb45de2abaa18409e", kill_on_drop: false }`
[INFO] [stderr]    Compiling mosaic-derive v1.0.2 (/opt/rustwide/workdir)
[INFO] [stderr]     Finished `test` profile [unoptimized + debuginfo] target(s) in 0.33s
[INFO] running `Command { std: "docker" "inspect" "0848b0446ee9c2d12f5e202553d6538f0d44780f6439501fb45de2abaa18409e", kill_on_drop: false }`
[INFO] running `Command { std: "docker" "rm" "-f" "0848b0446ee9c2d12f5e202553d6538f0d44780f6439501fb45de2abaa18409e", kill_on_drop: false }`
[INFO] [stdout] 0848b0446ee9c2d12f5e202553d6538f0d44780f6439501fb45de2abaa18409e
[INFO] running `Command { std: "docker" "create" "-v" "/var/lib/crater-agent-workspace/builds/worker-6-tc1/target:/opt/rustwide/target:rw,Z" "-v" "/var/lib/crater-agent-workspace/builds/worker-6-tc1/source:/opt/rustwide/workdir:ro,Z" "-v" "/var/lib/crater-agent-workspace/cargo-home:/opt/rustwide/cargo-home:ro,Z" "-v" "/var/lib/crater-agent-workspace/rustup-home:/opt/rustwide/rustup-home:ro,Z" "-e" "SOURCE_DIR=/opt/rustwide/workdir" "-e" "CARGO_TARGET_DIR=/opt/rustwide/target" "-e" "CARGO_INCREMENTAL=0" "-e" "RUST_BACKTRACE=full" "-e" "RUSTFLAGS=--cap-lints=forbid" "-e" "RUSTDOCFLAGS=--cap-lints=forbid" "-e" "CARGO_HOME=/opt/rustwide/cargo-home" "-e" "RUSTUP_HOME=/opt/rustwide/rustup-home" "-w" "/opt/rustwide/workdir" "-m" "1610612736" "--user" "0:0" "--network" "none" "ghcr.io/rust-lang/crates-build-env/linux@sha256:4a844ea9eb2546a2d2c7022eacef16ef2e8229c7fbb2c7d4d55a9ceca922f72d" "/opt/rustwide/cargo-home/bin/cargo" "+nightly-2024-10-28" "test" "--frozen", kill_on_drop: false }`
[INFO] [stdout] e3b8abf3c4950beba16773369963fa842785886a8392f109268f9147e858f007
[INFO] running `Command { std: "docker" "start" "-a" "e3b8abf3c4950beba16773369963fa842785886a8392f109268f9147e858f007", kill_on_drop: false }`
[INFO] [stderr]     Finished `test` profile [unoptimized + debuginfo] target(s) in 0.01s
[INFO] [stderr]      Running unittests src/lib.rs (/opt/rustwide/target/debug/deps/mosaic_derive-ac1d5df69f29e43a)
[INFO] [stdout] 
[INFO] [stdout] running 0 tests
[INFO] [stdout] 
[INFO] [stdout] test result: ok. 0 passed; 0 failed; 0 ignored; 0 measured; 0 filtered out; finished in 0.00s
[INFO] [stdout] 
[INFO] [stderr]    Doc-tests mosaic_derive
[INFO] [stdout] 
[INFO] [stdout] running 14 tests
[INFO] [stdout] test src/embed/transform/kind/mod.rs - embed::transform::kind::TransformKind::Ungroup (line 72) ... FAILED
[INFO] [stdout] test src/embed/transform/kind/flatten.rs - embed::transform::kind::flatten::TransformFlatten (line 11) ... FAILED
[INFO] [stdout] test src/embed/transform/kind/mod.rs - embed::transform::kind::TransformKind::Case (line 59) ... FAILED
[INFO] [stdout] test src/embed/transform/kind/mod.rs - embed::transform::kind::TransformKind::Flatten (line 85) ... FAILED
[INFO] [stdout] test src/embed/transform/kind/mod.rs - embed::transform::kind::TransformKind::Reverse (line 98) ... FAILED
[INFO] [stdout] test src/../README.md - (line 7) ... FAILED
[INFO] [stdout] test src/embed/transform/kind/ungroup.rs - embed::transform::kind::ungroup::TransformUngroup (line 15) ... FAILED
[INFO] [stdout] test src/embed/transform/kind/count.rs - embed::transform::kind::count::TransformCount (line 11) ... FAILED
[INFO] [stdout] test src/embed/transform/kind/reverse.rs - embed::transform::kind::reverse::TransformReverse (line 11) ... FAILED
[INFO] [stdout] test src/embed/transform/kind/stringify.rs - embed::transform::kind::stringify::TransformStringify (line 14) ... FAILED
[INFO] [stdout] test src/lib.rs - embed (line 17) ... FAILED
[INFO] [stdout] test src/embed/transform/kind/mod.rs - embed::transform::kind::TransformKind::Concatenate (line 122) ... FAILED
[INFO] [stdout] test src/embed/sequence/mod.rs - embed::sequence::Sequence::Transform::chain (line 36) ... FAILED
[INFO] [stdout] test src/../README.md - (line 24) ... ok
[INFO] [stdout] 
[INFO] [stdout] failures:
[INFO] [stdout] 
[INFO] [stdout] ---- src/embed/transform/kind/mod.rs - embed::transform::kind::TransformKind::Ungroup (line 72) stdout ----
[INFO] [stdout] error[E0432]: unresolved import `tokel`
[INFO] [stdout]  --> src/embed/transform/kind/mod.rs:73:5
[INFO] [stdout]   |
[INFO] [stdout] 3 | use tokel::embed;
[INFO] [stdout]   |     ^^^^^ use of undeclared crate or module `tokel`
[INFO] [stdout] 
[INFO] [stdout] error: aborting due to 1 previous error
[INFO] [stdout] 
[INFO] [stdout] For more information about this error, try `rustc --explain E0432`.
[INFO] [stdout] Couldn't compile the test.
[INFO] [stdout] ---- src/embed/transform/kind/flatten.rs - embed::transform::kind::flatten::TransformFlatten (line 11) stdout ----
[INFO] [stdout] error[E0432]: unresolved import `tokel`
[INFO] [stdout]  --> src/embed/transform/kind/flatten.rs:12:5
[INFO] [stdout]   |
[INFO] [stdout] 3 | use tokel::embed;
[INFO] [stdout]   |     ^^^^^ use of undeclared crate or module `tokel`
[INFO] [stdout] 
[INFO] [stdout] error: aborting due to 1 previous error
[INFO] [stdout] 
[INFO] [stdout] For more information about this error, try `rustc --explain E0432`.
[INFO] [stdout] Couldn't compile the test.
[INFO] [stdout] ---- src/embed/transform/kind/mod.rs - embed::transform::kind::TransformKind::Case (line 59) stdout ----
[INFO] [stdout] error[E0432]: unresolved import `tokel`
[INFO] [stdout]  --> src/embed/transform/kind/mod.rs:60:5
[INFO] [stdout]   |
[INFO] [stdout] 3 | use tokel::embed;
[INFO] [stdout]   |     ^^^^^ use of undeclared crate or module `tokel`
[INFO] [stdout] 
[INFO] [stdout] error: aborting due to 1 previous error
[INFO] [stdout] 
[INFO] [stdout] For more information about this error, try `rustc --explain E0432`.
[INFO] [stdout] Couldn't compile the test.
[INFO] [stdout] ---- src/embed/transform/kind/mod.rs - embed::transform::kind::TransformKind::Flatten (line 85) stdout ----
[INFO] [stdout] error[E0432]: unresolved import `tokel`
[INFO] [stdout]  --> src/embed/transform/kind/mod.rs:86:5
[INFO] [stdout]   |
[INFO] [stdout] 3 | use tokel::embed;
[INFO] [stdout]   |     ^^^^^ use of undeclared crate or module `tokel`
[INFO] [stdout] 
[INFO] [stdout] error: aborting due to 1 previous error
[INFO] [stdout] 
[INFO] [stdout] For more information about this error, try `rustc --explain E0432`.
[INFO] [stdout] Couldn't compile the test.
[INFO] [stdout] ---- src/embed/transform/kind/mod.rs - embed::transform::kind::TransformKind::Reverse (line 98) stdout ----
[INFO] [stdout] error[E0432]: unresolved import `tokel`
[INFO] [stdout]  --> src/embed/transform/kind/mod.rs:99:5
[INFO] [stdout]   |
[INFO] [stdout] 3 | use tokel::embed;
[INFO] [stdout]   |     ^^^^^ use of undeclared crate or module `tokel`
[INFO] [stdout] 
[INFO] [stdout] error: aborting due to 1 previous error
[INFO] [stdout] 
[INFO] [stdout] For more information about this error, try `rustc --explain E0432`.
[INFO] [stdout] Couldn't compile the test.
[INFO] [stdout] ---- src/../README.md - (line 7) stdout ----
[INFO] [stdout] error[E0432]: unresolved import `mosaic`
[INFO] [stdout]  --> src/../README.md:8:5
[INFO] [stdout]   |
[INFO] [stdout] 3 | use mosaic::embed;
[INFO] [stdout]   |     ^^^^^^ use of undeclared crate or module `mosaic`
[INFO] [stdout] 
[INFO] [stdout] error: aborting due to 1 previous error
[INFO] [stdout] 
[INFO] [stdout] For more information about this error, try `rustc --explain E0432`.
[INFO] [stdout] Couldn't compile the test.
[INFO] [stdout] ---- src/embed/transform/kind/ungroup.rs - embed::transform::kind::ungroup::TransformUngroup (line 15) stdout ----
[INFO] [stdout] error[E0432]: unresolved import `tokel`
[INFO] [stdout]  --> src/embed/transform/kind/ungroup.rs:16:5
[INFO] [stdout]   |
[INFO] [stdout] 3 | use tokel::embed;
[INFO] [stdout]   |     ^^^^^ use of undeclared crate or module `tokel`
[INFO] [stdout] 
[INFO] [stdout] error: aborting due to 1 previous error
[INFO] [stdout] 
[INFO] [stdout] For more information about this error, try `rustc --explain E0432`.
[INFO] [stdout] Couldn't compile the test.
[INFO] [stdout] ---- src/embed/transform/kind/count.rs - embed::transform::kind::count::TransformCount (line 11) stdout ----
[INFO] [stdout] error[E0432]: unresolved import `tokel`
[INFO] [stdout]  --> src/embed/transform/kind/count.rs:12:5
[INFO] [stdout]   |
[INFO] [stdout] 3 | use tokel::embed;
[INFO] [stdout]   |     ^^^^^ use of undeclared crate or module `tokel`
[INFO] [stdout] 
[INFO] [stdout] error: aborting due to 1 previous error
[INFO] [stdout] 
[INFO] [stdout] For more information about this error, try `rustc --explain E0432`.
[INFO] [stdout] Couldn't compile the test.
[INFO] [stdout] ---- src/embed/transform/kind/reverse.rs - embed::transform::kind::reverse::TransformReverse (line 11) stdout ----
[INFO] [stdout] error[E0432]: unresolved import `tokel`
[INFO] [stdout]  --> src/embed/transform/kind/reverse.rs:12:5
[INFO] [stdout]   |
[INFO] [stdout] 3 | use tokel::embed;
[INFO] [stdout]   |     ^^^^^ use of undeclared crate or module `tokel`
[INFO] [stdout] 
[INFO] [stdout] error: aborting due to 1 previous error
[INFO] [stdout] 
[INFO] [stdout] For more information about this error, try `rustc --explain E0432`.
[INFO] [stdout] Couldn't compile the test.
[INFO] [stdout] ---- src/embed/transform/kind/stringify.rs - embed::transform::kind::stringify::TransformStringify (line 14) stdout ----
[INFO] [stdout] error[E0432]: unresolved import `tokel`
[INFO] [stdout]  --> src/embed/transform/kind/stringify.rs:16:5
[INFO] [stdout]   |
[INFO] [stdout] 4 | use tokel::embed;
[INFO] [stdout]   |     ^^^^^ use of undeclared crate or module `tokel`
[INFO] [stdout] 
[INFO] [stdout] error: aborting due to 1 previous error
[INFO] [stdout] 
[INFO] [stdout] For more information about this error, try `rustc --explain E0432`.
[INFO] [stdout] Couldn't compile the test.
[INFO] [stdout] ---- src/lib.rs - embed (line 17) stdout ----
[INFO] [stdout] error[E0432]: unresolved import `tokel`
[INFO] [stdout]  --> src/lib.rs:18:5
[INFO] [stdout]   |
[INFO] [stdout] 3 | use tokel::embed;
[INFO] [stdout]   |     ^^^^^ use of undeclared crate or module `tokel`
[INFO] [stdout] 
[INFO] [stdout] error: aborting due to 1 previous error
[INFO] [stdout] 
[INFO] [stdout] For more information about this error, try `rustc --explain E0432`.
[INFO] [stdout] Couldn't compile the test.
[INFO] [stdout] ---- src/embed/transform/kind/mod.rs - embed::transform::kind::TransformKind::Concatenate (line 122) stdout ----
[INFO] [stdout] error[E0432]: unresolved import `tokel`
[INFO] [stdout]  --> src/embed/transform/kind/mod.rs:123:5
[INFO] [stdout]   |
[INFO] [stdout] 3 | use tokel::embed;
[INFO] [stdout]   |     ^^^^^ use of undeclared crate or module `tokel`
[INFO] [stdout] 
[INFO] [stdout] error: aborting due to 1 previous error
[INFO] [stdout] 
[INFO] [stdout] For more information about this error, try `rustc --explain E0432`.
[INFO] [stdout] Couldn't compile the test.
[INFO] [stdout] ---- src/embed/sequence/mod.rs - embed::sequence::Sequence::Transform::chain (line 36) stdout ----
[INFO] [stdout] error: cannot find macro `embed` in this scope
[INFO] [stdout]  --> src/embed/sequence/mod.rs:37:1
[INFO] [stdout]   |
[INFO] [stdout] 3 | embed! {
[INFO] [stdout]   | ^^^^^
[INFO] [stdout]   |
[INFO] [stdout] help: consider importing this macro
[INFO] [stdout]   |
[INFO] [stdout] 2 + use mosaic_derive::embed;
[INFO] [stdout]   |
[INFO] [stdout] 
[INFO] [stdout] error: aborting due to 1 previous error
[INFO] [stdout] 
[INFO] [stdout] Couldn't compile the test.
[INFO] [stdout] 
[INFO] [stdout] failures:
[INFO] [stdout]     src/../README.md - (line 7)
[INFO] [stdout]     src/embed/sequence/mod.rs - embed::sequence::Sequence::Transform::chain (line 36)
[INFO] [stdout]     src/embed/transform/kind/count.rs - embed::transform::kind::count::TransformCount (line 11)
[INFO] [stdout]     src/embed/transform/kind/flatten.rs - embed::transform::kind::flatten::TransformFlatten (line 11)
[INFO] [stdout]     src/embed/transform/kind/mod.rs - embed::transform::kind::TransformKind::Case (line 59)
[INFO] [stdout]     src/embed/transform/kind/mod.rs - embed::transform::kind::TransformKind::Concatenate (line 122)
[INFO] [stdout]     src/embed/transform/kind/mod.rs - embed::transform::kind::TransformKind::Flatten (line 85)
[INFO] [stdout]     src/embed/transform/kind/mod.rs - embed::transform::kind::TransformKind::Reverse (line 98)
[INFO] [stdout]     src/embed/transform/kind/mod.rs - embed::transform::kind::TransformKind::Ungroup (line 72)
[INFO] [stdout]     src/embed/transform/kind/reverse.rs - embed::transform::kind::reverse::TransformReverse (line 11)
[INFO] [stdout]     src/embed/transform/kind/stringify.rs - embed::transform::kind::stringify::TransformStringify (line 14)
[INFO] [stdout]     src/embed/transform/kind/ungroup.rs - embed::transform::kind::ungroup::TransformUngroup (line 15)
[INFO] [stdout]     src/lib.rs - embed (line 17)
[INFO] [stdout] 
[INFO] [stdout] test result: FAILED. 1 passed; 13 failed; 0 ignored; 0 measured; 0 filtered out; finished in 0.08s
[INFO] [stdout] 
[INFO] [stderr] error: doctest failed, to rerun pass `--doc`
[INFO] running `Command { std: "docker" "inspect" "e3b8abf3c4950beba16773369963fa842785886a8392f109268f9147e858f007", kill_on_drop: false }`
[INFO] running `Command { std: "docker" "rm" "-f" "e3b8abf3c4950beba16773369963fa842785886a8392f109268f9147e858f007", kill_on_drop: false }`
[INFO] [stdout] e3b8abf3c4950beba16773369963fa842785886a8392f109268f9147e858f007
