[INFO] fetching crate moore-hodgson 0.1.0...
[INFO] testing moore-hodgson-0.1.0 against nightly-2024-10-28 for randomize-layout
[INFO] extracting crate moore-hodgson 0.1.0 into /workspace/builds/worker-7-tc1/source
[INFO] validating manifest of crates.io crate moore-hodgson 0.1.0 on toolchain nightly-2024-10-28
[INFO] running `Command { std: CARGO_HOME="/workspace/cargo-home" RUSTUP_HOME="/workspace/rustup-home" "/workspace/cargo-home/bin/cargo" "+nightly-2024-10-28" "metadata" "--manifest-path" "Cargo.toml" "--no-deps", kill_on_drop: false }`
[INFO] started tweaking crates.io crate moore-hodgson 0.1.0
[INFO] finished tweaking crates.io crate moore-hodgson 0.1.0
[INFO] tweaked toml for crates.io crate moore-hodgson 0.1.0 written to /workspace/builds/worker-7-tc1/source/Cargo.toml
[INFO] running `Command { std: CARGO_HOME="/workspace/cargo-home" RUSTUP_HOME="/workspace/rustup-home" "/workspace/cargo-home/bin/cargo" "+nightly-2024-10-28" "generate-lockfile" "--manifest-path" "Cargo.toml", kill_on_drop: false }`
[INFO] running `Command { std: CARGO_HOME="/workspace/cargo-home" RUSTUP_HOME="/workspace/rustup-home" "/workspace/cargo-home/bin/cargo" "+nightly-2024-10-28" "fetch" "--manifest-path" "Cargo.toml", kill_on_drop: false }`
[INFO] running `Command { std: "docker" "create" "-v" "/var/lib/crater-agent-workspace/builds/worker-7-tc1/target:/opt/rustwide/target:rw,Z" "-v" "/var/lib/crater-agent-workspace/builds/worker-7-tc1/source:/opt/rustwide/workdir:ro,Z" "-v" "/var/lib/crater-agent-workspace/cargo-home:/opt/rustwide/cargo-home:ro,Z" "-v" "/var/lib/crater-agent-workspace/rustup-home:/opt/rustwide/rustup-home:ro,Z" "-e" "SOURCE_DIR=/opt/rustwide/workdir" "-e" "CARGO_TARGET_DIR=/opt/rustwide/target" "-e" "CARGO_HOME=/opt/rustwide/cargo-home" "-e" "RUSTUP_HOME=/opt/rustwide/rustup-home" "-w" "/opt/rustwide/workdir" "-m" "1610612736" "--user" "0:0" "--network" "none" "ghcr.io/rust-lang/crates-build-env/linux@sha256:4a844ea9eb2546a2d2c7022eacef16ef2e8229c7fbb2c7d4d55a9ceca922f72d" "/opt/rustwide/cargo-home/bin/cargo" "+nightly-2024-10-28" "metadata" "--no-deps" "--format-version=1", kill_on_drop: false }`
[INFO] [stdout] 2153c43be1eface0a644fc688dc98569220c9416d9a544dbaa7734bd0b962a74
[INFO] running `Command { std: "docker" "start" "-a" "2153c43be1eface0a644fc688dc98569220c9416d9a544dbaa7734bd0b962a74", kill_on_drop: false }`
[INFO] running `Command { std: "docker" "inspect" "2153c43be1eface0a644fc688dc98569220c9416d9a544dbaa7734bd0b962a74", kill_on_drop: false }`
[INFO] running `Command { std: "docker" "rm" "-f" "2153c43be1eface0a644fc688dc98569220c9416d9a544dbaa7734bd0b962a74", kill_on_drop: false }`
[INFO] [stdout] 2153c43be1eface0a644fc688dc98569220c9416d9a544dbaa7734bd0b962a74
[INFO] running `Command { std: "docker" "create" "-v" "/var/lib/crater-agent-workspace/builds/worker-7-tc1/target:/opt/rustwide/target:rw,Z" "-v" "/var/lib/crater-agent-workspace/builds/worker-7-tc1/source:/opt/rustwide/workdir:ro,Z" "-v" "/var/lib/crater-agent-workspace/cargo-home:/opt/rustwide/cargo-home:ro,Z" "-v" "/var/lib/crater-agent-workspace/rustup-home:/opt/rustwide/rustup-home:ro,Z" "-e" "SOURCE_DIR=/opt/rustwide/workdir" "-e" "CARGO_TARGET_DIR=/opt/rustwide/target" "-e" "CARGO_INCREMENTAL=0" "-e" "RUST_BACKTRACE=full" "-e" "RUSTFLAGS=--cap-lints=forbid" "-e" "RUSTDOCFLAGS=--cap-lints=forbid" "-e" "CARGO_HOME=/opt/rustwide/cargo-home" "-e" "RUSTUP_HOME=/opt/rustwide/rustup-home" "-w" "/opt/rustwide/workdir" "-m" "1610612736" "--user" "0:0" "--network" "none" "ghcr.io/rust-lang/crates-build-env/linux@sha256:4a844ea9eb2546a2d2c7022eacef16ef2e8229c7fbb2c7d4d55a9ceca922f72d" "/opt/rustwide/cargo-home/bin/cargo" "+nightly-2024-10-28" "build" "--frozen" "--message-format=json", kill_on_drop: false }`
[INFO] [stdout] 51613e899309cc4591d0746ae05d27705676faaf803f803ea27d5167a2827210
[INFO] running `Command { std: "docker" "start" "-a" "51613e899309cc4591d0746ae05d27705676faaf803f803ea27d5167a2827210", kill_on_drop: false }`
[INFO] [stderr]    Compiling moore-hodgson v0.1.0 (/opt/rustwide/workdir)
[INFO] [stderr]     Finished `dev` profile [unoptimized + debuginfo] target(s) in 0.05s
[INFO] running `Command { std: "docker" "inspect" "51613e899309cc4591d0746ae05d27705676faaf803f803ea27d5167a2827210", kill_on_drop: false }`
[INFO] running `Command { std: "docker" "rm" "-f" "51613e899309cc4591d0746ae05d27705676faaf803f803ea27d5167a2827210", kill_on_drop: false }`
[INFO] [stdout] 51613e899309cc4591d0746ae05d27705676faaf803f803ea27d5167a2827210
[INFO] running `Command { std: "docker" "create" "-v" "/var/lib/crater-agent-workspace/builds/worker-7-tc1/target:/opt/rustwide/target:rw,Z" "-v" "/var/lib/crater-agent-workspace/builds/worker-7-tc1/source:/opt/rustwide/workdir:ro,Z" "-v" "/var/lib/crater-agent-workspace/cargo-home:/opt/rustwide/cargo-home:ro,Z" "-v" "/var/lib/crater-agent-workspace/rustup-home:/opt/rustwide/rustup-home:ro,Z" "-e" "SOURCE_DIR=/opt/rustwide/workdir" "-e" "CARGO_TARGET_DIR=/opt/rustwide/target" "-e" "CARGO_INCREMENTAL=0" "-e" "RUST_BACKTRACE=full" "-e" "RUSTFLAGS=--cap-lints=forbid" "-e" "RUSTDOCFLAGS=--cap-lints=forbid" "-e" "CARGO_HOME=/opt/rustwide/cargo-home" "-e" "RUSTUP_HOME=/opt/rustwide/rustup-home" "-w" "/opt/rustwide/workdir" "-m" "1610612736" "--user" "0:0" "--network" "none" "ghcr.io/rust-lang/crates-build-env/linux@sha256:4a844ea9eb2546a2d2c7022eacef16ef2e8229c7fbb2c7d4d55a9ceca922f72d" "/opt/rustwide/cargo-home/bin/cargo" "+nightly-2024-10-28" "test" "--frozen" "--no-run" "--message-format=json", kill_on_drop: false }`
[INFO] [stdout] 481f4871d4e626536d1ef145ef2aa67bf33109053a2ed756277ebc2e8a919154
[INFO] running `Command { std: "docker" "start" "-a" "481f4871d4e626536d1ef145ef2aa67bf33109053a2ed756277ebc2e8a919154", kill_on_drop: false }`
[INFO] [stderr]    Compiling moore-hodgson v0.1.0 (/opt/rustwide/workdir)
[INFO] [stderr]     Finished `test` profile [unoptimized + debuginfo] target(s) in 0.20s
[INFO] running `Command { std: "docker" "inspect" "481f4871d4e626536d1ef145ef2aa67bf33109053a2ed756277ebc2e8a919154", kill_on_drop: false }`
[INFO] running `Command { std: "docker" "rm" "-f" "481f4871d4e626536d1ef145ef2aa67bf33109053a2ed756277ebc2e8a919154", kill_on_drop: false }`
[INFO] [stdout] 481f4871d4e626536d1ef145ef2aa67bf33109053a2ed756277ebc2e8a919154
[INFO] running `Command { std: "docker" "create" "-v" "/var/lib/crater-agent-workspace/builds/worker-7-tc1/target:/opt/rustwide/target:rw,Z" "-v" "/var/lib/crater-agent-workspace/builds/worker-7-tc1/source:/opt/rustwide/workdir:ro,Z" "-v" "/var/lib/crater-agent-workspace/cargo-home:/opt/rustwide/cargo-home:ro,Z" "-v" "/var/lib/crater-agent-workspace/rustup-home:/opt/rustwide/rustup-home:ro,Z" "-e" "SOURCE_DIR=/opt/rustwide/workdir" "-e" "CARGO_TARGET_DIR=/opt/rustwide/target" "-e" "CARGO_INCREMENTAL=0" "-e" "RUST_BACKTRACE=full" "-e" "RUSTFLAGS=--cap-lints=forbid" "-e" "RUSTDOCFLAGS=--cap-lints=forbid" "-e" "CARGO_HOME=/opt/rustwide/cargo-home" "-e" "RUSTUP_HOME=/opt/rustwide/rustup-home" "-w" "/opt/rustwide/workdir" "-m" "1610612736" "--user" "0:0" "--network" "none" "ghcr.io/rust-lang/crates-build-env/linux@sha256:4a844ea9eb2546a2d2c7022eacef16ef2e8229c7fbb2c7d4d55a9ceca922f72d" "/opt/rustwide/cargo-home/bin/cargo" "+nightly-2024-10-28" "test" "--frozen", kill_on_drop: false }`
[INFO] [stdout] caf8ce937a037ee3966cf8d77c67997e26e8b1a78ddd948c0913497527a83e0f
[INFO] running `Command { std: "docker" "start" "-a" "caf8ce937a037ee3966cf8d77c67997e26e8b1a78ddd948c0913497527a83e0f", kill_on_drop: false }`
[INFO] [stderr]     Finished `test` profile [unoptimized + debuginfo] target(s) in 0.01s
[INFO] [stderr]      Running unittests src/lib.rs (/opt/rustwide/target/debug/deps/moore_hodgson-3200ac3116a0b6f0)
[INFO] [stdout] 
[INFO] [stdout] running 6 tests
[INFO] [stdout] test tests::bsraya_examples ... ok
[INFO] [stdout] test tests::bsraya_unordered ... ok
[INFO] [stdout] test tests::nan_in_after ... ok
[INFO] [stdout] test tests::infinity ... ok
[INFO] [stdout] test tests::zero_due_time ... ok
[INFO] [stdout] test tests::zero_processing_time ... ok
[INFO] [stdout] 
[INFO] [stdout] test result: ok. 6 passed; 0 failed; 0 ignored; 0 measured; 0 filtered out; finished in 0.00s
[INFO] [stdout] 
[INFO] [stderr]    Doc-tests moore_hodgson
[INFO] [stdout] 
[INFO] [stdout] running 1 test
[INFO] [stdout] test src/lib.rs - (line 10) ... FAILED
[INFO] [stdout] 
[INFO] [stdout] failures:
[INFO] [stdout] 
[INFO] [stdout] ---- src/lib.rs - (line 10) stdout ----
[INFO] [stdout] error[E0425]: cannot find value `BuyPresentForMom` in this scope
[INFO] [stdout]   --> src/lib.rs:26:23
[INFO] [stdout]    |
[INFO] [stdout] 19 | assert_eq!(jobs[0].0, BuyPresentForMom);
[INFO] [stdout]    |                       ^^^^^^^^^^^^^^^^ not found in this scope
[INFO] [stdout] 
[INFO] [stdout] error[E0425]: cannot find value `ApplyForJob` in this scope
[INFO] [stdout]   --> src/lib.rs:28:23
[INFO] [stdout]    |
[INFO] [stdout] 21 | assert_eq!(jobs[1].0, ApplyForJob);
[INFO] [stdout]    |                       ^^^^^^^^^^^ not found in this scope
[INFO] [stdout] 
[INFO] [stdout] error[E0425]: cannot find value `FileTaxes` in this scope
[INFO] [stdout]   --> src/lib.rs:30:23
[INFO] [stdout]    |
[INFO] [stdout] 23 | assert_eq!(jobs[2].0, FileTaxes);
[INFO] [stdout]    |                       ^^^^^^^^^ not found in this scope
[INFO] [stdout] 
[INFO] [stdout] error[E0425]: cannot find value `ApplyForLoan` in this scope
[INFO] [stdout]   --> src/lib.rs:32:23
[INFO] [stdout]    |
[INFO] [stdout] 25 | assert_eq!(jobs[3].0, ApplyForLoan);
[INFO] [stdout]    |                       ^^^^^^^^^^^^ not found in this scope
[INFO] [stdout] 
[INFO] [stdout] error[E0425]: cannot find value `SolveUrgentProblem` in this scope
[INFO] [stdout]   --> src/lib.rs:34:23
[INFO] [stdout]    |
[INFO] [stdout] 27 | assert_eq!(jobs[4].0, SolveUrgentProblem);
[INFO] [stdout]    |                       ^^^^^^^^^^^^^^^^^^ not found in this scope
[INFO] [stdout] 
[INFO] [stdout] error: aborting due to 5 previous errors
[INFO] [stdout] 
[INFO] [stdout] For more information about this error, try `rustc --explain E0425`.
[INFO] [stdout] Couldn't compile the test.
[INFO] [stdout] 
[INFO] [stdout] failures:
[INFO] [stdout]     src/lib.rs - (line 10)
[INFO] [stdout] 
[INFO] [stdout] test result: FAILED. 0 passed; 1 failed; 0 ignored; 0 measured; 0 filtered out; finished in 0.06s
[INFO] [stdout] 
[INFO] [stderr] error: doctest failed, to rerun pass `--doc`
[INFO] running `Command { std: "docker" "inspect" "caf8ce937a037ee3966cf8d77c67997e26e8b1a78ddd948c0913497527a83e0f", kill_on_drop: false }`
[INFO] running `Command { std: "docker" "rm" "-f" "caf8ce937a037ee3966cf8d77c67997e26e8b1a78ddd948c0913497527a83e0f", kill_on_drop: false }`
[INFO] [stdout] caf8ce937a037ee3966cf8d77c67997e26e8b1a78ddd948c0913497527a83e0f
