[INFO] fetching crate monitor_client 1.13.3...
[INFO] testing monitor_client-1.13.3 against nightly-2024-10-28+rustflags=-Zrandomize-layout for randomize-layout
[INFO] extracting crate monitor_client 1.13.3 into /workspace/builds/worker-0-tc2/source
[INFO] validating manifest of crates.io crate monitor_client 1.13.3 on toolchain nightly-2024-10-28
[INFO] running `Command { std: CARGO_HOME="/workspace/cargo-home" RUSTUP_HOME="/workspace/rustup-home" "/workspace/cargo-home/bin/cargo" "+nightly-2024-10-28" "metadata" "--manifest-path" "Cargo.toml" "--no-deps", kill_on_drop: false }`
[INFO] started tweaking crates.io crate monitor_client 1.13.3
[INFO] finished tweaking crates.io crate monitor_client 1.13.3
[INFO] tweaked toml for crates.io crate monitor_client 1.13.3 written to /workspace/builds/worker-0-tc2/source/Cargo.toml
[INFO] running `Command { std: CARGO_HOME="/workspace/cargo-home" RUSTUP_HOME="/workspace/rustup-home" "/workspace/cargo-home/bin/cargo" "+nightly-2024-10-28" "generate-lockfile" "--manifest-path" "Cargo.toml", kill_on_drop: false }`
[INFO] [stderr]     Blocking waiting for file lock on package cache
[INFO] [stderr]     Updating crates.io index
[INFO] [stderr]     Blocking waiting for file lock on package cache
[INFO] [stderr]      Locking 291 packages to latest compatible versions
[INFO] [stderr]       Adding resolver_api v1.1.1 (available: v3.0.0)
[INFO] [stderr]       Adding tokio-tungstenite v0.23.1 (available: v0.24.0)
[INFO] running `Command { std: CARGO_HOME="/workspace/cargo-home" RUSTUP_HOME="/workspace/rustup-home" "/workspace/cargo-home/bin/cargo" "+nightly-2024-10-28" "fetch" "--manifest-path" "Cargo.toml", kill_on_drop: false }`
[INFO] [stderr]     Blocking waiting for file lock on package cache
[INFO] [stderr]     Blocking waiting for file lock on package cache
[INFO] running `Command { std: "docker" "create" "-v" "/var/lib/crater-agent-workspace/builds/worker-0-tc2/target:/opt/rustwide/target:rw,Z" "-v" "/var/lib/crater-agent-workspace/builds/worker-0-tc2/source:/opt/rustwide/workdir:ro,Z" "-v" "/var/lib/crater-agent-workspace/cargo-home:/opt/rustwide/cargo-home:ro,Z" "-v" "/var/lib/crater-agent-workspace/rustup-home:/opt/rustwide/rustup-home:ro,Z" "-e" "SOURCE_DIR=/opt/rustwide/workdir" "-e" "CARGO_TARGET_DIR=/opt/rustwide/target" "-e" "CARGO_HOME=/opt/rustwide/cargo-home" "-e" "RUSTUP_HOME=/opt/rustwide/rustup-home" "-w" "/opt/rustwide/workdir" "-m" "1610612736" "--user" "0:0" "--network" "none" "ghcr.io/rust-lang/crates-build-env/linux@sha256:4a844ea9eb2546a2d2c7022eacef16ef2e8229c7fbb2c7d4d55a9ceca922f72d" "/opt/rustwide/cargo-home/bin/cargo" "+nightly-2024-10-28" "metadata" "--no-deps" "--format-version=1", kill_on_drop: false }`
[INFO] [stdout] 639a4bb189a9d9b9e1afc1ee15ac33969ff78276ceb6b874f413b2811f9a197c
[INFO] running `Command { std: "docker" "start" "-a" "639a4bb189a9d9b9e1afc1ee15ac33969ff78276ceb6b874f413b2811f9a197c", kill_on_drop: false }`
[INFO] running `Command { std: "docker" "inspect" "639a4bb189a9d9b9e1afc1ee15ac33969ff78276ceb6b874f413b2811f9a197c", kill_on_drop: false }`
[INFO] running `Command { std: "docker" "rm" "-f" "639a4bb189a9d9b9e1afc1ee15ac33969ff78276ceb6b874f413b2811f9a197c", kill_on_drop: false }`
[INFO] [stdout] 639a4bb189a9d9b9e1afc1ee15ac33969ff78276ceb6b874f413b2811f9a197c
[INFO] running `Command { std: "docker" "create" "-v" "/var/lib/crater-agent-workspace/builds/worker-0-tc2/target:/opt/rustwide/target:rw,Z" "-v" "/var/lib/crater-agent-workspace/builds/worker-0-tc2/source:/opt/rustwide/workdir:ro,Z" "-v" "/var/lib/crater-agent-workspace/cargo-home:/opt/rustwide/cargo-home:ro,Z" "-v" "/var/lib/crater-agent-workspace/rustup-home:/opt/rustwide/rustup-home:ro,Z" "-e" "SOURCE_DIR=/opt/rustwide/workdir" "-e" "CARGO_TARGET_DIR=/opt/rustwide/target" "-e" "CARGO_INCREMENTAL=0" "-e" "RUST_BACKTRACE=full" "-e" "RUSTFLAGS=--cap-lints=forbid -Zrandomize-layout" "-e" "RUSTDOCFLAGS=--cap-lints=forbid" "-e" "CARGO_HOME=/opt/rustwide/cargo-home" "-e" "RUSTUP_HOME=/opt/rustwide/rustup-home" "-w" "/opt/rustwide/workdir" "-m" "1610612736" "--user" "0:0" "--network" "none" "ghcr.io/rust-lang/crates-build-env/linux@sha256:4a844ea9eb2546a2d2c7022eacef16ef2e8229c7fbb2c7d4d55a9ceca922f72d" "/opt/rustwide/cargo-home/bin/cargo" "+nightly-2024-10-28" "build" "--frozen" "--message-format=json", kill_on_drop: false }`
[INFO] [stdout] 2b1a1add7ff4596e7f9bef6db63f2774a1c757ee9ceab2582335cc6f66facc67
[INFO] running `Command { std: "docker" "start" "-a" "2b1a1add7ff4596e7f9bef6db63f2774a1c757ee9ceab2582335cc6f66facc67", kill_on_drop: false }`
[INFO] [stderr]    Compiling fnv v1.0.7
[INFO] [stderr]    Compiling syn v2.0.86
[INFO] [stderr]    Compiling smallvec v1.13.2
[INFO] [stderr]    Compiling pkg-config v0.3.31
[INFO] [stderr]    Compiling vcpkg v0.2.15
[INFO] [stderr]    Compiling futures-channel v0.3.31
[INFO] [stderr]    Compiling byteorder v1.5.0
[INFO] [stderr]    Compiling futures-io v0.3.31
[INFO] [stderr]    Compiling http v1.1.0
[INFO] [stderr]    Compiling parking_lot_core v0.9.10
[INFO] [stderr]    Compiling httparse v1.9.5
[INFO] [stderr]    Compiling strsim v0.11.1
[INFO] [stderr]    Compiling tracing-core v0.1.32
[INFO] [stderr]    Compiling parking_lot v0.12.3
[INFO] [stderr]    Compiling openssl v0.10.68
[INFO] [stderr]    Compiling openssl-sys v0.9.104
[INFO] [stderr]    Compiling foreign-types-shared v0.1.1
[INFO] [stderr]    Compiling bitflags v2.6.0
[INFO] [stderr]    Compiling foreign-types v0.3.2
[INFO] [stderr]    Compiling atomic-waker v1.1.2
[INFO] [stderr]    Compiling native-tls v0.2.12
[INFO] [stderr]    Compiling http-body v1.0.1
[INFO] [stderr]    Compiling heck v0.5.0
[INFO] [stderr]    Compiling try-lock v0.2.5
[INFO] [stderr]    Compiling utf8parse v0.2.2
[INFO] [stderr]    Compiling want v0.3.1
[INFO] [stderr]    Compiling anyhow v1.0.92
[INFO] [stderr]    Compiling openssl-probe v0.1.5
[INFO] [stderr]    Compiling anstyle-parse v0.2.6
[INFO] [stderr]    Compiling digest v0.10.7
[INFO] [stderr]    Compiling unicode-normalization v0.1.24
[INFO] [stderr]    Compiling is_terminal_polyfill v1.70.1
[INFO] [stderr]    Compiling tower-service v0.3.3
[INFO] [stderr]    Compiling anstyle-query v1.1.2
[INFO] [stderr]    Compiling colorchoice v1.0.3
[INFO] [stderr]    Compiling unicode-bidi v0.3.17
[INFO] [stderr]    Compiling anstyle v1.0.9
[INFO] [stderr]    Compiling sha1 v0.10.6
[INFO] [stderr]    Compiling anstream v0.6.17
[INFO] [stderr]    Compiling rustls-pki-types v1.10.0
[INFO] [stderr]    Compiling utf-8 v0.7.6
[INFO] [stderr]    Compiling clap_lex v0.7.2
[INFO] [stderr]    Compiling idna v0.5.0
[INFO] [stderr]    Compiling clap_builder v4.5.20
[INFO] [stderr]    Compiling chrono v0.4.38
[INFO] [stderr]    Compiling sync_wrapper v1.0.1
[INFO] [stderr]    Compiling encoding_rs v0.8.35
[INFO] [stderr]    Compiling rustls-pemfile v2.2.0
[INFO] [stderr]    Compiling base64 v0.22.1
[INFO] [stderr]    Compiling url v2.5.2
[INFO] [stderr]    Compiling mime v0.3.17
[INFO] [stderr]    Compiling darling_core v0.20.10
[INFO] [stderr]    Compiling serde_derive v1.0.214
[INFO] [stderr]    Compiling tokio-macros v2.4.0
[INFO] [stderr]    Compiling zerocopy-derive v0.7.35
[INFO] [stderr]    Compiling futures-macro v0.3.31
[INFO] [stderr]    Compiling tracing-attributes v0.1.27
[INFO] [stderr]    Compiling thiserror-impl v1.0.66
[INFO] [stderr]    Compiling tokio v1.41.0
[INFO] [stderr]    Compiling zerocopy v0.7.35
[INFO] [stderr]    Compiling futures-util v0.3.31
[INFO] [stderr]    Compiling openssl-macros v0.1.1
[INFO] [stderr]    Compiling tracing v0.1.40
[INFO] [stderr]    Compiling ppv-lite86 v0.2.20
[INFO] [stderr]    Compiling darling_macro v0.20.10
[INFO] [stderr]    Compiling thiserror v1.0.66
[INFO] [stderr]    Compiling strum_macros v0.26.4
[INFO] [stderr]    Compiling rand_chacha v0.3.1
[INFO] [stderr]    Compiling darling v0.20.10
[INFO] [stderr]    Compiling derive_builder_core v0.20.2
[INFO] [stderr]    Compiling rand v0.8.5
[INFO] [stderr]    Compiling serde v1.0.214
[INFO] [stderr]    Compiling derive_builder_macro v0.20.2
[INFO] [stderr]    Compiling tungstenite v0.23.0
[INFO] [stderr]    Compiling ahash v0.8.11
[INFO] [stderr]    Compiling http-body-util v0.1.2
[INFO] [stderr]    Compiling futures-executor v0.3.31
[INFO] [stderr]    Compiling strum v0.26.3
[INFO] [stderr]    Compiling resolver_api_derive v1.1.0
[INFO] [stderr]    Compiling derive_variants_derive v1.0.0
[INFO] [stderr]    Compiling partial_derive2_derive v0.4.3
[INFO] [stderr]    Compiling typeshare-annotation v1.0.4
[INFO] [stderr]    Compiling derive_default_builder_derive v0.1.8
[INFO] [stderr]    Compiling clap_derive v4.5.18
[INFO] [stderr]    Compiling derive_variants v1.0.0
[INFO] [stderr]    Compiling futures v0.3.31
[INFO] [stderr]    Compiling partial_derive2 v0.4.3
[INFO] [stderr]    Compiling derive_builder v0.20.2
[INFO] [stderr]    Compiling derive_empty_traits v0.1.0
[INFO] [stderr]    Compiling derive_default_builder v0.1.8
[INFO] [stderr]    Compiling tokio-util v0.7.12
[INFO] [stderr]    Compiling tokio-native-tls v0.3.1
[INFO] [stderr]    Compiling tokio-tungstenite v0.23.1
[INFO] [stderr]    Compiling serde_json v1.0.132
[INFO] [stderr]    Compiling serde_bytes v0.11.15
[INFO] [stderr]    Compiling h2 v0.4.6
[INFO] [stderr]    Compiling uuid v1.11.0
[INFO] [stderr]    Compiling serde_urlencoded v0.7.1
[INFO] [stderr]    Compiling clap v4.5.20
[INFO] [stderr]    Compiling envy v0.4.2
[INFO] [stderr]    Compiling async_timing_util v1.0.0
[INFO] [stderr]    Compiling resolver_api v1.1.1
[INFO] [stderr]    Compiling serror v0.4.7
[INFO] [stderr]    Compiling typeshare v1.0.4
[INFO] [stderr]    Compiling bson v2.13.0
[INFO] [stderr]    Compiling hyper v1.5.0
[INFO] [stderr]    Compiling hyper-util v0.1.10
[INFO] [stderr]    Compiling hyper-tls v0.6.0
[INFO] [stderr]    Compiling reqwest v0.12.9
[INFO] [stderr]    Compiling monitor_client v1.13.3 (/opt/rustwide/workdir)
[INFO] [stderr]     Finished `dev` profile [unoptimized + debuginfo] target(s) in 1m 03s
[INFO] running `Command { std: "docker" "inspect" "2b1a1add7ff4596e7f9bef6db63f2774a1c757ee9ceab2582335cc6f66facc67", kill_on_drop: false }`
[INFO] running `Command { std: "docker" "rm" "-f" "2b1a1add7ff4596e7f9bef6db63f2774a1c757ee9ceab2582335cc6f66facc67", kill_on_drop: false }`
[INFO] [stdout] 2b1a1add7ff4596e7f9bef6db63f2774a1c757ee9ceab2582335cc6f66facc67
[INFO] running `Command { std: "docker" "create" "-v" "/var/lib/crater-agent-workspace/builds/worker-0-tc2/target:/opt/rustwide/target:rw,Z" "-v" "/var/lib/crater-agent-workspace/builds/worker-0-tc2/source:/opt/rustwide/workdir:ro,Z" "-v" "/var/lib/crater-agent-workspace/cargo-home:/opt/rustwide/cargo-home:ro,Z" "-v" "/var/lib/crater-agent-workspace/rustup-home:/opt/rustwide/rustup-home:ro,Z" "-e" "SOURCE_DIR=/opt/rustwide/workdir" "-e" "CARGO_TARGET_DIR=/opt/rustwide/target" "-e" "CARGO_INCREMENTAL=0" "-e" "RUST_BACKTRACE=full" "-e" "RUSTFLAGS=--cap-lints=forbid -Zrandomize-layout" "-e" "RUSTDOCFLAGS=--cap-lints=forbid" "-e" "CARGO_HOME=/opt/rustwide/cargo-home" "-e" "RUSTUP_HOME=/opt/rustwide/rustup-home" "-w" "/opt/rustwide/workdir" "-m" "1610612736" "--user" "0:0" "--network" "none" "ghcr.io/rust-lang/crates-build-env/linux@sha256:4a844ea9eb2546a2d2c7022eacef16ef2e8229c7fbb2c7d4d55a9ceca922f72d" "/opt/rustwide/cargo-home/bin/cargo" "+nightly-2024-10-28" "test" "--frozen" "--no-run" "--message-format=json", kill_on_drop: false }`
[INFO] [stdout] 7d6241bad21da0385b77cd8527d82791db400e949f464a182d3a56ea8a53307a
[INFO] running `Command { std: "docker" "start" "-a" "7d6241bad21da0385b77cd8527d82791db400e949f464a182d3a56ea8a53307a", kill_on_drop: false }`
[INFO] [stderr]    Compiling monitor_client v1.13.3 (/opt/rustwide/workdir)
[INFO] [stderr]     Finished `test` profile [unoptimized + debuginfo] target(s) in 17.75s
[INFO] running `Command { std: "docker" "inspect" "7d6241bad21da0385b77cd8527d82791db400e949f464a182d3a56ea8a53307a", kill_on_drop: false }`
[INFO] running `Command { std: "docker" "rm" "-f" "7d6241bad21da0385b77cd8527d82791db400e949f464a182d3a56ea8a53307a", kill_on_drop: false }`
[INFO] [stdout] 7d6241bad21da0385b77cd8527d82791db400e949f464a182d3a56ea8a53307a
[INFO] running `Command { std: "docker" "create" "-v" "/var/lib/crater-agent-workspace/builds/worker-0-tc2/target:/opt/rustwide/target:rw,Z" "-v" "/var/lib/crater-agent-workspace/builds/worker-0-tc2/source:/opt/rustwide/workdir:ro,Z" "-v" "/var/lib/crater-agent-workspace/cargo-home:/opt/rustwide/cargo-home:ro,Z" "-v" "/var/lib/crater-agent-workspace/rustup-home:/opt/rustwide/rustup-home:ro,Z" "-e" "SOURCE_DIR=/opt/rustwide/workdir" "-e" "CARGO_TARGET_DIR=/opt/rustwide/target" "-e" "CARGO_INCREMENTAL=0" "-e" "RUST_BACKTRACE=full" "-e" "RUSTFLAGS=--cap-lints=forbid -Zrandomize-layout" "-e" "RUSTDOCFLAGS=--cap-lints=forbid" "-e" "CARGO_HOME=/opt/rustwide/cargo-home" "-e" "RUSTUP_HOME=/opt/rustwide/rustup-home" "-w" "/opt/rustwide/workdir" "-m" "1610612736" "--user" "0:0" "--network" "none" "ghcr.io/rust-lang/crates-build-env/linux@sha256:4a844ea9eb2546a2d2c7022eacef16ef2e8229c7fbb2c7d4d55a9ceca922f72d" "/opt/rustwide/cargo-home/bin/cargo" "+nightly-2024-10-28" "test" "--frozen", kill_on_drop: false }`
[INFO] [stdout] 044fdb8223f1e878101946f063a31adcfc67a3c0550e691c13a6436ce7643cea
[INFO] running `Command { std: "docker" "start" "-a" "044fdb8223f1e878101946f063a31adcfc67a3c0550e691c13a6436ce7643cea", kill_on_drop: false }`
[INFO] [stderr]     Finished `test` profile [unoptimized + debuginfo] target(s) in 0.26s
[INFO] [stderr]      Running unittests src/lib.rs (/opt/rustwide/target/debug/deps/monitor_client-7949df109343b5b4)
[INFO] [stdout] 
[INFO] [stdout] running 0 tests
[INFO] [stdout] 
[INFO] [stdout] test result: ok. 0 passed; 0 failed; 0 ignored; 0 measured; 0 filtered out; finished in 0.00s
[INFO] [stdout] 
[INFO] [stderr]    Doc-tests monitor_client
[INFO] [stdout] 
[INFO] [stdout] running 7 tests
[INFO] [stdout] test src/entities/build.rs - entities::build::BuildConfig::secret_args (line 232) ... FAILED
[INFO] [stdout] test src/api/read/alert.rs - api::read::alert::ListAlerts::query (line 22) ... FAILED
[INFO] [stdout] test src/api/mod.rs - api (line 44) ... FAILED
[INFO] [stdout] test src/entities/build.rs - entities::build::BuildConfigBuilder::secret_args (line 232) ... FAILED
[INFO] [stdout] test src/api/mod.rs - api (line 20) ... FAILED
[INFO] [stdout] test src/entities/build.rs - entities::build::BuildConfigBuilder::secret_args (line 232) ... FAILED
[INFO] [stdout] test src/lib.rs - (line 18) ... FAILED
[INFO] [stdout] 
[INFO] [stdout] failures:
[INFO] [stdout] 
[INFO] [stdout] ---- src/entities/build.rs - entities::build::BuildConfig::secret_args (line 232) stdout ----
[INFO] [stdout] error: unknown start of token: \
[INFO] [stdout]  --> src/entities/build.rs:233:39
[INFO] [stdout]   |
[INFO] [stdout] 3 | RUN --mount=type=secret,id=SECRET_KEY \
[INFO] [stdout]   |                                       ^
[INFO] [stdout] 
[INFO] [stdout] error: expected expression, found keyword `type`
[INFO] [stdout]  --> src/entities/build.rs:233:13
[INFO] [stdout]   |
[INFO] [stdout] 3 | RUN --mount=type=secret,id=SECRET_KEY \
[INFO] [stdout]   |             ^^^^ expected expression
[INFO] [stdout] 
[INFO] [stdout] error: aborting due to 2 previous errors
[INFO] [stdout] 
[INFO] [stdout] Couldn't compile the test.
[INFO] [stdout] ---- src/api/read/alert.rs - api::read::alert::ListAlerts::query (line 22) stdout ----
[INFO] [stdout] error: expected one of `.`, `;`, `?`, `}`, or an operator, found `:`
[INFO] [stdout]  --> src/api/read/alert.rs:24:13
[INFO] [stdout]   |
[INFO] [stdout] 4 |   "resolved": "false",
[INFO] [stdout]   |             ^ expected one of `.`, `;`, `?`, `}`, or an operator
[INFO] [stdout] 
[INFO] [stdout] error: aborting due to 1 previous error
[INFO] [stdout] 
[INFO] [stdout] Couldn't compile the test.
[INFO] [stdout] ---- src/api/mod.rs - api (line 44) stdout ----
[INFO] [stdout] error: expected one of `.`, `;`, `?`, `}`, or an operator, found `:`
[INFO] [stdout]  --> src/api/mod.rs:46:10
[INFO] [stdout]   |
[INFO] [stdout] 4 |   "error": "top level error message",
[INFO] [stdout]   |          ^ expected one of `.`, `;`, `?`, `}`, or an operator
[INFO] [stdout] 
[INFO] [stdout] error: aborting due to 1 previous error
[INFO] [stdout] 
[INFO] [stdout] Couldn't compile the test.
[INFO] [stdout] ---- src/entities/build.rs - entities::build::BuildConfigBuilder::secret_args (line 232) stdout ----
[INFO] [stdout] error: unknown start of token: \
[INFO] [stdout]  --> src/entities/build.rs:233:39
[INFO] [stdout]   |
[INFO] [stdout] 3 | RUN --mount=type=secret,id=SECRET_KEY \
[INFO] [stdout]   |                                       ^
[INFO] [stdout] 
[INFO] [stdout] error: expected expression, found keyword `type`
[INFO] [stdout]  --> src/entities/build.rs:233:13
[INFO] [stdout]   |
[INFO] [stdout] 3 | RUN --mount=type=secret,id=SECRET_KEY \
[INFO] [stdout]   |             ^^^^ expected expression
[INFO] [stdout] 
[INFO] [stdout] error: aborting due to 2 previous errors
[INFO] [stdout] 
[INFO] [stdout] Couldn't compile the test.
[INFO] [stdout] ---- src/api/mod.rs - api (line 20) stdout ----
[INFO] [stdout] error: expected one of `.`, `;`, `?`, `}`, or an operator, found `:`
[INFO] [stdout]  --> src/api/mod.rs:22:9
[INFO] [stdout]   |
[INFO] [stdout] 4 |   "type": "GetDeployment",
[INFO] [stdout]   |         ^ expected one of `.`, `;`, `?`, `}`, or an operator
[INFO] [stdout] 
[INFO] [stdout] error: aborting due to 1 previous error
[INFO] [stdout] 
[INFO] [stdout] Couldn't compile the test.
[INFO] [stdout] ---- src/entities/build.rs - entities::build::BuildConfigBuilder::secret_args (line 232) stdout ----
[INFO] [stdout] error: unknown start of token: \
[INFO] [stdout]  --> src/entities/build.rs:233:39
[INFO] [stdout]   |
[INFO] [stdout] 3 | RUN --mount=type=secret,id=SECRET_KEY \
[INFO] [stdout]   |                                       ^
[INFO] [stdout] 
[INFO] [stdout] error: expected expression, found keyword `type`
[INFO] [stdout]  --> src/entities/build.rs:233:13
[INFO] [stdout]   |
[INFO] [stdout] 3 | RUN --mount=type=secret,id=SECRET_KEY \
[INFO] [stdout]   |             ^^^^ expected expression
[INFO] [stdout] 
[INFO] [stdout] error: aborting due to 2 previous errors
[INFO] [stdout] 
[INFO] [stdout] Couldn't compile the test.
[INFO] [stdout] ---- src/lib.rs - (line 18) stdout ----
[INFO] [stdout] error: expected `;`, found `}`
[INFO] [stdout]   --> src/lib.rs:28:28
[INFO] [stdout]    |
[INFO] [stdout] 12 | let update = client.execute
[INFO] [stdout]    |                            ^ help: add `;` here
[INFO] [stdout] 13 | } _doctest_main_src_lib_rs_18_0() }
[INFO] [stdout]    | - unexpected token
[INFO] [stdout] 
[INFO] [stdout] error[E0433]: failed to resolve: use of undeclared type `MonitorClient`
[INFO] [stdout]  --> src/lib.rs:21:14
[INFO] [stdout]   |
[INFO] [stdout] 5 | let client = MonitorClient::new_from_env()?;
[INFO] [stdout]   |              ^^^^^^^^^^^^^ use of undeclared type `MonitorClient`
[INFO] [stdout]   |
[INFO] [stdout] help: consider importing this struct
[INFO] [stdout]   |
[INFO] [stdout] 2 + use monitor_client::MonitorClient;
[INFO] [stdout]   |
[INFO] [stdout] 
[INFO] [stdout] error[E0433]: failed to resolve: use of undeclared type `ListDeployments`
[INFO] [stdout]  --> src/lib.rs:24:31
[INFO] [stdout]   |
[INFO] [stdout] 8 | let deployments = client.read(ListDeployments::default()).await?;
[INFO] [stdout]   |                               ^^^^^^^^^^^^^^^ use of undeclared type `ListDeployments`
[INFO] [stdout]   |
[INFO] [stdout] help: consider importing this struct
[INFO] [stdout]   |
[INFO] [stdout] 2 + use monitor_client::api::read::ListDeployments;
[INFO] [stdout]   |
[INFO] [stdout] 
[INFO] [stdout] error[E0728]: `await` is only allowed inside `async` functions and blocks
[INFO] [stdout]  --> src/lib.rs:24:59
[INFO] [stdout]   |
[INFO] [stdout] 2 | fn main() { #[allow(non_snake_case)] fn _doctest_main_src_lib_rs_18_0() {
[INFO] [stdout]   |                                      ---------------------------------- this is not `async`
[INFO] [stdout] ...
[INFO] [stdout] 8 | let deployments = client.read(ListDeployments::default()).await?;
[INFO] [stdout]   |                                                           ^^^^^ only allowed inside `async` functions and blocks
[INFO] [stdout] 
[INFO] [stdout] error[E0433]: failed to resolve: use of undeclared crate or module `dotenvy`
[INFO] [stdout]  --> src/lib.rs:19:1
[INFO] [stdout]   |
[INFO] [stdout] 3 | dotenvy::dotenv().ok();
[INFO] [stdout]   | ^^^^^^^ use of undeclared crate or module `dotenvy`
[INFO] [stdout] 
[INFO] [stdout] error: aborting due to 5 previous errors
[INFO] [stdout] 
[INFO] [stdout] Some errors have detailed explanations: E0433, E0728.
[INFO] [stdout] For more information about an error, try `rustc --explain E0433`.
[INFO] [stdout] Couldn't compile the test.
[INFO] [stdout] 
[INFO] [stdout] failures:
[INFO] [stdout]     src/api/mod.rs - api (line 20)
[INFO] [stdout]     src/api/mod.rs - api (line 44)
[INFO] [stdout]     src/api/read/alert.rs - api::read::alert::ListAlerts::query (line 22)
[INFO] [stdout]     src/entities/build.rs - entities::build::BuildConfig::secret_args (line 232)
[INFO] [stdout]     src/entities/build.rs - entities::build::BuildConfigBuilder::secret_args (line 232)
[INFO] [stdout]     src/entities/build.rs - entities::build::BuildConfigBuilder::secret_args (line 232)
[INFO] [stdout]     src/lib.rs - (line 18)
[INFO] [stdout] 
[INFO] [stdout] test result: FAILED. 0 passed; 7 failed; 0 ignored; 0 measured; 0 filtered out; finished in 0.34s
[INFO] [stdout] 
[INFO] [stderr] error: doctest failed, to rerun pass `--doc`
[INFO] running `Command { std: "docker" "inspect" "044fdb8223f1e878101946f063a31adcfc67a3c0550e691c13a6436ce7643cea", kill_on_drop: false }`
[INFO] running `Command { std: "docker" "rm" "-f" "044fdb8223f1e878101946f063a31adcfc67a3c0550e691c13a6436ce7643cea", kill_on_drop: false }`
[INFO] [stdout] 044fdb8223f1e878101946f063a31adcfc67a3c0550e691c13a6436ce7643cea
