[INFO] fetching crate mongo-task-generator 0.6.5...
[INFO] testing mongo-task-generator-0.6.5 against nightly-2024-10-28 for randomize-layout
[INFO] extracting crate mongo-task-generator 0.6.5 into /workspace/builds/worker-5-tc1/source
[INFO] validating manifest of crates.io crate mongo-task-generator 0.6.5 on toolchain nightly-2024-10-28
[INFO] running `Command { std: CARGO_HOME="/workspace/cargo-home" RUSTUP_HOME="/workspace/rustup-home" "/workspace/cargo-home/bin/cargo" "+nightly-2024-10-28" "metadata" "--manifest-path" "Cargo.toml" "--no-deps", kill_on_drop: false }`
[INFO] removed /workspace/builds/worker-5-tc1/source/.cargo/config.toml
[INFO] started tweaking crates.io crate mongo-task-generator 0.6.5
[INFO] finished tweaking crates.io crate mongo-task-generator 0.6.5
[INFO] tweaked toml for crates.io crate mongo-task-generator 0.6.5 written to /workspace/builds/worker-5-tc1/source/Cargo.toml
[INFO] crate crates.io crate mongo-task-generator 0.6.5 already has a lockfile, it will not be regenerated
[INFO] running `Command { std: CARGO_HOME="/workspace/cargo-home" RUSTUP_HOME="/workspace/rustup-home" "/workspace/cargo-home/bin/cargo" "+nightly-2024-10-28" "fetch" "--manifest-path" "Cargo.toml", kill_on_drop: false }`
[INFO] [stderr]     Updating crates.io index
[INFO] [stderr]  Downloading crates ...
[INFO] [stderr]   Downloaded yaml-merge-keys v0.5.1
[INFO] [stderr]   Downloaded smallvec v1.8.1
[INFO] [stderr]   Downloaded shrub-rs v0.5.1
[INFO] [stderr]   Downloaded simple-error v0.2.3
[INFO] [stderr]   Downloaded rstest_macros v0.14.0
[INFO] [stderr]   Downloaded cmd_lib_macros v1.3.0
[INFO] [stderr]   Downloaded enable-ansi-support v0.1.2
[INFO] [stderr]   Downloaded nom-tracable-macros v0.8.0
[INFO] [stderr]   Downloaded evg-api-rs v0.2.2
[INFO] [stderr]   Downloaded rstest v0.15.0
[INFO] [stderr]   Downloaded atomicwrites v0.3.1
[INFO] [stderr]   Downloaded faccess v0.2.4
[INFO] [stderr]   Downloaded parse_link_header v0.3.2
[INFO] [stderr]   Downloaded nextest-metadata v0.4.3
[INFO] [stderr]   Downloaded nom-tracable v0.8.0
[INFO] [stderr]   Downloaded debug-ignore v1.0.2
[INFO] [stderr]   Downloaded duct v0.13.5
[INFO] [stderr]   Downloaded bytecount v0.3.2
[INFO] [stderr]   Downloaded dialoguer v0.10.1
[INFO] [stderr]   Downloaded zeroize v1.5.5
[INFO] [stderr]   Downloaded fixedbitset v0.4.1
[INFO] [stderr]   Downloaded ctrlc v3.2.2
[INFO] [stderr]   Downloaded cargo-nextest v0.9.23
[INFO] [stderr]   Downloaded self_update v0.30.0
[INFO] [stderr]   Downloaded config v0.13.1
[INFO] [stderr]   Downloaded cfg-expr v0.10.3
[INFO] [stderr]   Downloaded guppy v0.14.2
[INFO] [stderr]   Downloaded unicode-normalization v0.1.20
[INFO] [stderr]   Downloaded nextest-runner v0.14.0
[INFO] [stderr]   Downloaded quick-xml v0.23.0
[INFO] [stderr]   Downloaded shared_child v0.3.5
[INFO] [stderr]   Downloaded clap v3.2.7
[INFO] [stderr]   Downloaded nix v0.24.1
[INFO] [stderr]   Downloaded openssl v0.10.40
[INFO] [stderr]   Downloaded nom_locate v4.0.0
[INFO] [stderr]   Downloaded quick-junit v0.2.0
[INFO] [stderr]   Downloaded target-spec v1.0.2
[INFO] [stderr]   Downloaded nom_locate v1.0.0
[INFO] [stderr]   Downloaded crossbeam-utils v0.8.10
[INFO] [stderr]   Downloaded cmd_lib v1.3.0
[INFO] [stderr]   Downloaded mukti-metadata v0.1.0
[INFO] [stderr]   Downloaded supports-color v1.3.0
[INFO] [stderr]   Downloaded os_pipe v0.9.2
[INFO] [stderr]   Downloaded target-lexicon v0.12.4
[INFO] [stderr]   Downloaded shellexpand v2.1.0
[INFO] [stderr]   Downloaded windows_aarch64_msvc v0.38.0
[INFO] [stderr]   Downloaded windows_x86_64_msvc v0.38.0
[INFO] [stderr]   Downloaded windows_i686_gnu v0.38.0
[INFO] [stderr]   Downloaded zstd-sys v2.0.1+zstd.1.5.2
[INFO] [stderr]   Downloaded windows_i686_msvc v0.38.0
[INFO] [stderr]   Downloaded windows_x86_64_gnu v0.38.0
[INFO] [stderr]   Downloaded nextest-filtering v0.1.0
[INFO] [stderr]   Downloaded windows v0.38.0
[INFO] running `Command { std: "docker" "create" "-v" "/var/lib/crater-agent-workspace/builds/worker-5-tc1/target:/opt/rustwide/target:rw,Z" "-v" "/var/lib/crater-agent-workspace/builds/worker-5-tc1/source:/opt/rustwide/workdir:ro,Z" "-v" "/var/lib/crater-agent-workspace/cargo-home:/opt/rustwide/cargo-home:ro,Z" "-v" "/var/lib/crater-agent-workspace/rustup-home:/opt/rustwide/rustup-home:ro,Z" "-e" "SOURCE_DIR=/opt/rustwide/workdir" "-e" "CARGO_TARGET_DIR=/opt/rustwide/target" "-e" "CARGO_HOME=/opt/rustwide/cargo-home" "-e" "RUSTUP_HOME=/opt/rustwide/rustup-home" "-w" "/opt/rustwide/workdir" "-m" "1610612736" "--user" "0:0" "--network" "none" "ghcr.io/rust-lang/crates-build-env/linux@sha256:4a844ea9eb2546a2d2c7022eacef16ef2e8229c7fbb2c7d4d55a9ceca922f72d" "/opt/rustwide/cargo-home/bin/cargo" "+nightly-2024-10-28" "metadata" "--no-deps" "--format-version=1", kill_on_drop: false }`
[INFO] [stdout] 0cbb5ca8cd056c1c373bccad8ea4061552a9983a2b8717afb3b2f294b0bfe432
[INFO] running `Command { std: "docker" "start" "-a" "0cbb5ca8cd056c1c373bccad8ea4061552a9983a2b8717afb3b2f294b0bfe432", kill_on_drop: false }`
[INFO] running `Command { std: "docker" "inspect" "0cbb5ca8cd056c1c373bccad8ea4061552a9983a2b8717afb3b2f294b0bfe432", kill_on_drop: false }`
[INFO] running `Command { std: "docker" "rm" "-f" "0cbb5ca8cd056c1c373bccad8ea4061552a9983a2b8717afb3b2f294b0bfe432", kill_on_drop: false }`
[INFO] [stdout] 0cbb5ca8cd056c1c373bccad8ea4061552a9983a2b8717afb3b2f294b0bfe432
[INFO] running `Command { std: "docker" "create" "-v" "/var/lib/crater-agent-workspace/builds/worker-5-tc1/target:/opt/rustwide/target:rw,Z" "-v" "/var/lib/crater-agent-workspace/builds/worker-5-tc1/source:/opt/rustwide/workdir:ro,Z" "-v" "/var/lib/crater-agent-workspace/cargo-home:/opt/rustwide/cargo-home:ro,Z" "-v" "/var/lib/crater-agent-workspace/rustup-home:/opt/rustwide/rustup-home:ro,Z" "-e" "SOURCE_DIR=/opt/rustwide/workdir" "-e" "CARGO_TARGET_DIR=/opt/rustwide/target" "-e" "CARGO_INCREMENTAL=0" "-e" "RUST_BACKTRACE=full" "-e" "RUSTFLAGS=--cap-lints=forbid" "-e" "RUSTDOCFLAGS=--cap-lints=forbid" "-e" "CARGO_HOME=/opt/rustwide/cargo-home" "-e" "RUSTUP_HOME=/opt/rustwide/rustup-home" "-w" "/opt/rustwide/workdir" "-m" "1610612736" "--user" "0:0" "--network" "none" "ghcr.io/rust-lang/crates-build-env/linux@sha256:4a844ea9eb2546a2d2c7022eacef16ef2e8229c7fbb2c7d4d55a9ceca922f72d" "/opt/rustwide/cargo-home/bin/cargo" "+nightly-2024-10-28" "build" "--frozen" "--message-format=json", kill_on_drop: false }`
[INFO] [stdout] e04ee8e8e24a27a4c70685bc5ef57a2c5ad82350c1639aea7d08d3f91ea299a0
[INFO] running `Command { std: "docker" "start" "-a" "e04ee8e8e24a27a4c70685bc5ef57a2c5ad82350c1639aea7d08d3f91ea299a0", kill_on_drop: false }`
[INFO] [stderr]    Compiling libc v0.2.126
[INFO] [stderr]    Compiling proc-macro2 v1.0.40
[INFO] [stderr]    Compiling quote v1.0.20
[INFO] [stderr]    Compiling unicode-ident v1.0.1
[INFO] [stderr]    Compiling syn v1.0.98
[INFO] [stderr]    Compiling once_cell v1.12.0
[INFO] [stderr]    Compiling memchr v2.5.0
[INFO] [stderr]    Compiling log v0.4.17
[INFO] [stderr]    Compiling pin-project-lite v0.2.9
[INFO] [stderr]    Compiling futures-core v0.3.21
[INFO] [stderr]    Compiling parking_lot_core v0.9.3
[INFO] [stderr]    Compiling smallvec v1.8.1
[INFO] [stderr]    Compiling bytes v1.1.0
[INFO] [stderr]    Compiling scopeguard v1.1.0
[INFO] [stderr]    Compiling lock_api v0.4.7
[INFO] [stderr]    Compiling serde_derive v1.0.137
[INFO] [stderr]    Compiling itoa v1.0.2
[INFO] [stderr]    Compiling indexmap v1.9.1
[INFO] [stderr]    Compiling pkg-config v0.3.25
[INFO] [stderr]    Compiling tracing-core v0.1.28
[INFO] [stderr]    Compiling futures-sink v0.3.21
[INFO] [stderr]    Compiling futures-channel v0.3.21
[INFO] [stderr]    Compiling futures-task v0.3.21
[INFO] [stderr]    Compiling serde v1.0.137
[INFO] [stderr]    Compiling futures-util v0.3.21
[INFO] [stderr]    Compiling hashbrown v0.12.1
[INFO] [stderr]    Compiling lazy_static v1.4.0
[INFO] [stderr]    Compiling slab v0.4.6
[INFO] [stderr]    Compiling futures-io v0.3.21
[INFO] [stderr]    Compiling regex-syntax v0.6.26
[INFO] [stderr]    Compiling httparse v1.7.1
[INFO] [stderr]    Compiling ryu v1.0.10
[INFO] [stderr]    Compiling openssl v0.10.40
[INFO] [stderr]    Compiling http v0.2.8
[INFO] [stderr]    Compiling tinyvec_macros v0.1.0
[INFO] [stderr]    Compiling rustls v0.20.6
[INFO] [stderr]    Compiling native-tls v0.2.10
[INFO] [stderr]    Compiling matches v0.1.9
[INFO] [stderr]    Compiling try-lock v0.2.3
[INFO] [stderr]    Compiling tinyvec v1.6.0
[INFO] [stderr]    Compiling want v0.3.0
[INFO] [stderr]    Compiling num-traits v0.2.15
[INFO] [stderr]    Compiling percent-encoding v2.1.0
[INFO] [stderr]    Compiling serde_json v1.0.81
[INFO] [stderr]    Compiling httpdate v1.0.2
[INFO] [stderr]    Compiling linked-hash-map v0.5.6
[INFO] [stderr]    Compiling aho-corasick v0.7.18
[INFO] [stderr]    Compiling form_urlencoded v1.0.1
[INFO] [stderr]    Compiling yaml-rust v0.4.5
[INFO] [stderr]    Compiling num-integer v0.1.45
[INFO] [stderr]    Compiling unicode-bidi v0.3.8
[INFO] [stderr]    Compiling encoding_rs v0.8.31
[INFO] [stderr]    Compiling base64 v0.13.0
[INFO] [stderr]    Compiling async-trait v0.1.56
[INFO] [stderr]    Compiling mime v0.3.16
[INFO] [stderr]    Compiling proc-macro-error-attr v1.0.4
[INFO] [stderr]    Compiling ppv-lite86 v0.2.16
[INFO] [stderr]    Compiling rustls-pemfile v1.0.0
[INFO] [stderr]    Compiling os_str_bytes v6.1.0
[INFO] [stderr]    Compiling http-body v0.4.5
[INFO] [stderr]    Compiling anyhow v1.0.58
[INFO] [stderr]    Compiling smawk v0.3.1
[INFO] [stderr]    Compiling ipnet v2.5.0
[INFO] [stderr]    Compiling heck v0.4.0
[INFO] [stderr]    Compiling unicode-width v0.1.9
[INFO] [stderr]    Compiling unicode-normalization v0.1.20
[INFO] [stderr]    Compiling clap_lex v0.2.4
[INFO] [stderr]    Compiling tracing-log v0.1.3
[INFO] [stderr]    Compiling jobserver v0.1.24
[INFO] [stderr]    Compiling signal-hook-registry v1.4.0
[INFO] [stderr]    Compiling cc v1.0.73
[INFO] [stderr]    Compiling mio v0.8.4
[INFO] [stderr]    Compiling parking_lot v0.12.1
[INFO] [stderr]    Compiling num_cpus v1.13.1
[INFO] [stderr]    Compiling socket2 v0.4.4
[INFO] [stderr]    Compiling getrandom v0.2.7
[INFO] [stderr]    Compiling dirs-sys-next v0.1.2
[INFO] [stderr]    Compiling time v0.1.44
[INFO] [stderr]    Compiling idna v0.2.3
[INFO] [stderr]    Compiling rand_core v0.6.3
[INFO] [stderr]    Compiling dirs-next v2.0.0
[INFO] [stderr]    Compiling faccess v0.2.4
[INFO] [stderr]    Compiling os_pipe v0.9.2
[INFO] [stderr]    Compiling rand_chacha v0.3.1
[INFO] [stderr]    Compiling atty v0.2.14
[INFO] [stderr]    Compiling sharded-slab v0.1.4
[INFO] [stderr]    Compiling thread_local v1.1.4
[INFO] [stderr]    Compiling simple-error v0.2.3
[INFO] [stderr]    Compiling termcolor v1.1.3
[INFO] [stderr]    Compiling ansi_term v0.12.1
[INFO] [stderr]    Compiling shellexpand v2.1.0
[INFO] [stderr]    Compiling regex v1.5.6
[INFO] [stderr]    Compiling rand v0.8.5
[INFO] [stderr]    Compiling url v2.2.2
[INFO] [stderr]    Compiling ring v0.16.20
[INFO] [stderr]    Compiling openssl-sys v0.9.74
[INFO] [stderr]    Compiling parse_link_header v0.3.2
[INFO] [stderr]    Compiling unicode-linebreak v0.1.2
[INFO] [stderr]    Compiling proc-macro-error v1.0.4
[INFO] [stderr]    Compiling textwrap v0.15.0
[INFO] [stderr]    Compiling webpki v0.22.0
[INFO] [stderr]    Compiling sct v0.7.0
[INFO] [stderr]    Compiling tokio-macros v1.8.0
[INFO] [stderr]    Compiling futures-macro v0.3.21
[INFO] [stderr]    Compiling tracing-attributes v0.1.21
[INFO] [stderr]    Compiling openssl-macros v0.1.0
[INFO] [stderr]    Compiling thiserror-impl v1.0.31
[INFO] [stderr]    Compiling async-stream-impl v0.3.3
[INFO] [stderr]    Compiling cmd_lib_macros v1.3.0
[INFO] [stderr]    Compiling clap_derive v3.2.7
[INFO] [stderr]    Compiling webpki-roots v0.22.3
[INFO] [stderr]    Compiling async-stream v0.3.3
[INFO] [stderr]    Compiling tokio v1.19.2
[INFO] [stderr]    Compiling cmd_lib v1.3.0
[INFO] [stderr]    Compiling thiserror v1.0.31
[INFO] [stderr]    Compiling yaml-merge-keys v0.5.1
[INFO] [stderr]    Compiling tracing v0.1.35
[INFO] [stderr]    Compiling clap v3.2.7
[INFO] [stderr]    Compiling futures-executor v0.3.21
[INFO] [stderr]    Compiling futures v0.3.21
[INFO] [stderr]    Compiling tokio-util v0.7.3
[INFO] [stderr]    Compiling tokio-rustls v0.23.4
[INFO] [stderr]    Compiling tokio-native-tls v0.3.0
[INFO] [stderr]    Compiling h2 v0.3.13
[INFO] [stderr]    Compiling serde_urlencoded v0.7.1
[INFO] [stderr]    Compiling serde_yaml v0.8.24
[INFO] [stderr]    Compiling tracing-serde v0.1.3
[INFO] [stderr]    Compiling chrono v0.4.19
[INFO] [stderr]    Compiling shrub-rs v0.5.1
[INFO] [stderr]    Compiling tracing-subscriber v0.3.11
[INFO] [stderr]    Compiling hyper v0.14.19
[INFO] [stderr]    Compiling hyper-rustls v0.23.0
[INFO] [stderr]    Compiling hyper-tls v0.5.0
[INFO] [stderr]    Compiling reqwest v0.11.11
[INFO] [stderr]    Compiling evg-api-rs v0.2.2
[INFO] [stderr]    Compiling mongo-task-generator v0.6.5 (/opt/rustwide/workdir)
[INFO] [stdout] warning: unexpected `cfg` condition value: `strict`
[INFO] [stdout]  --> src/lib.rs:6:13
[INFO] [stdout]   |
[INFO] [stdout] 6 | #![cfg_attr(feature = "strict", deny(missing_docs))]
[INFO] [stdout]   |             ^^^^^^^^^^^^^^^^^^ help: remove the condition
[INFO] [stdout]   |
[INFO] [stdout]   = note: no expected values for `feature`
[INFO] [stdout]   = help: consider adding `strict` as a feature in `Cargo.toml`
[INFO] [stdout]   = note: see <https://doc.rust-lang.org/nightly/rustc/check-cfg/cargo-specifics.html> for more information about checking conditional configuration
[INFO] [stdout]   = note: `#[warn(unexpected_cfgs)]` on by default
[INFO] [stdout] 
[INFO] [stdout] 
[INFO] [stdout] warning: field `task_name` is never read
[INFO] [stdout]   --> src/evergreen/evg_task_history.rs:60:9
[INFO] [stdout]    |
[INFO] [stdout] 58 | pub struct TaskRuntimeHistory {
[INFO] [stdout]    |            ------------------ field in this struct
[INFO] [stdout] 59 |     /// Name of task.
[INFO] [stdout] 60 |     pub task_name: String,
[INFO] [stdout]    |         ^^^^^^^^^
[INFO] [stdout]    |
[INFO] [stdout]    = note: `TaskRuntimeHistory` has derived impls for the traits `Clone` and `Debug`, but these are intentionally ignored during dead code analysis
[INFO] [stdout]    = note: `#[warn(dead_code)]` on by default
[INFO] [stdout] 
[INFO] [stdout] 
[INFO] [stdout] warning: field `variant` is never read
[INFO] [stdout]   --> src/task_types/fuzzer_tasks.rs:31:9
[INFO] [stdout]    |
[INFO] [stdout] 27 | pub struct FuzzerGenTaskParams {
[INFO] [stdout]    |            ------------------- field in this struct
[INFO] [stdout] ...
[INFO] [stdout] 31 |     pub variant: String,
[INFO] [stdout]    |         ^^^^^^^
[INFO] [stdout]    |
[INFO] [stdout]    = note: `FuzzerGenTaskParams` has derived impls for the traits `Clone` and `Debug`, but these are intentionally ignored during dead code analysis
[INFO] [stdout] 
[INFO] [stdout] 
[INFO] [stdout] warning: fields `origin_suite` and `generate_multiversion_combos` are never read
[INFO] [stdout]    --> src/task_types/resmoke_tasks.rs:213:9
[INFO] [stdout]     |
[INFO] [stdout] 208 | pub struct ResmokeSuiteGenerationInfo {
[INFO] [stdout]     |            -------------------------- fields in this struct
[INFO] [stdout] ...
[INFO] [stdout] 213 |     pub origin_suite: String,
[INFO] [stdout]     |         ^^^^^^^^^^^^
[INFO] [stdout] ...
[INFO] [stdout] 219 |     pub generate_multiversion_combos: bool,
[INFO] [stdout]     |         ^^^^^^^^^^^^^^^^^^^^^^^^^^^^
[INFO] [stdout]     |
[INFO] [stdout]     = note: `ResmokeSuiteGenerationInfo` has derived impls for the traits `Debug` and `Clone`, but these are intentionally ignored during dead code analysis
[INFO] [stdout] 
[INFO] [stdout] 
[INFO] [stderr]     Finished `dev` profile [unoptimized + debuginfo] target(s) in 16.90s
[INFO] running `Command { std: "docker" "inspect" "e04ee8e8e24a27a4c70685bc5ef57a2c5ad82350c1639aea7d08d3f91ea299a0", kill_on_drop: false }`
[INFO] running `Command { std: "docker" "rm" "-f" "e04ee8e8e24a27a4c70685bc5ef57a2c5ad82350c1639aea7d08d3f91ea299a0", kill_on_drop: false }`
[INFO] [stdout] e04ee8e8e24a27a4c70685bc5ef57a2c5ad82350c1639aea7d08d3f91ea299a0
[INFO] running `Command { std: "docker" "create" "-v" "/var/lib/crater-agent-workspace/builds/worker-5-tc1/target:/opt/rustwide/target:rw,Z" "-v" "/var/lib/crater-agent-workspace/builds/worker-5-tc1/source:/opt/rustwide/workdir:ro,Z" "-v" "/var/lib/crater-agent-workspace/cargo-home:/opt/rustwide/cargo-home:ro,Z" "-v" "/var/lib/crater-agent-workspace/rustup-home:/opt/rustwide/rustup-home:ro,Z" "-e" "SOURCE_DIR=/opt/rustwide/workdir" "-e" "CARGO_TARGET_DIR=/opt/rustwide/target" "-e" "CARGO_INCREMENTAL=0" "-e" "RUST_BACKTRACE=full" "-e" "RUSTFLAGS=--cap-lints=forbid" "-e" "RUSTDOCFLAGS=--cap-lints=forbid" "-e" "CARGO_HOME=/opt/rustwide/cargo-home" "-e" "RUSTUP_HOME=/opt/rustwide/rustup-home" "-w" "/opt/rustwide/workdir" "-m" "1610612736" "--user" "0:0" "--network" "none" "ghcr.io/rust-lang/crates-build-env/linux@sha256:4a844ea9eb2546a2d2c7022eacef16ef2e8229c7fbb2c7d4d55a9ceca922f72d" "/opt/rustwide/cargo-home/bin/cargo" "+nightly-2024-10-28" "test" "--frozen" "--no-run" "--message-format=json", kill_on_drop: false }`
[INFO] [stdout] 0aaa4aa726d16e2594713ca2ec7e0a815ebd764154b67e0e56059910dad20ae0
[INFO] running `Command { std: "docker" "start" "-a" "0aaa4aa726d16e2594713ca2ec7e0a815ebd764154b67e0e56059910dad20ae0", kill_on_drop: false }`
[INFO] [stderr]    Compiling semver v1.0.10
[INFO] [stderr]    Compiling camino v1.0.9
[INFO] [stderr]    Compiling arrayvec v0.5.2
[INFO] [stderr]    Compiling crossbeam-utils v0.8.10
[INFO] [stderr]    Compiling either v1.6.1
[INFO] [stderr]    Compiling miniz_oxide v0.5.3
[INFO] [stderr]    Compiling terminal_size v0.1.17
[INFO] [stderr]    Compiling memoffset v0.6.5
[INFO] [stderr]    Compiling target-lexicon v0.12.4
[INFO] [stderr]    Compiling lexical-core v0.7.6
[INFO] [stderr]    Compiling zstd-sys v2.0.1+zstd.1.5.2
[INFO] [stderr]    Compiling backtrace v0.3.65
[INFO] [stderr]    Compiling nom v5.1.2
[INFO] [stderr]    Compiling crossbeam-epoch v0.9.9
[INFO] [stderr]    Compiling minimal-lexical v0.2.1
[INFO] [stderr]    Compiling guppy-workspace-hack v0.1.0
[INFO] [stderr]    Compiling is_ci v1.1.1
[INFO] [stderr]    Compiling remove_dir_all v0.5.3
[INFO] [stderr]    Compiling gimli v0.26.1
[INFO] [stderr]    Compiling supports-color v1.3.0
[INFO] [stderr]    Compiling itertools v0.10.3
[INFO] [stderr]    Compiling object v0.28.4
[INFO] [stderr]    Compiling rustc-demangle v0.1.21
[INFO] [stderr]    Compiling rayon-core v1.9.3
[INFO] [stderr]    Compiling target-spec v1.0.2
[INFO] [stderr]    Compiling fastrand v1.7.0
[INFO] [stderr]    Compiling nom v7.1.1
[INFO] [stderr]    Compiling owo-colors v3.4.0
[INFO] [stderr]    Compiling tempfile v3.3.0
[INFO] [stderr]    Compiling pathdiff v0.2.1
[INFO] [stderr]    Compiling console v0.15.0
[INFO] [stderr]    Compiling cargo-platform v0.1.2
[INFO] [stderr]    Compiling zstd-safe v5.0.2+zstd.1.5.2
[INFO] [stderr]    Compiling bytecount v0.6.3
[INFO] [stderr]    Compiling fixedbitset v0.4.1
[INFO] [stderr]    Compiling bytecount v0.3.2
[INFO] [stderr]    Compiling crossbeam-deque v0.8.1
[INFO] [stderr]    Compiling cargo_metadata v0.14.2
[INFO] [stderr]    Compiling crossbeam-channel v0.5.5
[INFO] [stderr]    Compiling cfg-expr v0.10.3
[INFO] [stderr]    Compiling petgraph v0.6.2
[INFO] [stderr]    Compiling rustc_version v0.4.0
[INFO] [stderr]    Compiling supports-hyperlinks v1.2.0
[INFO] [stderr]    Compiling supports-unicode v1.0.2
[INFO] [stderr]    Compiling nom-tracable-macros v0.8.0
[INFO] [stderr]    Compiling miette-derive v4.7.1
[INFO] [stderr]    Compiling vte_generate_state_changes v0.1.1
[INFO] [stderr]    Compiling filetime v0.2.16
[INFO] [stderr]    Compiling xattr v0.2.3
[INFO] [stderr]    Compiling rayon v1.5.3
[INFO] [stderr]    Compiling number_prefix v0.4.0
[INFO] [stderr]    Compiling eyre v0.6.8
[INFO] [stderr]    Compiling nested v0.1.1
[INFO] [stderr]    Compiling self_update v0.30.0
[INFO] [stderr]    Compiling debug-ignore v1.0.2
[INFO] [stderr]    Compiling utf8parse v0.2.0
[INFO] [stderr]    Compiling tar v0.4.38
[INFO] [stderr]    Compiling indicatif v0.16.2
[INFO] [stderr]    Compiling vte v0.10.1
[INFO] [stderr]    Compiling rstest_macros v0.14.0
[INFO] [stderr]    Compiling flate2 v1.0.24
[INFO] [stderr]    Compiling toml v0.5.9
[INFO] [stderr]    Compiling quick-xml v0.22.0
[INFO] [stderr]    Compiling quick-xml v0.23.0
[INFO] [stderr]    Compiling shared_child v0.3.5
[INFO] [stderr]    Compiling nix v0.24.1
[INFO] [stderr]    Compiling addr2line v0.17.0
[INFO] [stderr]    Compiling nom_locate v4.0.0
[INFO] [stderr]    Compiling guppy v0.14.2
[INFO] [stderr]    Compiling predicates-core v1.0.3
[INFO] [stderr]    Compiling doc-comment v0.3.3
[INFO] [stderr]    Compiling humantime-serde v1.1.1
[INFO] [stderr]    Compiling strip-ansi-escapes v0.1.1
[INFO] [stderr]    Compiling quick-junit v0.2.0
[INFO] [stderr]    Compiling duct v0.13.5
[INFO] [stderr]    Compiling config v0.13.1
[INFO] [stderr]    Compiling atomicwrites v0.3.1
[INFO] [stderr]    Compiling nextest-metadata v0.4.3
[INFO] [stderr]    Compiling mukti-metadata v0.1.0
[INFO] [stderr]    Compiling twox-hash v1.6.3
[INFO] [stderr]    Compiling difflib v0.4.0
[INFO] [stderr]    Compiling home v0.5.3
[INFO] [stderr]    Compiling zeroize v1.5.5
[INFO] [stderr]    Compiling regex-automata v0.1.10
[INFO] [stderr]    Compiling ctrlc v3.2.2
[INFO] [stderr]    Compiling indent_write v2.2.0
[INFO] [stderr]    Compiling termtree v0.2.4
[INFO] [stderr]    Compiling shell-words v1.1.0
[INFO] [stderr]    Compiling nom_locate v1.0.0
[INFO] [stderr]    Compiling predicates-tree v1.0.5
[INFO] [stderr]    Compiling bstr v0.2.17
[INFO] [stderr]    Compiling predicates v2.1.1
[INFO] [stderr]    Compiling dialoguer v0.10.1
[INFO] [stderr]    Compiling nom-tracable v0.8.0
[INFO] [stderr]    Compiling env_logger v0.9.0
[INFO] [stderr]    Compiling rand v0.4.6
[INFO] [stderr]    Compiling wait-timeout v0.2.0
[INFO] [stderr]    Compiling miette v4.7.1
[INFO] [stderr]    Compiling color-eyre v0.6.1
[INFO] [stderr]    Compiling futures-timer v3.0.2
[INFO] [stderr]    Compiling enable-ansi-support v0.1.2
[INFO] [stderr]    Compiling assert_cmd v2.0.4
[INFO] [stdout] warning: unexpected `cfg` condition value: `strict`
[INFO] [stdout]  --> src/lib.rs:6:13
[INFO] [stdout]   |
[INFO] [stdout] 6 | #![cfg_attr(feature = "strict", deny(missing_docs))]
[INFO] [stdout]   |             ^^^^^^^^^^^^^^^^^^ help: remove the condition
[INFO] [stdout]   |
[INFO] [stdout]   = note: no expected values for `feature`
[INFO] [stdout]   = help: consider adding `strict` as a feature in `Cargo.toml`
[INFO] [stdout]   = note: see <https://doc.rust-lang.org/nightly/rustc/check-cfg/cargo-specifics.html> for more information about checking conditional configuration
[INFO] [stdout]   = note: `#[warn(unexpected_cfgs)]` on by default
[INFO] [stdout] 
[INFO] [stdout] 
[INFO] [stdout] warning: field `task_name` is never read
[INFO] [stdout]   --> src/evergreen/evg_task_history.rs:60:9
[INFO] [stdout]    |
[INFO] [stdout] 58 | pub struct TaskRuntimeHistory {
[INFO] [stdout]    |            ------------------ field in this struct
[INFO] [stdout] 59 |     /// Name of task.
[INFO] [stdout] 60 |     pub task_name: String,
[INFO] [stdout]    |         ^^^^^^^^^
[INFO] [stdout]    |
[INFO] [stdout]    = note: `TaskRuntimeHistory` has derived impls for the traits `Clone` and `Debug`, but these are intentionally ignored during dead code analysis
[INFO] [stdout]    = note: `#[warn(dead_code)]` on by default
[INFO] [stdout] 
[INFO] [stdout] 
[INFO] [stdout] warning: field `variant` is never read
[INFO] [stdout]   --> src/task_types/fuzzer_tasks.rs:31:9
[INFO] [stdout]    |
[INFO] [stdout] 27 | pub struct FuzzerGenTaskParams {
[INFO] [stdout]    |            ------------------- field in this struct
[INFO] [stdout] ...
[INFO] [stdout] 31 |     pub variant: String,
[INFO] [stdout]    |         ^^^^^^^
[INFO] [stdout]    |
[INFO] [stdout]    = note: `FuzzerGenTaskParams` has derived impls for the traits `Clone` and `Debug`, but these are intentionally ignored during dead code analysis
[INFO] [stdout] 
[INFO] [stdout] 
[INFO] [stdout] warning: fields `origin_suite` and `generate_multiversion_combos` are never read
[INFO] [stdout]    --> src/task_types/resmoke_tasks.rs:213:9
[INFO] [stdout]     |
[INFO] [stdout] 208 | pub struct ResmokeSuiteGenerationInfo {
[INFO] [stdout]     |            -------------------------- fields in this struct
[INFO] [stdout] ...
[INFO] [stdout] 213 |     pub origin_suite: String,
[INFO] [stdout]     |         ^^^^^^^^^^^^
[INFO] [stdout] ...
[INFO] [stdout] 219 |     pub generate_multiversion_combos: bool,
[INFO] [stdout]     |         ^^^^^^^^^^^^^^^^^^^^^^^^^^^^
[INFO] [stdout]     |
[INFO] [stdout]     = note: `ResmokeSuiteGenerationInfo` has derived impls for the traits `Debug` and `Clone`, but these are intentionally ignored during dead code analysis
[INFO] [stdout] 
[INFO] [stdout] 
[INFO] [stderr]    Compiling tempdir v0.3.7
[INFO] [stderr]    Compiling nextest-filtering v0.1.0
[INFO] [stderr]    Compiling rstest v0.15.0
[INFO] [stderr]    Compiling zstd v0.11.2+zstd.1.5.2
[INFO] [stderr]    Compiling nextest-runner v0.14.0
[INFO] [stderr]    Compiling cargo-nextest v0.9.23
[INFO] [stderr]    Compiling mongo-task-generator v0.6.5 (/opt/rustwide/workdir)
[INFO] [stdout] warning: unexpected `cfg` condition value: `strict`
[INFO] [stdout]  --> src/lib.rs:6:13
[INFO] [stdout]   |
[INFO] [stdout] 6 | #![cfg_attr(feature = "strict", deny(missing_docs))]
[INFO] [stdout]   |             ^^^^^^^^^^^^^^^^^^ help: remove the condition
[INFO] [stdout]   |
[INFO] [stdout]   = note: no expected values for `feature`
[INFO] [stdout]   = help: consider adding `strict` as a feature in `Cargo.toml`
[INFO] [stdout]   = note: see <https://doc.rust-lang.org/nightly/rustc/check-cfg/cargo-specifics.html> for more information about checking conditional configuration
[INFO] [stdout]   = note: `#[warn(unexpected_cfgs)]` on by default
[INFO] [stdout] 
[INFO] [stdout] 
[INFO] [stdout] warning: field `task_name` is never read
[INFO] [stdout]   --> src/evergreen/evg_task_history.rs:60:9
[INFO] [stdout]    |
[INFO] [stdout] 58 | pub struct TaskRuntimeHistory {
[INFO] [stdout]    |            ------------------ field in this struct
[INFO] [stdout] 59 |     /// Name of task.
[INFO] [stdout] 60 |     pub task_name: String,
[INFO] [stdout]    |         ^^^^^^^^^
[INFO] [stdout]    |
[INFO] [stdout]    = note: `TaskRuntimeHistory` has derived impls for the traits `Clone` and `Debug`, but these are intentionally ignored during dead code analysis
[INFO] [stdout]    = note: `#[warn(dead_code)]` on by default
[INFO] [stdout] 
[INFO] [stdout] 
[INFO] [stdout] warning: field `variant` is never read
[INFO] [stdout]   --> src/task_types/fuzzer_tasks.rs:31:9
[INFO] [stdout]    |
[INFO] [stdout] 27 | pub struct FuzzerGenTaskParams {
[INFO] [stdout]    |            ------------------- field in this struct
[INFO] [stdout] ...
[INFO] [stdout] 31 |     pub variant: String,
[INFO] [stdout]    |         ^^^^^^^
[INFO] [stdout]    |
[INFO] [stdout]    = note: `FuzzerGenTaskParams` has derived impls for the traits `Clone` and `Debug`, but these are intentionally ignored during dead code analysis
[INFO] [stdout] 
[INFO] [stdout] 
[INFO] [stdout] warning: fields `origin_suite` and `generate_multiversion_combos` are never read
[INFO] [stdout]    --> src/task_types/resmoke_tasks.rs:213:9
[INFO] [stdout]     |
[INFO] [stdout] 208 | pub struct ResmokeSuiteGenerationInfo {
[INFO] [stdout]     |            -------------------------- fields in this struct
[INFO] [stdout] ...
[INFO] [stdout] 213 |     pub origin_suite: String,
[INFO] [stdout]     |         ^^^^^^^^^^^^
[INFO] [stdout] ...
[INFO] [stdout] 219 |     pub generate_multiversion_combos: bool,
[INFO] [stdout]     |         ^^^^^^^^^^^^^^^^^^^^^^^^^^^^
[INFO] [stdout]     |
[INFO] [stdout]     = note: `ResmokeSuiteGenerationInfo` has derived impls for the traits `Debug` and `Clone`, but these are intentionally ignored during dead code analysis
[INFO] [stdout] 
[INFO] [stdout] 
[INFO] [stdout] warning: struct `MockBurnInDiscovery` is never constructed
[INFO] [stdout]     --> src/lib.rs:1198:12
[INFO] [stdout]      |
[INFO] [stdout] 1198 |     struct MockBurnInDiscovery {}
[INFO] [stdout]      |            ^^^^^^^^^^^^^^^^^^^
[INFO] [stdout] 
[INFO] [stdout] 
[INFO] [stdout] warning: struct `MockConfigExtractionService` is never constructed
[INFO] [stdout]     --> src/lib.rs:1205:12
[INFO] [stdout]      |
[INFO] [stdout] 1205 |     struct MockConfigExtractionService {}
[INFO] [stdout]      |            ^^^^^^^^^^^^^^^^^^^^^^^^^^^
[INFO] [stdout] 
[INFO] [stdout] 
[INFO] [stdout] warning: struct `MockMultiversionService` is never constructed
[INFO] [stdout]     --> src/lib.rs:1225:12
[INFO] [stdout]      |
[INFO] [stdout] 1225 |     struct MockMultiversionService {}
[INFO] [stdout]      |            ^^^^^^^^^^^^^^^^^^^^^^^
[INFO] [stdout] 
[INFO] [stdout] 
[INFO] [stderr]     Finished `test` profile [unoptimized + debuginfo] target(s) in 21.12s
[INFO] [stderr] warning: the following packages contain code that will be rejected by a future version of Rust: nom v5.1.2, quick-xml v0.22.0
[INFO] [stderr] note: to see what the problems were, use the option `--future-incompat-report`, or run `cargo report future-incompatibilities --id 1`
[INFO] running `Command { std: "docker" "inspect" "0aaa4aa726d16e2594713ca2ec7e0a815ebd764154b67e0e56059910dad20ae0", kill_on_drop: false }`
[INFO] running `Command { std: "docker" "rm" "-f" "0aaa4aa726d16e2594713ca2ec7e0a815ebd764154b67e0e56059910dad20ae0", kill_on_drop: false }`
[INFO] [stdout] 0aaa4aa726d16e2594713ca2ec7e0a815ebd764154b67e0e56059910dad20ae0
[INFO] running `Command { std: "docker" "create" "-v" "/var/lib/crater-agent-workspace/builds/worker-5-tc1/target:/opt/rustwide/target:rw,Z" "-v" "/var/lib/crater-agent-workspace/builds/worker-5-tc1/source:/opt/rustwide/workdir:ro,Z" "-v" "/var/lib/crater-agent-workspace/cargo-home:/opt/rustwide/cargo-home:ro,Z" "-v" "/var/lib/crater-agent-workspace/rustup-home:/opt/rustwide/rustup-home:ro,Z" "-e" "SOURCE_DIR=/opt/rustwide/workdir" "-e" "CARGO_TARGET_DIR=/opt/rustwide/target" "-e" "CARGO_INCREMENTAL=0" "-e" "RUST_BACKTRACE=full" "-e" "RUSTFLAGS=--cap-lints=forbid" "-e" "RUSTDOCFLAGS=--cap-lints=forbid" "-e" "CARGO_HOME=/opt/rustwide/cargo-home" "-e" "RUSTUP_HOME=/opt/rustwide/rustup-home" "-w" "/opt/rustwide/workdir" "-m" "1610612736" "--user" "0:0" "--network" "none" "ghcr.io/rust-lang/crates-build-env/linux@sha256:4a844ea9eb2546a2d2c7022eacef16ef2e8229c7fbb2c7d4d55a9ceca922f72d" "/opt/rustwide/cargo-home/bin/cargo" "+nightly-2024-10-28" "test" "--frozen", kill_on_drop: false }`
[INFO] [stdout] dc89c669aaea1666f82c4baec8f9fa079d1f6b76cbd91721049c0a87f451be85
[INFO] running `Command { std: "docker" "start" "-a" "dc89c669aaea1666f82c4baec8f9fa079d1f6b76cbd91721049c0a87f451be85", kill_on_drop: false }`
[INFO] [stderr] warning: unexpected `cfg` condition value: `strict`
[INFO] [stderr]  --> src/lib.rs:6:13
[INFO] [stderr]   |
[INFO] [stderr] 6 | #![cfg_attr(feature = "strict", deny(missing_docs))]
[INFO] [stderr]   |             ^^^^^^^^^^^^^^^^^^ help: remove the condition
[INFO] [stderr]   |
[INFO] [stderr]   = note: no expected values for `feature`
[INFO] [stderr]   = help: consider adding `strict` as a feature in `Cargo.toml`
[INFO] [stderr]   = note: see <https://doc.rust-lang.org/nightly/rustc/check-cfg/cargo-specifics.html> for more information about checking conditional configuration
[INFO] [stderr]   = note: `#[warn(unexpected_cfgs)]` on by default
[INFO] [stderr] 
[INFO] [stderr] warning: field `task_name` is never read
[INFO] [stderr]   --> src/evergreen/evg_task_history.rs:60:9
[INFO] [stderr]    |
[INFO] [stderr] 58 | pub struct TaskRuntimeHistory {
[INFO] [stderr]    |            ------------------ field in this struct
[INFO] [stderr] 59 |     /// Name of task.
[INFO] [stderr] 60 |     pub task_name: String,
[INFO] [stderr]    |         ^^^^^^^^^
[INFO] [stderr]    |
[INFO] [stderr]    = note: `TaskRuntimeHistory` has derived impls for the traits `Clone` and `Debug`, but these are intentionally ignored during dead code analysis
[INFO] [stderr]    = note: `#[warn(dead_code)]` on by default
[INFO] [stderr] 
[INFO] [stderr] warning: field `variant` is never read
[INFO] [stderr]   --> src/task_types/fuzzer_tasks.rs:31:9
[INFO] [stderr]    |
[INFO] [stderr] 27 | pub struct FuzzerGenTaskParams {
[INFO] [stderr]    |            ------------------- field in this struct
[INFO] [stderr] ...
[INFO] [stderr] 31 |     pub variant: String,
[INFO] [stderr]    |         ^^^^^^^
[INFO] [stderr]    |
[INFO] [stderr]    = note: `FuzzerGenTaskParams` has derived impls for the traits `Clone` and `Debug`, but these are intentionally ignored during dead code analysis
[INFO] [stderr] 
[INFO] [stderr] warning: fields `origin_suite` and `generate_multiversion_combos` are never read
[INFO] [stderr]    --> src/task_types/resmoke_tasks.rs:213:9
[INFO] [stderr]     |
[INFO] [stderr] 208 | pub struct ResmokeSuiteGenerationInfo {
[INFO] [stderr]     |            -------------------------- fields in this struct
[INFO] [stderr] ...
[INFO] [stderr] 213 |     pub origin_suite: String,
[INFO] [stderr]     |         ^^^^^^^^^^^^
[INFO] [stderr] ...
[INFO] [stderr] 219 |     pub generate_multiversion_combos: bool,
[INFO] [stderr]     |         ^^^^^^^^^^^^^^^^^^^^^^^^^^^^
[INFO] [stderr]     |
[INFO] [stderr]     = note: `ResmokeSuiteGenerationInfo` has derived impls for the traits `Debug` and `Clone`, but these are intentionally ignored during dead code analysis
[INFO] [stderr] 
[INFO] [stderr] warning: `mongo-task-generator` (lib) generated 4 warnings
[INFO] [stderr] warning: struct `MockBurnInDiscovery` is never constructed
[INFO] [stderr]     --> src/lib.rs:1198:12
[INFO] [stderr]      |
[INFO] [stderr] 1198 |     struct MockBurnInDiscovery {}
[INFO] [stderr]      |            ^^^^^^^^^^^^^^^^^^^
[INFO] [stderr] 
[INFO] [stderr] warning: struct `MockConfigExtractionService` is never constructed
[INFO] [stderr]     --> src/lib.rs:1205:12
[INFO] [stderr]      |
[INFO] [stderr] 1205 |     struct MockConfigExtractionService {}
[INFO] [stderr]      |            ^^^^^^^^^^^^^^^^^^^^^^^^^^^
[INFO] [stderr] 
[INFO] [stderr] warning: struct `MockMultiversionService` is never constructed
[INFO] [stderr]     --> src/lib.rs:1225:12
[INFO] [stderr]      |
[INFO] [stderr] 1225 |     struct MockMultiversionService {}
[INFO] [stderr]      |            ^^^^^^^^^^^^^^^^^^^^^^^
[INFO] [stderr] 
[INFO] [stderr] warning: `mongo-task-generator` (lib test) generated 7 warnings (4 duplicates)
[INFO] [stderr]     Finished `test` profile [unoptimized + debuginfo] target(s) in 0.20s
[INFO] [stderr] warning: the following packages contain code that will be rejected by a future version of Rust: nom v5.1.2, quick-xml v0.22.0
[INFO] [stderr] note: to see what the problems were, use the option `--future-incompat-report`, or run `cargo report future-incompatibilities --id 1`
[INFO] [stderr]      Running unittests src/lib.rs (/opt/rustwide/target/debug/deps/mongo_task_generator-1997a4df2f273091)
[INFO] [stdout] 
[INFO] [stdout] running 152 tests
[INFO] [stdout] test evergreen::evg_config_utils::tests::test_build_variant_with_enterprise_module_should_return_true ... ok
[INFO] [stdout] test evergreen::evg_config_utils::tests::test_build_variant_with_out_enterprise_module_should_return_false::case_1 ... ok
[INFO] [stdout] test evergreen::evg_config_utils::tests::test_build_variant_with_out_enterprise_module_should_return_false::case_3 ... ok
[INFO] [stdout] test evergreen::evg_config_utils::tests::test_build_variant_with_out_enterprise_module_should_return_false::case_2 ... ok
[INFO] [stdout] test evergreen::evg_config_utils::tests::test_find_suite_name_should_use_suite_var_for_non_generated_task_if_it_exists ... ok
[INFO] [stdout] test evergreen::evg_config_utils::tests::test_find_suite_name_should_use_suite_var_for_generated_task_if_it_exists ... ok
[INFO] [stdout] test evergreen::evg_config_utils::tests::test_find_suite_name_should_use_task_name_for_generated_task_if_no_var ... ok
[INFO] [stdout] test evergreen::evg_config_utils::tests::test_find_suite_name_should_use_task_name_for_non_generated_task_if_no_var ... ok
[INFO] [stdout] test evergreen::evg_config_utils::tests::test_get_gen_task_var_should_return_none_if_missing_var ... ok
[INFO] [stdout] test evergreen::evg_config_utils::tests::test_get_gen_task_var_should_return_none_if_no_func ... ok
[INFO] [stdout] test evergreen::evg_config_utils::tests::test_get_gen_task_var_should_return_none_if_no_func_vars ... ok
[INFO] [stdout] test evergreen::evg_config_utils::tests::test_get_gen_task_var_should_return_var_value_if_it_exists ... ok
[INFO] [stdout] test evergreen::evg_config_utils::tests::test_get_gen_task_vars_should_return_none_if_no_func ... ok
[INFO] [stdout] test evergreen::evg_config_utils::tests::test_get_gen_task_vars_should_return_none_if_no_func_vars ... ok
[INFO] [stdout] test evergreen::evg_config_utils::tests::test_default_should_be_returned_if_expansion_and_default_but_not_in_bv ... ok
[INFO] [stdout] test evergreen::evg_config_utils::tests::test_get_gen_task_vars_should_return_vars_hashmap_if_it_exists ... ok
[INFO] [stdout] test evergreen::evg_config_utils::tests::test_bv_value_should_be_returned_if_expansion_and_in_bv ... ok
[INFO] [stdout] test evergreen::evg_config_utils::tests::test_get_task_dependencies_with_dependencies_should_return_list_of_dependencies ... ok
[INFO] [stdout] test evergreen::evg_config_utils::tests::test_get_generated_resmoke_func_should_return_resmoke_function ... ok
[INFO] [stdout] test evergreen::evg_config_utils::tests::test_get_task_dependencies_with_no_dependencies_should_return_empty_list ... ok
[INFO] [stdout] test evergreen::evg_config_utils::tests::test_infer_build_variant_platform::case_1 ... ok
[INFO] [stdout] test evergreen::evg_config_utils::tests::test_infer_build_variant_platform::case_2 ... ok
[INFO] [stdout] test evergreen::evg_config_utils::tests::test_get_task_tags_with_tags_should_return_tags_in_set ... ok
[INFO] [stdout] test evergreen::evg_config_utils::tests::test_infer_build_variant_platform::case_5 ... ok
[INFO] [stdout] test evergreen::evg_config_utils::tests::test_is_task_fuzzer_should_return_false_if_var_is_missing ... ok
[INFO] [stdout] test evergreen::evg_config_utils::tests::test_infer_build_variant_platform::case_3 ... ok
[INFO] [stdout] test evergreen::evg_config_utils::tests::test_is_task_generated_should_return_false_if_not_generated ... ok
[INFO] [stdout] test evergreen::evg_config_utils::tests::test_get_task_tags_with_no_tags_should_return_empty_set ... ok
[INFO] [stdout] test evergreen::evg_config_utils::tests::test_is_task_fuzzer_should_return_true_is_var_is_true ... ok
[INFO] [stdout] test evergreen::evg_config_utils::tests::test_get_generated_resmoke_func_should_return_none_if_no_func_exists ... ok
[INFO] [stdout] test evergreen::evg_config_utils::tests::test_is_task_generated_should_return_true_if_generated ... ok
[INFO] [stdout] test evergreen::evg_config_utils::tests::test_lookup_and_split_by_whitespace_in_a_build_variant_with_expected_expansion_should_return_value ... ok
[INFO] [stdout] test evergreen::evg_config_utils::tests::test_lookup_and_split_by_whitespace_in_a_build_variant_with_no_expansions_should_return_none ... ok
[INFO] [stdout] test evergreen::evg_config_utils::tests::test_infer_build_variant_platform::case_4 ... ok
[INFO] [stdout] test evergreen::evg_config_utils::tests::test_lookup_default_should_return_default_if_no_var ... ok
[INFO] [stdout] test evergreen::evg_config_utils::tests::test_lookup_in_a_build_variant_with_expected_expansion_should_return_value ... ok
[INFO] [stdout] test evergreen::evg_config_utils::tests::test_lookup_and_split_by_whitespace_in_a_build_variant_with_missing_expansion_should_return_none ... ok
[INFO] [stdout] test evergreen::evg_config_utils::tests::test_lookup_in_a_build_variant_with_missing_expansion_should_return_none ... ok
[INFO] [stdout] test evergreen::evg_config_utils::tests::test_lookup_optional_should_return_none_if_no_var ... ok
[INFO] [stdout] test evergreen::evg_config_utils::tests::test_lookup_optional_should_return_value_if_it_exists ... ok
[INFO] [stdout] test evergreen::evg_config_utils::tests::test_lookup_in_a_build_variant_with_no_expansions_should_return_none ... ok
[INFO] [stdout] test evergreen::evg_config_utils::tests::test_lookup_required_should_return_error_if_no_var ... ok
[INFO] [stdout] test evergreen::evg_config_utils::tests::test_lookup_required_should_return_value_if_it_exists ... ok
[INFO] [stdout] test evergreen::evg_config_utils::tests::test_value_should_be_returned_if_no_matching_expansion ... ok
[INFO] [stdout] test evergreen::evg_config_utils::tests::test_none_should_be_returned_if_expansion_but_not_in_bv_and_no_default ... ok
[INFO] [stdout] test evergreen::evg_task_history::tests::test_get_test_name::case_1 ... ok
[INFO] [stdout] test evergreen::evg_task_history::tests::test_get_test_name::case_2 ... ok
[INFO] [stdout] test evergreen::evg_task_history::tests::test_get_test_name::case_3 ... ok
[INFO] [stdout] test evergreen::evg_task_history::tests::test_hook_test_name ... ok
[INFO] [stdout] test evergreen::evg_task_history::tests::test_is_hook::case_1 ... ok
[INFO] [stdout] test evergreen::evg_task_history::tests::test_hook_hook_name ... ok
[INFO] [stdout] test evergreen::evg_task_history::tests::test_is_hook::case_2 ... ok
[INFO] [stdout] test evergreen::evg_task_history::tests::test_normalize_tests::case_1 ... ok
[INFO] [stdout] test evergreen::evg_task_history::tests::test_get_task_history_should_fail_if_evg_call_fails ... ok
[INFO] [stdout] test evergreen::evg_task_history::tests::test_normalize_tests::case_2 ... ok
[INFO] [stdout] test evergreen::evg_task_history::tests::test_normalize_tests::case_3 ... ok
[INFO] [stdout] test evergreen::evg_task_history::tests::test_normalize_tests::case_4 ... ok
[INFO] [stdout] test resmoke::resmoke_proxy::tests::test_get_fcv_tags_for_continuous_should_fallback_if_no_continuous_provided ... ok
[INFO] [stdout] test resmoke::resmoke_proxy::tests::test_get_fcv_tags_for_continuous_should_use_continuous_if_provided ... ok
[INFO] [stdout] test resmoke::resmoke_proxy::tests::test_get_fcv_tags_for_lts_should_use_lts_if_provided ... ok
[INFO] [stdout] test resmoke::resmoke_proxy::tests::test_get_fcv_tags_for_lts_should_fallback_if_no_lts_provided ... ok
[INFO] [stdout] test resmoke::resmoke_suite::tests::test_no_fixture_defined_should_return_shell ... ok
[INFO] [stdout] test resmoke::resmoke_suite::tests::test_other_fixture_should_return_other ... ok
[INFO] [stdout] test services::config_extraction::tests::test_determine_task_dependencies::case_3 ... ok
[INFO] [stdout] test resmoke::resmoke_suite::tests::test_replica_set_fixture_should_return_repl ... ok
[INFO] [stdout] test resmoke::resmoke_suite::tests::test_shared_cluster_fixture_should_return_sharded ... ok
[INFO] [stdout] test task_types::burn_in_tests::tests::test_build_origin_suite_should_use_multiversion_name_when_provided ... ok
[INFO] [stdout] test task_types::burn_in_tests::tests::test_build_origin_suite_should_use_suite_name_when_no_mv ... ok
[INFO] [stdout] test resmoke::resmoke_suite::tests::test_with_new_tests_can_add_tests_to_exclude_list ... ok
[INFO] [stdout] test task_types::burn_in_tests::tests::test_build_task_name_should_use_task_name_if_no_mv ... ok
[INFO] [stdout] test resmoke::resmoke_suite::tests::test_with_new_tests_can_add_tests_to_test_root ... ok
[INFO] [stdout] test task_types::burn_in_tests::tests::test_build_task_name_should_use_multiversion_name_when_provided ... ok
[INFO] [stdout] test services::config_extraction::tests::test_determine_task_dependencies::case_1 ... ok
[INFO] [stdout] test task_types::burn_in_tests::tests::test_build_test_for_tasks_creates_task_for_each_multiversion_iteration_and_test ... ok
[INFO] [stdout] test task_types::burn_in_tests::tests::test_build_test_for_tasks_creates_task_for_each_test ... ok
[INFO] [stdout] test task_types::fuzzer_tasks::tests::test_build_fuzzer_params::case_1 ... ok
[INFO] [stdout] test task_types::fuzzer_tasks::tests::test_build_fuzzer_params::case_2 ... ok
[INFO] [stdout] test task_types::burn_in_tests::tests::test_display_name_should_include_all_components ... ok
[INFO] [stdout] test task_types::fuzzer_tasks::tests::test_build_fuzzer_sub_task ... ok
[INFO] [stdout] test task_types::fuzzer_tasks::tests::test_build_multiversion_fuzzer_sub_task ... ok
[INFO] [stdout] test services::config_extraction::tests::test_determine_task_dependencies::case_2 ... ok
[INFO] [stdout] test task_types::fuzzer_tasks::tests::test_build_name::case_1 ... ok
[INFO] [stdout] test task_types::fuzzer_tasks::tests::test_build_run_tests_vars::case_1 ... ok
[INFO] [stdout] test task_types::burn_in_tests::tests::test_generate_burn_in_tags_build_variant ... ok
[INFO] [stdout] test task_types::fuzzer_tasks::tests::test_build_run_tests_vars::case_2 ... ok
[INFO] [stdout] test task_types::fuzzer_tasks::tests::test_build_run_tests_vars::case_3 ... ok
[INFO] [stdout] test task_types::fuzzer_tasks::tests::test_display_name ... ok
[INFO] [stdout] test task_types::fuzzer_tasks::tests::test_is_multiversion::case_1 ... ok
[INFO] [stdout] test task_types::fuzzer_tasks::tests::test_is_multiversion::case_2 ... ok
[INFO] [stdout] test task_types::fuzzer_tasks::tests::test_build_name::case_2 ... ok
[INFO] [stdout] test task_types::multiversion::tests::test_exclude_tags_for_task::case_1 ... ok
[INFO] [stdout] test task_types::multiversion::tests::test_exclude_tags_for_task::case_2 ... ok
[INFO] [stdout] test task_types::multiversion::tests::test_exclude_tags_for_task::case_3 ... ok
[INFO] [stdout] test task_types::multiversion::tests::test_get_version_combinations::case_4 ... ok
[INFO] [stdout] test task_types::fuzzer_tasks::tests::test_sub_tasks ... ok
[INFO] [stdout] test task_types::multiversion::tests::test_get_version_combinations::case_1 ... ok
[INFO] [stdout] test task_types::multiversion::tests::test_get_version_combinations::case_2 ... ok
[INFO] [stdout] test task_types::multiversion::tests::test_name_multiversion_suite::case_2 ... ok
[INFO] [stdout] test task_types::fuzzer_tasks::tests::test_build_run_tests_vars::case_4 ... ok
[INFO] [stdout] test task_types::multiversion::tests::test_get_version_combinations::case_3 ... ok
[INFO] [stdout] test task_types::multiversion::tests::test_multiversion_iterator ... ok
[INFO] [stdout] test task_types::resmoke_tasks::tests::test_build_resmoke_args ... ok
[INFO] [stdout] test task_types::multiversion::tests::test_mv_get_version_combinations ... ok
[INFO] [stdout] test task_types::resmoke_tasks::tests::test_build_run_test_vars_pass_through_params_does_are_overridden ... ok
[INFO] [stdout] test task_types::multiversion::tests::test_name_multiversion_suite::case_1 ... ok
[INFO] [stdout] test task_types::resmoke_tasks::tests::test_build_run_test_vars_with_pass_through_params ... ok
[INFO] [stdout] test task_types::resmoke_tasks::tests::test_build_run_test_vars ... ok
[INFO] [stdout] test task_types::resmoke_tasks::tests::test_build_run_test_vars_with_resmoke_jobs ... ok
[INFO] [stdout] test task_types::resmoke_tasks::tests::test_get_min_index::case_1 ... ok
[INFO] [stdout] test task_types::resmoke_tasks::tests::test_get_min_index::case_2 ... ok
[INFO] [stdout] test task_types::resmoke_tasks::tests::test_get_min_index::case_3 ... ok
[INFO] [stdout] test task_types::resmoke_tasks::tests::test_build_run_test_vars_for_multiversion ... ok
[INFO] [stdout] test task_types::resmoke_config_writer::tests::test_write_suite_files ... ok
[INFO] [stdout] test task_types::resmoke_tasks::tests::test_get_test_list_should_filter_enterprise_tests::case_2 ... ok
[INFO] [stdout] test task_types::resmoke_tasks::tests::test_get_test_list_should_filter_enterprise_tests::case_1 ... ok
[INFO] [stdout] test task_types::resmoke_tasks::tests::test_get_test_list_should_work_with_missing_enterprise_details::case_1 ... ok
[INFO] [stdout] test task_types::resmoke_tasks::tests::test_create_multiversion_combinations ... ok
[INFO] [stdout] test task_types::resmoke_tasks::tests::test_sort_tests_by_runtime::case_1 ... ok
[INFO] [stdout] test task_types::resmoke_tasks::tests::test_sort_tests_by_runtime::case_3 ... ok
[INFO] [stdout] test task_types::resmoke_tasks::tests::test_sort_tests_by_runtime::case_2 ... ok
[INFO] [stdout] test task_types::resmoke_tasks::tests::test_sort_tests_by_runtime::case_4 ... ok
[INFO] [stdout] test task_types::resmoke_tasks::tests::test_sort_tests_by_runtime::case_5 ... ok
[INFO] [stdout] test task_types::resmoke_tasks::tests::test_generate_resmoke_tasks ... ok
[INFO] [stdout] test task_types::resmoke_tasks::tests::test_sort_tests_by_runtime::case_6 ... ok
[INFO] [stdout] test task_types::resmoke_tasks::tests::test_get_test_list_should_work_with_missing_enterprise_details::case_2 ... ok
[INFO] [stdout] test task_types::resmoke_tasks::tests::test_resmoke_commands ... ok
[INFO] [stdout] test task_types::resmoke_tasks::tests::test_sort_tests_by_runtime::case_7 ... ok
[INFO] [stdout] test task_types::resmoke_tasks::tests::test_resmoke_commands_should_include_multiversion ... ok
[INFO] [stdout] test task_types::resmoke_tasks::tests::test_split_task_fallback_should_split_tasks_count ... ok
[INFO] [stdout] test task_types::resmoke_tasks::tests::test_split_task_should_split_tasks_by_runtime ... ok
[INFO] [stdout] test tests::test_determine_distros_should_fail_if_no_large_distro ... ok
[INFO] [stdout] test task_types::resmoke_tasks::tests::test_split_tasks_should_include_multiversion_information ... ok
[INFO] [stdout] test task_types::resmoke_tasks::tests::test_split_task_with_missing_history_should_split_tasks_equally ... ok
[INFO] [stdout] test tests::test_lookup_task_name_should_use_enterprise_when_specified::case_1 ... ok
[INFO] [stdout] test tests::test_determine_distros_should_no_large_distro_can_be_ignored ... ok
[INFO] [stdout] test tests::test_create_burn_in_worker_should_add_task_when_burn_in_suites_are_present ... ok
[INFO] [stdout] test tests::test_lookup_task_name_should_use_enterprise_when_specified::case_2 ... ok
[INFO] [stdout] test tests::test_valid_determine_distros_should_work::case_1 ... ok
[INFO] [stdout] test tests::test_valid_determine_distros_should_work::case_2 ... ok
[INFO] [stdout] test utils::task_name::tests::test_name_generated_task_should_not_include_suffix::case_1 ... ok
[INFO] [stdout] test utils::task_name::tests::test_name_generated_task_should_not_include_suffix::case_2 ... ok
[INFO] [stdout] test utils::task_name::tests::test_name_generated_task_should_not_include_suffix::case_4 ... ok
[INFO] [stdout] test utils::task_name::tests::test_name_generated_task_should_not_include_suffix::case_5 ... ok
[INFO] [stdout] test tests::test_create_burn_in_worker_should_not_add_task_when_burn_in_suites_are_absent ... ok
[INFO] [stdout] test utils::task_name::tests::test_name_generated_task_should_not_include_suffix::case_6 ... ok
[INFO] [stdout] test utils::task_name::tests::test_name_generated_task_should_not_include_suffix::case_3 ... ok
[INFO] [stdout] test utils::task_name::tests::test_name_generated_task_should_not_include_suffix::case_7 ... ok
[INFO] [stdout] test utils::task_name::tests::test_name_generated_task_should_not_include_suffix::case_8 ... ok
[INFO] [stdout] test task_types::resmoke_config_writer::tests::test_errors_encountered_during_execution ... ok
[INFO] [stdout] test utils::task_name::tests::test_remove_gen_suffix::case_2 ... ok
[INFO] [stdout] test utils::task_name::tests::test_remove_gen_suffix::case_1 ... ok
[INFO] [stdout] test utils::task_name::tests::test_remove_gen_suffix::case_3 ... ok
[INFO] [stdout] 
[INFO] [stdout] test result: ok. 152 passed; 0 failed; 0 ignored; 0 measured; 0 filtered out; finished in 0.01s
[INFO] [stdout] 
[INFO] [stderr]      Running unittests src/main.rs (/opt/rustwide/target/debug/deps/mongo_task_generator-85d9b2320b253302)
[INFO] [stdout] 
[INFO] [stdout] running 0 tests
[INFO] [stdout] 
[INFO] [stdout] test result: ok. 0 passed; 0 failed; 0 ignored; 0 measured; 0 filtered out; finished in 0.00s
[INFO] [stdout] 
[INFO] [stderr]      Running tests/integration_test.rs (/opt/rustwide/target/debug/deps/integration_test-216119aa4c4712ed)
[INFO] [stdout] 
[INFO] [stdout] running 5 tests
[INFO] [stdout] test test_end2end_burn_in_with_no_distro::case_1_panic_with_message - should panic ... FAILED
[INFO] [stdout] test test_end2end_burn_in_with_no_distro::case_3_panic_with_message - should panic ... FAILED
[INFO] [stdout] test test_end2end_burn_in_with_no_distro::case_2_panic_with_message - should panic ... FAILED
[INFO] [stdout] test test_end2end_burn_in_execution ... FAILED
[INFO] [stdout] test test_end2end_execution ... FAILED
[INFO] [stdout] 
[INFO] [stdout] failures:
[INFO] [stdout] 
[INFO] [stdout] ---- test_end2end_burn_in_with_no_distro::case_1_panic_with_message stdout ----
[INFO] [stdout] -------------- TEST START --------------
[INFO] [stdout] thread 'test_end2end_burn_in_with_no_distro::case_1_panic_with_message' panicked at /opt/rustwide/cargo-home/registry/src/index.crates.io-6f17d22bba15001f/assert_cmd-2.0.4/src/output.rs:65:25:
[INFO] [stdout] command="/opt/rustwide/target/debug/mongo-task-generator" "--target-directory" "/tmp/generated_resmoke_config.inwhWlRxHKqg" "--expansion-file" "tests/data/sample_expansions.yml" "--evg-project-file" "tests/data/burn_in/evergreen_with_no_burn_in_task_group.yml" "--evg-auth-file" "tests/data/sample_evergreen_auth.yml" "--resmoke-command" "python3 tests/mocks/resmoke.py" "--use-task-split-fallback" "--generate-sub-tasks-config" "tests/data/sample_generate_subtasks_config.yml" "--burn-in" "--burn-in-tests-command" "python3 tests/mocks/burn_in_tests.py"
[INFO] [stdout] code=101
[INFO] [stdout] stdout=""
[INFO] [stdout] stderr=<9209 bytes total>"thread \'main\' panicked at src/lib.rs:106:62:\nCould not find evg project: No such file or directory (os error 2)\nstack backtrace:\n   0:     0x624d8b5eb3ca - std::backtrace_rs::backtrace::libunwind::trace::h207520d6e9873551\n                               at /rustc/df4ca44d3fbc9301ee17f30f4d474e6ae4b05252/library/std/src/../../backtrace/src/backtrace/libunwind.rs:116:5\n   1:     0x624d8b5eb3ca - std::backtrace_rs::backtrace::trace_unsynchronized::h2ed7433f370e3eca\n                               at /rustc/df4ca44d3fbc9301ee17f30f4d474e6ae4b05252/library/std/src/../../backtrace/src/backtrace/mod.rs:66:5\n   2:     0x624d8b5eb3ca - std::sys::backtrace::_print_fmt::h916fac51166b18d7\n                               at /rustc/df4ca44d3fbc9301ee17f30f4d474e6ae4b05252/library/std/src/sys/backtrace.rs:66:9\n   3:     0x624d8b5eb3ca - <std::sys::backtrace::BacktraceLock::print::DisplayBacktrace as core::fmt::Display>::fmt::ha0a4c9b8ce3802e6\n                               at /rustc/df4ca44d3fbc9301ee17f30f4d474e6ae4b05252/library/std/src/sys/backtrace.rs:39:26\n   4:     0x624d8b616583 - core::fmt::rt::Argument::fmt::h4cfc8587d52b3eb5\n                               at /rustc/df4ca44d3fbc9301ee17f30f4d474e6ae4b05252/library/core/src/fmt/rt.rs:177:76\n   5:     0x624d8b616583 - core::fmt::write::h522cc39e5b36ae9f\n                               at /rustc/df4ca44d3fbc9301ee17f30f4d474e6ae4b05252/library/core/src/fmt/mod.rs:1190:21\n   6:     0x624d8b5e6c73 - std::io::Write::write_fmt::hf1c1dcc8cc1287f0\n                               at /rustc/df4ca44d3fbc9301ee17f30f4d474e6ae4b05252/library/std/src/io/mod.rs:1839:15\n   7:     0x624d8b5eb212 - std::sys::backtrace::BacktraceLock::print::h4b9e00b29e9c0942\n                               at /rustc/df4ca44d3fbc9301ee17f30f4d474e6ae4b05252/library/std/src/sys/backtrace.rs:42:9\n   8:     0x624d8b5ec1dc - std::panicking::default_hook::{{closure}}::hb59b88280d0324d9\n                               at /rustc/df4ca44d3fbc9301ee17f30f4d474e6ae4b05252/library/std/src/panicking.rs:268:22\n   9:     0x62"...<5113 bytes omitted>..."ction::FnOnce<A> for &F>::call_once::hd87d66b906e0ccaf\n                               at /rustc/df4ca44d3fbc9301ee17f30f4d474e6ae4b05252/library/core/src/ops/function.rs:284:13\n  35:     0x624d8b5e1267 - std::panicking::try::do_call::hae3703de71fc9e3a\n                               at /rustc/df4ca44d3fbc9301ee17f30f4d474e6ae4b05252/library/std/src/panicking.rs:557:40\n  36:     0x624d8b5e1267 - std::panicking::try::h1178330e9a2b2645\n                               at /rustc/df4ca44d3fbc9301ee17f30f4d474e6ae4b05252/library/std/src/panicking.rs:520:19\n  37:     0x624d8b5e1267 - std::panic::catch_unwind::h0acf49d2305d32ad\n                               at /rustc/df4ca44d3fbc9301ee17f30f4d474e6ae4b05252/library/std/src/panic.rs:358:14\n  38:     0x624d8b5e1267 - std::rt::lang_start_internal::{{closure}}::h2d95182d798177be\n                               at /rustc/df4ca44d3fbc9301ee17f30f4d474e6ae4b05252/library/std/src/rt.rs:174:48\n  39:     0x624d8b5e1267 - std::panicking::try::do_call::hb506f5bfe11fd30c\n                               at /rustc/df4ca44d3fbc9301ee17f30f4d474e6ae4b05252/library/std/src/panicking.rs:557:40\n  40:     0x624d8b5e1267 - std::panicking::try::h54d825c46bd0fa95\n                               at /rustc/df4ca44d3fbc9301ee17f30f4d474e6ae4b05252/library/std/src/panicking.rs:520:19\n  41:     0x624d8b5e1267 - std::panic::catch_unwind::hffbb0ad20c4e9fac\n                               at /rustc/df4ca44d3fbc9301ee17f30f4d474e6ae4b05252/library/std/src/panic.rs:358:14\n  42:     0x624d8b5e1267 - std::rt::lang_start_internal::h52c291ef1962c925\n                               at /rustc/df4ca44d3fbc9301ee17f30f4d474e6ae4b05252/library/std/src/rt.rs:174:20\n  43:     0x624d8a9d4f1a - std::rt::lang_start::hcc83e26b9fecd623\n                               at /rustc/df4ca44d3fbc9301ee17f30f4d474e6ae4b05252/library/std/src/rt.rs:194:17\n  44:     0x624d8a9cd55e - main\n  45:     0x7f871b01fd90 - <unknown>\n  46:     0x7f871b01fe40 - __libc_start_main\n  47:     0x624d8a9a69a5 - _start\n  48:                0x0 - <unknown>\n"
[INFO] [stdout] 
[INFO] [stdout] stack backtrace:
[INFO] [stdout]    0:     0x5a1ee3db4b0a - std::backtrace_rs::backtrace::libunwind::trace::h207520d6e9873551
[INFO] [stdout]                                at /rustc/df4ca44d3fbc9301ee17f30f4d474e6ae4b05252/library/std/src/../../backtrace/src/backtrace/libunwind.rs:116:5
[INFO] [stdout]    1:     0x5a1ee3db4b0a - std::backtrace_rs::backtrace::trace_unsynchronized::h2ed7433f370e3eca
[INFO] [stdout]                                at /rustc/df4ca44d3fbc9301ee17f30f4d474e6ae4b05252/library/std/src/../../backtrace/src/backtrace/mod.rs:66:5
[INFO] [stdout]    2:     0x5a1ee3db4b0a - std::sys::backtrace::_print_fmt::h916fac51166b18d7
[INFO] [stdout]                                at /rustc/df4ca44d3fbc9301ee17f30f4d474e6ae4b05252/library/std/src/sys/backtrace.rs:66:9
[INFO] [stdout]    3:     0x5a1ee3db4b0a - <std::sys::backtrace::BacktraceLock::print::DisplayBacktrace as core::fmt::Display>::fmt::ha0a4c9b8ce3802e6
[INFO] [stdout]                                at /rustc/df4ca44d3fbc9301ee17f30f4d474e6ae4b05252/library/std/src/sys/backtrace.rs:39:26
[INFO] [stdout]    4:     0x5a1ee3ddcd23 - core::fmt::rt::Argument::fmt::h4cfc8587d52b3eb5
[INFO] [stdout]                                at /rustc/df4ca44d3fbc9301ee17f30f4d474e6ae4b05252/library/core/src/fmt/rt.rs:177:76
[INFO] [stdout]    5:     0x5a1ee3ddcd23 - core::fmt::write::h522cc39e5b36ae9f
[INFO] [stdout]                                at /rustc/df4ca44d3fbc9301ee17f30f4d474e6ae4b05252/library/core/src/fmt/mod.rs:1190:21
[INFO] [stdout]    6:     0x5a1ee3db0f63 - std::io::Write::write_fmt::h7d3c26752da97734
[INFO] [stdout]                                at /rustc/df4ca44d3fbc9301ee17f30f4d474e6ae4b05252/library/std/src/io/mod.rs:1839:15
[INFO] [stdout]    7:     0x5a1ee3db4952 - std::sys::backtrace::BacktraceLock::print::h4b9e00b29e9c0942
[INFO] [stdout]                                at /rustc/df4ca44d3fbc9301ee17f30f4d474e6ae4b05252/library/std/src/sys/backtrace.rs:42:9
[INFO] [stdout]    8:     0x5a1ee3db601a - std::panicking::default_hook::{{closure}}::hb59b88280d0324d9
[INFO] [stdout]                                at /rustc/df4ca44d3fbc9301ee17f30f4d474e6ae4b05252/library/std/src/panicking.rs:268:22
[INFO] [stdout]    9:     0x5a1ee3db5e24 - std::panicking::default_hook::he1dd496665be4a29
[INFO] [stdout]                                at /rustc/df4ca44d3fbc9301ee17f30f4d474e6ae4b05252/library/std/src/panicking.rs:292:9
[INFO] [stdout]   10:     0x5a1ee3d405b9 - <alloc::boxed::Box<F,A> as core::ops::function::Fn<Args>>::call::h4ff71de18744e1dc
[INFO] [stdout]                                at /rustc/df4ca44d3fbc9301ee17f30f4d474e6ae4b05252/library/alloc/src/boxed.rs:2468:9
[INFO] [stdout]   11:     0x5a1ee3d405b9 - test::test_main::{{closure}}::hcf7c055ce117aa81
[INFO] [stdout]                                at /rustc/df4ca44d3fbc9301ee17f30f4d474e6ae4b05252/library/test/src/lib.rs:133:21
[INFO] [stdout]   12:     0x5a1ee3db6718 - <alloc::boxed::Box<F,A> as core::ops::function::Fn<Args>>::call::h1d66c6bbd60c9692
[INFO] [stdout]                                at /rustc/df4ca44d3fbc9301ee17f30f4d474e6ae4b05252/library/alloc/src/boxed.rs:2468:9
[INFO] [stdout]   13:     0x5a1ee3db6718 - std::panicking::rust_panic_with_hook::h2ff17fe8f26dfcf8
[INFO] [stdout]                                at /rustc/df4ca44d3fbc9301ee17f30f4d474e6ae4b05252/library/std/src/panicking.rs:809:13
[INFO] [stdout]   14:     0x5a1ee3db64da - std::panicking::begin_panic_handler::{{closure}}::h4fad77951c07e101
[INFO] [stdout]                                at /rustc/df4ca44d3fbc9301ee17f30f4d474e6ae4b05252/library/std/src/panicking.rs:674:13
[INFO] [stdout]   15:     0x5a1ee3db4fe9 - std::sys::backtrace::__rust_end_short_backtrace::hb1a25b3da5d0ea08
[INFO] [stdout]                                at /rustc/df4ca44d3fbc9301ee17f30f4d474e6ae4b05252/library/std/src/sys/backtrace.rs:170:18
[INFO] [stdout]   16:     0x5a1ee3db616c - rust_begin_unwind
[INFO] [stdout]                                at /rustc/df4ca44d3fbc9301ee17f30f4d474e6ae4b05252/library/std/src/panicking.rs:665:5
[INFO] [stdout]   17:     0x5a1ee3ddb470 - core::panicking::panic_fmt::ha9db07b529f9b256
[INFO] [stdout]                                at /rustc/df4ca44d3fbc9301ee17f30f4d474e6ae4b05252/library/core/src/panicking.rs:75:14
[INFO] [stdout]   18:     0x5a1ee3d5f573 - core::panicking::panic_display::h3cfc938ae90dc5a9
[INFO] [stdout]                                at /rustc/df4ca44d3fbc9301ee17f30f4d474e6ae4b05252/library/core/src/panicking.rs:273:5
[INFO] [stdout]   19:     0x5a1ee3d6effc - assert_cmd::output::OutputOkExt::unwrap::heb7e09647865d5ec
[INFO] [stdout]                                at /opt/rustwide/cargo-home/registry/src/index.crates.io-6f17d22bba15001f/assert_cmd-2.0.4/src/output.rs:65:25
[INFO] [stdout]   20:     0x5a1ee3d6d457 - assert_cmd::cmd::Command::unwrap::ha8648d98d6f227be
[INFO] [stdout]                                at /opt/rustwide/cargo-home/registry/src/index.crates.io-6f17d22bba15001f/assert_cmd-2.0.4/src/cmd.rs:152:9
[INFO] [stdout]   21:     0x5a1ee3d05ddf - integration_test::test_end2end_burn_in_with_no_distro::h752b379da13be4d7
[INFO] [stdout]                                at /opt/rustwide/workdir/tests/integration_test.rs:86:5
[INFO] [stdout]   22:     0x5a1ee3d060c8 - integration_test::test_end2end_burn_in_with_no_distro::case_1_panic_with_message::h19ce8fe0d7f12db7
[INFO] [stdout]                                at /opt/rustwide/workdir/tests/integration_test.rs:70:1
[INFO] [stdout]   23:     0x5a1ee3d05e67 - integration_test::test_end2end_burn_in_with_no_distro::case_1_panic_with_message::{{closure}}::ha6b7994e7369d62f
[INFO] [stdout]                                at /opt/rustwide/workdir/tests/integration_test.rs:70:10
[INFO] [stdout]   24:     0x5a1ee3d02cf6 - core::ops::function::FnOnce::call_once::h1b4a05820c2e8843
[INFO] [stdout]                                at /rustc/df4ca44d3fbc9301ee17f30f4d474e6ae4b05252/library/core/src/ops/function.rs:250:5
[INFO] [stdout]   25:     0x5a1ee3d44e8b - core::ops::function::FnOnce::call_once::h22c3ba5715e93f05
[INFO] [stdout]                                at /rustc/df4ca44d3fbc9301ee17f30f4d474e6ae4b05252/library/core/src/ops/function.rs:250:5
[INFO] [stdout]   26:     0x5a1ee3d44e8b - test::__rust_begin_short_backtrace::h8e82d8113d0da17f
[INFO] [stdout]                                at /rustc/df4ca44d3fbc9301ee17f30f4d474e6ae4b05252/library/test/src/lib.rs:621:18
[INFO] [stdout]   27:     0x5a1ee3d44807 - test::run_test_in_process::{{closure}}::h33235f4f20b7b7c7
[INFO] [stdout]                                at /rustc/df4ca44d3fbc9301ee17f30f4d474e6ae4b05252/library/test/src/lib.rs:644:60
[INFO] [stdout]   28:     0x5a1ee3d44807 - <core::panic::unwind_safe::AssertUnwindSafe<F> as core::ops::function::FnOnce<()>>::call_once::hb5043206310c586f
[INFO] [stdout]                                at /rustc/df4ca44d3fbc9301ee17f30f4d474e6ae4b05252/library/core/src/panic/unwind_safe.rs:272:9
[INFO] [stdout]   29:     0x5a1ee3d44807 - std::panicking::try::do_call::h9ad4731a60ab23e2
[INFO] [stdout]                                at /rustc/df4ca44d3fbc9301ee17f30f4d474e6ae4b05252/library/std/src/panicking.rs:557:40
[INFO] [stdout]   30:     0x5a1ee3d44807 - std::panicking::try::h3824d23db772a716
[INFO] [stdout]                                at /rustc/df4ca44d3fbc9301ee17f30f4d474e6ae4b05252/library/std/src/panicking.rs:520:19
[INFO] [stdout]   31:     0x5a1ee3d44807 - std::panic::catch_unwind::h5afd514605fde46b
[INFO] [stdout]                                at /rustc/df4ca44d3fbc9301ee17f30f4d474e6ae4b05252/library/std/src/panic.rs:358:14
[INFO] [stdout]   32:     0x5a1ee3d44807 - test::run_test_in_process::h0d5cbfa7067d1720
[INFO] [stdout]                                at /rustc/df4ca44d3fbc9301ee17f30f4d474e6ae4b05252/library/test/src/lib.rs:644:27
[INFO] [stdout]   33:     0x5a1ee3d44807 - test::run_test::{{closure}}::h708eb8872708115d
[INFO] [stdout]                                at /rustc/df4ca44d3fbc9301ee17f30f4d474e6ae4b05252/library/test/src/lib.rs:565:43
[INFO] [stdout]   34:     0x5a1ee3d07f24 - test::run_test::{{closure}}::h392c51cee94713ab
[INFO] [stdout]                                at /rustc/df4ca44d3fbc9301ee17f30f4d474e6ae4b05252/library/test/src/lib.rs:595:41
[INFO] [stdout]   35:     0x5a1ee3d07f24 - std::sys::backtrace::__rust_begin_short_backtrace::h2f40290710935a8b
[INFO] [stdout]                                at /rustc/df4ca44d3fbc9301ee17f30f4d474e6ae4b05252/library/std/src/sys/backtrace.rs:154:18
[INFO] [stdout]   36:     0x5a1ee3d0b6ce - std::thread::Builder::spawn_unchecked_::{{closure}}::{{closure}}::h3fd968d89053a903
[INFO] [stdout]                                at /rustc/df4ca44d3fbc9301ee17f30f4d474e6ae4b05252/library/std/src/thread/mod.rs:541:17
[INFO] [stdout]   37:     0x5a1ee3d0b6ce - <core::panic::unwind_safe::AssertUnwindSafe<F> as core::ops::function::FnOnce<()>>::call_once::h743f637ba4229880
[INFO] [stdout]                                at /rustc/df4ca44d3fbc9301ee17f30f4d474e6ae4b05252/library/core/src/panic/unwind_safe.rs:272:9
[INFO] [stdout]   38:     0x5a1ee3d0b6ce - std::panicking::try::do_call::h07440897322525a6
[INFO] [stdout]                                at /rustc/df4ca44d3fbc9301ee17f30f4d474e6ae4b05252/library/std/src/panicking.rs:557:40
[INFO] [stdout]   39:     0x5a1ee3d0b6ce - std::panicking::try::he5a2e00188156637
[INFO] [stdout]                                at /rustc/df4ca44d3fbc9301ee17f30f4d474e6ae4b05252/library/std/src/panicking.rs:520:19
[INFO] [stdout]   40:     0x5a1ee3d0b6ce - std::panic::catch_unwind::hbaf3cae49b3c6433
[INFO] [stdout]                                at /rustc/df4ca44d3fbc9301ee17f30f4d474e6ae4b05252/library/std/src/panic.rs:358:14
[INFO] [stdout]   41:     0x5a1ee3d0b6ce - std::thread::Builder::spawn_unchecked_::{{closure}}::h8e141ea224820bce
[INFO] [stdout]                                at /rustc/df4ca44d3fbc9301ee17f30f4d474e6ae4b05252/library/std/src/thread/mod.rs:540:30
[INFO] [stdout]   42:     0x5a1ee3d0b6ce - core::ops::function::FnOnce::call_once{{vtable.shim}}::h90d312fedd7b8ea8
[INFO] [stdout]                                at /rustc/df4ca44d3fbc9301ee17f30f4d474e6ae4b05252/library/core/src/ops/function.rs:250:5
[INFO] [stdout]   43:     0x5a1ee3dbbc6b - <alloc::boxed::Box<F,A> as core::ops::function::FnOnce<Args>>::call_once::h69aa08ddb6adb8b6
[INFO] [stdout]                                at /rustc/df4ca44d3fbc9301ee17f30f4d474e6ae4b05252/library/alloc/src/boxed.rs:2454:9
[INFO] [stdout]   44:     0x5a1ee3dbbc6b - <alloc::boxed::Box<F,A> as core::ops::function::FnOnce<Args>>::call_once::h5aa36efdb79c806f
[INFO] [stdout]                                at /rustc/df4ca44d3fbc9301ee17f30f4d474e6ae4b05252/library/alloc/src/boxed.rs:2454:9
[INFO] [stdout]   45:     0x5a1ee3dbbc6b - std::sys::pal::unix::thread::Thread::new::thread_start::h6cd80a1b4be5158d
[INFO] [stdout]                                at /rustc/df4ca44d3fbc9301ee17f30f4d474e6ae4b05252/library/std/src/sys/pal/unix/thread.rs:105:17
[INFO] [stdout]   46:     0x7609d9122ac3 - <unknown>
[INFO] [stdout]   47:     0x7609d91b3a04 - clone
[INFO] [stdout]   48:                0x0 - <unknown>
[INFO] [stdout] note: panic did not contain expected string
[INFO] [stdout]       panic message: `"command=\"/opt/rustwide/target/debug/mongo-task-generator\" \"--target-directory\" \"/tmp/generated_resmoke_config.inwhWlRxHKqg\" \"--expansion-file\" \"tests/data/sample_expansions.yml\" \"--evg-project-file\" \"tests/data/burn_in/evergreen_with_no_burn_in_task_group.yml\" \"--evg-auth-file\" \"tests/data/sample_evergreen_auth.yml\" \"--resmoke-command\" \"python3 tests/mocks/resmoke.py\" \"--use-task-split-fallback\" \"--generate-sub-tasks-config\" \"tests/data/sample_generate_subtasks_config.yml\" \"--burn-in\" \"--burn-in-tests-command\" \"python3 tests/mocks/burn_in_tests.py\"\ncode=101\nstdout=\"\"\nstderr=<9209 bytes total>\"thread \\'main\\' panicked at src/lib.rs:106:62:\\nCould not find evg project: No such file or directory (os error 2)\\nstack backtrace:\\n   0:     0x624d8b5eb3ca - std::backtrace_rs::backtrace::libunwind::trace::h207520d6e9873551\\n                               at /rustc/df4ca44d3fbc9301ee17f30f4d474e6ae4b05252/library/std/src/../../backtrace/src/backtrace/libunwind.rs:116:5\\n   1:     0x624d8b5eb3ca - std::backtrace_rs::backtrace::trace_unsynchronized::h2ed7433f370e3eca\\n                               at /rustc/df4ca44d3fbc9301ee17f30f4d474e6ae4b05252/library/std/src/../../backtrace/src/backtrace/mod.rs:66:5\\n   2:     0x624d8b5eb3ca - std::sys::backtrace::_print_fmt::h916fac51166b18d7\\n                               at /rustc/df4ca44d3fbc9301ee17f30f4d474e6ae4b05252/library/std/src/sys/backtrace.rs:66:9\\n   3:     0x624d8b5eb3ca - <std::sys::backtrace::BacktraceLock::print::DisplayBacktrace as core::fmt::Display>::fmt::ha0a4c9b8ce3802e6\\n                               at /rustc/df4ca44d3fbc9301ee17f30f4d474e6ae4b05252/library/std/src/sys/backtrace.rs:39:26\\n   4:     0x624d8b616583 - core::fmt::rt::Argument::fmt::h4cfc8587d52b3eb5\\n                               at /rustc/df4ca44d3fbc9301ee17f30f4d474e6ae4b05252/library/core/src/fmt/rt.rs:177:76\\n   5:     0x624d8b616583 - core::fmt::write::h522cc39e5b36ae9f\\n                               at /rustc/df4ca44d3fbc9301ee17f30f4d474e6ae4b05252/library/core/src/fmt/mod.rs:1190:21\\n   6:     0x624d8b5e6c73 - std::io::Write::write_fmt::hf1c1dcc8cc1287f0\\n                               at /rustc/df4ca44d3fbc9301ee17f30f4d474e6ae4b05252/library/std/src/io/mod.rs:1839:15\\n   7:     0x624d8b5eb212 - std::sys::backtrace::BacktraceLock::print::h4b9e00b29e9c0942\\n                               at /rustc/df4ca44d3fbc9301ee17f30f4d474e6ae4b05252/library/std/src/sys/backtrace.rs:42:9\\n   8:     0x624d8b5ec1dc - std::panicking::default_hook::{{closure}}::hb59b88280d0324d9\\n                               at /rustc/df4ca44d3fbc9301ee17f30f4d474e6ae4b05252/library/std/src/panicking.rs:268:22\\n   9:     0x62\"...<5113 bytes omitted>...\"ction::FnOnce<A> for &F>::call_once::hd87d66b906e0ccaf\\n                               at /rustc/df4ca44d3fbc9301ee17f30f4d474e6ae4b05252/library/core/src/ops/function.rs:284:13\\n  35:     0x624d8b5e1267 - std::panicking::try::do_call::hae3703de71fc9e3a\\n                               at /rustc/df4ca44d3fbc9301ee17f30f4d474e6ae4b05252/library/std/src/panicking.rs:557:40\\n  36:     0x624d8b5e1267 - std::panicking::try::h1178330e9a2b2645\\n                               at /rustc/df4ca44d3fbc9301ee17f30f4d474e6ae4b05252/library/std/src/panicking.rs:520:19\\n  37:     0x624d8b5e1267 - std::panic::catch_unwind::h0acf49d2305d32ad\\n                               at /rustc/df4ca44d3fbc9301ee17f30f4d474e6ae4b05252/library/std/src/panic.rs:358:14\\n  38:     0x624d8b5e1267 - std::rt::lang_start_internal::{{closure}}::h2d95182d798177be\\n                               at /rustc/df4ca44d3fbc9301ee17f30f4d474e6ae4b05252/library/std/src/rt.rs:174:48\\n  39:     0x624d8b5e1267 - std::panicking::try::do_call::hb506f5bfe11fd30c\\n                               at /rustc/df4ca44d3fbc9301ee17f30f4d474e6ae4b05252/library/std/src/panicking.rs:557:40\\n  40:     0x624d8b5e1267 - std::panicking::try::h54d825c46bd0fa95\\n                               at /rustc/df4ca44d3fbc9301ee17f30f4d474e6ae4b05252/library/std/src/panicking.rs:520:19\\n  41:     0x624d8b5e1267 - std::panic::catch_unwind::hffbb0ad20c4e9fac\\n                               at /rustc/df4ca44d3fbc9301ee17f30f4d474e6ae4b05252/library/std/src/panic.rs:358:14\\n  42:     0x624d8b5e1267 - std::rt::lang_start_internal::h52c291ef1962c925\\n                               at /rustc/df4ca44d3fbc9301ee17f30f4d474e6ae4b05252/library/std/src/rt.rs:174:20\\n  43:     0x624d8a9d4f1a - std::rt::lang_start::hcc83e26b9fecd623\\n                               at /rustc/df4ca44d3fbc9301ee17f30f4d474e6ae4b05252/library/std/src/rt.rs:194:17\\n  44:     0x624d8a9cd55e - main\\n  45:     0x7f871b01fd90 - <unknown>\\n  46:     0x7f871b01fe40 - __libc_start_main\\n  47:     0x624d8a9a69a5 - _start\\n  48:                0x0 - <unknown>\\n\"\n"`,
[INFO] [stdout]  expected substring: `"`enterprise-rhel-80-64-bit-dynamic-required` build variant is missing the `burn_in_tag_compile_task_group_name` expansion to run `burn_in_tags_gen`. Set the expansion in your project\\'s config to continue.\\"`
[INFO] [stdout] ---- test_end2end_burn_in_with_no_distro::case_3_panic_with_message stdout ----
[INFO] [stdout] -------------- TEST START --------------
[INFO] [stdout] thread 'test_end2end_burn_in_with_no_distro::case_3_panic_with_message' panicked at /opt/rustwide/cargo-home/registry/src/index.crates.io-6f17d22bba15001f/assert_cmd-2.0.4/src/output.rs:65:25:
[INFO] [stdout] command="/opt/rustwide/target/debug/mongo-task-generator" "--target-directory" "/tmp/generated_resmoke_config.JqPDq4o0Emkn" "--expansion-file" "tests/data/sample_expansions.yml" "--evg-project-file" "tests/data/burn_in/evergreen_with_empty_burn_in_variants.yml" "--evg-auth-file" "tests/data/sample_evergreen_auth.yml" "--resmoke-command" "python3 tests/mocks/resmoke.py" "--use-task-split-fallback" "--generate-sub-tasks-config" "tests/data/sample_generate_subtasks_config.yml" "--burn-in" "--burn-in-tests-command" "python3 tests/mocks/burn_in_tests.py"
[INFO] [stdout] code=101
[INFO] [stdout] stdout=""
[INFO] [stdout] stderr=<9209 bytes total>"thread \'main\' panicked at src/lib.rs:106:62:\nCould not find evg project: No such file or directory (os error 2)\nstack backtrace:\n   0:     0x57ff5ca013ca - std::backtrace_rs::backtrace::libunwind::trace::h207520d6e9873551\n                               at /rustc/df4ca44d3fbc9301ee17f30f4d474e6ae4b05252/library/std/src/../../backtrace/src/backtrace/libunwind.rs:116:5\n   1:     0x57ff5ca013ca - std::backtrace_rs::backtrace::trace_unsynchronized::h2ed7433f370e3eca\n                               at /rustc/df4ca44d3fbc9301ee17f30f4d474e6ae4b05252/library/std/src/../../backtrace/src/backtrace/mod.rs:66:5\n   2:     0x57ff5ca013ca - std::sys::backtrace::_print_fmt::h916fac51166b18d7\n                               at /rustc/df4ca44d3fbc9301ee17f30f4d474e6ae4b05252/library/std/src/sys/backtrace.rs:66:9\n   3:     0x57ff5ca013ca - <std::sys::backtrace::BacktraceLock::print::DisplayBacktrace as core::fmt::Display>::fmt::ha0a4c9b8ce3802e6\n                               at /rustc/df4ca44d3fbc9301ee17f30f4d474e6ae4b05252/library/std/src/sys/backtrace.rs:39:26\n   4:     0x57ff5ca2c583 - core::fmt::rt::Argument::fmt::h4cfc8587d52b3eb5\n                               at /rustc/df4ca44d3fbc9301ee17f30f4d474e6ae4b05252/library/core/src/fmt/rt.rs:177:76\n   5:     0x57ff5ca2c583 - core::fmt::write::h522cc39e5b36ae9f\n                               at /rustc/df4ca44d3fbc9301ee17f30f4d474e6ae4b05252/library/core/src/fmt/mod.rs:1190:21\n   6:     0x57ff5c9fcc73 - std::io::Write::write_fmt::hf1c1dcc8cc1287f0\n                               at /rustc/df4ca44d3fbc9301ee17f30f4d474e6ae4b05252/library/std/src/io/mod.rs:1839:15\n   7:     0x57ff5ca01212 - std::sys::backtrace::BacktraceLock::print::h4b9e00b29e9c0942\n                               at /rustc/df4ca44d3fbc9301ee17f30f4d474e6ae4b05252/library/std/src/sys/backtrace.rs:42:9\n   8:     0x57ff5ca021dc - std::panicking::default_hook::{{closure}}::hb59b88280d0324d9\n                               at /rustc/df4ca44d3fbc9301ee17f30f4d474e6ae4b05252/library/std/src/panicking.rs:268:22\n   9:     0x57"...<5113 bytes omitted>..."ction::FnOnce<A> for &F>::call_once::hd87d66b906e0ccaf\n                               at /rustc/df4ca44d3fbc9301ee17f30f4d474e6ae4b05252/library/core/src/ops/function.rs:284:13\n  35:     0x57ff5c9f7267 - std::panicking::try::do_call::hae3703de71fc9e3a\n                               at /rustc/df4ca44d3fbc9301ee17f30f4d474e6ae4b05252/library/std/src/panicking.rs:557:40\n  36:     0x57ff5c9f7267 - std::panicking::try::h1178330e9a2b2645\n                               at /rustc/df4ca44d3fbc9301ee17f30f4d474e6ae4b05252/library/std/src/panicking.rs:520:19\n  37:     0x57ff5c9f7267 - std::panic::catch_unwind::h0acf49d2305d32ad\n                               at /rustc/df4ca44d3fbc9301ee17f30f4d474e6ae4b05252/library/std/src/panic.rs:358:14\n  38:     0x57ff5c9f7267 - std::rt::lang_start_internal::{{closure}}::h2d95182d798177be\n                               at /rustc/df4ca44d3fbc9301ee17f30f4d474e6ae4b05252/library/std/src/rt.rs:174:48\n  39:     0x57ff5c9f7267 - std::panicking::try::do_call::hb506f5bfe11fd30c\n                               at /rustc/df4ca44d3fbc9301ee17f30f4d474e6ae4b05252/library/std/src/panicking.rs:557:40\n  40:     0x57ff5c9f7267 - std::panicking::try::h54d825c46bd0fa95\n                               at /rustc/df4ca44d3fbc9301ee17f30f4d474e6ae4b05252/library/std/src/panicking.rs:520:19\n  41:     0x57ff5c9f7267 - std::panic::catch_unwind::hffbb0ad20c4e9fac\n                               at /rustc/df4ca44d3fbc9301ee17f30f4d474e6ae4b05252/library/std/src/panic.rs:358:14\n  42:     0x57ff5c9f7267 - std::rt::lang_start_internal::h52c291ef1962c925\n                               at /rustc/df4ca44d3fbc9301ee17f30f4d474e6ae4b05252/library/std/src/rt.rs:174:20\n  43:     0x57ff5bdeaf1a - std::rt::lang_start::hcc83e26b9fecd623\n                               at /rustc/df4ca44d3fbc9301ee17f30f4d474e6ae4b05252/library/std/src/rt.rs:194:17\n  44:     0x57ff5bde355e - main\n  45:     0x74f624248d90 - <unknown>\n  46:     0x74f624248e40 - __libc_start_main\n  47:     0x57ff5bdbc9a5 - _start\n  48:                0x0 - <unknown>\n"
[INFO] [stdout] 
[INFO] [stdout] stack backtrace:
[INFO] [stdout]    0:     0x5a1ee3db4b0a - std::backtrace_rs::backtrace::libunwind::trace::h207520d6e9873551
[INFO] [stdout]                                at /rustc/df4ca44d3fbc9301ee17f30f4d474e6ae4b05252/library/std/src/../../backtrace/src/backtrace/libunwind.rs:116:5
[INFO] [stdout]    1:     0x5a1ee3db4b0a - std::backtrace_rs::backtrace::trace_unsynchronized::h2ed7433f370e3eca
[INFO] [stdout]                                at /rustc/df4ca44d3fbc9301ee17f30f4d474e6ae4b05252/library/std/src/../../backtrace/src/backtrace/mod.rs:66:5
[INFO] [stdout]    2:     0x5a1ee3db4b0a - std::sys::backtrace::_print_fmt::h916fac51166b18d7
[INFO] [stdout]                                at /rustc/df4ca44d3fbc9301ee17f30f4d474e6ae4b05252/library/std/src/sys/backtrace.rs:66:9
[INFO] [stdout]    3:     0x5a1ee3db4b0a - <std::sys::backtrace::BacktraceLock::print::DisplayBacktrace as core::fmt::Display>::fmt::ha0a4c9b8ce3802e6
[INFO] [stdout]                                at /rustc/df4ca44d3fbc9301ee17f30f4d474e6ae4b05252/library/std/src/sys/backtrace.rs:39:26
[INFO] [stdout]    4:     0x5a1ee3ddcd23 - core::fmt::rt::Argument::fmt::h4cfc8587d52b3eb5
[INFO] [stdout]                                at /rustc/df4ca44d3fbc9301ee17f30f4d474e6ae4b05252/library/core/src/fmt/rt.rs:177:76
[INFO] [stdout]    5:     0x5a1ee3ddcd23 - core::fmt::write::h522cc39e5b36ae9f
[INFO] [stdout]                                at /rustc/df4ca44d3fbc9301ee17f30f4d474e6ae4b05252/library/core/src/fmt/mod.rs:1190:21
[INFO] [stdout]    6:     0x5a1ee3db0f63 - std::io::Write::write_fmt::h7d3c26752da97734
[INFO] [stdout]                                at /rustc/df4ca44d3fbc9301ee17f30f4d474e6ae4b05252/library/std/src/io/mod.rs:1839:15
[INFO] [stdout]    7:     0x5a1ee3db4952 - std::sys::backtrace::BacktraceLock::print::h4b9e00b29e9c0942
[INFO] [stdout]                                at /rustc/df4ca44d3fbc9301ee17f30f4d474e6ae4b05252/library/std/src/sys/backtrace.rs:42:9
[INFO] [stdout]    8:     0x5a1ee3db601a - std::panicking::default_hook::{{closure}}::hb59b88280d0324d9
[INFO] [stdout]                                at /rustc/df4ca44d3fbc9301ee17f30f4d474e6ae4b05252/library/std/src/panicking.rs:268:22
[INFO] [stdout]    9:     0x5a1ee3db5e24 - std::panicking::default_hook::he1dd496665be4a29
[INFO] [stdout]                                at /rustc/df4ca44d3fbc9301ee17f30f4d474e6ae4b05252/library/std/src/panicking.rs:292:9
[INFO] [stdout]   10:     0x5a1ee3d405b9 - <alloc::boxed::Box<F,A> as core::ops::function::Fn<Args>>::call::h4ff71de18744e1dc
[INFO] [stdout]                                at /rustc/df4ca44d3fbc9301ee17f30f4d474e6ae4b05252/library/alloc/src/boxed.rs:2468:9
[INFO] [stdout]   11:     0x5a1ee3d405b9 - test::test_main::{{closure}}::hcf7c055ce117aa81
[INFO] [stdout]                                at /rustc/df4ca44d3fbc9301ee17f30f4d474e6ae4b05252/library/test/src/lib.rs:133:21
[INFO] [stdout]   12:     0x5a1ee3db6718 - <alloc::boxed::Box<F,A> as core::ops::function::Fn<Args>>::call::h1d66c6bbd60c9692
[INFO] [stdout]                                at /rustc/df4ca44d3fbc9301ee17f30f4d474e6ae4b05252/library/alloc/src/boxed.rs:2468:9
[INFO] [stdout]   13:     0x5a1ee3db6718 - std::panicking::rust_panic_with_hook::h2ff17fe8f26dfcf8
[INFO] [stdout]                                at /rustc/df4ca44d3fbc9301ee17f30f4d474e6ae4b05252/library/std/src/panicking.rs:809:13
[INFO] [stdout]   14:     0x5a1ee3db64da - std::panicking::begin_panic_handler::{{closure}}::h4fad77951c07e101
[INFO] [stdout]                                at /rustc/df4ca44d3fbc9301ee17f30f4d474e6ae4b05252/library/std/src/panicking.rs:674:13
[INFO] [stdout]   15:     0x5a1ee3db4fe9 - std::sys::backtrace::__rust_end_short_backtrace::hb1a25b3da5d0ea08
[INFO] [stdout]                                at /rustc/df4ca44d3fbc9301ee17f30f4d474e6ae4b05252/library/std/src/sys/backtrace.rs:170:18
[INFO] [stdout]   16:     0x5a1ee3db616c - rust_begin_unwind
[INFO] [stdout]                                at /rustc/df4ca44d3fbc9301ee17f30f4d474e6ae4b05252/library/std/src/panicking.rs:665:5
[INFO] [stdout]   17:     0x5a1ee3ddb470 - core::panicking::panic_fmt::ha9db07b529f9b256
[INFO] [stdout]                                at /rustc/df4ca44d3fbc9301ee17f30f4d474e6ae4b05252/library/core/src/panicking.rs:75:14
[INFO] [stdout]   18:     0x5a1ee3d5f573 - core::panicking::panic_display::h3cfc938ae90dc5a9
[INFO] [stdout]                                at /rustc/df4ca44d3fbc9301ee17f30f4d474e6ae4b05252/library/core/src/panicking.rs:273:5
[INFO] [stdout]   19:     0x5a1ee3d6effc - assert_cmd::output::OutputOkExt::unwrap::heb7e09647865d5ec
[INFO] [stdout]                                at /opt/rustwide/cargo-home/registry/src/index.crates.io-6f17d22bba15001f/assert_cmd-2.0.4/src/output.rs:65:25
[INFO] [stdout]   20:     0x5a1ee3d6d457 - assert_cmd::cmd::Command::unwrap::ha8648d98d6f227be
[INFO] [stdout]                                at /opt/rustwide/cargo-home/registry/src/index.crates.io-6f17d22bba15001f/assert_cmd-2.0.4/src/cmd.rs:152:9
[INFO] [stdout]   21:     0x5a1ee3d05ddf - integration_test::test_end2end_burn_in_with_no_distro::h752b379da13be4d7
[INFO] [stdout]                                at /opt/rustwide/workdir/tests/integration_test.rs:86:5
[INFO] [stdout]   22:     0x5a1ee3d06628 - integration_test::test_end2end_burn_in_with_no_distro::case_3_panic_with_message::hd8b1b162cc8c5dec
[INFO] [stdout]                                at /opt/rustwide/workdir/tests/integration_test.rs:70:1
[INFO] [stdout]   23:     0x5a1ee3d063c7 - integration_test::test_end2end_burn_in_with_no_distro::case_3_panic_with_message::{{closure}}::h73b96287e6023ce7
[INFO] [stdout]                                at /opt/rustwide/workdir/tests/integration_test.rs:70:10
[INFO] [stdout]   24:     0x5a1ee3d02e36 - core::ops::function::FnOnce::call_once::hb746535545e9cf41
[INFO] [stdout]                                at /rustc/df4ca44d3fbc9301ee17f30f4d474e6ae4b05252/library/core/src/ops/function.rs:250:5
[INFO] [stdout]   25:     0x5a1ee3d44e8b - core::ops::function::FnOnce::call_once::h22c3ba5715e93f05
[INFO] [stdout]                                at /rustc/df4ca44d3fbc9301ee17f30f4d474e6ae4b05252/library/core/src/ops/function.rs:250:5
[INFO] [stdout]   26:     0x5a1ee3d44e8b - test::__rust_begin_short_backtrace::h8e82d8113d0da17f
[INFO] [stdout]                                at /rustc/df4ca44d3fbc9301ee17f30f4d474e6ae4b05252/library/test/src/lib.rs:621:18
[INFO] [stdout]   27:     0x5a1ee3d44807 - test::run_test_in_process::{{closure}}::h33235f4f20b7b7c7
[INFO] [stdout]                                at /rustc/df4ca44d3fbc9301ee17f30f4d474e6ae4b05252/library/test/src/lib.rs:644:60
[INFO] [stdout]   28:     0x5a1ee3d44807 - <core::panic::unwind_safe::AssertUnwindSafe<F> as core::ops::function::FnOnce<()>>::call_once::hb5043206310c586f
[INFO] [stdout]                                at /rustc/df4ca44d3fbc9301ee17f30f4d474e6ae4b05252/library/core/src/panic/unwind_safe.rs:272:9
[INFO] [stdout]   29:     0x5a1ee3d44807 - std::panicking::try::do_call::h9ad4731a60ab23e2
[INFO] [stdout]                                at /rustc/df4ca44d3fbc9301ee17f30f4d474e6ae4b05252/library/std/src/panicking.rs:557:40
[INFO] [stdout]   30:     0x5a1ee3d44807 - std::panicking::try::h3824d23db772a716
[INFO] [stdout]                                at /rustc/df4ca44d3fbc9301ee17f30f4d474e6ae4b05252/library/std/src/panicking.rs:520:19
[INFO] [stdout]   31:     0x5a1ee3d44807 - std::panic::catch_unwind::h5afd514605fde46b
[INFO] [stdout]                                at /rustc/df4ca44d3fbc9301ee17f30f4d474e6ae4b05252/library/std/src/panic.rs:358:14
[INFO] [stdout]   32:     0x5a1ee3d44807 - test::run_test_in_process::h0d5cbfa7067d1720
[INFO] [stdout]                                at /rustc/df4ca44d3fbc9301ee17f30f4d474e6ae4b05252/library/test/src/lib.rs:644:27
[INFO] [stdout]   33:     0x5a1ee3d44807 - test::run_test::{{closure}}::h708eb8872708115d
[INFO] [stdout]                                at /rustc/df4ca44d3fbc9301ee17f30f4d474e6ae4b05252/library/test/src/lib.rs:565:43
[INFO] [stdout]   34:     0x5a1ee3d07f24 - test::run_test::{{closure}}::h392c51cee94713ab
[INFO] [stdout]                                at /rustc/df4ca44d3fbc9301ee17f30f4d474e6ae4b05252/library/test/src/lib.rs:595:41
[INFO] [stdout]   35:     0x5a1ee3d07f24 - std::sys::backtrace::__rust_begin_short_backtrace::h2f40290710935a8b
[INFO] [stdout]                                at /rustc/df4ca44d3fbc9301ee17f30f4d474e6ae4b05252/library/std/src/sys/backtrace.rs:154:18
[INFO] [stdout]   36:     0x5a1ee3d0b6ce - std::thread::Builder::spawn_unchecked_::{{closure}}::{{closure}}::h3fd968d89053a903
[INFO] [stdout]                                at /rustc/df4ca44d3fbc9301ee17f30f4d474e6ae4b05252/library/std/src/thread/mod.rs:541:17
[INFO] [stdout]   37:     0x5a1ee3d0b6ce - <core::panic::unwind_safe::AssertUnwindSafe<F> as core::ops::function::FnOnce<()>>::call_once::h743f637ba4229880
[INFO] [stdout]                                at /rustc/df4ca44d3fbc9301ee17f30f4d474e6ae4b05252/library/core/src/panic/unwind_safe.rs:272:9
[INFO] [stdout]   38:     0x5a1ee3d0b6ce - std::panicking::try::do_call::h07440897322525a6
[INFO] [stdout]                                at /rustc/df4ca44d3fbc9301ee17f30f4d474e6ae4b05252/library/std/src/panicking.rs:557:40
[INFO] [stdout]   39:     0x5a1ee3d0b6ce - std::panicking::try::he5a2e00188156637
[INFO] [stdout]                                at /rustc/df4ca44d3fbc9301ee17f30f4d474e6ae4b05252/library/std/src/panicking.rs:520:19
[INFO] [stdout]   40:     0x5a1ee3d0b6ce - std::panic::catch_unwind::hbaf3cae49b3c6433
[INFO] [stdout]                                at /rustc/df4ca44d3fbc9301ee17f30f4d474e6ae4b05252/library/std/src/panic.rs:358:14
[INFO] [stdout]   41:     0x5a1ee3d0b6ce - std::thread::Builder::spawn_unchecked_::{{closure}}::h8e141ea224820bce
[INFO] [stdout]                                at /rustc/df4ca44d3fbc9301ee17f30f4d474e6ae4b05252/library/std/src/thread/mod.rs:540:30
[INFO] [stdout]   42:     0x5a1ee3d0b6ce - core::ops::function::FnOnce::call_once{{vtable.shim}}::h90d312fedd7b8ea8
[INFO] [stdout]                                at /rustc/df4ca44d3fbc9301ee17f30f4d474e6ae4b05252/library/core/src/ops/function.rs:250:5
[INFO] [stdout]   43:     0x5a1ee3dbbc6b - <alloc::boxed::Box<F,A> as core::ops::function::FnOnce<Args>>::call_once::h69aa08ddb6adb8b6
[INFO] [stdout]                                at /rustc/df4ca44d3fbc9301ee17f30f4d474e6ae4b05252/library/alloc/src/boxed.rs:2454:9
[INFO] [stdout]   44:     0x5a1ee3dbbc6b - <alloc::boxed::Box<F,A> as core::ops::function::FnOnce<Args>>::call_once::h5aa36efdb79c806f
[INFO] [stdout]                                at /rustc/df4ca44d3fbc9301ee17f30f4d474e6ae4b05252/library/alloc/src/boxed.rs:2454:9
[INFO] [stdout]   45:     0x5a1ee3dbbc6b - std::sys::pal::unix::thread::Thread::new::thread_start::h6cd80a1b4be5158d
[INFO] [stdout]                                at /rustc/df4ca44d3fbc9301ee17f30f4d474e6ae4b05252/library/std/src/sys/pal/unix/thread.rs:105:17
[INFO] [stdout]   46:     0x7609d9122ac3 - <unknown>
[INFO] [stdout]   47:     0x7609d91b3a04 - clone
[INFO] [stdout]   48:                0x0 - <unknown>
[INFO] [stdout] note: panic did not contain expected string
[INFO] [stdout]       panic message: `"command=\"/opt/rustwide/target/debug/mongo-task-generator\" \"--target-directory\" \"/tmp/generated_resmoke_config.JqPDq4o0Emkn\" \"--expansion-file\" \"tests/data/sample_expansions.yml\" \"--evg-project-file\" \"tests/data/burn_in/evergreen_with_empty_burn_in_variants.yml\" \"--evg-auth-file\" \"tests/data/sample_evergreen_auth.yml\" \"--resmoke-command\" \"python3 tests/mocks/resmoke.py\" \"--use-task-split-fallback\" \"--generate-sub-tasks-config\" \"tests/data/sample_generate_subtasks_config.yml\" \"--burn-in\" \"--burn-in-tests-command\" \"python3 tests/mocks/burn_in_tests.py\"\ncode=101\nstdout=\"\"\nstderr=<9209 bytes total>\"thread \\'main\\' panicked at src/lib.rs:106:62:\\nCould not find evg project: No such file or directory (os error 2)\\nstack backtrace:\\n   0:     0x57ff5ca013ca - std::backtrace_rs::backtrace::libunwind::trace::h207520d6e9873551\\n                               at /rustc/df4ca44d3fbc9301ee17f30f4d474e6ae4b05252/library/std/src/../../backtrace/src/backtrace/libunwind.rs:116:5\\n   1:     0x57ff5ca013ca - std::backtrace_rs::backtrace::trace_unsynchronized::h2ed7433f370e3eca\\n                               at /rustc/df4ca44d3fbc9301ee17f30f4d474e6ae4b05252/library/std/src/../../backtrace/src/backtrace/mod.rs:66:5\\n   2:     0x57ff5ca013ca - std::sys::backtrace::_print_fmt::h916fac51166b18d7\\n                               at /rustc/df4ca44d3fbc9301ee17f30f4d474e6ae4b05252/library/std/src/sys/backtrace.rs:66:9\\n   3:     0x57ff5ca013ca - <std::sys::backtrace::BacktraceLock::print::DisplayBacktrace as core::fmt::Display>::fmt::ha0a4c9b8ce3802e6\\n                               at /rustc/df4ca44d3fbc9301ee17f30f4d474e6ae4b05252/library/std/src/sys/backtrace.rs:39:26\\n   4:     0x57ff5ca2c583 - core::fmt::rt::Argument::fmt::h4cfc8587d52b3eb5\\n                               at /rustc/df4ca44d3fbc9301ee17f30f4d474e6ae4b05252/library/core/src/fmt/rt.rs:177:76\\n   5:     0x57ff5ca2c583 - core::fmt::write::h522cc39e5b36ae9f\\n                               at /rustc/df4ca44d3fbc9301ee17f30f4d474e6ae4b05252/library/core/src/fmt/mod.rs:1190:21\\n   6:     0x57ff5c9fcc73 - std::io::Write::write_fmt::hf1c1dcc8cc1287f0\\n                               at /rustc/df4ca44d3fbc9301ee17f30f4d474e6ae4b05252/library/std/src/io/mod.rs:1839:15\\n   7:     0x57ff5ca01212 - std::sys::backtrace::BacktraceLock::print::h4b9e00b29e9c0942\\n                               at /rustc/df4ca44d3fbc9301ee17f30f4d474e6ae4b05252/library/std/src/sys/backtrace.rs:42:9\\n   8:     0x57ff5ca021dc - std::panicking::default_hook::{{closure}}::hb59b88280d0324d9\\n                               at /rustc/df4ca44d3fbc9301ee17f30f4d474e6ae4b05252/library/std/src/panicking.rs:268:22\\n   9:     0x57\"...<5113 bytes omitted>...\"ction::FnOnce<A> for &F>::call_once::hd87d66b906e0ccaf\\n                               at /rustc/df4ca44d3fbc9301ee17f30f4d474e6ae4b05252/library/core/src/ops/function.rs:284:13\\n  35:     0x57ff5c9f7267 - std::panicking::try::do_call::hae3703de71fc9e3a\\n                               at /rustc/df4ca44d3fbc9301ee17f30f4d474e6ae4b05252/library/std/src/panicking.rs:557:40\\n  36:     0x57ff5c9f7267 - std::panicking::try::h1178330e9a2b2645\\n                               at /rustc/df4ca44d3fbc9301ee17f30f4d474e6ae4b05252/library/std/src/panicking.rs:520:19\\n  37:     0x57ff5c9f7267 - std::panic::catch_unwind::h0acf49d2305d32ad\\n                               at /rustc/df4ca44d3fbc9301ee17f30f4d474e6ae4b05252/library/std/src/panic.rs:358:14\\n  38:     0x57ff5c9f7267 - std::rt::lang_start_internal::{{closure}}::h2d95182d798177be\\n                               at /rustc/df4ca44d3fbc9301ee17f30f4d474e6ae4b05252/library/std/src/rt.rs:174:48\\n  39:     0x57ff5c9f7267 - std::panicking::try::do_call::hb506f5bfe11fd30c\\n                               at /rustc/df4ca44d3fbc9301ee17f30f4d474e6ae4b05252/library/std/src/panicking.rs:557:40\\n  40:     0x57ff5c9f7267 - std::panicking::try::h54d825c46bd0fa95\\n                               at /rustc/df4ca44d3fbc9301ee17f30f4d474e6ae4b05252/library/std/src/panicking.rs:520:19\\n  41:     0x57ff5c9f7267 - std::panic::catch_unwind::hffbb0ad20c4e9fac\\n                               at /rustc/df4ca44d3fbc9301ee17f30f4d474e6ae4b05252/library/std/src/panic.rs:358:14\\n  42:     0x57ff5c9f7267 - std::rt::lang_start_internal::h52c291ef1962c925\\n                               at /rustc/df4ca44d3fbc9301ee17f30f4d474e6ae4b05252/library/std/src/rt.rs:174:20\\n  43:     0x57ff5bdeaf1a - std::rt::lang_start::hcc83e26b9fecd623\\n                               at /rustc/df4ca44d3fbc9301ee17f30f4d474e6ae4b05252/library/std/src/rt.rs:194:17\\n  44:     0x57ff5bde355e - main\\n  45:     0x74f624248d90 - <unknown>\\n  46:     0x74f624248e40 - __libc_start_main\\n  47:     0x57ff5bdbc9a5 - _start\\n  48:                0x0 - <unknown>\\n\"\n"`,
[INFO] [stdout]  expected substring: `"`enterprise-rhel-80-64-bit-dynamic-required` build variant is either missing or has an empty list for the `burn_in_tag_buildvariants` expansion. Set the expansion in your project\\'s config to run burn_in_tags_gen.\\"`
[INFO] [stdout] ---- test_end2end_burn_in_with_no_distro::case_2_panic_with_message stdout ----
[INFO] [stdout] -------------- TEST START --------------
[INFO] [stdout] thread 'test_end2end_burn_in_with_no_distro::case_2_panic_with_message' panicked at /opt/rustwide/cargo-home/registry/src/index.crates.io-6f17d22bba15001f/assert_cmd-2.0.4/src/output.rs:65:25:
[INFO] [stdout] command="/opt/rustwide/target/debug/mongo-task-generator" "--target-directory" "/tmp/generated_resmoke_config.AzrTGTJcagp2" "--expansion-file" "tests/data/sample_expansions.yml" "--evg-project-file" "tests/data/burn_in/evergreen_with_no_burn_in_variants.yml" "--evg-auth-file" "tests/data/sample_evergreen_auth.yml" "--resmoke-command" "python3 tests/mocks/resmoke.py" "--use-task-split-fallback" "--generate-sub-tasks-config" "tests/data/sample_generate_subtasks_config.yml" "--burn-in" "--burn-in-tests-command" "python3 tests/mocks/burn_in_tests.py"
[INFO] [stdout] code=101
[INFO] [stdout] stdout=""
[INFO] [stdout] stderr=<9209 bytes total>"thread \'main\' panicked at src/lib.rs:106:62:\nCould not find evg project: No such file or directory (os error 2)\nstack backtrace:\n   0:     0x5b8d6c6173ca - std::backtrace_rs::backtrace::libunwind::trace::h207520d6e9873551\n                               at /rustc/df4ca44d3fbc9301ee17f30f4d474e6ae4b05252/library/std/src/../../backtrace/src/backtrace/libunwind.rs:116:5\n   1:     0x5b8d6c6173ca - std::backtrace_rs::backtrace::trace_unsynchronized::h2ed7433f370e3eca\n                               at /rustc/df4ca44d3fbc9301ee17f30f4d474e6ae4b05252/library/std/src/../../backtrace/src/backtrace/mod.rs:66:5\n   2:     0x5b8d6c6173ca - std::sys::backtrace::_print_fmt::h916fac51166b18d7\n                               at /rustc/df4ca44d3fbc9301ee17f30f4d474e6ae4b05252/library/std/src/sys/backtrace.rs:66:9\n   3:     0x5b8d6c6173ca - <std::sys::backtrace::BacktraceLock::print::DisplayBacktrace as core::fmt::Display>::fmt::ha0a4c9b8ce3802e6\n                               at /rustc/df4ca44d3fbc9301ee17f30f4d474e6ae4b05252/library/std/src/sys/backtrace.rs:39:26\n   4:     0x5b8d6c642583 - core::fmt::rt::Argument::fmt::h4cfc8587d52b3eb5\n                               at /rustc/df4ca44d3fbc9301ee17f30f4d474e6ae4b05252/library/core/src/fmt/rt.rs:177:76\n   5:     0x5b8d6c642583 - core::fmt::write::h522cc39e5b36ae9f\n                               at /rustc/df4ca44d3fbc9301ee17f30f4d474e6ae4b05252/library/core/src/fmt/mod.rs:1190:21\n   6:     0x5b8d6c612c73 - std::io::Write::write_fmt::hf1c1dcc8cc1287f0\n                               at /rustc/df4ca44d3fbc9301ee17f30f4d474e6ae4b05252/library/std/src/io/mod.rs:1839:15\n   7:     0x5b8d6c617212 - std::sys::backtrace::BacktraceLock::print::h4b9e00b29e9c0942\n                               at /rustc/df4ca44d3fbc9301ee17f30f4d474e6ae4b05252/library/std/src/sys/backtrace.rs:42:9\n   8:     0x5b8d6c6181dc - std::panicking::default_hook::{{closure}}::hb59b88280d0324d9\n                               at /rustc/df4ca44d3fbc9301ee17f30f4d474e6ae4b05252/library/std/src/panicking.rs:268:22\n   9:     0x5b"...<5113 bytes omitted>..."ction::FnOnce<A> for &F>::call_once::hd87d66b906e0ccaf\n                               at /rustc/df4ca44d3fbc9301ee17f30f4d474e6ae4b05252/library/core/src/ops/function.rs:284:13\n  35:     0x5b8d6c60d267 - std::panicking::try::do_call::hae3703de71fc9e3a\n                               at /rustc/df4ca44d3fbc9301ee17f30f4d474e6ae4b05252/library/std/src/panicking.rs:557:40\n  36:     0x5b8d6c60d267 - std::panicking::try::h1178330e9a2b2645\n                               at /rustc/df4ca44d3fbc9301ee17f30f4d474e6ae4b05252/library/std/src/panicking.rs:520:19\n  37:     0x5b8d6c60d267 - std::panic::catch_unwind::h0acf49d2305d32ad\n                               at /rustc/df4ca44d3fbc9301ee17f30f4d474e6ae4b05252/library/std/src/panic.rs:358:14\n  38:     0x5b8d6c60d267 - std::rt::lang_start_internal::{{closure}}::h2d95182d798177be\n                               at /rustc/df4ca44d3fbc9301ee17f30f4d474e6ae4b05252/library/std/src/rt.rs:174:48\n  39:     0x5b8d6c60d267 - std::panicking::try::do_call::hb506f5bfe11fd30c\n                               at /rustc/df4ca44d3fbc9301ee17f30f4d474e6ae4b05252/library/std/src/panicking.rs:557:40\n  40:     0x5b8d6c60d267 - std::panicking::try::h54d825c46bd0fa95\n                               at /rustc/df4ca44d3fbc9301ee17f30f4d474e6ae4b05252/library/std/src/panicking.rs:520:19\n  41:     0x5b8d6c60d267 - std::panic::catch_unwind::hffbb0ad20c4e9fac\n                               at /rustc/df4ca44d3fbc9301ee17f30f4d474e6ae4b05252/library/std/src/panic.rs:358:14\n  42:     0x5b8d6c60d267 - std::rt::lang_start_internal::h52c291ef1962c925\n                               at /rustc/df4ca44d3fbc9301ee17f30f4d474e6ae4b05252/library/std/src/rt.rs:174:20\n  43:     0x5b8d6ba00f1a - std::rt::lang_start::hcc83e26b9fecd623\n                               at /rustc/df4ca44d3fbc9301ee17f30f4d474e6ae4b05252/library/std/src/rt.rs:194:17\n  44:     0x5b8d6b9f955e - main\n  45:     0x7166852e4d90 - <unknown>\n  46:     0x7166852e4e40 - __libc_start_main\n  47:     0x5b8d6b9d29a5 - _start\n  48:                0x0 - <unknown>\n"
[INFO] [stdout] 
[INFO] [stdout] stack backtrace:
[INFO] [stdout]    0:     0x5a1ee3db4b0a - std::backtrace_rs::backtrace::libunwind::trace::h207520d6e9873551
[INFO] [stdout]                                at /rustc/df4ca44d3fbc9301ee17f30f4d474e6ae4b05252/library/std/src/../../backtrace/src/backtrace/libunwind.rs:116:5
[INFO] [stdout]    1:     0x5a1ee3db4b0a - std::backtrace_rs::backtrace::trace_unsynchronized::h2ed7433f370e3eca
[INFO] [stdout]                                at /rustc/df4ca44d3fbc9301ee17f30f4d474e6ae4b05252/library/std/src/../../backtrace/src/backtrace/mod.rs:66:5
[INFO] [stdout]    2:     0x5a1ee3db4b0a - std::sys::backtrace::_print_fmt::h916fac51166b18d7
[INFO] [stdout]                                at /rustc/df4ca44d3fbc9301ee17f30f4d474e6ae4b05252/library/std/src/sys/backtrace.rs:66:9
[INFO] [stdout]    3:     0x5a1ee3db4b0a - <std::sys::backtrace::BacktraceLock::print::DisplayBacktrace as core::fmt::Display>::fmt::ha0a4c9b8ce3802e6
[INFO] [stdout]                                at /rustc/df4ca44d3fbc9301ee17f30f4d474e6ae4b05252/library/std/src/sys/backtrace.rs:39:26
[INFO] [stdout]    4:     0x5a1ee3ddcd23 - core::fmt::rt::Argument::fmt::h4cfc8587d52b3eb5
[INFO] [stdout]                                at /rustc/df4ca44d3fbc9301ee17f30f4d474e6ae4b05252/library/core/src/fmt/rt.rs:177:76
[INFO] [stdout]    5:     0x5a1ee3ddcd23 - core::fmt::write::h522cc39e5b36ae9f
[INFO] [stdout]                                at /rustc/df4ca44d3fbc9301ee17f30f4d474e6ae4b05252/library/core/src/fmt/mod.rs:1190:21
[INFO] [stdout]    6:     0x5a1ee3db0f63 - std::io::Write::write_fmt::h7d3c26752da97734
[INFO] [stdout]                                at /rustc/df4ca44d3fbc9301ee17f30f4d474e6ae4b05252/library/std/src/io/mod.rs:1839:15
[INFO] [stdout]    7:     0x5a1ee3db4952 - std::sys::backtrace::BacktraceLock::print::h4b9e00b29e9c0942
[INFO] [stdout]                                at /rustc/df4ca44d3fbc9301ee17f30f4d474e6ae4b05252/library/std/src/sys/backtrace.rs:42:9
[INFO] [stdout]    8:     0x5a1ee3db601a - std::panicking::default_hook::{{closure}}::hb59b88280d0324d9
[INFO] [stdout]                                at /rustc/df4ca44d3fbc9301ee17f30f4d474e6ae4b05252/library/std/src/panicking.rs:268:22
[INFO] [stdout]    9:     0x5a1ee3db5e24 - std::panicking::default_hook::he1dd496665be4a29
[INFO] [stdout]                                at /rustc/df4ca44d3fbc9301ee17f30f4d474e6ae4b05252/library/std/src/panicking.rs:292:9
[INFO] [stdout]   10:     0x5a1ee3d405b9 - <alloc::boxed::Box<F,A> as core::ops::function::Fn<Args>>::call::h4ff71de18744e1dc
[INFO] [stdout]                                at /rustc/df4ca44d3fbc9301ee17f30f4d474e6ae4b05252/library/alloc/src/boxed.rs:2468:9
[INFO] [stdout]   11:     0x5a1ee3d405b9 - test::test_main::{{closure}}::hcf7c055ce117aa81
[INFO] [stdout]                                at /rustc/df4ca44d3fbc9301ee17f30f4d474e6ae4b05252/library/test/src/lib.rs:133:21
[INFO] [stdout]   12:     0x5a1ee3db6718 - <alloc::boxed::Box<F,A> as core::ops::function::Fn<Args>>::call::h1d66c6bbd60c9692
[INFO] [stdout]                                at /rustc/df4ca44d3fbc9301ee17f30f4d474e6ae4b05252/library/alloc/src/boxed.rs:2468:9
[INFO] [stdout]   13:     0x5a1ee3db6718 - std::panicking::rust_panic_with_hook::h2ff17fe8f26dfcf8
[INFO] [stdout]                                at /rustc/df4ca44d3fbc9301ee17f30f4d474e6ae4b05252/library/std/src/panicking.rs:809:13
[INFO] [stdout]   14:     0x5a1ee3db64da - std::panicking::begin_panic_handler::{{closure}}::h4fad77951c07e101
[INFO] [stdout]                                at /rustc/df4ca44d3fbc9301ee17f30f4d474e6ae4b05252/library/std/src/panicking.rs:674:13
[INFO] [stdout]   15:     0x5a1ee3db4fe9 - std::sys::backtrace::__rust_end_short_backtrace::hb1a25b3da5d0ea08
[INFO] [stdout]                                at /rustc/df4ca44d3fbc9301ee17f30f4d474e6ae4b05252/library/std/src/sys/backtrace.rs:170:18
[INFO] [stdout]   16:     0x5a1ee3db616c - rust_begin_unwind
[INFO] [stdout]                                at /rustc/df4ca44d3fbc9301ee17f30f4d474e6ae4b05252/library/std/src/panicking.rs:665:5
[INFO] [stdout]   17:     0x5a1ee3ddb470 - core::panicking::panic_fmt::ha9db07b529f9b256
[INFO] [stdout]                                at /rustc/df4ca44d3fbc9301ee17f30f4d474e6ae4b05252/library/core/src/panicking.rs:75:14
[INFO] [stdout]   18:     0x5a1ee3d5f573 - core::panicking::panic_display::h3cfc938ae90dc5a9
[INFO] [stdout]                                at /rustc/df4ca44d3fbc9301ee17f30f4d474e6ae4b05252/library/core/src/panicking.rs:273:5
[INFO] [stdout]   19:     0x5a1ee3d6effc - assert_cmd::output::OutputOkExt::unwrap::heb7e09647865d5ec
[INFO] [stdout]                                at /opt/rustwide/cargo-home/registry/src/index.crates.io-6f17d22bba15001f/assert_cmd-2.0.4/src/output.rs:65:25
[INFO] [stdout]   20:     0x5a1ee3d6d457 - assert_cmd::cmd::Command::unwrap::ha8648d98d6f227be
[INFO] [stdout]                                at /opt/rustwide/cargo-home/registry/src/index.crates.io-6f17d22bba15001f/assert_cmd-2.0.4/src/cmd.rs:152:9
[INFO] [stdout]   21:     0x5a1ee3d05ddf - integration_test::test_end2end_burn_in_with_no_distro::h752b379da13be4d7
[INFO] [stdout]                                at /opt/rustwide/workdir/tests/integration_test.rs:86:5
[INFO] [stdout]   22:     0x5a1ee3d06378 - integration_test::test_end2end_burn_in_with_no_distro::case_2_panic_with_message::hdfa399ecd8698b57
[INFO] [stdout]                                at /opt/rustwide/workdir/tests/integration_test.rs:70:1
[INFO] [stdout]   23:     0x5a1ee3d06117 - integration_test::test_end2end_burn_in_with_no_distro::case_2_panic_with_message::{{closure}}::hdc50d34ed08d1984
[INFO] [stdout]                                at /opt/rustwide/workdir/tests/integration_test.rs:70:10
[INFO] [stdout]   24:     0x5a1ee3d02d86 - core::ops::function::FnOnce::call_once::h841b0f82efa1dd75
[INFO] [stdout]                                at /rustc/df4ca44d3fbc9301ee17f30f4d474e6ae4b05252/library/core/src/ops/function.rs:250:5
[INFO] [stdout]   25:     0x5a1ee3d44e8b - core::ops::function::FnOnce::call_once::h22c3ba5715e93f05
[INFO] [stdout]                                at /rustc/df4ca44d3fbc9301ee17f30f4d474e6ae4b05252/library/core/src/ops/function.rs:250:5
[INFO] [stdout]   26:     0x5a1ee3d44e8b - test::__rust_begin_short_backtrace::h8e82d8113d0da17f
[INFO] [stdout]                                at /rustc/df4ca44d3fbc9301ee17f30f4d474e6ae4b05252/library/test/src/lib.rs:621:18
[INFO] [stdout]   27:     0x5a1ee3d44807 - test::run_test_in_process::{{closure}}::h33235f4f20b7b7c7
[INFO] [stdout]                                at /rustc/df4ca44d3fbc9301ee17f30f4d474e6ae4b05252/library/test/src/lib.rs:644:60
[INFO] [stdout]   28:     0x5a1ee3d44807 - <core::panic::unwind_safe::AssertUnwindSafe<F> as core::ops::function::FnOnce<()>>::call_once::hb5043206310c586f
[INFO] [stdout]                                at /rustc/df4ca44d3fbc9301ee17f30f4d474e6ae4b05252/library/core/src/panic/unwind_safe.rs:272:9
[INFO] [stdout]   29:     0x5a1ee3d44807 - std::panicking::try::do_call::h9ad4731a60ab23e2
[INFO] [stdout]                                at /rustc/df4ca44d3fbc9301ee17f30f4d474e6ae4b05252/library/std/src/panicking.rs:557:40
[INFO] [stdout]   30:     0x5a1ee3d44807 - std::panicking::try::h3824d23db772a716
[INFO] [stdout]                                at /rustc/df4ca44d3fbc9301ee17f30f4d474e6ae4b05252/library/std/src/panicking.rs:520:19
[INFO] [stdout]   31:     0x5a1ee3d44807 - std::panic::catch_unwind::h5afd514605fde46b
[INFO] [stdout]                                at /rustc/df4ca44d3fbc9301ee17f30f4d474e6ae4b05252/library/std/src/panic.rs:358:14
[INFO] [stdout]   32:     0x5a1ee3d44807 - test::run_test_in_process::h0d5cbfa7067d1720
[INFO] [stdout]                                at /rustc/df4ca44d3fbc9301ee17f30f4d474e6ae4b05252/library/test/src/lib.rs:644:27
[INFO] [stdout]   33:     0x5a1ee3d44807 - test::run_test::{{closure}}::h708eb8872708115d
[INFO] [stdout]                                at /rustc/df4ca44d3fbc9301ee17f30f4d474e6ae4b05252/library/test/src/lib.rs:565:43
[INFO] [stdout]   34:     0x5a1ee3d07f24 - test::run_test::{{closure}}::h392c51cee94713ab
[INFO] [stdout]                                at /rustc/df4ca44d3fbc9301ee17f30f4d474e6ae4b05252/library/test/src/lib.rs:595:41
[INFO] [stdout]   35:     0x5a1ee3d07f24 - std::sys::backtrace::__rust_begin_short_backtrace::h2f40290710935a8b
[INFO] [stdout]                                at /rustc/df4ca44d3fbc9301ee17f30f4d474e6ae4b05252/library/std/src/sys/backtrace.rs:154:18
[INFO] [stdout]   36:     0x5a1ee3d0b6ce - std::thread::Builder::spawn_unchecked_::{{closure}}::{{closure}}::h3fd968d89053a903
[INFO] [stdout]                                at /rustc/df4ca44d3fbc9301ee17f30f4d474e6ae4b05252/library/std/src/thread/mod.rs:541:17
[INFO] [stdout]   37:     0x5a1ee3d0b6ce - <core::panic::unwind_safe::AssertUnwindSafe<F> as core::ops::function::FnOnce<()>>::call_once::h743f637ba4229880
[INFO] [stdout]                                at /rustc/df4ca44d3fbc9301ee17f30f4d474e6ae4b05252/library/core/src/panic/unwind_safe.rs:272:9
[INFO] [stdout]   38:     0x5a1ee3d0b6ce - std::panicking::try::do_call::h07440897322525a6
[INFO] [stdout]                                at /rustc/df4ca44d3fbc9301ee17f30f4d474e6ae4b05252/library/std/src/panicking.rs:557:40
[INFO] [stdout]   39:     0x5a1ee3d0b6ce - std::panicking::try::he5a2e00188156637
[INFO] [stdout]                                at /rustc/df4ca44d3fbc9301ee17f30f4d474e6ae4b05252/library/std/src/panicking.rs:520:19
[INFO] [stdout]   40:     0x5a1ee3d0b6ce - std::panic::catch_unwind::hbaf3cae49b3c6433
[INFO] [stdout]                                at /rustc/df4ca44d3fbc9301ee17f30f4d474e6ae4b05252/library/std/src/panic.rs:358:14
[INFO] [stdout]   41:     0x5a1ee3d0b6ce - std::thread::Builder::spawn_unchecked_::{{closure}}::h8e141ea224820bce
[INFO] [stdout]                                at /rustc/df4ca44d3fbc9301ee17f30f4d474e6ae4b05252/library/std/src/thread/mod.rs:540:30
[INFO] [stdout]   42:     0x5a1ee3d0b6ce - core::ops::function::FnOnce::call_once{{vtable.shim}}::h90d312fedd7b8ea8
[INFO] [stdout]                                at /rustc/df4ca44d3fbc9301ee17f30f4d474e6ae4b05252/library/core/src/ops/function.rs:250:5
[INFO] [stdout]   43:     0x5a1ee3dbbc6b - <alloc::boxed::Box<F,A> as core::ops::function::FnOnce<Args>>::call_once::h69aa08ddb6adb8b6
[INFO] [stdout]                                at /rustc/df4ca44d3fbc9301ee17f30f4d474e6ae4b05252/library/alloc/src/boxed.rs:2454:9
[INFO] [stdout]   44:     0x5a1ee3dbbc6b - <alloc::boxed::Box<F,A> as core::ops::function::FnOnce<Args>>::call_once::h5aa36efdb79c806f
[INFO] [stdout]                                at /rustc/df4ca44d3fbc9301ee17f30f4d474e6ae4b05252/library/alloc/src/boxed.rs:2454:9
[INFO] [stdout]   45:     0x5a1ee3dbbc6b - std::sys::pal::unix::thread::Thread::new::thread_start::h6cd80a1b4be5158d
[INFO] [stdout]                                at /rustc/df4ca44d3fbc9301ee17f30f4d474e6ae4b05252/library/std/src/sys/pal/unix/thread.rs:105:17
[INFO] [stdout]   46:     0x7609d9122ac3 - <unknown>
[INFO] [stdout]   47:     0x7609d91b3a04 - clone
[INFO] [stdout]   48:                0x0 - <unknown>
[INFO] [stdout] note: panic did not contain expected string
[INFO] [stdout]       panic message: `"command=\"/opt/rustwide/target/debug/mongo-task-generator\" \"--target-directory\" \"/tmp/generated_resmoke_config.AzrTGTJcagp2\" \"--expansion-file\" \"tests/data/sample_expansions.yml\" \"--evg-project-file\" \"tests/data/burn_in/evergreen_with_no_burn_in_variants.yml\" \"--evg-auth-file\" \"tests/data/sample_evergreen_auth.yml\" \"--resmoke-command\" \"python3 tests/mocks/resmoke.py\" \"--use-task-split-fallback\" \"--generate-sub-tasks-config\" \"tests/data/sample_generate_subtasks_config.yml\" \"--burn-in\" \"--burn-in-tests-command\" \"python3 tests/mocks/burn_in_tests.py\"\ncode=101\nstdout=\"\"\nstderr=<9209 bytes total>\"thread \\'main\\' panicked at src/lib.rs:106:62:\\nCould not find evg project: No such file or directory (os error 2)\\nstack backtrace:\\n   0:     0x5b8d6c6173ca - std::backtrace_rs::backtrace::libunwind::trace::h207520d6e9873551\\n                               at /rustc/df4ca44d3fbc9301ee17f30f4d474e6ae4b05252/library/std/src/../../backtrace/src/backtrace/libunwind.rs:116:5\\n   1:     0x5b8d6c6173ca - std::backtrace_rs::backtrace::trace_unsynchronized::h2ed7433f370e3eca\\n                               at /rustc/df4ca44d3fbc9301ee17f30f4d474e6ae4b05252/library/std/src/../../backtrace/src/backtrace/mod.rs:66:5\\n   2:     0x5b8d6c6173ca - std::sys::backtrace::_print_fmt::h916fac51166b18d7\\n                               at /rustc/df4ca44d3fbc9301ee17f30f4d474e6ae4b05252/library/std/src/sys/backtrace.rs:66:9\\n   3:     0x5b8d6c6173ca - <std::sys::backtrace::BacktraceLock::print::DisplayBacktrace as core::fmt::Display>::fmt::ha0a4c9b8ce3802e6\\n                               at /rustc/df4ca44d3fbc9301ee17f30f4d474e6ae4b05252/library/std/src/sys/backtrace.rs:39:26\\n   4:     0x5b8d6c642583 - core::fmt::rt::Argument::fmt::h4cfc8587d52b3eb5\\n                               at /rustc/df4ca44d3fbc9301ee17f30f4d474e6ae4b05252/library/core/src/fmt/rt.rs:177:76\\n   5:     0x5b8d6c642583 - core::fmt::write::h522cc39e5b36ae9f\\n                               at /rustc/df4ca44d3fbc9301ee17f30f4d474e6ae4b05252/library/core/src/fmt/mod.rs:1190:21\\n   6:     0x5b8d6c612c73 - std::io::Write::write_fmt::hf1c1dcc8cc1287f0\\n                               at /rustc/df4ca44d3fbc9301ee17f30f4d474e6ae4b05252/library/std/src/io/mod.rs:1839:15\\n   7:     0x5b8d6c617212 - std::sys::backtrace::BacktraceLock::print::h4b9e00b29e9c0942\\n                               at /rustc/df4ca44d3fbc9301ee17f30f4d474e6ae4b05252/library/std/src/sys/backtrace.rs:42:9\\n   8:     0x5b8d6c6181dc - std::panicking::default_hook::{{closure}}::hb59b88280d0324d9\\n                               at /rustc/df4ca44d3fbc9301ee17f30f4d474e6ae4b05252/library/std/src/panicking.rs:268:22\\n   9:     0x5b\"...<5113 bytes omitted>...\"ction::FnOnce<A> for &F>::call_once::hd87d66b906e0ccaf\\n                               at /rustc/df4ca44d3fbc9301ee17f30f4d474e6ae4b05252/library/core/src/ops/function.rs:284:13\\n  35:     0x5b8d6c60d267 - std::panicking::try::do_call::hae3703de71fc9e3a\\n                               at /rustc/df4ca44d3fbc9301ee17f30f4d474e6ae4b05252/library/std/src/panicking.rs:557:40\\n  36:     0x5b8d6c60d267 - std::panicking::try::h1178330e9a2b2645\\n                               at /rustc/df4ca44d3fbc9301ee17f30f4d474e6ae4b05252/library/std/src/panicking.rs:520:19\\n  37:     0x5b8d6c60d267 - std::panic::catch_unwind::h0acf49d2305d32ad\\n                               at /rustc/df4ca44d3fbc9301ee17f30f4d474e6ae4b05252/library/std/src/panic.rs:358:14\\n  38:     0x5b8d6c60d267 - std::rt::lang_start_internal::{{closure}}::h2d95182d798177be\\n                               at /rustc/df4ca44d3fbc9301ee17f30f4d474e6ae4b05252/library/std/src/rt.rs:174:48\\n  39:     0x5b8d6c60d267 - std::panicking::try::do_call::hb506f5bfe11fd30c\\n                               at /rustc/df4ca44d3fbc9301ee17f30f4d474e6ae4b05252/library/std/src/panicking.rs:557:40\\n  40:     0x5b8d6c60d267 - std::panicking::try::h54d825c46bd0fa95\\n                               at /rustc/df4ca44d3fbc9301ee17f30f4d474e6ae4b05252/library/std/src/panicking.rs:520:19\\n  41:     0x5b8d6c60d267 - std::panic::catch_unwind::hffbb0ad20c4e9fac\\n                               at /rustc/df4ca44d3fbc9301ee17f30f4d474e6ae4b05252/library/std/src/panic.rs:358:14\\n  42:     0x5b8d6c60d267 - std::rt::lang_start_internal::h52c291ef1962c925\\n                               at /rustc/df4ca44d3fbc9301ee17f30f4d474e6ae4b05252/library/std/src/rt.rs:174:20\\n  43:     0x5b8d6ba00f1a - std::rt::lang_start::hcc83e26b9fecd623\\n                               at /rustc/df4ca44d3fbc9301ee17f30f4d474e6ae4b05252/library/std/src/rt.rs:194:17\\n  44:     0x5b8d6b9f955e - main\\n  45:     0x7166852e4d90 - <unknown>\\n  46:     0x7166852e4e40 - __libc_start_main\\n  47:     0x5b8d6b9d29a5 - _start\\n  48:                0x0 - <unknown>\\n\"\n"`,
[INFO] [stdout]  expected substring: `"`enterprise-rhel-80-64-bit-dynamic-required` build variant is either missing or has an empty list for the `burn_in_tag_buildvariants` expansion. Set the expansion in your project\\'s config to run burn_in_tags_gen.\\"`
[INFO] [stdout] ---- test_end2end_burn_in_execution stdout ----
[INFO] [stdout] thread 'test_end2end_burn_in_execution' panicked at /rustc/df4ca44d3fbc9301ee17f30f4d474e6ae4b05252/library/core/src/ops/function.rs:250:5:
[INFO] [stdout] Unexpected failure.
[INFO] [stdout] code-101
[INFO] [stdout] stderr=```<9209 bytes total>"thread \'main\' panicked at src/lib.rs:106:62:\nCould not find evg project: No such file or directory (os error 2)\nstack backtrace:\n   0:     0x595022ccd3ca - std::backtrace_rs::backtrace::libunwind::trace::h207520d6e9873551\n                               at /rustc/df4ca44d3fbc9301ee17f30f4d474e6ae4b05252/library/std/src/../../backtrace/src/backtrace/libunwind.rs:116:5\n   1:     0x595022ccd3ca - std::backtrace_rs::backtrace::trace_unsynchronized::h2ed7433f370e3eca\n                               at /rustc/df4ca44d3fbc9301ee17f30f4d474e6ae4b05252/library/std/src/../../backtrace/src/backtrace/mod.rs:66:5\n   2:     0x595022ccd3ca - std::sys::backtrace::_print_fmt::h916fac51166b18d7\n                               at /rustc/df4ca44d3fbc9301ee17f30f4d474e6ae4b05252/library/std/src/sys/backtrace.rs:66:9\n   3:     0x595022ccd3ca - <std::sys::backtrace::BacktraceLock::print::DisplayBacktrace as core::fmt::Display>::fmt::ha0a4c9b8ce3802e6\n                               at /rustc/df4ca44d3fbc9301ee17f30f4d474e6ae4b05252/library/std/src/sys/backtrace.rs:39:26\n   4:     0x595022cf8583 - core::fmt::rt::Argument::fmt::h4cfc8587d52b3eb5\n                               at /rustc/df4ca44d3fbc9301ee17f30f4d474e6ae4b05252/library/core/src/fmt/rt.rs:177:76\n   5:     0x595022cf8583 - core::fmt::write::h522cc39e5b36ae9f\n                               at /rustc/df4ca44d3fbc9301ee17f30f4d474e6ae4b05252/library/core/src/fmt/mod.rs:1190:21\n   6:     0x595022cc8c73 - std::io::Write::write_fmt::hf1c1dcc8cc1287f0\n                               at /rustc/df4ca44d3fbc9301ee17f30f4d474e6ae4b05252/library/std/src/io/mod.rs:1839:15\n   7:     0x595022ccd212 - std::sys::backtrace::BacktraceLock::print::h4b9e00b29e9c0942\n                               at /rustc/df4ca44d3fbc9301ee17f30f4d474e6ae4b05252/library/std/src/sys/backtrace.rs:42:9\n   8:     0x595022cce1dc - std::panicking::default_hook::{{closure}}::hb59b88280d0324d9\n                               at /rustc/df4ca44d3fbc9301ee17f30f4d474e6ae4b05252/library/std/src/panicking.rs:268:22\n   9:     0x59"...<5113 bytes omitted>..."ction::FnOnce<A> for &F>::call_once::hd87d66b906e0ccaf\n                               at /rustc/df4ca44d3fbc9301ee17f30f4d474e6ae4b05252/library/core/src/ops/function.rs:284:13\n  35:     0x595022cc3267 - std::panicking::try::do_call::hae3703de71fc9e3a\n                               at /rustc/df4ca44d3fbc9301ee17f30f4d474e6ae4b05252/library/std/src/panicking.rs:557:40\n  36:     0x595022cc3267 - std::panicking::try::h1178330e9a2b2645\n                               at /rustc/df4ca44d3fbc9301ee17f30f4d474e6ae4b05252/library/std/src/panicking.rs:520:19\n  37:     0x595022cc3267 - std::panic::catch_unwind::h0acf49d2305d32ad\n                               at /rustc/df4ca44d3fbc9301ee17f30f4d474e6ae4b05252/library/std/src/panic.rs:358:14\n  38:     0x595022cc3267 - std::rt::lang_start_internal::{{closure}}::h2d95182d798177be\n                               at /rustc/df4ca44d3fbc9301ee17f30f4d474e6ae4b05252/library/std/src/rt.rs:174:48\n  39:     0x595022cc3267 - std::panicking::try::do_call::hb506f5bfe11fd30c\n                               at /rustc/df4ca44d3fbc9301ee17f30f4d474e6ae4b05252/library/std/src/panicking.rs:557:40\n  40:     0x595022cc3267 - std::panicking::try::h54d825c46bd0fa95\n                               at /rustc/df4ca44d3fbc9301ee17f30f4d474e6ae4b05252/library/std/src/panicking.rs:520:19\n  41:     0x595022cc3267 - std::panic::catch_unwind::hffbb0ad20c4e9fac\n                               at /rustc/df4ca44d3fbc9301ee17f30f4d474e6ae4b05252/library/std/src/panic.rs:358:14\n  42:     0x595022cc3267 - std::rt::lang_start_internal::h52c291ef1962c925\n                               at /rustc/df4ca44d3fbc9301ee17f30f4d474e6ae4b05252/library/std/src/rt.rs:174:20\n  43:     0x5950220b6f1a - std::rt::lang_start::hcc83e26b9fecd623\n                               at /rustc/df4ca44d3fbc9301ee17f30f4d474e6ae4b05252/library/std/src/rt.rs:194:17\n  44:     0x5950220af55e - main\n  45:     0x7bbcde05dd90 - <unknown>\n  46:     0x7bbcde05de40 - __libc_start_main\n  47:     0x5950220889a5 - _start\n  48:                0x0 - <unknown>\n"```
[INFO] [stdout] command=`"/opt/rustwide/target/debug/mongo-task-generator" "--target-directory" "/tmp/generated_resmoke_config.GjCNdFvXvjkz" "--expansion-file" "tests/data/sample_expansions.yml" "--evg-project-file" "tests/data/evergreen.yml" "--evg-auth-file" "tests/data/sample_evergreen_auth.yml" "--resmoke-command" "python3 tests/mocks/resmoke.py" "--use-task-split-fallback" "--generate-sub-tasks-config" "tests/data/sample_generate_subtasks_config.yml" "--burn-in" "--burn-in-tests-command" "python3 tests/mocks/burn_in_tests.py"`
[INFO] [stdout] code=101
[INFO] [stdout] stdout=""
[INFO] [stdout] stderr=<9209 bytes total>"thread \'main\' panicked at src/lib.rs:106:62:\nCould not find evg project: No such file or directory (os error 2)\nstack backtrace:\n   0:     0x595022ccd3ca - std::backtrace_rs::backtrace::libunwind::trace::h207520d6e9873551\n                               at /rustc/df4ca44d3fbc9301ee17f30f4d474e6ae4b05252/library/std/src/../../backtrace/src/backtrace/libunwind.rs:116:5\n   1:     0x595022ccd3ca - std::backtrace_rs::backtrace::trace_unsynchronized::h2ed7433f370e3eca\n                               at /rustc/df4ca44d3fbc9301ee17f30f4d474e6ae4b05252/library/std/src/../../backtrace/src/backtrace/mod.rs:66:5\n   2:     0x595022ccd3ca - std::sys::backtrace::_print_fmt::h916fac51166b18d7\n                               at /rustc/df4ca44d3fbc9301ee17f30f4d474e6ae4b05252/library/std/src/sys/backtrace.rs:66:9\n   3:     0x595022ccd3ca - <std::sys::backtrace::BacktraceLock::print::DisplayBacktrace as core::fmt::Display>::fmt::ha0a4c9b8ce3802e6\n                               at /rustc/df4ca44d3fbc9301ee17f30f4d474e6ae4b05252/library/std/src/sys/backtrace.rs:39:26\n   4:     0x595022cf8583 - core::fmt::rt::Argument::fmt::h4cfc8587d52b3eb5\n                               at /rustc/df4ca44d3fbc9301ee17f30f4d474e6ae4b05252/library/core/src/fmt/rt.rs:177:76\n   5:     0x595022cf8583 - core::fmt::write::h522cc39e5b36ae9f\n                               at /rustc/df4ca44d3fbc9301ee17f30f4d474e6ae4b05252/library/core/src/fmt/mod.rs:1190:21\n   6:     0x595022cc8c73 - std::io::Write::write_fmt::hf1c1dcc8cc1287f0\n                               at /rustc/df4ca44d3fbc9301ee17f30f4d474e6ae4b05252/library/std/src/io/mod.rs:1839:15\n   7:     0x595022ccd212 - std::sys::backtrace::BacktraceLock::print::h4b9e00b29e9c0942\n                               at /rustc/df4ca44d3fbc9301ee17f30f4d474e6ae4b05252/library/std/src/sys/backtrace.rs:42:9\n   8:     0x595022cce1dc - std::panicking::default_hook::{{closure}}::hb59b88280d0324d9\n                               at /rustc/df4ca44d3fbc9301ee17f30f4d474e6ae4b05252/library/std/src/panicking.rs:268:22\n   9:     0x59"...<5113 bytes omitted>..."ction::FnOnce<A> for &F>::call_once::hd87d66b906e0ccaf\n                               at /rustc/df4ca44d3fbc9301ee17f30f4d474e6ae4b05252/library/core/src/ops/function.rs:284:13\n  35:     0x595022cc3267 - std::panicking::try::do_call::hae3703de71fc9e3a\n                               at /rustc/df4ca44d3fbc9301ee17f30f4d474e6ae4b05252/library/std/src/panicking.rs:557:40\n  36:     0x595022cc3267 - std::panicking::try::h1178330e9a2b2645\n                               at /rustc/df4ca44d3fbc9301ee17f30f4d474e6ae4b05252/library/std/src/panicking.rs:520:19\n  37:     0x595022cc3267 - std::panic::catch_unwind::h0acf49d2305d32ad\n                               at /rustc/df4ca44d3fbc9301ee17f30f4d474e6ae4b05252/library/std/src/panic.rs:358:14\n  38:     0x595022cc3267 - std::rt::lang_start_internal::{{closure}}::h2d95182d798177be\n                               at /rustc/df4ca44d3fbc9301ee17f30f4d474e6ae4b05252/library/std/src/rt.rs:174:48\n  39:     0x595022cc3267 - std::panicking::try::do_call::hb506f5bfe11fd30c\n                               at /rustc/df4ca44d3fbc9301ee17f30f4d474e6ae4b05252/library/std/src/panicking.rs:557:40\n  40:     0x595022cc3267 - std::panicking::try::h54d825c46bd0fa95\n                               at /rustc/df4ca44d3fbc9301ee17f30f4d474e6ae4b05252/library/std/src/panicking.rs:520:19\n  41:     0x595022cc3267 - std::panic::catch_unwind::hffbb0ad20c4e9fac\n                               at /rustc/df4ca44d3fbc9301ee17f30f4d474e6ae4b05252/library/std/src/panic.rs:358:14\n  42:     0x595022cc3267 - std::rt::lang_start_internal::h52c291ef1962c925\n                               at /rustc/df4ca44d3fbc9301ee17f30f4d474e6ae4b05252/library/std/src/rt.rs:174:20\n  43:     0x5950220b6f1a - std::rt::lang_start::hcc83e26b9fecd623\n                               at /rustc/df4ca44d3fbc9301ee17f30f4d474e6ae4b05252/library/std/src/rt.rs:194:17\n  44:     0x5950220af55e - main\n  45:     0x7bbcde05dd90 - <unknown>\n  46:     0x7bbcde05de40 - __libc_start_main\n  47:     0x5950220889a5 - _start\n  48:                0x0 - <unknown>\n"
[INFO] [stdout] 
[INFO] [stdout] stack backtrace:
[INFO] [stdout]    0:     0x5a1ee3db4b0a - std::backtrace_rs::backtrace::libunwind::trace::h207520d6e9873551
[INFO] [stdout]                                at /rustc/df4ca44d3fbc9301ee17f30f4d474e6ae4b05252/library/std/src/../../backtrace/src/backtrace/libunwind.rs:116:5
[INFO] [stdout]    1:     0x5a1ee3db4b0a - std::backtrace_rs::backtrace::trace_unsynchronized::h2ed7433f370e3eca
[INFO] [stdout]                                at /rustc/df4ca44d3fbc9301ee17f30f4d474e6ae4b05252/library/std/src/../../backtrace/src/backtrace/mod.rs:66:5
[INFO] [stdout]    2:     0x5a1ee3db4b0a - std::sys::backtrace::_print_fmt::h916fac51166b18d7
[INFO] [stdout]                                at /rustc/df4ca44d3fbc9301ee17f30f4d474e6ae4b05252/library/std/src/sys/backtrace.rs:66:9
[INFO] [stdout]    3:     0x5a1ee3db4b0a - <std::sys::backtrace::BacktraceLock::print::DisplayBacktrace as core::fmt::Display>::fmt::ha0a4c9b8ce3802e6
[INFO] [stdout]                                at /rustc/df4ca44d3fbc9301ee17f30f4d474e6ae4b05252/library/std/src/sys/backtrace.rs:39:26
[INFO] [stdout]    4:     0x5a1ee3ddcd23 - core::fmt::rt::Argument::fmt::h4cfc8587d52b3eb5
[INFO] [stdout]                                at /rustc/df4ca44d3fbc9301ee17f30f4d474e6ae4b05252/library/core/src/fmt/rt.rs:177:76
[INFO] [stdout]    5:     0x5a1ee3ddcd23 - core::fmt::write::h522cc39e5b36ae9f
[INFO] [stdout]                                at /rustc/df4ca44d3fbc9301ee17f30f4d474e6ae4b05252/library/core/src/fmt/mod.rs:1190:21
[INFO] [stdout]    6:     0x5a1ee3db0f63 - std::io::Write::write_fmt::h7d3c26752da97734
[INFO] [stdout]                                at /rustc/df4ca44d3fbc9301ee17f30f4d474e6ae4b05252/library/std/src/io/mod.rs:1839:15
[INFO] [stdout]    7:     0x5a1ee3db4952 - std::sys::backtrace::BacktraceLock::print::h4b9e00b29e9c0942
[INFO] [stdout]                                at /rustc/df4ca44d3fbc9301ee17f30f4d474e6ae4b05252/library/std/src/sys/backtrace.rs:42:9
[INFO] [stdout]    8:     0x5a1ee3db601a - std::panicking::default_hook::{{closure}}::hb59b88280d0324d9
[INFO] [stdout]                                at /rustc/df4ca44d3fbc9301ee17f30f4d474e6ae4b05252/library/std/src/panicking.rs:268:22
[INFO] [stdout]    9:     0x5a1ee3db5e24 - std::panicking::default_hook::he1dd496665be4a29
[INFO] [stdout]                                at /rustc/df4ca44d3fbc9301ee17f30f4d474e6ae4b05252/library/std/src/panicking.rs:292:9
[INFO] [stdout]   10:     0x5a1ee3d405b9 - <alloc::boxed::Box<F,A> as core::ops::function::Fn<Args>>::call::h4ff71de18744e1dc
[INFO] [stdout]                                at /rustc/df4ca44d3fbc9301ee17f30f4d474e6ae4b05252/library/alloc/src/boxed.rs:2468:9
[INFO] [stdout]   11:     0x5a1ee3d405b9 - test::test_main::{{closure}}::hcf7c055ce117aa81
[INFO] [stdout]                                at /rustc/df4ca44d3fbc9301ee17f30f4d474e6ae4b05252/library/test/src/lib.rs:133:21
[INFO] [stdout]   12:     0x5a1ee3db6718 - <alloc::boxed::Box<F,A> as core::ops::function::Fn<Args>>::call::h1d66c6bbd60c9692
[INFO] [stdout]                                at /rustc/df4ca44d3fbc9301ee17f30f4d474e6ae4b05252/library/alloc/src/boxed.rs:2468:9
[INFO] [stdout]   13:     0x5a1ee3db6718 - std::panicking::rust_panic_with_hook::h2ff17fe8f26dfcf8
[INFO] [stdout]                                at /rustc/df4ca44d3fbc9301ee17f30f4d474e6ae4b05252/library/std/src/panicking.rs:809:13
[INFO] [stdout]   14:     0x5a1ee3db64da - std::panicking::begin_panic_handler::{{closure}}::h4fad77951c07e101
[INFO] [stdout]                                at /rustc/df4ca44d3fbc9301ee17f30f4d474e6ae4b05252/library/std/src/panicking.rs:674:13
[INFO] [stdout]   15:     0x5a1ee3db4fe9 - std::sys::backtrace::__rust_end_short_backtrace::hb1a25b3da5d0ea08
[INFO] [stdout]                                at /rustc/df4ca44d3fbc9301ee17f30f4d474e6ae4b05252/library/std/src/sys/backtrace.rs:170:18
[INFO] [stdout]   16:     0x5a1ee3db616c - rust_begin_unwind
[INFO] [stdout]                                at /rustc/df4ca44d3fbc9301ee17f30f4d474e6ae4b05252/library/std/src/panicking.rs:665:5
[INFO] [stdout]   17:     0x5a1ee3ddb470 - core::panicking::panic_fmt::ha9db07b529f9b256
[INFO] [stdout]                                at /rustc/df4ca44d3fbc9301ee17f30f4d474e6ae4b05252/library/core/src/panicking.rs:75:14
[INFO] [stdout]   18:     0x5a1ee3d5f613 - core::panicking::panic_display::h73794504d35f09bf
[INFO] [stdout]                                at /rustc/df4ca44d3fbc9301ee17f30f4d474e6ae4b05252/library/core/src/panicking.rs:273:5
[INFO] [stdout]   19:     0x5a1ee3d6c147 - assert_cmd::assert::AssertError::panic::hee3e987bfc3a6601
[INFO] [stdout]                                at /opt/rustwide/cargo-home/registry/src/index.crates.io-6f17d22bba15001f/assert_cmd-2.0.4/src/assert.rs:1036:9
[INFO] [stdout]   20:     0x5a1ee3d5d557 - core::ops::function::FnOnce::call_once::ha79779c0f58da0e5
[INFO] [stdout]                                at /rustc/df4ca44d3fbc9301ee17f30f4d474e6ae4b05252/library/core/src/ops/function.rs:250:5
[INFO] [stdout]   21:     0x5a1ee3d67a30 - core::result::Result<T,E>::unwrap_or_else::hddd5328a2cfcc9c6
[INFO] [stdout]                                at /rustc/df4ca44d3fbc9301ee17f30f4d474e6ae4b05252/library/core/src/result.rs:1457:23
[INFO] [stdout]   22:     0x5a1ee3d6bcf6 - assert_cmd::assert::Assert::success::he038be3e3199035f
[INFO] [stdout]                                at /opt/rustwide/cargo-home/registry/src/index.crates.io-6f17d22bba15001f/assert_cmd-2.0.4/src/assert.rs:156:9
[INFO] [stdout]   23:     0x5a1ee3d0558f - integration_test::test_end2end_burn_in_execution::h63162c103cc9645d
[INFO] [stdout]                                at /opt/rustwide/workdir/tests/integration_test.rs:40:5
[INFO] [stdout]   24:     0x5a1ee3d05037 - integration_test::test_end2end_burn_in_execution::{{closure}}::hf9cc4757ab5de51c
[INFO] [stdout]                                at /opt/rustwide/workdir/tests/integration_test.rs:36:36
[INFO] [stdout]   25:     0x5a1ee3d02d36 - core::ops::function::FnOnce::call_once::h6084f486c300f668
[INFO] [stdout]                                at /rustc/df4ca44d3fbc9301ee17f30f4d474e6ae4b05252/library/core/src/ops/function.rs:250:5
[INFO] [stdout]   26:     0x5a1ee3d44e8b - core::ops::function::FnOnce::call_once::h22c3ba5715e93f05
[INFO] [stdout]                                at /rustc/df4ca44d3fbc9301ee17f30f4d474e6ae4b05252/library/core/src/ops/function.rs:250:5
[INFO] [stdout]   27:     0x5a1ee3d44e8b - test::__rust_begin_short_backtrace::h8e82d8113d0da17f
[INFO] [stdout]                                at /rustc/df4ca44d3fbc9301ee17f30f4d474e6ae4b05252/library/test/src/lib.rs:621:18
[INFO] [stdout]   28:     0x5a1ee3d44807 - test::run_test_in_process::{{closure}}::h33235f4f20b7b7c7
[INFO] [stdout]                                at /rustc/df4ca44d3fbc9301ee17f30f4d474e6ae4b05252/library/test/src/lib.rs:644:60
[INFO] [stdout]   29:     0x5a1ee3d44807 - <core::panic::unwind_safe::AssertUnwindSafe<F> as core::ops::function::FnOnce<()>>::call_once::hb5043206310c586f
[INFO] [stdout]                                at /rustc/df4ca44d3fbc9301ee17f30f4d474e6ae4b05252/library/core/src/panic/unwind_safe.rs:272:9
[INFO] [stdout]   30:     0x5a1ee3d44807 - std::panicking::try::do_call::h9ad4731a60ab23e2
[INFO] [stdout]                                at /rustc/df4ca44d3fbc9301ee17f30f4d474e6ae4b05252/library/std/src/panicking.rs:557:40
[INFO] [stdout]   31:     0x5a1ee3d44807 - std::panicking::try::h3824d23db772a716
[INFO] [stdout]                                at /rustc/df4ca44d3fbc9301ee17f30f4d474e6ae4b05252/library/std/src/panicking.rs:520:19
[INFO] [stdout]   32:     0x5a1ee3d44807 - std::panic::catch_unwind::h5afd514605fde46b
[INFO] [stdout]                                at /rustc/df4ca44d3fbc9301ee17f30f4d474e6ae4b05252/library/std/src/panic.rs:358:14
[INFO] [stdout]   33:     0x5a1ee3d44807 - test::run_test_in_process::h0d5cbfa7067d1720
[INFO] [stdout]                                at /rustc/df4ca44d3fbc9301ee17f30f4d474e6ae4b05252/library/test/src/lib.rs:644:27
[INFO] [stdout]   34:     0x5a1ee3d44807 - test::run_test::{{closure}}::h708eb8872708115d
[INFO] [stdout]                                at /rustc/df4ca44d3fbc9301ee17f30f4d474e6ae4b05252/library/test/src/lib.rs:565:43
[INFO] [stdout]   35:     0x5a1ee3d07f24 - test::run_test::{{closure}}::h392c51cee94713ab
[INFO] [stdout]                                at /rustc/df4ca44d3fbc9301ee17f30f4d474e6ae4b05252/library/test/src/lib.rs:595:41
[INFO] [stdout]   36:     0x5a1ee3d07f24 - std::sys::backtrace::__rust_begin_short_backtrace::h2f40290710935a8b
[INFO] [stdout]                                at /rustc/df4ca44d3fbc9301ee17f30f4d474e6ae4b05252/library/std/src/sys/backtrace.rs:154:18
[INFO] [stdout]   37:     0x5a1ee3d0b6ce - std::thread::Builder::spawn_unchecked_::{{closure}}::{{closure}}::h3fd968d89053a903
[INFO] [stdout]                                at /rustc/df4ca44d3fbc9301ee17f30f4d474e6ae4b05252/library/std/src/thread/mod.rs:541:17
[INFO] [stdout]   38:     0x5a1ee3d0b6ce - <core::panic::unwind_safe::AssertUnwindSafe<F> as core::ops::function::FnOnce<()>>::call_once::h743f637ba4229880
[INFO] [stdout]                                at /rustc/df4ca44d3fbc9301ee17f30f4d474e6ae4b05252/library/core/src/panic/unwind_safe.rs:272:9
[INFO] [stdout]   39:     0x5a1ee3d0b6ce - std::panicking::try::do_call::h07440897322525a6
[INFO] [stdout]                                at /rustc/df4ca44d3fbc9301ee17f30f4d474e6ae4b05252/library/std/src/panicking.rs:557:40
[INFO] [stdout]   40:     0x5a1ee3d0b6ce - std::panicking::try::he5a2e00188156637
[INFO] [stdout]                                at /rustc/df4ca44d3fbc9301ee17f30f4d474e6ae4b05252/library/std/src/panicking.rs:520:19
[INFO] [stdout]   41:     0x5a1ee3d0b6ce - std::panic::catch_unwind::hbaf3cae49b3c6433
[INFO] [stdout]                                at /rustc/df4ca44d3fbc9301ee17f30f4d474e6ae4b05252/library/std/src/panic.rs:358:14
[INFO] [stdout]   42:     0x5a1ee3d0b6ce - std::thread::Builder::spawn_unchecked_::{{closure}}::h8e141ea224820bce
[INFO] [stdout]                                at /rustc/df4ca44d3fbc9301ee17f30f4d474e6ae4b05252/library/std/src/thread/mod.rs:540:30
[INFO] [stdout]   43:     0x5a1ee3d0b6ce - core::ops::function::FnOnce::call_once{{vtable.shim}}::h90d312fedd7b8ea8
[INFO] [stdout]                                at /rustc/df4ca44d3fbc9301ee17f30f4d474e6ae4b05252/library/core/src/ops/function.rs:250:5
[INFO] [stdout]   44:     0x5a1ee3dbbc6b - <alloc::boxed::Box<F,A> as core::ops::function::FnOnce<Args>>::call_once::h69aa08ddb6adb8b6
[INFO] [stdout]                                at /rustc/df4ca44d3fbc9301ee17f30f4d474e6ae4b05252/library/alloc/src/boxed.rs:2454:9
[INFO] [stdout]   45:     0x5a1ee3dbbc6b - <alloc::boxed::Box<F,A> as core::ops::function::FnOnce<Args>>::call_once::h5aa36efdb79c806f
[INFO] [stdout]                                at /rustc/df4ca44d3fbc9301ee17f30f4d474e6ae4b05252/library/alloc/src/boxed.rs:2454:9
[INFO] [stdout]   46:     0x5a1ee3dbbc6b - std::sys::pal::unix::thread::Thread::new::thread_start::h6cd80a1b4be5158d
[INFO] [stdout]                                at /rustc/df4ca44d3fbc9301ee17f30f4d474e6ae4b05252/library/std/src/sys/pal/unix/thread.rs:105:17
[INFO] [stdout]   47:     0x7609d9122ac3 - <unknown>
[INFO] [stdout]   48:     0x7609d91b3a04 - clone
[INFO] [stdout]   49:                0x0 - <unknown>
[INFO] [stdout] 
[INFO] [stdout] ---- test_end2end_execution stdout ----
[INFO] [stdout] thread 'test_end2end_execution' panicked at /rustc/df4ca44d3fbc9301ee17f30f4d474e6ae4b05252/library/core/src/ops/function.rs:250:5:
[INFO] [stdout] Unexpected failure.
[INFO] [stdout] code-101
[INFO] [stdout] stderr=```<9209 bytes total>"thread \'main\' panicked at src/lib.rs:106:62:\nCould not find evg project: No such file or directory (os error 2)\nstack backtrace:\n   0:     0x6485ac56c3ca - std::backtrace_rs::backtrace::libunwind::trace::h207520d6e9873551\n                               at /rustc/df4ca44d3fbc9301ee17f30f4d474e6ae4b05252/library/std/src/../../backtrace/src/backtrace/libunwind.rs:116:5\n   1:     0x6485ac56c3ca - std::backtrace_rs::backtrace::trace_unsynchronized::h2ed7433f370e3eca\n                               at /rustc/df4ca44d3fbc9301ee17f30f4d474e6ae4b05252/library/std/src/../../backtrace/src/backtrace/mod.rs:66:5\n   2:     0x6485ac56c3ca - std::sys::backtrace::_print_fmt::h916fac51166b18d7\n                               at /rustc/df4ca44d3fbc9301ee17f30f4d474e6ae4b05252/library/std/src/sys/backtrace.rs:66:9\n   3:     0x6485ac56c3ca - <std::sys::backtrace::BacktraceLock::print::DisplayBacktrace as core::fmt::Display>::fmt::ha0a4c9b8ce3802e6\n                               at /rustc/df4ca44d3fbc9301ee17f30f4d474e6ae4b05252/library/std/src/sys/backtrace.rs:39:26\n   4:     0x6485ac597583 - core::fmt::rt::Argument::fmt::h4cfc8587d52b3eb5\n                               at /rustc/df4ca44d3fbc9301ee17f30f4d474e6ae4b05252/library/core/src/fmt/rt.rs:177:76\n   5:     0x6485ac597583 - core::fmt::write::h522cc39e5b36ae9f\n                               at /rustc/df4ca44d3fbc9301ee17f30f4d474e6ae4b05252/library/core/src/fmt/mod.rs:1190:21\n   6:     0x6485ac567c73 - std::io::Write::write_fmt::hf1c1dcc8cc1287f0\n                               at /rustc/df4ca44d3fbc9301ee17f30f4d474e6ae4b05252/library/std/src/io/mod.rs:1839:15\n   7:     0x6485ac56c212 - std::sys::backtrace::BacktraceLock::print::h4b9e00b29e9c0942\n                               at /rustc/df4ca44d3fbc9301ee17f30f4d474e6ae4b05252/library/std/src/sys/backtrace.rs:42:9\n   8:     0x6485ac56d1dc - std::panicking::default_hook::{{closure}}::hb59b88280d0324d9\n                               at /rustc/df4ca44d3fbc9301ee17f30f4d474e6ae4b05252/library/std/src/panicking.rs:268:22\n   9:     0x64"...<5113 bytes omitted>..."ction::FnOnce<A> for &F>::call_once::hd87d66b906e0ccaf\n                               at /rustc/df4ca44d3fbc9301ee17f30f4d474e6ae4b05252/library/core/src/ops/function.rs:284:13\n  35:     0x6485ac562267 - std::panicking::try::do_call::hae3703de71fc9e3a\n                               at /rustc/df4ca44d3fbc9301ee17f30f4d474e6ae4b05252/library/std/src/panicking.rs:557:40\n  36:     0x6485ac562267 - std::panicking::try::h1178330e9a2b2645\n                               at /rustc/df4ca44d3fbc9301ee17f30f4d474e6ae4b05252/library/std/src/panicking.rs:520:19\n  37:     0x6485ac562267 - std::panic::catch_unwind::h0acf49d2305d32ad\n                               at /rustc/df4ca44d3fbc9301ee17f30f4d474e6ae4b05252/library/std/src/panic.rs:358:14\n  38:     0x6485ac562267 - std::rt::lang_start_internal::{{closure}}::h2d95182d798177be\n                               at /rustc/df4ca44d3fbc9301ee17f30f4d474e6ae4b05252/library/std/src/rt.rs:174:48\n  39:     0x6485ac562267 - std::panicking::try::do_call::hb506f5bfe11fd30c\n                               at /rustc/df4ca44d3fbc9301ee17f30f4d474e6ae4b05252/library/std/src/panicking.rs:557:40\n  40:     0x6485ac562267 - std::panicking::try::h54d825c46bd0fa95\n                               at /rustc/df4ca44d3fbc9301ee17f30f4d474e6ae4b05252/library/std/src/panicking.rs:520:19\n  41:     0x6485ac562267 - std::panic::catch_unwind::hffbb0ad20c4e9fac\n                               at /rustc/df4ca44d3fbc9301ee17f30f4d474e6ae4b05252/library/std/src/panic.rs:358:14\n  42:     0x6485ac562267 - std::rt::lang_start_internal::h52c291ef1962c925\n                               at /rustc/df4ca44d3fbc9301ee17f30f4d474e6ae4b05252/library/std/src/rt.rs:174:20\n  43:     0x6485ab955f1a - std::rt::lang_start::hcc83e26b9fecd623\n                               at /rustc/df4ca44d3fbc9301ee17f30f4d474e6ae4b05252/library/std/src/rt.rs:194:17\n  44:     0x6485ab94e55e - main\n  45:     0x77ed2d1d7d90 - <unknown>\n  46:     0x77ed2d1d7e40 - __libc_start_main\n  47:     0x6485ab9279a5 - _start\n  48:                0x0 - <unknown>\n"```
[INFO] [stdout] command=`"/opt/rustwide/target/debug/mongo-task-generator" "--target-directory" "/tmp/generated_resmoke_config.R5gacSASzE43" "--expansion-file" "tests/data/sample_expansions.yml" "--evg-project-file" "tests/data/evergreen.yml" "--evg-auth-file" "tests/data/sample_evergreen_auth.yml" "--resmoke-command" "python3 tests/mocks/resmoke.py" "--use-task-split-fallback" "--generate-sub-tasks-config" "tests/data/sample_generate_subtasks_config.yml"`
[INFO] [stderr] error: test failed, to rerun pass `--test integration_test`
[INFO] [stdout] code=101
[INFO] [stdout] stdout=""
[INFO] [stdout] stderr=<9209 bytes total>"thread \'main\' panicked at src/lib.rs:106:62:\nCould not find evg project: No such file or directory (os error 2)\nstack backtrace:\n   0:     0x6485ac56c3ca - std::backtrace_rs::backtrace::libunwind::trace::h207520d6e9873551\n                               at /rustc/df4ca44d3fbc9301ee17f30f4d474e6ae4b05252/library/std/src/../../backtrace/src/backtrace/libunwind.rs:116:5\n   1:     0x6485ac56c3ca - std::backtrace_rs::backtrace::trace_unsynchronized::h2ed7433f370e3eca\n                               at /rustc/df4ca44d3fbc9301ee17f30f4d474e6ae4b05252/library/std/src/../../backtrace/src/backtrace/mod.rs:66:5\n   2:     0x6485ac56c3ca - std::sys::backtrace::_print_fmt::h916fac51166b18d7\n                               at /rustc/df4ca44d3fbc9301ee17f30f4d474e6ae4b05252/library/std/src/sys/backtrace.rs:66:9\n   3:     0x6485ac56c3ca - <std::sys::backtrace::BacktraceLock::print::DisplayBacktrace as core::fmt::Display>::fmt::ha0a4c9b8ce3802e6\n                               at /rustc/df4ca44d3fbc9301ee17f30f4d474e6ae4b05252/library/std/src/sys/backtrace.rs:39:26\n   4:     0x6485ac597583 - core::fmt::rt::Argument::fmt::h4cfc8587d52b3eb5\n                               at /rustc/df4ca44d3fbc9301ee17f30f4d474e6ae4b05252/library/core/src/fmt/rt.rs:177:76\n   5:     0x6485ac597583 - core::fmt::write::h522cc39e5b36ae9f\n                               at /rustc/df4ca44d3fbc9301ee17f30f4d474e6ae4b05252/library/core/src/fmt/mod.rs:1190:21\n   6:     0x6485ac567c73 - std::io::Write::write_fmt::hf1c1dcc8cc1287f0\n                               at /rustc/df4ca44d3fbc9301ee17f30f4d474e6ae4b05252/library/std/src/io/mod.rs:1839:15\n   7:     0x6485ac56c212 - std::sys::backtrace::BacktraceLock::print::h4b9e00b29e9c0942\n                               at /rustc/df4ca44d3fbc9301ee17f30f4d474e6ae4b05252/library/std/src/sys/backtrace.rs:42:9\n   8:     0x6485ac56d1dc - std::panicking::default_hook::{{closure}}::hb59b88280d0324d9\n                               at /rustc/df4ca44d3fbc9301ee17f30f4d474e6ae4b05252/library/std/src/panicking.rs:268:22\n   9:     0x64"...<5113 bytes omitted>..."ction::FnOnce<A> for &F>::call_once::hd87d66b906e0ccaf\n                               at /rustc/df4ca44d3fbc9301ee17f30f4d474e6ae4b05252/library/core/src/ops/function.rs:284:13\n  35:     0x6485ac562267 - std::panicking::try::do_call::hae3703de71fc9e3a\n                               at /rustc/df4ca44d3fbc9301ee17f30f4d474e6ae4b05252/library/std/src/panicking.rs:557:40\n  36:     0x6485ac562267 - std::panicking::try::h1178330e9a2b2645\n                               at /rustc/df4ca44d3fbc9301ee17f30f4d474e6ae4b05252/library/std/src/panicking.rs:520:19\n  37:     0x6485ac562267 - std::panic::catch_unwind::h0acf49d2305d32ad\n                               at /rustc/df4ca44d3fbc9301ee17f30f4d474e6ae4b05252/library/std/src/panic.rs:358:14\n  38:     0x6485ac562267 - std::rt::lang_start_internal::{{closure}}::h2d95182d798177be\n                               at /rustc/df4ca44d3fbc9301ee17f30f4d474e6ae4b05252/library/std/src/rt.rs:174:48\n  39:     0x6485ac562267 - std::panicking::try::do_call::hb506f5bfe11fd30c\n                               at /rustc/df4ca44d3fbc9301ee17f30f4d474e6ae4b05252/library/std/src/panicking.rs:557:40\n  40:     0x6485ac562267 - std::panicking::try::h54d825c46bd0fa95\n                               at /rustc/df4ca44d3fbc9301ee17f30f4d474e6ae4b05252/library/std/src/panicking.rs:520:19\n  41:     0x6485ac562267 - std::panic::catch_unwind::hffbb0ad20c4e9fac\n                               at /rustc/df4ca44d3fbc9301ee17f30f4d474e6ae4b05252/library/std/src/panic.rs:358:14\n  42:     0x6485ac562267 - std::rt::lang_start_internal::h52c291ef1962c925\n                               at /rustc/df4ca44d3fbc9301ee17f30f4d474e6ae4b05252/library/std/src/rt.rs:174:20\n  43:     0x6485ab955f1a - std::rt::lang_start::hcc83e26b9fecd623\n                               at /rustc/df4ca44d3fbc9301ee17f30f4d474e6ae4b05252/library/std/src/rt.rs:194:17\n  44:     0x6485ab94e55e - main\n  45:     0x77ed2d1d7d90 - <unknown>\n  46:     0x77ed2d1d7e40 - __libc_start_main\n  47:     0x6485ab9279a5 - _start\n  48:                0x0 - <unknown>\n"
[INFO] [stdout] 
[INFO] [stdout] stack backtrace:
[INFO] [stdout]    0:     0x5a1ee3db4b0a - std::backtrace_rs::backtrace::libunwind::trace::h207520d6e9873551
[INFO] [stdout]                                at /rustc/df4ca44d3fbc9301ee17f30f4d474e6ae4b05252/library/std/src/../../backtrace/src/backtrace/libunwind.rs:116:5
[INFO] [stdout]    1:     0x5a1ee3db4b0a - std::backtrace_rs::backtrace::trace_unsynchronized::h2ed7433f370e3eca
[INFO] [stdout]                                at /rustc/df4ca44d3fbc9301ee17f30f4d474e6ae4b05252/library/std/src/../../backtrace/src/backtrace/mod.rs:66:5
[INFO] [stdout]    2:     0x5a1ee3db4b0a - std::sys::backtrace::_print_fmt::h916fac51166b18d7
[INFO] [stdout]                                at /rustc/df4ca44d3fbc9301ee17f30f4d474e6ae4b05252/library/std/src/sys/backtrace.rs:66:9
[INFO] [stdout]    3:     0x5a1ee3db4b0a - <std::sys::backtrace::BacktraceLock::print::DisplayBacktrace as core::fmt::Display>::fmt::ha0a4c9b8ce3802e6
[INFO] [stdout]                                at /rustc/df4ca44d3fbc9301ee17f30f4d474e6ae4b05252/library/std/src/sys/backtrace.rs:39:26
[INFO] [stdout]    4:     0x5a1ee3ddcd23 - core::fmt::rt::Argument::fmt::h4cfc8587d52b3eb5
[INFO] [stdout]                                at /rustc/df4ca44d3fbc9301ee17f30f4d474e6ae4b05252/library/core/src/fmt/rt.rs:177:76
[INFO] [stdout]    5:     0x5a1ee3ddcd23 - core::fmt::write::h522cc39e5b36ae9f
[INFO] [stdout]                                at /rustc/df4ca44d3fbc9301ee17f30f4d474e6ae4b05252/library/core/src/fmt/mod.rs:1190:21
[INFO] [stdout]    6:     0x5a1ee3db0f63 - std::io::Write::write_fmt::h7d3c26752da97734
[INFO] [stdout]                                at /rustc/df4ca44d3fbc9301ee17f30f4d474e6ae4b05252/library/std/src/io/mod.rs:1839:15
[INFO] [stdout]    7:     0x5a1ee3db4952 - std::sys::backtrace::BacktraceLock::print::h4b9e00b29e9c0942
[INFO] [stdout]                                at /rustc/df4ca44d3fbc9301ee17f30f4d474e6ae4b05252/library/std/src/sys/backtrace.rs:42:9
[INFO] [stdout]    8:     0x5a1ee3db601a - std::panicking::default_hook::{{closure}}::hb59b88280d0324d9
[INFO] [stdout]                                at /rustc/df4ca44d3fbc9301ee17f30f4d474e6ae4b05252/library/std/src/panicking.rs:268:22
[INFO] [stdout]    9:     0x5a1ee3db5e24 - std::panicking::default_hook::he1dd496665be4a29
[INFO] [stdout]                                at /rustc/df4ca44d3fbc9301ee17f30f4d474e6ae4b05252/library/std/src/panicking.rs:292:9
[INFO] [stdout]   10:     0x5a1ee3d405b9 - <alloc::boxed::Box<F,A> as core::ops::function::Fn<Args>>::call::h4ff71de18744e1dc
[INFO] [stdout]                                at /rustc/df4ca44d3fbc9301ee17f30f4d474e6ae4b05252/library/alloc/src/boxed.rs:2468:9
[INFO] [stdout]   11:     0x5a1ee3d405b9 - test::test_main::{{closure}}::hcf7c055ce117aa81
[INFO] [stdout]                                at /rustc/df4ca44d3fbc9301ee17f30f4d474e6ae4b05252/library/test/src/lib.rs:133:21
[INFO] [stdout]   12:     0x5a1ee3db6718 - <alloc::boxed::Box<F,A> as core::ops::function::Fn<Args>>::call::h1d66c6bbd60c9692
[INFO] [stdout]                                at /rustc/df4ca44d3fbc9301ee17f30f4d474e6ae4b05252/library/alloc/src/boxed.rs:2468:9
[INFO] [stdout]   13:     0x5a1ee3db6718 - std::panicking::rust_panic_with_hook::h2ff17fe8f26dfcf8
[INFO] [stdout]                                at /rustc/df4ca44d3fbc9301ee17f30f4d474e6ae4b05252/library/std/src/panicking.rs:809:13
[INFO] [stdout]   14:     0x5a1ee3db64da - std::panicking::begin_panic_handler::{{closure}}::h4fad77951c07e101
[INFO] [stdout]                                at /rustc/df4ca44d3fbc9301ee17f30f4d474e6ae4b05252/library/std/src/panicking.rs:674:13
[INFO] [stdout]   15:     0x5a1ee3db4fe9 - std::sys::backtrace::__rust_end_short_backtrace::hb1a25b3da5d0ea08
[INFO] [stdout]                                at /rustc/df4ca44d3fbc9301ee17f30f4d474e6ae4b05252/library/std/src/sys/backtrace.rs:170:18
[INFO] [stdout]   16:     0x5a1ee3db616c - rust_begin_unwind
[INFO] [stdout]                                at /rustc/df4ca44d3fbc9301ee17f30f4d474e6ae4b05252/library/std/src/panicking.rs:665:5
[INFO] [stdout]   17:     0x5a1ee3ddb470 - core::panicking::panic_fmt::ha9db07b529f9b256
[INFO] [stdout]                                at /rustc/df4ca44d3fbc9301ee17f30f4d474e6ae4b05252/library/core/src/panicking.rs:75:14
[INFO] [stdout]   18:     0x5a1ee3d5f613 - core::panicking::panic_display::h73794504d35f09bf
[INFO] [stdout]                                at /rustc/df4ca44d3fbc9301ee17f30f4d474e6ae4b05252/library/core/src/panicking.rs:273:5
[INFO] [stdout]   19:     0x5a1ee3d6c147 - assert_cmd::assert::AssertError::panic::hee3e987bfc3a6601
[INFO] [stdout]                                at /opt/rustwide/cargo-home/registry/src/index.crates.io-6f17d22bba15001f/assert_cmd-2.0.4/src/assert.rs:1036:9
[INFO] [stdout]   20:     0x5a1ee3d5d557 - core::ops::function::FnOnce::call_once::ha79779c0f58da0e5
[INFO] [stdout]                                at /rustc/df4ca44d3fbc9301ee17f30f4d474e6ae4b05252/library/core/src/ops/function.rs:250:5
[INFO] [stdout]   21:     0x5a1ee3d67a30 - core::result::Result<T,E>::unwrap_or_else::hddd5328a2cfcc9c6
[INFO] [stdout]                                at /rustc/df4ca44d3fbc9301ee17f30f4d474e6ae4b05252/library/core/src/result.rs:1457:23
[INFO] [stdout]   22:     0x5a1ee3d6bcf6 - assert_cmd::assert::Assert::success::he038be3e3199035f
[INFO] [stdout]                                at /opt/rustwide/cargo-home/registry/src/index.crates.io-6f17d22bba15001f/assert_cmd-2.0.4/src/assert.rs:156:9
[INFO] [stdout]   23:     0x5a1ee3d04d2e - integration_test::test_end2end_execution::hdf5551d7255ece47
[INFO] [stdout]                                at /opt/rustwide/workdir/tests/integration_test.rs:10:5
[INFO] [stdout]   24:     0x5a1ee3d04827 - integration_test::test_end2end_execution::{{closure}}::h546a503d294553e8
[INFO] [stdout]                                at /opt/rustwide/workdir/tests/integration_test.rs:6:28
[INFO] [stdout]   25:     0x5a1ee3d02dc6 - core::ops::function::FnOnce::call_once::h8b364bd71ca92baf
[INFO] [stdout]                                at /rustc/df4ca44d3fbc9301ee17f30f4d474e6ae4b05252/library/core/src/ops/function.rs:250:5
[INFO] [stdout]   26:     0x5a1ee3d44e8b - core::ops::function::FnOnce::call_once::h22c3ba5715e93f05
[INFO] [stdout]                                at /rustc/df4ca44d3fbc9301ee17f30f4d474e6ae4b05252/library/core/src/ops/function.rs:250:5
[INFO] [stdout]   27:     0x5a1ee3d44e8b - test::__rust_begin_short_backtrace::h8e82d8113d0da17f
[INFO] [stdout]                                at /rustc/df4ca44d3fbc9301ee17f30f4d474e6ae4b05252/library/test/src/lib.rs:621:18
[INFO] [stdout]   28:     0x5a1ee3d44807 - test::run_test_in_process::{{closure}}::h33235f4f20b7b7c7
[INFO] [stdout]                                at /rustc/df4ca44d3fbc9301ee17f30f4d474e6ae4b05252/library/test/src/lib.rs:644:60
[INFO] [stdout]   29:     0x5a1ee3d44807 - <core::panic::unwind_safe::AssertUnwindSafe<F> as core::ops::function::FnOnce<()>>::call_once::hb5043206310c586f
[INFO] [stdout]                                at /rustc/df4ca44d3fbc9301ee17f30f4d474e6ae4b05252/library/core/src/panic/unwind_safe.rs:272:9
[INFO] [stdout]   30:     0x5a1ee3d44807 - std::panicking::try::do_call::h9ad4731a60ab23e2
[INFO] [stdout]                                at /rustc/df4ca44d3fbc9301ee17f30f4d474e6ae4b05252/library/std/src/panicking.rs:557:40
[INFO] [stdout]   31:     0x5a1ee3d44807 - std::panicking::try::h3824d23db772a716
[INFO] [stdout]                                at /rustc/df4ca44d3fbc9301ee17f30f4d474e6ae4b05252/library/std/src/panicking.rs:520:19
[INFO] [stdout]   32:     0x5a1ee3d44807 - std::panic::catch_unwind::h5afd514605fde46b
[INFO] [stdout]                                at /rustc/df4ca44d3fbc9301ee17f30f4d474e6ae4b05252/library/std/src/panic.rs:358:14
[INFO] [stdout]   33:     0x5a1ee3d44807 - test::run_test_in_process::h0d5cbfa7067d1720
[INFO] [stdout]                                at /rustc/df4ca44d3fbc9301ee17f30f4d474e6ae4b05252/library/test/src/lib.rs:644:27
[INFO] [stdout]   34:     0x5a1ee3d44807 - test::run_test::{{closure}}::h708eb8872708115d
[INFO] [stdout]                                at /rustc/df4ca44d3fbc9301ee17f30f4d474e6ae4b05252/library/test/src/lib.rs:565:43
[INFO] [stdout]   35:     0x5a1ee3d07f24 - test::run_test::{{closure}}::h392c51cee94713ab
[INFO] [stdout]                                at /rustc/df4ca44d3fbc9301ee17f30f4d474e6ae4b05252/library/test/src/lib.rs:595:41
[INFO] [stdout]   36:     0x5a1ee3d07f24 - std::sys::backtrace::__rust_begin_short_backtrace::h2f40290710935a8b
[INFO] [stdout]                                at /rustc/df4ca44d3fbc9301ee17f30f4d474e6ae4b05252/library/std/src/sys/backtrace.rs:154:18
[INFO] [stdout]   37:     0x5a1ee3d0b6ce - std::thread::Builder::spawn_unchecked_::{{closure}}::{{closure}}::h3fd968d89053a903
[INFO] [stdout]                                at /rustc/df4ca44d3fbc9301ee17f30f4d474e6ae4b05252/library/std/src/thread/mod.rs:541:17
[INFO] [stdout]   38:     0x5a1ee3d0b6ce - <core::panic::unwind_safe::AssertUnwindSafe<F> as core::ops::function::FnOnce<()>>::call_once::h743f637ba4229880
[INFO] [stdout]                                at /rustc/df4ca44d3fbc9301ee17f30f4d474e6ae4b05252/library/core/src/panic/unwind_safe.rs:272:9
[INFO] [stdout]   39:     0x5a1ee3d0b6ce - std::panicking::try::do_call::h07440897322525a6
[INFO] [stdout]                                at /rustc/df4ca44d3fbc9301ee17f30f4d474e6ae4b05252/library/std/src/panicking.rs:557:40
[INFO] [stdout]   40:     0x5a1ee3d0b6ce - std::panicking::try::he5a2e00188156637
[INFO] [stdout]                                at /rustc/df4ca44d3fbc9301ee17f30f4d474e6ae4b05252/library/std/src/panicking.rs:520:19
[INFO] [stdout]   41:     0x5a1ee3d0b6ce - std::panic::catch_unwind::hbaf3cae49b3c6433
[INFO] [stdout]                                at /rustc/df4ca44d3fbc9301ee17f30f4d474e6ae4b05252/library/std/src/panic.rs:358:14
[INFO] [stdout]   42:     0x5a1ee3d0b6ce - std::thread::Builder::spawn_unchecked_::{{closure}}::h8e141ea224820bce
[INFO] [stdout]                                at /rustc/df4ca44d3fbc9301ee17f30f4d474e6ae4b05252/library/std/src/thread/mod.rs:540:30
[INFO] [stdout]   43:     0x5a1ee3d0b6ce - core::ops::function::FnOnce::call_once{{vtable.shim}}::h90d312fedd7b8ea8
[INFO] [stdout]                                at /rustc/df4ca44d3fbc9301ee17f30f4d474e6ae4b05252/library/core/src/ops/function.rs:250:5
[INFO] [stdout]   44:     0x5a1ee3dbbc6b - <alloc::boxed::Box<F,A> as core::ops::function::FnOnce<Args>>::call_once::h69aa08ddb6adb8b6
[INFO] [stdout]                                at /rustc/df4ca44d3fbc9301ee17f30f4d474e6ae4b05252/library/alloc/src/boxed.rs:2454:9
[INFO] [stdout]   45:     0x5a1ee3dbbc6b - <alloc::boxed::Box<F,A> as core::ops::function::FnOnce<Args>>::call_once::h5aa36efdb79c806f
[INFO] [stdout]                                at /rustc/df4ca44d3fbc9301ee17f30f4d474e6ae4b05252/library/alloc/src/boxed.rs:2454:9
[INFO] [stdout]   46:     0x5a1ee3dbbc6b - std::sys::pal::unix::thread::Thread::new::thread_start::h6cd80a1b4be5158d
[INFO] [stdout]                                at /rustc/df4ca44d3fbc9301ee17f30f4d474e6ae4b05252/library/std/src/sys/pal/unix/thread.rs:105:17
[INFO] [stdout]   47:     0x7609d9122ac3 - <unknown>
[INFO] [stdout]   48:     0x7609d91b3a04 - clone
[INFO] [stdout]   49:                0x0 - <unknown>
[INFO] [stdout] 
[INFO] [stdout] 
[INFO] [stdout] failures:
[INFO] [stdout]     test_end2end_burn_in_execution
[INFO] [stdout]     test_end2end_burn_in_with_no_distro::case_1_panic_with_message
[INFO] [stdout]     test_end2end_burn_in_with_no_distro::case_2_panic_with_message
[INFO] [stdout]     test_end2end_burn_in_with_no_distro::case_3_panic_with_message
[INFO] [stdout]     test_end2end_execution
[INFO] [stdout] 
[INFO] [stdout] test result: FAILED. 0 passed; 5 failed; 0 ignored; 0 measured; 0 filtered out; finished in 0.11s
[INFO] [stdout] 
[INFO] running `Command { std: "docker" "inspect" "dc89c669aaea1666f82c4baec8f9fa079d1f6b76cbd91721049c0a87f451be85", kill_on_drop: false }`
[INFO] running `Command { std: "docker" "rm" "-f" "dc89c669aaea1666f82c4baec8f9fa079d1f6b76cbd91721049c0a87f451be85", kill_on_drop: false }`
[INFO] [stdout] dc89c669aaea1666f82c4baec8f9fa079d1f6b76cbd91721049c0a87f451be85
