[INFO] fetching crate monetdb 0.2.0...
[INFO] testing monetdb-0.2.0 against nightly-2024-10-28 for randomize-layout
[INFO] extracting crate monetdb 0.2.0 into /workspace/builds/worker-1-tc1/source
[INFO] validating manifest of crates.io crate monetdb 0.2.0 on toolchain nightly-2024-10-28
[INFO] running `Command { std: CARGO_HOME="/workspace/cargo-home" RUSTUP_HOME="/workspace/rustup-home" "/workspace/cargo-home/bin/cargo" "+nightly-2024-10-28" "metadata" "--manifest-path" "Cargo.toml" "--no-deps", kill_on_drop: false }`
[INFO] started tweaking crates.io crate monetdb 0.2.0
[INFO] removed 0 missing examples
[INFO] finished tweaking crates.io crate monetdb 0.2.0
[INFO] tweaked toml for crates.io crate monetdb 0.2.0 written to /workspace/builds/worker-1-tc1/source/Cargo.toml
[INFO] crate crates.io crate monetdb 0.2.0 already has a lockfile, it will not be regenerated
[INFO] running `Command { std: CARGO_HOME="/workspace/cargo-home" RUSTUP_HOME="/workspace/rustup-home" "/workspace/cargo-home/bin/cargo" "+nightly-2024-10-28" "fetch" "--manifest-path" "Cargo.toml", kill_on_drop: false }`
[INFO] [stderr]     Updating crates.io index
[INFO] [stderr]  Downloading crates ...
[INFO] [stderr]   Downloaded prettyplease v0.2.22
[INFO] [stderr]   Downloaded enum-utils-from-str v0.1.2
[INFO] [stderr]   Downloaded array-macro v2.1.8
[INFO] [stderr]   Downloaded serde_derive_internals v0.25.0
[INFO] [stderr]   Downloaded enum-utils v0.1.2
[INFO] [stderr]   Downloaded gethostname v0.5.0
[INFO] [stderr]   Downloaded claims v0.7.1
[INFO] running `Command { std: "docker" "create" "-v" "/var/lib/crater-agent-workspace/builds/worker-1-tc1/target:/opt/rustwide/target:rw,Z" "-v" "/var/lib/crater-agent-workspace/builds/worker-1-tc1/source:/opt/rustwide/workdir:ro,Z" "-v" "/var/lib/crater-agent-workspace/cargo-home:/opt/rustwide/cargo-home:ro,Z" "-v" "/var/lib/crater-agent-workspace/rustup-home:/opt/rustwide/rustup-home:ro,Z" "-e" "SOURCE_DIR=/opt/rustwide/workdir" "-e" "CARGO_TARGET_DIR=/opt/rustwide/target" "-e" "CARGO_HOME=/opt/rustwide/cargo-home" "-e" "RUSTUP_HOME=/opt/rustwide/rustup-home" "-w" "/opt/rustwide/workdir" "-m" "1610612736" "--user" "0:0" "--network" "none" "ghcr.io/rust-lang/crates-build-env/linux@sha256:4a844ea9eb2546a2d2c7022eacef16ef2e8229c7fbb2c7d4d55a9ceca922f72d" "/opt/rustwide/cargo-home/bin/cargo" "+nightly-2024-10-28" "metadata" "--no-deps" "--format-version=1", kill_on_drop: false }`
[INFO] [stdout] 0047f69d987f628536ccc64d65965f1618c5285fbb3e4740d4fdca7c3415fb99
[INFO] running `Command { std: "docker" "start" "-a" "0047f69d987f628536ccc64d65965f1618c5285fbb3e4740d4fdca7c3415fb99", kill_on_drop: false }`
[INFO] running `Command { std: "docker" "inspect" "0047f69d987f628536ccc64d65965f1618c5285fbb3e4740d4fdca7c3415fb99", kill_on_drop: false }`
[INFO] running `Command { std: "docker" "rm" "-f" "0047f69d987f628536ccc64d65965f1618c5285fbb3e4740d4fdca7c3415fb99", kill_on_drop: false }`
[INFO] [stdout] 0047f69d987f628536ccc64d65965f1618c5285fbb3e4740d4fdca7c3415fb99
[INFO] running `Command { std: "docker" "create" "-v" "/var/lib/crater-agent-workspace/builds/worker-1-tc1/target:/opt/rustwide/target:rw,Z" "-v" "/var/lib/crater-agent-workspace/builds/worker-1-tc1/source:/opt/rustwide/workdir:ro,Z" "-v" "/var/lib/crater-agent-workspace/cargo-home:/opt/rustwide/cargo-home:ro,Z" "-v" "/var/lib/crater-agent-workspace/rustup-home:/opt/rustwide/rustup-home:ro,Z" "-e" "SOURCE_DIR=/opt/rustwide/workdir" "-e" "CARGO_TARGET_DIR=/opt/rustwide/target" "-e" "CARGO_INCREMENTAL=0" "-e" "RUST_BACKTRACE=full" "-e" "RUSTFLAGS=--cap-lints=forbid" "-e" "RUSTDOCFLAGS=--cap-lints=forbid" "-e" "CARGO_HOME=/opt/rustwide/cargo-home" "-e" "RUSTUP_HOME=/opt/rustwide/rustup-home" "-w" "/opt/rustwide/workdir" "-m" "1610612736" "--user" "0:0" "--network" "none" "ghcr.io/rust-lang/crates-build-env/linux@sha256:4a844ea9eb2546a2d2c7022eacef16ef2e8229c7fbb2c7d4d55a9ceca922f72d" "/opt/rustwide/cargo-home/bin/cargo" "+nightly-2024-10-28" "build" "--frozen" "--message-format=json", kill_on_drop: false }`
[INFO] [stdout] 18b0763b3c517c2281ed4d1dc5776494edb3e47b5a188dde6530e080d4444183
[INFO] running `Command { std: "docker" "start" "-a" "18b0763b3c517c2281ed4d1dc5776494edb3e47b5a188dde6530e080d4444183", kill_on_drop: false }`
[INFO] [stderr]    Compiling proc-macro2 v1.0.86
[INFO] [stderr]    Compiling typenum v1.17.0
[INFO] [stderr]    Compiling libc v0.2.159
[INFO] [stderr]    Compiling memchr v2.7.4
[INFO] [stderr]    Compiling generic-array v0.14.7
[INFO] [stderr]    Compiling tinyvec_macros v0.1.1
[INFO] [stderr]    Compiling addr2line v0.24.1
[INFO] [stderr]    Compiling tinyvec v1.8.0
[INFO] [stderr]    Compiling rustix v0.38.37
[INFO] [stderr]    Compiling claims v0.7.1
[INFO] [stderr]    Compiling powerfmt v0.2.0
[INFO] [stderr]    Compiling object v0.36.5
[INFO] [stderr]    Compiling percent-encoding v2.3.1
[INFO] [stderr]    Compiling linux-raw-sys v0.4.14
[INFO] [stderr]    Compiling quote v1.0.37
[INFO] [stderr]    Compiling unicode-bidi v0.3.17
[INFO] [stderr]    Compiling syn v2.0.79
[INFO] [stderr]    Compiling syn v1.0.109
[INFO] [stderr]    Compiling unicode-normalization v0.1.24
[INFO] [stderr]    Compiling thiserror v1.0.64
[INFO] [stderr]    Compiling idna v0.5.0
[INFO] [stderr]    Compiling enum-utils-from-str v0.1.2
[INFO] [stderr]    Compiling form_urlencoded v1.2.1
[INFO] [stderr]    Compiling deranged v0.3.11
[INFO] [stderr]    Compiling block-buffer v0.10.4
[INFO] [stderr]    Compiling crypto-common v0.1.6
[INFO] [stderr]    Compiling regex-automata v0.4.8
[INFO] [stderr]    Compiling digest v0.10.7
[INFO] [stderr]    Compiling cpufeatures v0.2.14
[INFO] [stderr]    Compiling num-conv v0.1.0
[INFO] [stderr]    Compiling time-core v0.1.2
[INFO] [stderr]    Compiling num_threads v0.1.7
[INFO] [stderr]    Compiling sha2 v0.10.8
[INFO] [stderr]    Compiling ripemd v0.1.3
[INFO] [stderr]    Compiling time v0.3.36
[INFO] [stderr]    Compiling serde_derive_internals v0.25.0
[INFO] [stderr]    Compiling bstr v1.10.0
[INFO] [stderr]    Compiling url v2.5.2
[INFO] [stderr]    Compiling gethostname v0.5.0
[INFO] [stderr]    Compiling log v0.4.22
[INFO] [stderr]    Compiling hex v0.4.3
[INFO] [stderr]    Compiling array-macro v2.1.8
[INFO] [stderr]    Compiling thiserror-impl v1.0.64
[INFO] [stderr]    Compiling backtrace v0.3.74
[INFO] [stderr]    Compiling failure v0.1.8
[INFO] [stderr]    Compiling enum-utils v0.1.2
[INFO] [stderr]    Compiling monetdb v0.2.0 (/opt/rustwide/workdir)
[INFO] [stderr]     Finished `dev` profile [unoptimized + debuginfo] target(s) in 12.53s
[INFO] running `Command { std: "docker" "inspect" "18b0763b3c517c2281ed4d1dc5776494edb3e47b5a188dde6530e080d4444183", kill_on_drop: false }`
[INFO] running `Command { std: "docker" "rm" "-f" "18b0763b3c517c2281ed4d1dc5776494edb3e47b5a188dde6530e080d4444183", kill_on_drop: false }`
[INFO] [stdout] 18b0763b3c517c2281ed4d1dc5776494edb3e47b5a188dde6530e080d4444183
[INFO] running `Command { std: "docker" "create" "-v" "/var/lib/crater-agent-workspace/builds/worker-1-tc1/target:/opt/rustwide/target:rw,Z" "-v" "/var/lib/crater-agent-workspace/builds/worker-1-tc1/source:/opt/rustwide/workdir:ro,Z" "-v" "/var/lib/crater-agent-workspace/cargo-home:/opt/rustwide/cargo-home:ro,Z" "-v" "/var/lib/crater-agent-workspace/rustup-home:/opt/rustwide/rustup-home:ro,Z" "-e" "SOURCE_DIR=/opt/rustwide/workdir" "-e" "CARGO_TARGET_DIR=/opt/rustwide/target" "-e" "CARGO_INCREMENTAL=0" "-e" "RUST_BACKTRACE=full" "-e" "RUSTFLAGS=--cap-lints=forbid" "-e" "RUSTDOCFLAGS=--cap-lints=forbid" "-e" "CARGO_HOME=/opt/rustwide/cargo-home" "-e" "RUSTUP_HOME=/opt/rustwide/rustup-home" "-w" "/opt/rustwide/workdir" "-m" "1610612736" "--user" "0:0" "--network" "none" "ghcr.io/rust-lang/crates-build-env/linux@sha256:4a844ea9eb2546a2d2c7022eacef16ef2e8229c7fbb2c7d4d55a9ceca922f72d" "/opt/rustwide/cargo-home/bin/cargo" "+nightly-2024-10-28" "test" "--frozen" "--no-run" "--message-format=json", kill_on_drop: false }`
[INFO] [stdout] 932c732eb75b1ff8d9142c665cf64b33eb6c96c90e29ca89d78c5ea20c09bb82
[INFO] running `Command { std: "docker" "start" "-a" "932c732eb75b1ff8d9142c665cf64b33eb6c96c90e29ca89d78c5ea20c09bb82", kill_on_drop: false }`
[INFO] [stderr]    Compiling time-macros v0.2.18
[INFO] [stderr]    Compiling anyhow v1.0.89
[INFO] [stderr]    Compiling log v0.4.22
[INFO] [stderr]    Compiling termcolor v1.4.1
[INFO] [stderr]    Compiling either v1.13.0
[INFO] [stderr]    Compiling itertools v0.13.0
[INFO] [stderr]    Compiling time v0.3.36
[INFO] [stderr]    Compiling simplelog v0.12.2
[INFO] [stderr]    Compiling monetdb v0.2.0 (/opt/rustwide/workdir)
[INFO] [stderr]     Finished `test` profile [unoptimized + debuginfo] target(s) in 6.59s
[INFO] running `Command { std: "docker" "inspect" "932c732eb75b1ff8d9142c665cf64b33eb6c96c90e29ca89d78c5ea20c09bb82", kill_on_drop: false }`
[INFO] running `Command { std: "docker" "rm" "-f" "932c732eb75b1ff8d9142c665cf64b33eb6c96c90e29ca89d78c5ea20c09bb82", kill_on_drop: false }`
[INFO] [stdout] 932c732eb75b1ff8d9142c665cf64b33eb6c96c90e29ca89d78c5ea20c09bb82
[INFO] running `Command { std: "docker" "create" "-v" "/var/lib/crater-agent-workspace/builds/worker-1-tc1/target:/opt/rustwide/target:rw,Z" "-v" "/var/lib/crater-agent-workspace/builds/worker-1-tc1/source:/opt/rustwide/workdir:ro,Z" "-v" "/var/lib/crater-agent-workspace/cargo-home:/opt/rustwide/cargo-home:ro,Z" "-v" "/var/lib/crater-agent-workspace/rustup-home:/opt/rustwide/rustup-home:ro,Z" "-e" "SOURCE_DIR=/opt/rustwide/workdir" "-e" "CARGO_TARGET_DIR=/opt/rustwide/target" "-e" "CARGO_INCREMENTAL=0" "-e" "RUST_BACKTRACE=full" "-e" "RUSTFLAGS=--cap-lints=forbid" "-e" "RUSTDOCFLAGS=--cap-lints=forbid" "-e" "CARGO_HOME=/opt/rustwide/cargo-home" "-e" "RUSTUP_HOME=/opt/rustwide/rustup-home" "-w" "/opt/rustwide/workdir" "-m" "1610612736" "--user" "0:0" "--network" "none" "ghcr.io/rust-lang/crates-build-env/linux@sha256:4a844ea9eb2546a2d2c7022eacef16ef2e8229c7fbb2c7d4d55a9ceca922f72d" "/opt/rustwide/cargo-home/bin/cargo" "+nightly-2024-10-28" "test" "--frozen", kill_on_drop: false }`
[INFO] [stdout] b08a71c1b512cbdf51f24b4cff77bdb929d0e1219f5cdd810b82778430a00dc7
[INFO] running `Command { std: "docker" "start" "-a" "b08a71c1b512cbdf51f24b4cff77bdb929d0e1219f5cdd810b82778430a00dc7", kill_on_drop: false }`
[INFO] [stderr]     Finished `test` profile [unoptimized + debuginfo] target(s) in 0.17s
[INFO] [stderr]      Running unittests src/lib.rs (/opt/rustwide/target/debug/deps/monetdb-894b7b8fa1909e91)
[INFO] [stdout] 
[INFO] [stdout] running 30 tests
[INFO] [stdout] test cursor::rowset::test_bool_getter ... ok
[INFO] [stdout] test cursor::rowset::test_finish ... ok
[INFO] [stdout] test cursor::rowset::test_int_getters ... ok
[INFO] [stdout] test cursor::rowset::test_float_getters ... ok
[INFO] [stdout] test cursor::rowset::test_single_column ... ok
[INFO] [stdout] test cursor::rowset::test_str_getters ... ok
[INFO] [stdout] test cursor::rowset::test_rowset_strings ... ok
[INFO] [stdout] test cursor::rowset::test_rowset_escaped_strings ... ok
[INFO] [stdout] test framing::blockstate::tests::test_interpret2 ... ok
[INFO] [stdout] test our_logger::tests::test_debug ... ignored
[INFO] [stdout] test our_logger::tests::test_error ... ignored
[INFO] [stdout] test our_logger::tests::test_info ... ignored
[INFO] [stdout] test framing::reading::tests::test_read ... ok
[INFO] [stdout] test our_logger::tests::test_log ... ignored
[INFO] [stdout] test our_logger::tests::test_log_enabled ... ignored
[INFO] [stdout] test framing::blockstate::tests::test_interpret1 ... ok
[INFO] [stdout] test framing::writing::tests::test_simple_append ... ok
[INFO] [stdout] test our_logger::tests::test_trace ... ignored
[INFO] [stdout] test our_logger::tests::test_warn ... ignored
[INFO] [stdout] test parms::parameters::test_parm_names ... ok
[INFO] [stdout] test cursor::rowset::test_rowset_int_and_null ... ok
[INFO] [stdout] test parms::parameters::test_parm_table_size ... ok
[INFO] [stdout] test parms::urlparser::test_percent_decode ... ok
[INFO] [stdout] test framing::writing::tests::test_complex ... ok
[INFO] [stdout] test parms::urltests::test_urlspec_adhoc ... ok
[INFO] [stdout] test cursor::replies::test_convert_backslashes ... ok
[INFO] [stdout] test util::referencedata::test_verifier1 ... ok
[INFO] [stdout] test util::referencedata::test_verifier2 ... ok
[INFO] [stdout] test util::referencedata::test_verifier3 ... ok
[INFO] [stdout] test parms::urltests::test_urlspec_test_cases ... ok
[INFO] [stdout] 
[INFO] [stdout] test result: ok. 23 passed; 0 failed; 7 ignored; 0 measured; 0 filtered out; finished in 0.02s
[INFO] [stdout] 
[INFO] [stderr]    Doc-tests monetdb
[INFO] [stdout] 
[INFO] [stdout] running 3 tests
[INFO] [stdout] test src/cursor/mod.rs - cursor::Cursor (line 105) - compile ... ok
[INFO] [stdout] test src/toplevel.md - (line 10) ... FAILED
[INFO] [stdout] test src/toplevel.md - (line 38) ... FAILED
[INFO] [stdout] 
[INFO] [stdout] failures:
[INFO] [stdout] 
[INFO] [stdout] ---- src/toplevel.md - (line 10) stdout ----
[INFO] [stdout] Test executable failed (exit status: 1).
[INFO] [stdout] 
[INFO] [stdout] stderr:
[INFO] [stdout] Error: IO(IoError(AddrNotAvailable, "Cannot assign requested address (os error 99)"))
[INFO] [stdout] 
[INFO] [stdout] 
[INFO] [stdout] ---- src/toplevel.md - (line 38) stdout ----
[INFO] [stdout] Test executable failed (exit status: 1).
[INFO] [stdout] 
[INFO] [stdout] stderr:
[INFO] [stdout] Error: IO(IoError(AddrNotAvailable, "Cannot assign requested address (os error 99)"))
[INFO] [stdout] 
[INFO] [stdout] 
[INFO] [stdout] 
[INFO] [stdout] failures:
[INFO] [stdout]     src/toplevel.md - (line 10)
[INFO] [stdout]     src/toplevel.md - (line 38)
[INFO] [stdout] 
[INFO] [stdout] test result: FAILED. 1 passed; 2 failed; 0 ignored; 0 measured; 0 filtered out; finished in 0.53s
[INFO] [stdout] 
[INFO] [stderr] error: doctest failed, to rerun pass `--doc`
[INFO] running `Command { std: "docker" "inspect" "b08a71c1b512cbdf51f24b4cff77bdb929d0e1219f5cdd810b82778430a00dc7", kill_on_drop: false }`
[INFO] running `Command { std: "docker" "rm" "-f" "b08a71c1b512cbdf51f24b4cff77bdb929d0e1219f5cdd810b82778430a00dc7", kill_on_drop: false }`
[INFO] [stdout] b08a71c1b512cbdf51f24b4cff77bdb929d0e1219f5cdd810b82778430a00dc7
