[INFO] fetching crate module-utils-macros 0.2.0...
[INFO] testing module-utils-macros-0.2.0 against nightly-2024-10-28+rustflags=-Zrandomize-layout for randomize-layout
[INFO] extracting crate module-utils-macros 0.2.0 into /workspace/builds/worker-0-tc2/source
[INFO] validating manifest of crates.io crate module-utils-macros 0.2.0 on toolchain nightly-2024-10-28
[INFO] running `Command { std: CARGO_HOME="/workspace/cargo-home" RUSTUP_HOME="/workspace/rustup-home" "/workspace/cargo-home/bin/cargo" "+nightly-2024-10-28" "metadata" "--manifest-path" "Cargo.toml" "--no-deps", kill_on_drop: false }`
[INFO] started tweaking crates.io crate module-utils-macros 0.2.0
[INFO] finished tweaking crates.io crate module-utils-macros 0.2.0
[INFO] tweaked toml for crates.io crate module-utils-macros 0.2.0 written to /workspace/builds/worker-0-tc2/source/Cargo.toml
[INFO] running `Command { std: CARGO_HOME="/workspace/cargo-home" RUSTUP_HOME="/workspace/rustup-home" "/workspace/cargo-home/bin/cargo" "+nightly-2024-10-28" "generate-lockfile" "--manifest-path" "Cargo.toml", kill_on_drop: false }`
[INFO] [stderr]     Updating crates.io index
[INFO] [stderr]      Locking 262 packages to latest compatible versions
[INFO] [stderr]       Adding pingora-core v0.2.0 (available: v0.3.0)
[INFO] [stderr]       Adding pingora-proxy v0.2.0 (available: v0.3.0)
[INFO] running `Command { std: CARGO_HOME="/workspace/cargo-home" RUSTUP_HOME="/workspace/rustup-home" "/workspace/cargo-home/bin/cargo" "+nightly-2024-10-28" "fetch" "--manifest-path" "Cargo.toml", kill_on_drop: false }`
[INFO] running `Command { std: "docker" "create" "-v" "/var/lib/crater-agent-workspace/builds/worker-0-tc2/target:/opt/rustwide/target:rw,Z" "-v" "/var/lib/crater-agent-workspace/builds/worker-0-tc2/source:/opt/rustwide/workdir:ro,Z" "-v" "/var/lib/crater-agent-workspace/cargo-home:/opt/rustwide/cargo-home:ro,Z" "-v" "/var/lib/crater-agent-workspace/rustup-home:/opt/rustwide/rustup-home:ro,Z" "-e" "SOURCE_DIR=/opt/rustwide/workdir" "-e" "CARGO_TARGET_DIR=/opt/rustwide/target" "-e" "CARGO_HOME=/opt/rustwide/cargo-home" "-e" "RUSTUP_HOME=/opt/rustwide/rustup-home" "-w" "/opt/rustwide/workdir" "-m" "1610612736" "--user" "0:0" "--network" "none" "ghcr.io/rust-lang/crates-build-env/linux@sha256:4a844ea9eb2546a2d2c7022eacef16ef2e8229c7fbb2c7d4d55a9ceca922f72d" "/opt/rustwide/cargo-home/bin/cargo" "+nightly-2024-10-28" "metadata" "--no-deps" "--format-version=1", kill_on_drop: false }`
[INFO] [stdout] 5603236ab2432e38db726e2692f2b73e60ebdb134d8c12193cc990bbae959b4d
[INFO] running `Command { std: "docker" "start" "-a" "5603236ab2432e38db726e2692f2b73e60ebdb134d8c12193cc990bbae959b4d", kill_on_drop: false }`
[INFO] running `Command { std: "docker" "inspect" "5603236ab2432e38db726e2692f2b73e60ebdb134d8c12193cc990bbae959b4d", kill_on_drop: false }`
[INFO] running `Command { std: "docker" "rm" "-f" "5603236ab2432e38db726e2692f2b73e60ebdb134d8c12193cc990bbae959b4d", kill_on_drop: false }`
[INFO] [stdout] 5603236ab2432e38db726e2692f2b73e60ebdb134d8c12193cc990bbae959b4d
[INFO] running `Command { std: "docker" "create" "-v" "/var/lib/crater-agent-workspace/builds/worker-0-tc2/target:/opt/rustwide/target:rw,Z" "-v" "/var/lib/crater-agent-workspace/builds/worker-0-tc2/source:/opt/rustwide/workdir:ro,Z" "-v" "/var/lib/crater-agent-workspace/cargo-home:/opt/rustwide/cargo-home:ro,Z" "-v" "/var/lib/crater-agent-workspace/rustup-home:/opt/rustwide/rustup-home:ro,Z" "-e" "SOURCE_DIR=/opt/rustwide/workdir" "-e" "CARGO_TARGET_DIR=/opt/rustwide/target" "-e" "CARGO_INCREMENTAL=0" "-e" "RUST_BACKTRACE=full" "-e" "RUSTFLAGS=--cap-lints=forbid -Zrandomize-layout" "-e" "RUSTDOCFLAGS=--cap-lints=forbid" "-e" "CARGO_HOME=/opt/rustwide/cargo-home" "-e" "RUSTUP_HOME=/opt/rustwide/rustup-home" "-w" "/opt/rustwide/workdir" "-m" "1610612736" "--user" "0:0" "--network" "none" "ghcr.io/rust-lang/crates-build-env/linux@sha256:4a844ea9eb2546a2d2c7022eacef16ef2e8229c7fbb2c7d4d55a9ceca922f72d" "/opt/rustwide/cargo-home/bin/cargo" "+nightly-2024-10-28" "build" "--frozen" "--message-format=json", kill_on_drop: false }`
[INFO] [stdout] 11a21af1efef5a93f29452a3373a0a9cf8325a4ba6b3eba28825c1df71c5734d
[INFO] running `Command { std: "docker" "start" "-a" "11a21af1efef5a93f29452a3373a0a9cf8325a4ba6b3eba28825c1df71c5734d", kill_on_drop: false }`
[INFO] [stderr]    Compiling proc-macro2 v1.0.89
[INFO] [stderr]    Compiling quote v1.0.37
[INFO] [stderr]    Compiling syn v2.0.86
[INFO] [stderr]    Compiling module-utils-macros v0.2.0 (/opt/rustwide/workdir)
[INFO] [stderr]     Finished `dev` profile [unoptimized + debuginfo] target(s) in 5.06s
[INFO] running `Command { std: "docker" "inspect" "11a21af1efef5a93f29452a3373a0a9cf8325a4ba6b3eba28825c1df71c5734d", kill_on_drop: false }`
[INFO] running `Command { std: "docker" "rm" "-f" "11a21af1efef5a93f29452a3373a0a9cf8325a4ba6b3eba28825c1df71c5734d", kill_on_drop: false }`
[INFO] [stdout] 11a21af1efef5a93f29452a3373a0a9cf8325a4ba6b3eba28825c1df71c5734d
[INFO] running `Command { std: "docker" "create" "-v" "/var/lib/crater-agent-workspace/builds/worker-0-tc2/target:/opt/rustwide/target:rw,Z" "-v" "/var/lib/crater-agent-workspace/builds/worker-0-tc2/source:/opt/rustwide/workdir:ro,Z" "-v" "/var/lib/crater-agent-workspace/cargo-home:/opt/rustwide/cargo-home:ro,Z" "-v" "/var/lib/crater-agent-workspace/rustup-home:/opt/rustwide/rustup-home:ro,Z" "-e" "SOURCE_DIR=/opt/rustwide/workdir" "-e" "CARGO_TARGET_DIR=/opt/rustwide/target" "-e" "CARGO_INCREMENTAL=0" "-e" "RUST_BACKTRACE=full" "-e" "RUSTFLAGS=--cap-lints=forbid -Zrandomize-layout" "-e" "RUSTDOCFLAGS=--cap-lints=forbid" "-e" "CARGO_HOME=/opt/rustwide/cargo-home" "-e" "RUSTUP_HOME=/opt/rustwide/rustup-home" "-w" "/opt/rustwide/workdir" "-m" "1610612736" "--user" "0:0" "--network" "none" "ghcr.io/rust-lang/crates-build-env/linux@sha256:4a844ea9eb2546a2d2c7022eacef16ef2e8229c7fbb2c7d4d55a9ceca922f72d" "/opt/rustwide/cargo-home/bin/cargo" "+nightly-2024-10-28" "test" "--frozen" "--no-run" "--message-format=json", kill_on_drop: false }`
[INFO] [stdout] 78337253813ec5fcf85df152828a45e30a3ffb3ba636704b692b3a7ee564e578
[INFO] running `Command { std: "docker" "start" "-a" "78337253813ec5fcf85df152828a45e30a3ffb3ba636704b692b3a7ee564e578", kill_on_drop: false }`
[INFO] [stderr]    Compiling libc v0.2.161
[INFO] [stderr]    Compiling cfg-if v1.0.0
[INFO] [stderr]    Compiling shlex v1.3.0
[INFO] [stderr]    Compiling memchr v2.7.4
[INFO] [stderr]    Compiling pin-project-lite v0.2.15
[INFO] [stderr]    Compiling bytes v1.8.0
[INFO] [stderr]    Compiling itoa v1.0.11
[INFO] [stderr]    Compiling syn v2.0.86
[INFO] [stderr]    Compiling version_check v0.9.5
[INFO] [stderr]    Compiling byteorder v1.5.0
[INFO] [stderr]    Compiling serde v1.0.214
[INFO] [stderr]    Compiling futures-core v0.3.31
[INFO] [stderr]    Compiling pkg-config v0.3.31
[INFO] [stderr]    Compiling slab v0.4.9
[INFO] [stderr]    Compiling futures-sink v0.3.31
[INFO] [stderr]    Compiling foldhash v0.1.3
[INFO] [stderr]    Compiling allocator-api2 v0.2.18
[INFO] [stderr]    Compiling fnv v1.0.7
[INFO] [stderr]    Compiling equivalent v1.0.1
[INFO] [stderr]    Compiling syn v1.0.109
[INFO] [stderr]    Compiling percent-encoding v2.3.1
[INFO] [stderr]    Compiling tinyvec_macros v0.1.1
[INFO] [stderr]    Compiling tinyvec v1.8.0
[INFO] [stderr]    Compiling hashbrown v0.15.0
[INFO] [stderr]    Compiling futures-channel v0.3.31
[INFO] [stderr]    Compiling pin-utils v0.1.0
[INFO] [stderr]    Compiling futures-io v0.3.31
[INFO] [stderr]    Compiling futures-task v0.3.31
[INFO] [stderr]    Compiling ryu v1.0.18
[INFO] [stderr]    Compiling form_urlencoded v1.2.1
[INFO] [stderr]    Compiling thiserror v1.0.66
[INFO] [stderr]    Compiling unicode-bidi v0.3.17
[INFO] [stderr]    Compiling serde_json v1.0.132
[INFO] [stderr]    Compiling vcpkg v0.2.15
[INFO] [stderr]    Compiling spin v0.9.8
[INFO] [stderr]    Compiling untrusted v0.9.0
[INFO] [stderr]    Compiling powerfmt v0.2.0
[INFO] [stderr]    Compiling unicode-normalization v0.1.24
[INFO] [stderr]    Compiling deranged v0.3.11
[INFO] [stderr]    Compiling indexmap v2.6.0
[INFO] [stderr]    Compiling tracing-core v0.1.32
[INFO] [stderr]    Compiling lock_api v0.4.12
[INFO] [stderr]    Compiling jobserver v0.1.32
[INFO] [stderr]    Compiling getrandom v0.2.15
[INFO] [stderr]    Compiling mio v1.0.2
[INFO] [stderr]    Compiling signal-hook-registry v1.4.2
[INFO] [stderr]    Compiling socket2 v0.5.7
[INFO] [stderr]    Compiling cc v1.1.31
[INFO] [stderr]    Compiling rand_core v0.6.4
[INFO] [stderr]    Compiling idna v0.5.0
[INFO] [stderr]    Compiling adler2 v2.0.0
[INFO] [stderr]    Compiling parking_lot_core v0.9.10
[INFO] [stderr]    Compiling lazy_static v1.5.0
[INFO] [stderr]    Compiling semver v1.0.23
[INFO] [stderr]    Compiling httparse v1.9.5
[INFO] [stderr]    Compiling crossbeam-utils v0.8.20
[INFO] [stderr]    Compiling num-conv v0.1.0
[INFO] [stderr]    Compiling time-core v0.1.2
[INFO] [stderr]    Compiling gimli v0.31.1
[INFO] [stderr]    Compiling time v0.3.36
[INFO] [stderr]    Compiling miniz_oxide v0.8.0
[INFO] [stderr]    Compiling tracing v0.1.40
[INFO] [stderr]    Compiling num-traits v0.2.19
[INFO] [stderr]    Compiling openssl-src v300.4.0+3.4.0
[INFO] [stderr]    Compiling object v0.36.5
[INFO] [stderr]    Compiling http v0.2.12
[INFO] [stderr]    Compiling scopeguard v1.2.0
[INFO] [stderr]    Compiling smallvec v1.13.2
[INFO] [stderr]    Compiling rustls v0.21.12
[INFO] [stderr]    Compiling rustc-demangle v0.1.24
[INFO] [stderr]    Compiling ring v0.17.8
[INFO] [stderr]    Compiling openssl-sys v0.9.104
[INFO] [stderr]    Compiling zstd-sys v2.0.13+zstd.1.5.6
[INFO] [stderr]    Compiling hex v0.4.3
[INFO] [stderr]    Compiling log v0.4.22
[INFO] [stderr]    Compiling typenum v1.17.0
[INFO] [stderr]    Compiling tokio-macros v2.4.0
[INFO] [stderr]    Compiling serde_derive v1.0.214
[INFO] [stderr]    Compiling tokio v1.41.0
[INFO] [stderr]    Compiling zerocopy-derive v0.7.35
[INFO] [stderr]    Compiling futures-macro v0.3.31
[INFO] [stderr]    Compiling zerocopy v0.7.35
[INFO] [stderr]    Compiling futures-util v0.3.31
[INFO] [stderr]    Compiling thiserror-impl v1.0.66
[INFO] [stderr]    Compiling ppv-lite86 v0.2.20
[INFO] [stderr]    Compiling rand_chacha v0.3.1
[INFO] [stderr]    Compiling addr2line v0.24.2
[INFO] [stderr]    Compiling rand v0.8.5
[INFO] [stderr]    Compiling sct v0.7.1
[INFO] [stderr]    Compiling rustls-webpki v0.101.7
[INFO] [stderr]    Compiling backtrace v0.3.74
[INFO] [stderr]    Compiling tokio-util v0.7.12
[INFO] [stderr]    Compiling aho-corasick v1.1.3
[INFO] [stderr]    Compiling generic-array v0.14.7
[INFO] [stderr]    Compiling proc-macro-error-attr v1.0.4
[INFO] [stderr]    Compiling try-lock v0.2.5
[INFO] [stderr]    Compiling want v0.3.1
[INFO] [stderr]    Compiling h2 v0.3.26
[INFO] [stderr]    Compiling rustc_version v0.4.1
[INFO] [stderr]    Compiling parking_lot v0.12.3
[INFO] [stderr]    Compiling trackable_derive v1.0.0
[INFO] [stderr]    Compiling http-body v0.4.6
[INFO] [stderr]    Compiling cmake v0.1.51
[INFO] [stderr]    Compiling regex-automata v0.4.8
[INFO] [stderr]    Compiling url v2.5.2
[INFO] [stderr]    Compiling uuid v1.11.0
[INFO] [stderr]    Compiling debugid v0.8.0
[INFO] [stderr]    Compiling proc-macro-error v1.0.4
[INFO] [stderr]    Compiling thread_local v1.1.8
[INFO] [stderr]    Compiling zstd-safe v7.2.1
[INFO] [stderr]    Compiling tower-service v0.3.3
[INFO] [stderr]    Compiling httpdate v1.0.3
[INFO] [stderr]    Compiling match_cfg v0.1.0
[INFO] [stderr]    Compiling openssl v0.10.68
[INFO] [stderr]    Compiling foreign-types-shared v0.1.1
[INFO] [stderr]    Compiling foreign-types v0.3.2
[INFO] [stderr]    Compiling sentry-types v0.26.0
[INFO] [stderr]    Compiling hyper v0.14.31
[INFO] [stderr]    Compiling hostname v0.3.1
[INFO] [stderr]    Compiling libz-ng-sys v1.1.20
[INFO] [stderr]    Compiling tokio-rustls v0.24.1
[INFO] [stderr]    Compiling trackable v1.3.0
[INFO] [stderr]    Compiling regex v1.11.1
[INFO] [stderr]    Compiling sentry-contexts v0.26.0
[INFO] [stderr]    Compiling futures-executor v0.3.31
[INFO] [stderr]    Compiling openssl-macros v0.1.1
[INFO] [stderr]    Compiling http v1.1.0
[INFO] [stderr]    Compiling memoffset v0.6.5
[INFO] [stderr]    Compiling indexmap v1.9.3
[INFO] [stderr]    Compiling bitflags v1.3.2
[INFO] [stderr]    Compiling arrayvec v0.7.6
[INFO] [stderr]    Compiling alloc-no-stdlib v2.0.4
[INFO] [stderr]    Compiling unicode-segmentation v1.12.0
[INFO] [stderr]    Compiling tokio-openssl v0.6.5
[INFO] [stderr]    Compiling unicode-width v0.1.14
[INFO] [stderr]    Compiling bitflags v2.6.0
[INFO] [stderr]    Compiling rust_decimal v1.36.0
[INFO] [stderr]    Compiling base64 v0.21.7
[INFO] [stderr]    Compiling protobuf v2.28.0
[INFO] [stderr]    Compiling textwrap v0.11.0
[INFO] [stderr]    Compiling sentry-core v0.26.0
[INFO] [stderr]    Compiling rustls-pemfile v1.0.4
[INFO] [stderr]    Compiling heck v0.3.3
[INFO] [stderr]    Compiling hyper-rustls v0.24.2
[INFO] [stderr]    Compiling alloc-stdlib v0.2.2
[INFO] [stderr]    Compiling futures v0.3.31
[INFO] [stderr]    Compiling trackable v0.2.24
[INFO] [stderr]    Compiling serde_urlencoded v0.7.1
[INFO] [stderr]    Compiling async-stream-impl v0.3.6
[INFO] [stderr]    Compiling sentry-backtrace v0.26.0
[INFO] [stderr]    Compiling atty v0.2.14
[INFO] [stderr]    Compiling uname v0.1.1
[INFO] [stderr]    Compiling ahash v0.8.11
[INFO] [stderr]    Compiling encoding_rs v0.8.35
[INFO] [stderr]    Compiling mime v0.3.17
[INFO] [stderr]    Compiling ipnet v2.10.1
[INFO] [stderr]    Compiling linked-hash-map v0.5.6
[INFO] [stderr]    Compiling strsim v0.8.0
[INFO] [stderr]    Compiling prometheus v0.13.4
[INFO] [stderr]    Compiling vec_map v0.8.2
[INFO] [stderr]    Compiling hashbrown v0.12.3
[INFO] [stderr]    Compiling sync_wrapper v0.1.2
[INFO] [stderr]    Compiling webpki-roots v0.25.4
[INFO] [stderr]    Compiling ansi_term v0.12.1
[INFO] [stderr]    Compiling pingora-error v0.2.0
[INFO] [stderr]    Compiling yaml-rust v0.4.5
[INFO] [stderr]    Compiling pingora-http v0.2.0
[INFO] [stderr]    Compiling clap v2.34.0
[INFO] [stderr]    Compiling sentry-panic v0.26.0
[INFO] [stderr]    Compiling zstd v0.13.2
[INFO] [stderr]    Compiling async-stream v0.3.6
[INFO] [stderr]    Compiling structopt-derive v0.4.18
[INFO] [stderr]    Compiling pingora-timeout v0.2.0
[INFO] [stderr]    Compiling reqwest v0.11.27
[INFO] [stderr]    Compiling brotli-decompressor v2.5.1
[INFO] [stderr]    Compiling crypto-common v0.1.6
[INFO] [stderr]    Compiling block-buffer v0.10.4
[INFO] [stderr]    Compiling crossbeam-queue v0.3.11
[INFO] [stderr]    Compiling crossbeam-channel v0.5.13
[INFO] [stderr]    Compiling tokio-stream v0.1.16
[INFO] [stderr]    Compiling lru v0.12.5
[INFO] [stderr]    Compiling crc32fast v1.4.2
[INFO] [stderr]    Compiling atomic-waker v1.1.2
[INFO] [stderr]    Compiling data-encoding v2.6.0
[INFO] [stderr]    Compiling subtle v2.6.1
[INFO] [stderr]    Compiling h2 v0.4.6
[INFO] [stderr]    Compiling digest v0.10.7
[INFO] [stderr]    Compiling pingora-pool v0.2.0
[INFO] [stderr]    Compiling sfv v0.9.4
[INFO] [stderr]    Compiling rustracing v0.5.1
[INFO] [stderr]    Compiling tokio-test v0.4.4
[INFO] [stderr]    Compiling structopt v0.3.26
[INFO] [stderr]    Compiling sentry v0.26.0
[INFO] [stderr]    Compiling brotli v3.5.0
[INFO] [stderr]    Compiling rmp v0.8.14
[INFO] [stderr]    Compiling nix v0.24.3
[INFO] [stderr]    Compiling serde_yaml v0.8.26
[INFO] [stderr]    Compiling thrift_codec v0.1.1
[INFO] [stderr]    Compiling pingora-runtime v0.2.0
[INFO] [stderr]    Compiling chrono v0.4.38
[INFO] [stderr]    Compiling async-trait v0.1.83
[INFO] [stderr]    Compiling daemonize v0.5.0
[INFO] [stderr]    Compiling openssl-probe v0.1.5
[INFO] [stderr]    Compiling unicase v2.8.0
[INFO] [stderr]    Compiling rustracing_jaeger v0.7.0
[INFO] [stderr]    Compiling rmp-serde v1.3.0
[INFO] [stderr]    Compiling blake2 v0.10.6
[INFO] [stderr]    Compiling pingora-header-serde v0.2.0
[INFO] [stderr]    Compiling pingora-lru v0.2.0
[INFO] [stderr]    Compiling module-utils-macros v0.2.0 (/opt/rustwide/workdir)
[INFO] [stderr]    Compiling flate2 v1.0.34
[INFO] [stderr]    Compiling pingora-openssl v0.2.0
[INFO] [stderr]    Compiling pingora-core v0.2.0
[INFO] [stderr]    Compiling pingora-cache v0.2.0
[INFO] [stderr]    Compiling pingora-proxy v0.2.0
[INFO] [stderr]     Finished `test` profile [unoptimized + debuginfo] target(s) in 2m 28s
[INFO] running `Command { std: "docker" "inspect" "78337253813ec5fcf85df152828a45e30a3ffb3ba636704b692b3a7ee564e578", kill_on_drop: false }`
[INFO] running `Command { std: "docker" "rm" "-f" "78337253813ec5fcf85df152828a45e30a3ffb3ba636704b692b3a7ee564e578", kill_on_drop: false }`
[INFO] [stdout] 78337253813ec5fcf85df152828a45e30a3ffb3ba636704b692b3a7ee564e578
[INFO] running `Command { std: "docker" "create" "-v" "/var/lib/crater-agent-workspace/builds/worker-0-tc2/target:/opt/rustwide/target:rw,Z" "-v" "/var/lib/crater-agent-workspace/builds/worker-0-tc2/source:/opt/rustwide/workdir:ro,Z" "-v" "/var/lib/crater-agent-workspace/cargo-home:/opt/rustwide/cargo-home:ro,Z" "-v" "/var/lib/crater-agent-workspace/rustup-home:/opt/rustwide/rustup-home:ro,Z" "-e" "SOURCE_DIR=/opt/rustwide/workdir" "-e" "CARGO_TARGET_DIR=/opt/rustwide/target" "-e" "CARGO_INCREMENTAL=0" "-e" "RUST_BACKTRACE=full" "-e" "RUSTFLAGS=--cap-lints=forbid -Zrandomize-layout" "-e" "RUSTDOCFLAGS=--cap-lints=forbid" "-e" "CARGO_HOME=/opt/rustwide/cargo-home" "-e" "RUSTUP_HOME=/opt/rustwide/rustup-home" "-w" "/opt/rustwide/workdir" "-m" "1610612736" "--user" "0:0" "--network" "none" "ghcr.io/rust-lang/crates-build-env/linux@sha256:4a844ea9eb2546a2d2c7022eacef16ef2e8229c7fbb2c7d4d55a9ceca922f72d" "/opt/rustwide/cargo-home/bin/cargo" "+nightly-2024-10-28" "test" "--frozen", kill_on_drop: false }`
[INFO] [stdout] 6941f33ed81fe977c244feb843fba3d9003385e16bf2c7ac925c333f62b0b6ac
[INFO] running `Command { std: "docker" "start" "-a" "6941f33ed81fe977c244feb843fba3d9003385e16bf2c7ac925c333f62b0b6ac", kill_on_drop: false }`
[INFO] [stderr]     Finished `test` profile [unoptimized + debuginfo] target(s) in 0.24s
[INFO] [stderr]      Running unittests src/lib.rs (/opt/rustwide/target/debug/deps/module_utils_macros-6f56e947bf84f8bd)
[INFO] [stdout] 
[INFO] [stdout] running 0 tests
[INFO] [stdout] 
[INFO] [stdout] test result: ok. 0 passed; 0 failed; 0 ignored; 0 measured; 0 filtered out; finished in 0.00s
[INFO] [stdout] 
[INFO] [stderr]    Doc-tests module_utils_macros
[INFO] [stdout] 
[INFO] [stdout] running 3 tests
[INFO] [stdout] test src/lib.rs - derive_request_filter (line 107) - compile ... FAILED
[INFO] [stdout] test src/lib.rs - merge_opt (line 29) ... FAILED
[INFO] [stdout] test src/lib.rs - merge_conf (line 67) ... FAILED
[INFO] [stdout] 
[INFO] [stdout] failures:
[INFO] [stdout] 
[INFO] [stdout] ---- src/lib.rs - derive_request_filter (line 107) stdout ----
[INFO] [stdout] error[E0432]: unresolved import `module_utils`
[INFO] [stdout]  --> src/lib.rs:108:5
[INFO] [stdout]   |
[INFO] [stdout] 3 | use module_utils::{FromYaml, RequestFilter};
[INFO] [stdout]   |     ^^^^^^^^^^^^ use of undeclared crate or module `module_utils`
[INFO] [stdout] 
[INFO] [stdout] error[E0432]: unresolved import `compression_module`
[INFO] [stdout]  --> src/lib.rs:109:5
[INFO] [stdout]   |
[INFO] [stdout] 4 | use compression_module::CompressionHandler;
[INFO] [stdout]   |     ^^^^^^^^^^^^^^^^^^ use of undeclared crate or module `compression_module`
[INFO] [stdout] 
[INFO] [stdout] error[E0432]: unresolved import `static_files_module`
[INFO] [stdout]  --> src/lib.rs:110:5
[INFO] [stdout]   |
[INFO] [stdout] 5 | use static_files_module::StaticFilesHandler;
[INFO] [stdout]   |     ^^^^^^^^^^^^^^^^^^^ use of undeclared crate or module `static_files_module`
[INFO] [stdout] 
[INFO] [stdout] error: aborting due to 3 previous errors
[INFO] [stdout] 
[INFO] [stdout] For more information about this error, try `rustc --explain E0432`.
[INFO] [stdout] Couldn't compile the test.
[INFO] [stdout] ---- src/lib.rs - merge_opt (line 29) stdout ----
[INFO] [stdout] error[E0432]: unresolved import `module_utils`
[INFO] [stdout]  --> src/lib.rs:31:5
[INFO] [stdout]   |
[INFO] [stdout] 4 | use module_utils::merge_opt;
[INFO] [stdout]   |     ^^^^^^^^^^^^ use of undeclared crate or module `module_utils`
[INFO] [stdout] 
[INFO] [stdout] error[E0432]: unresolved import `static_files_module`
[INFO] [stdout]  --> src/lib.rs:32:5
[INFO] [stdout]   |
[INFO] [stdout] 5 | use static_files_module::StaticFilesOpt;
[INFO] [stdout]   |     ^^^^^^^^^^^^^^^^^^^ use of undeclared crate or module `static_files_module`
[INFO] [stdout] 
[INFO] [stdout] error[E0599]: no function or associated item named `from_args` found for struct `_doctest_main_src_lib_rs_29_0::Opt` in the current scope
[INFO] [stdout]   --> src/lib.rs:52:16
[INFO] [stdout]    |
[INFO] [stdout] 19 | struct Opt {
[INFO] [stdout]    | ---------- function or associated item `from_args` not found for this struct
[INFO] [stdout] ...
[INFO] [stdout] 25 | let opt = Opt::from_args();
[INFO] [stdout]    |                ^^^^^^^^^ function or associated item not found in `Opt`
[INFO] [stdout]    |
[INFO] [stdout]    = help: items from traits can only be used if the trait is implemented and in scope
[INFO] [stdout]    = note: the following trait defines an item `from_args`, perhaps you need to implement it:
[INFO] [stdout]            candidate #1: `StructOpt`
[INFO] [stdout] 
[INFO] [stdout] error: aborting due to 3 previous errors
[INFO] [stdout] 
[INFO] [stdout] Some errors have detailed explanations: E0432, E0599.
[INFO] [stdout] For more information about an error, try `rustc --explain E0432`.
[INFO] [stdout] Couldn't compile the test.
[INFO] [stdout] ---- src/lib.rs - merge_conf (line 67) stdout ----
[INFO] [stdout] error[E0432]: unresolved import `module_utils`
[INFO] [stdout]  --> src/lib.rs:69:5
[INFO] [stdout]   |
[INFO] [stdout] 4 | use module_utils::{merge_conf, FromYaml};
[INFO] [stdout]   |     ^^^^^^^^^^^^ use of undeclared crate or module `module_utils`
[INFO] [stdout] 
[INFO] [stdout] error[E0432]: unresolved import `static_files_module`
[INFO] [stdout]  --> src/lib.rs:70:5
[INFO] [stdout]   |
[INFO] [stdout] 5 | use static_files_module::StaticFilesConf;
[INFO] [stdout]   |     ^^^^^^^^^^^^^^^^^^^ use of undeclared crate or module `static_files_module`
[INFO] [stdout] 
[INFO] [stdout] error[E0599]: no function or associated item named `load_from_yaml` found for struct `Conf` in the current scope
[INFO] [stdout]   --> src/lib.rs:86:18
[INFO] [stdout]    |
[INFO] [stdout] 15 | struct Conf {
[INFO] [stdout]    | ----------- function or associated item `load_from_yaml` not found for this struct
[INFO] [stdout] ...
[INFO] [stdout] 21 | let conf = Conf::load_from_yaml("test.yaml").ok().unwrap_or_else(Conf::default);
[INFO] [stdout]    |                  ^^^^^^^^^^^^^^ function or associated item not found in `Conf`
[INFO] [stdout] 
[INFO] [stdout] error[E0599]: no function or associated item named `default` found for struct `Conf` in the current scope
[INFO] [stdout]   --> src/lib.rs:86:72
[INFO] [stdout]    |
[INFO] [stdout] 15 | struct Conf {
[INFO] [stdout]    | ----------- function or associated item `default` not found for this struct
[INFO] [stdout] ...
[INFO] [stdout] 21 | let conf = Conf::load_from_yaml("test.yaml").ok().unwrap_or_else(Conf::default);
[INFO] [stdout]    |                                                                        ^^^^^^^ function or associated item not found in `Conf`
[INFO] [stdout]    |
[INFO] [stdout]    = help: items from traits can only be used if the trait is implemented and in scope
[INFO] [stdout]    = note: the following trait defines an item `default`, perhaps you need to implement it:
[INFO] [stdout]            candidate #1: `Default`
[INFO] [stdout] 
[INFO] [stdout] error: aborting due to 4 previous errors
[INFO] [stdout] 
[INFO] [stdout] Some errors have detailed explanations: E0432, E0599.
[INFO] [stdout] For more information about an error, try `rustc --explain E0432`.
[INFO] [stdout] Couldn't compile the test.
[INFO] [stdout] 
[INFO] [stdout] failures:
[INFO] [stdout]     src/lib.rs - derive_request_filter (line 107)
[INFO] [stdout]     src/lib.rs - merge_conf (line 67)
[INFO] [stdout]     src/lib.rs - merge_opt (line 29)
[INFO] [stdout] 
[INFO] [stdout] test result: FAILED. 0 passed; 3 failed; 0 ignored; 0 measured; 0 filtered out; finished in 0.16s
[INFO] [stdout] 
[INFO] [stderr] error: doctest failed, to rerun pass `--doc`
[INFO] running `Command { std: "docker" "inspect" "6941f33ed81fe977c244feb843fba3d9003385e16bf2c7ac925c333f62b0b6ac", kill_on_drop: false }`
[INFO] running `Command { std: "docker" "rm" "-f" "6941f33ed81fe977c244feb843fba3d9003385e16bf2c7ac925c333f62b0b6ac", kill_on_drop: false }`
[INFO] [stdout] 6941f33ed81fe977c244feb843fba3d9003385e16bf2c7ac925c333f62b0b6ac
