[INFO] fetching crate modi_macros 0.1.1...
[INFO] testing modi_macros-0.1.1 against nightly-2024-10-28 for randomize-layout
[INFO] extracting crate modi_macros 0.1.1 into /workspace/builds/worker-2-tc1/source
[INFO] validating manifest of crates.io crate modi_macros 0.1.1 on toolchain nightly-2024-10-28
[INFO] running `Command { std: CARGO_HOME="/workspace/cargo-home" RUSTUP_HOME="/workspace/rustup-home" "/workspace/cargo-home/bin/cargo" "+nightly-2024-10-28" "metadata" "--manifest-path" "Cargo.toml" "--no-deps", kill_on_drop: false }`
[INFO] started tweaking crates.io crate modi_macros 0.1.1
[INFO] finished tweaking crates.io crate modi_macros 0.1.1
[INFO] tweaked toml for crates.io crate modi_macros 0.1.1 written to /workspace/builds/worker-2-tc1/source/Cargo.toml
[INFO] running `Command { std: CARGO_HOME="/workspace/cargo-home" RUSTUP_HOME="/workspace/rustup-home" "/workspace/cargo-home/bin/cargo" "+nightly-2024-10-28" "generate-lockfile" "--manifest-path" "Cargo.toml", kill_on_drop: false }`
[INFO] [stderr]     Updating crates.io index
[INFO] [stderr]      Locking 4 packages to latest compatible versions
[INFO] [stderr]       Adding syn v1.0.109 (available: v2.0.86)
[INFO] running `Command { std: CARGO_HOME="/workspace/cargo-home" RUSTUP_HOME="/workspace/rustup-home" "/workspace/cargo-home/bin/cargo" "+nightly-2024-10-28" "fetch" "--manifest-path" "Cargo.toml", kill_on_drop: false }`
[INFO] running `Command { std: "docker" "create" "-v" "/var/lib/crater-agent-workspace/builds/worker-2-tc1/target:/opt/rustwide/target:rw,Z" "-v" "/var/lib/crater-agent-workspace/builds/worker-2-tc1/source:/opt/rustwide/workdir:ro,Z" "-v" "/var/lib/crater-agent-workspace/cargo-home:/opt/rustwide/cargo-home:ro,Z" "-v" "/var/lib/crater-agent-workspace/rustup-home:/opt/rustwide/rustup-home:ro,Z" "-e" "SOURCE_DIR=/opt/rustwide/workdir" "-e" "CARGO_TARGET_DIR=/opt/rustwide/target" "-e" "CARGO_HOME=/opt/rustwide/cargo-home" "-e" "RUSTUP_HOME=/opt/rustwide/rustup-home" "-w" "/opt/rustwide/workdir" "-m" "1610612736" "--user" "0:0" "--network" "none" "ghcr.io/rust-lang/crates-build-env/linux@sha256:4a844ea9eb2546a2d2c7022eacef16ef2e8229c7fbb2c7d4d55a9ceca922f72d" "/opt/rustwide/cargo-home/bin/cargo" "+nightly-2024-10-28" "metadata" "--no-deps" "--format-version=1", kill_on_drop: false }`
[INFO] [stdout] accf6d5047eec635d7c5ff348184407e437aa67746f11a9fb735ad24125685e5
[INFO] running `Command { std: "docker" "start" "-a" "accf6d5047eec635d7c5ff348184407e437aa67746f11a9fb735ad24125685e5", kill_on_drop: false }`
[INFO] running `Command { std: "docker" "inspect" "accf6d5047eec635d7c5ff348184407e437aa67746f11a9fb735ad24125685e5", kill_on_drop: false }`
[INFO] running `Command { std: "docker" "rm" "-f" "accf6d5047eec635d7c5ff348184407e437aa67746f11a9fb735ad24125685e5", kill_on_drop: false }`
[INFO] [stdout] accf6d5047eec635d7c5ff348184407e437aa67746f11a9fb735ad24125685e5
[INFO] running `Command { std: "docker" "create" "-v" "/var/lib/crater-agent-workspace/builds/worker-2-tc1/target:/opt/rustwide/target:rw,Z" "-v" "/var/lib/crater-agent-workspace/builds/worker-2-tc1/source:/opt/rustwide/workdir:ro,Z" "-v" "/var/lib/crater-agent-workspace/cargo-home:/opt/rustwide/cargo-home:ro,Z" "-v" "/var/lib/crater-agent-workspace/rustup-home:/opt/rustwide/rustup-home:ro,Z" "-e" "SOURCE_DIR=/opt/rustwide/workdir" "-e" "CARGO_TARGET_DIR=/opt/rustwide/target" "-e" "CARGO_INCREMENTAL=0" "-e" "RUST_BACKTRACE=full" "-e" "RUSTFLAGS=--cap-lints=forbid" "-e" "RUSTDOCFLAGS=--cap-lints=forbid" "-e" "CARGO_HOME=/opt/rustwide/cargo-home" "-e" "RUSTUP_HOME=/opt/rustwide/rustup-home" "-w" "/opt/rustwide/workdir" "-m" "1610612736" "--user" "0:0" "--network" "none" "ghcr.io/rust-lang/crates-build-env/linux@sha256:4a844ea9eb2546a2d2c7022eacef16ef2e8229c7fbb2c7d4d55a9ceca922f72d" "/opt/rustwide/cargo-home/bin/cargo" "+nightly-2024-10-28" "build" "--frozen" "--message-format=json", kill_on_drop: false }`
[INFO] [stdout] c2d042f43e6800e08da9eb23839b9bbfe067ba09e4a804c1a264eed725b336c3
[INFO] running `Command { std: "docker" "start" "-a" "c2d042f43e6800e08da9eb23839b9bbfe067ba09e4a804c1a264eed725b336c3", kill_on_drop: false }`
[INFO] [stderr]    Compiling syn v1.0.109
[INFO] [stderr]    Compiling modi_macros v0.1.1 (/opt/rustwide/workdir)
[INFO] [stderr]     Finished `dev` profile [unoptimized + debuginfo] target(s) in 6.84s
[INFO] running `Command { std: "docker" "inspect" "c2d042f43e6800e08da9eb23839b9bbfe067ba09e4a804c1a264eed725b336c3", kill_on_drop: false }`
[INFO] running `Command { std: "docker" "rm" "-f" "c2d042f43e6800e08da9eb23839b9bbfe067ba09e4a804c1a264eed725b336c3", kill_on_drop: false }`
[INFO] [stdout] c2d042f43e6800e08da9eb23839b9bbfe067ba09e4a804c1a264eed725b336c3
[INFO] running `Command { std: "docker" "create" "-v" "/var/lib/crater-agent-workspace/builds/worker-2-tc1/target:/opt/rustwide/target:rw,Z" "-v" "/var/lib/crater-agent-workspace/builds/worker-2-tc1/source:/opt/rustwide/workdir:ro,Z" "-v" "/var/lib/crater-agent-workspace/cargo-home:/opt/rustwide/cargo-home:ro,Z" "-v" "/var/lib/crater-agent-workspace/rustup-home:/opt/rustwide/rustup-home:ro,Z" "-e" "SOURCE_DIR=/opt/rustwide/workdir" "-e" "CARGO_TARGET_DIR=/opt/rustwide/target" "-e" "CARGO_INCREMENTAL=0" "-e" "RUST_BACKTRACE=full" "-e" "RUSTFLAGS=--cap-lints=forbid" "-e" "RUSTDOCFLAGS=--cap-lints=forbid" "-e" "CARGO_HOME=/opt/rustwide/cargo-home" "-e" "RUSTUP_HOME=/opt/rustwide/rustup-home" "-w" "/opt/rustwide/workdir" "-m" "1610612736" "--user" "0:0" "--network" "none" "ghcr.io/rust-lang/crates-build-env/linux@sha256:4a844ea9eb2546a2d2c7022eacef16ef2e8229c7fbb2c7d4d55a9ceca922f72d" "/opt/rustwide/cargo-home/bin/cargo" "+nightly-2024-10-28" "test" "--frozen" "--no-run" "--message-format=json", kill_on_drop: false }`
[INFO] [stdout] 8094c31eefdadf9ebca83fa254656bd3ad5288387909c0d818070f367281f907
[INFO] running `Command { std: "docker" "start" "-a" "8094c31eefdadf9ebca83fa254656bd3ad5288387909c0d818070f367281f907", kill_on_drop: false }`
[INFO] [stderr]    Compiling modi_macros v0.1.1 (/opt/rustwide/workdir)
[INFO] [stderr]     Finished `test` profile [unoptimized + debuginfo] target(s) in 1.73s
[INFO] running `Command { std: "docker" "inspect" "8094c31eefdadf9ebca83fa254656bd3ad5288387909c0d818070f367281f907", kill_on_drop: false }`
[INFO] running `Command { std: "docker" "rm" "-f" "8094c31eefdadf9ebca83fa254656bd3ad5288387909c0d818070f367281f907", kill_on_drop: false }`
[INFO] [stdout] 8094c31eefdadf9ebca83fa254656bd3ad5288387909c0d818070f367281f907
[INFO] running `Command { std: "docker" "create" "-v" "/var/lib/crater-agent-workspace/builds/worker-2-tc1/target:/opt/rustwide/target:rw,Z" "-v" "/var/lib/crater-agent-workspace/builds/worker-2-tc1/source:/opt/rustwide/workdir:ro,Z" "-v" "/var/lib/crater-agent-workspace/cargo-home:/opt/rustwide/cargo-home:ro,Z" "-v" "/var/lib/crater-agent-workspace/rustup-home:/opt/rustwide/rustup-home:ro,Z" "-e" "SOURCE_DIR=/opt/rustwide/workdir" "-e" "CARGO_TARGET_DIR=/opt/rustwide/target" "-e" "CARGO_INCREMENTAL=0" "-e" "RUST_BACKTRACE=full" "-e" "RUSTFLAGS=--cap-lints=forbid" "-e" "RUSTDOCFLAGS=--cap-lints=forbid" "-e" "CARGO_HOME=/opt/rustwide/cargo-home" "-e" "RUSTUP_HOME=/opt/rustwide/rustup-home" "-w" "/opt/rustwide/workdir" "-m" "1610612736" "--user" "0:0" "--network" "none" "ghcr.io/rust-lang/crates-build-env/linux@sha256:4a844ea9eb2546a2d2c7022eacef16ef2e8229c7fbb2c7d4d55a9ceca922f72d" "/opt/rustwide/cargo-home/bin/cargo" "+nightly-2024-10-28" "test" "--frozen", kill_on_drop: false }`
[INFO] [stdout] aaf2b51b9de94710d83f98c093559fc3e389818bb66c5d9e4513047b8727474b
[INFO] running `Command { std: "docker" "start" "-a" "aaf2b51b9de94710d83f98c093559fc3e389818bb66c5d9e4513047b8727474b", kill_on_drop: false }`
[INFO] [stderr]     Finished `test` profile [unoptimized + debuginfo] target(s) in 0.02s
[INFO] [stderr]      Running unittests src/lib.rs (/opt/rustwide/target/debug/deps/modi_macros-4971d7baa765abc9)
[INFO] [stdout] 
[INFO] [stdout] running 0 tests
[INFO] [stdout] 
[INFO] [stdout] test result: ok. 0 passed; 0 failed; 0 ignored; 0 measured; 0 filtered out; finished in 0.00s
[INFO] [stdout] 
[INFO] [stderr]    Doc-tests modi_macros
[INFO] [stdout] 
[INFO] [stdout] running 4 tests
[INFO] [stdout] test src/lib.rs - module (line 115) ... FAILED
[INFO] [stdout] test src/lib.rs - module (line 60) ... FAILED
[INFO] [stdout] test src/lib.rs - module (line 95) ... FAILED
[INFO] [stdout] test src/lib.rs - dyn_modules (line 164) ... FAILED
[INFO] [stdout] 
[INFO] [stdout] failures:
[INFO] [stdout] 
[INFO] [stdout] ---- src/lib.rs - module (line 115) stdout ----
[INFO] [stdout] error[E0433]: failed to resolve: use of undeclared crate or module `modi`
[INFO] [stdout]  --> src/lib.rs:116:5
[INFO] [stdout]   |
[INFO] [stdout] 2 | use modi::dyn_mod::{module, Component, Interface, HasComponent};
[INFO] [stdout]   |     ^^^^ use of undeclared crate or module `modi`
[INFO] [stdout] 
[INFO] [stdout] error: cannot find attribute `modi` in this scope
[INFO] [stdout]  --> src/lib.rs:122:3
[INFO] [stdout]   |
[INFO] [stdout] 8 | #[modi(interface = MyComponent)]
[INFO] [stdout]   |   ^^^^
[INFO] [stdout] 
[INFO] [stdout] error: aborting due to 2 previous errors
[INFO] [stdout] 
[INFO] [stdout] For more information about this error, try `rustc --explain E0433`.
[INFO] [stdout] Couldn't compile the test.
[INFO] [stdout] ---- src/lib.rs - module (line 60) stdout ----
[INFO] [stdout] error[E0433]: failed to resolve: use of undeclared crate or module `modi`
[INFO] [stdout]  --> src/lib.rs:61:5
[INFO] [stdout]   |
[INFO] [stdout] 2 | use modi::dyn_mod::{module, Component, Interface, HasComponent};
[INFO] [stdout]   |     ^^^^ use of undeclared crate or module `modi`
[INFO] [stdout] 
[INFO] [stdout] error: cannot find attribute `modi` in this scope
[INFO] [stdout]  --> src/lib.rs:66:3
[INFO] [stdout]   |
[INFO] [stdout] 7 | #[modi(interface = MyComponent<T>)]
[INFO] [stdout]   |   ^^^^
[INFO] [stdout] 
[INFO] [stdout] error: aborting due to 2 previous errors
[INFO] [stdout] 
[INFO] [stdout] For more information about this error, try `rustc --explain E0433`.
[INFO] [stdout] Couldn't compile the test.
[INFO] [stdout] ---- src/lib.rs - module (line 95) stdout ----
[INFO] [stdout] error[E0433]: failed to resolve: use of undeclared crate or module `modi`
[INFO] [stdout]  --> src/lib.rs:96:5
[INFO] [stdout]   |
[INFO] [stdout] 2 | use modi::dyn_mod::{module, Component, Interface};
[INFO] [stdout]   |     ^^^^ use of undeclared crate or module `modi`
[INFO] [stdout] 
[INFO] [stdout] error: cannot find attribute `modi` in this scope
[INFO] [stdout]  --> src/lib.rs:101:3
[INFO] [stdout]   |
[INFO] [stdout] 7 | #[modi(interface = Service)]
[INFO] [stdout]   |   ^^^^
[INFO] [stdout] 
[INFO] [stdout] error: aborting due to 2 previous errors
[INFO] [stdout] 
[INFO] [stdout] For more information about this error, try `rustc --explain E0433`.
[INFO] [stdout] Couldn't compile the test.
[INFO] [stdout] ---- src/lib.rs - dyn_modules (line 164) stdout ----
[INFO] [stdout] error: cannot find macro `dyn_modules` in this scope
[INFO] [stdout]  --> src/lib.rs:165:1
[INFO] [stdout]   |
[INFO] [stdout] 3 | dyn_modules![ConsoleOutput, TodayWriter];
[INFO] [stdout]   | ^^^^^^^^^^^
[INFO] [stdout]   |
[INFO] [stdout] help: consider importing this macro
[INFO] [stdout]   |
[INFO] [stdout] 2 + use modi_macros::dyn_modules;
[INFO] [stdout]   |
[INFO] [stdout] 
[INFO] [stdout] error: aborting due to 1 previous error
[INFO] [stdout] 
[INFO] [stdout] Couldn't compile the test.
[INFO] [stdout] 
[INFO] [stdout] failures:
[INFO] [stdout]     src/lib.rs - dyn_modules (line 164)
[INFO] [stdout]     src/lib.rs - module (line 115)
[INFO] [stdout]     src/lib.rs - module (line 60)
[INFO] [stdout]     src/lib.rs - module (line 95)
[INFO] [stdout] 
[INFO] [stdout] test result: FAILED. 0 passed; 4 failed; 0 ignored; 0 measured; 0 filtered out; finished in 0.27s
[INFO] [stdout] 
[INFO] [stderr] error: doctest failed, to rerun pass `--doc`
[INFO] running `Command { std: "docker" "inspect" "aaf2b51b9de94710d83f98c093559fc3e389818bb66c5d9e4513047b8727474b", kill_on_drop: false }`
[INFO] running `Command { std: "docker" "rm" "-f" "aaf2b51b9de94710d83f98c093559fc3e389818bb66c5d9e4513047b8727474b", kill_on_drop: false }`
[INFO] [stdout] aaf2b51b9de94710d83f98c093559fc3e389818bb66c5d9e4513047b8727474b
