[INFO] fetching crate mocktoffel 0.1.0...
[INFO] testing mocktoffel-0.1.0 against nightly-2024-10-28 for randomize-layout
[INFO] extracting crate mocktoffel 0.1.0 into /workspace/builds/worker-4-tc1/source
[INFO] validating manifest of crates.io crate mocktoffel 0.1.0 on toolchain nightly-2024-10-28
[INFO] running `Command { std: CARGO_HOME="/workspace/cargo-home" RUSTUP_HOME="/workspace/rustup-home" "/workspace/cargo-home/bin/cargo" "+nightly-2024-10-28" "metadata" "--manifest-path" "Cargo.toml" "--no-deps", kill_on_drop: false }`
[INFO] started tweaking crates.io crate mocktoffel 0.1.0
[INFO] finished tweaking crates.io crate mocktoffel 0.1.0
[INFO] tweaked toml for crates.io crate mocktoffel 0.1.0 written to /workspace/builds/worker-4-tc1/source/Cargo.toml
[INFO] running `Command { std: CARGO_HOME="/workspace/cargo-home" RUSTUP_HOME="/workspace/rustup-home" "/workspace/cargo-home/bin/cargo" "+nightly-2024-10-28" "generate-lockfile" "--manifest-path" "Cargo.toml", kill_on_drop: false }`
[INFO] [stderr]     Updating crates.io index
[INFO] [stderr]      Locking 4 packages to latest compatible versions
[INFO] running `Command { std: CARGO_HOME="/workspace/cargo-home" RUSTUP_HOME="/workspace/rustup-home" "/workspace/cargo-home/bin/cargo" "+nightly-2024-10-28" "fetch" "--manifest-path" "Cargo.toml", kill_on_drop: false }`
[INFO] running `Command { std: "docker" "create" "-v" "/var/lib/crater-agent-workspace/builds/worker-4-tc1/target:/opt/rustwide/target:rw,Z" "-v" "/var/lib/crater-agent-workspace/builds/worker-4-tc1/source:/opt/rustwide/workdir:ro,Z" "-v" "/var/lib/crater-agent-workspace/cargo-home:/opt/rustwide/cargo-home:ro,Z" "-v" "/var/lib/crater-agent-workspace/rustup-home:/opt/rustwide/rustup-home:ro,Z" "-e" "SOURCE_DIR=/opt/rustwide/workdir" "-e" "CARGO_TARGET_DIR=/opt/rustwide/target" "-e" "CARGO_HOME=/opt/rustwide/cargo-home" "-e" "RUSTUP_HOME=/opt/rustwide/rustup-home" "-w" "/opt/rustwide/workdir" "-m" "1610612736" "--user" "0:0" "--network" "none" "ghcr.io/rust-lang/crates-build-env/linux@sha256:4a844ea9eb2546a2d2c7022eacef16ef2e8229c7fbb2c7d4d55a9ceca922f72d" "/opt/rustwide/cargo-home/bin/cargo" "+nightly-2024-10-28" "metadata" "--no-deps" "--format-version=1", kill_on_drop: false }`
[INFO] [stdout] 957c564391f5d911a5e8420c9f95c5c0bfa590629f9bb7eea7cdc5c2f02dca82
[INFO] running `Command { std: "docker" "start" "-a" "957c564391f5d911a5e8420c9f95c5c0bfa590629f9bb7eea7cdc5c2f02dca82", kill_on_drop: false }`
[INFO] running `Command { std: "docker" "inspect" "957c564391f5d911a5e8420c9f95c5c0bfa590629f9bb7eea7cdc5c2f02dca82", kill_on_drop: false }`
[INFO] running `Command { std: "docker" "rm" "-f" "957c564391f5d911a5e8420c9f95c5c0bfa590629f9bb7eea7cdc5c2f02dca82", kill_on_drop: false }`
[INFO] [stdout] 957c564391f5d911a5e8420c9f95c5c0bfa590629f9bb7eea7cdc5c2f02dca82
[INFO] running `Command { std: "docker" "create" "-v" "/var/lib/crater-agent-workspace/builds/worker-4-tc1/target:/opt/rustwide/target:rw,Z" "-v" "/var/lib/crater-agent-workspace/builds/worker-4-tc1/source:/opt/rustwide/workdir:ro,Z" "-v" "/var/lib/crater-agent-workspace/cargo-home:/opt/rustwide/cargo-home:ro,Z" "-v" "/var/lib/crater-agent-workspace/rustup-home:/opt/rustwide/rustup-home:ro,Z" "-e" "SOURCE_DIR=/opt/rustwide/workdir" "-e" "CARGO_TARGET_DIR=/opt/rustwide/target" "-e" "CARGO_INCREMENTAL=0" "-e" "RUST_BACKTRACE=full" "-e" "RUSTFLAGS=--cap-lints=forbid" "-e" "RUSTDOCFLAGS=--cap-lints=forbid" "-e" "CARGO_HOME=/opt/rustwide/cargo-home" "-e" "RUSTUP_HOME=/opt/rustwide/rustup-home" "-w" "/opt/rustwide/workdir" "-m" "1610612736" "--user" "0:0" "--network" "none" "ghcr.io/rust-lang/crates-build-env/linux@sha256:4a844ea9eb2546a2d2c7022eacef16ef2e8229c7fbb2c7d4d55a9ceca922f72d" "/opt/rustwide/cargo-home/bin/cargo" "+nightly-2024-10-28" "build" "--frozen" "--message-format=json", kill_on_drop: false }`
[INFO] [stdout] 22ee4067a12dfaceec14159a72d8d7fb4cb00c5e7b5385fd43d02a0c82b5e938
[INFO] running `Command { std: "docker" "start" "-a" "22ee4067a12dfaceec14159a72d8d7fb4cb00c5e7b5385fd43d02a0c82b5e938", kill_on_drop: false }`
[INFO] [stderr]    Compiling syn v2.0.86
[INFO] [stderr]    Compiling mocktoffel v0.1.0 (/opt/rustwide/workdir)
[INFO] [stderr]     Finished `dev` profile [unoptimized + debuginfo] target(s) in 3.15s
[INFO] running `Command { std: "docker" "inspect" "22ee4067a12dfaceec14159a72d8d7fb4cb00c5e7b5385fd43d02a0c82b5e938", kill_on_drop: false }`
[INFO] running `Command { std: "docker" "rm" "-f" "22ee4067a12dfaceec14159a72d8d7fb4cb00c5e7b5385fd43d02a0c82b5e938", kill_on_drop: false }`
[INFO] [stdout] 22ee4067a12dfaceec14159a72d8d7fb4cb00c5e7b5385fd43d02a0c82b5e938
[INFO] running `Command { std: "docker" "create" "-v" "/var/lib/crater-agent-workspace/builds/worker-4-tc1/target:/opt/rustwide/target:rw,Z" "-v" "/var/lib/crater-agent-workspace/builds/worker-4-tc1/source:/opt/rustwide/workdir:ro,Z" "-v" "/var/lib/crater-agent-workspace/cargo-home:/opt/rustwide/cargo-home:ro,Z" "-v" "/var/lib/crater-agent-workspace/rustup-home:/opt/rustwide/rustup-home:ro,Z" "-e" "SOURCE_DIR=/opt/rustwide/workdir" "-e" "CARGO_TARGET_DIR=/opt/rustwide/target" "-e" "CARGO_INCREMENTAL=0" "-e" "RUST_BACKTRACE=full" "-e" "RUSTFLAGS=--cap-lints=forbid" "-e" "RUSTDOCFLAGS=--cap-lints=forbid" "-e" "CARGO_HOME=/opt/rustwide/cargo-home" "-e" "RUSTUP_HOME=/opt/rustwide/rustup-home" "-w" "/opt/rustwide/workdir" "-m" "1610612736" "--user" "0:0" "--network" "none" "ghcr.io/rust-lang/crates-build-env/linux@sha256:4a844ea9eb2546a2d2c7022eacef16ef2e8229c7fbb2c7d4d55a9ceca922f72d" "/opt/rustwide/cargo-home/bin/cargo" "+nightly-2024-10-28" "test" "--frozen" "--no-run" "--message-format=json", kill_on_drop: false }`
[INFO] [stdout] d9b508b7ff2cb9602e3aa653f5cbbaa05bbe14b591f5d73b1d8c490c54b0d42a
[INFO] running `Command { std: "docker" "start" "-a" "d9b508b7ff2cb9602e3aa653f5cbbaa05bbe14b591f5d73b1d8c490c54b0d42a", kill_on_drop: false }`
[INFO] [stderr]    Compiling mocktoffel v0.1.0 (/opt/rustwide/workdir)
[INFO] [stderr]     Finished `test` profile [unoptimized + debuginfo] target(s) in 0.26s
[INFO] running `Command { std: "docker" "inspect" "d9b508b7ff2cb9602e3aa653f5cbbaa05bbe14b591f5d73b1d8c490c54b0d42a", kill_on_drop: false }`
[INFO] running `Command { std: "docker" "rm" "-f" "d9b508b7ff2cb9602e3aa653f5cbbaa05bbe14b591f5d73b1d8c490c54b0d42a", kill_on_drop: false }`
[INFO] [stdout] d9b508b7ff2cb9602e3aa653f5cbbaa05bbe14b591f5d73b1d8c490c54b0d42a
[INFO] running `Command { std: "docker" "create" "-v" "/var/lib/crater-agent-workspace/builds/worker-4-tc1/target:/opt/rustwide/target:rw,Z" "-v" "/var/lib/crater-agent-workspace/builds/worker-4-tc1/source:/opt/rustwide/workdir:ro,Z" "-v" "/var/lib/crater-agent-workspace/cargo-home:/opt/rustwide/cargo-home:ro,Z" "-v" "/var/lib/crater-agent-workspace/rustup-home:/opt/rustwide/rustup-home:ro,Z" "-e" "SOURCE_DIR=/opt/rustwide/workdir" "-e" "CARGO_TARGET_DIR=/opt/rustwide/target" "-e" "CARGO_INCREMENTAL=0" "-e" "RUST_BACKTRACE=full" "-e" "RUSTFLAGS=--cap-lints=forbid" "-e" "RUSTDOCFLAGS=--cap-lints=forbid" "-e" "CARGO_HOME=/opt/rustwide/cargo-home" "-e" "RUSTUP_HOME=/opt/rustwide/rustup-home" "-w" "/opt/rustwide/workdir" "-m" "1610612736" "--user" "0:0" "--network" "none" "ghcr.io/rust-lang/crates-build-env/linux@sha256:4a844ea9eb2546a2d2c7022eacef16ef2e8229c7fbb2c7d4d55a9ceca922f72d" "/opt/rustwide/cargo-home/bin/cargo" "+nightly-2024-10-28" "test" "--frozen", kill_on_drop: false }`
[INFO] [stdout] f7035160c3fb2bb0776c8a41a988aa470793b80ec62863932d5ca2dccf9ea470
[INFO] running `Command { std: "docker" "start" "-a" "f7035160c3fb2bb0776c8a41a988aa470793b80ec62863932d5ca2dccf9ea470", kill_on_drop: false }`
[INFO] [stderr]     Finished `test` profile [unoptimized + debuginfo] target(s) in 0.01s
[INFO] [stderr]      Running unittests src/lib.rs (/opt/rustwide/target/debug/deps/mocktoffel-f5b5dddddd23b5c4)
[INFO] [stdout] 
[INFO] [stdout] running 2 tests
[INFO] [stdout] test branch::tests::resolve_path_and_mock_for_single_segment ... ok
[INFO] [stdout] test branch::tests::resolve_multi_segment ... ok
[INFO] [stdout] 
[INFO] [stdout] test result: ok. 2 passed; 0 failed; 0 ignored; 0 measured; 0 filtered out; finished in 0.00s
[INFO] [stdout] 
[INFO] [stderr]    Doc-tests mocktoffel
[INFO] [stdout] 
[INFO] [stdout] running 4 tests
[INFO] [stdout] test src/lib.rs - toffel (line 64) ... FAILED
[INFO] [stdout] test src/lib.rs - mock_impl (line 160) ... FAILED
[INFO] [stdout] test src/lib.rs - (line 25) ... FAILED
[INFO] [stdout] test src/lib.rs - mock (line 108) ... ok
[INFO] [stdout] 
[INFO] [stdout] failures:
[INFO] [stdout] 
[INFO] [stdout] ---- src/lib.rs - toffel (line 64) stdout ----
[INFO] [stdout] error: expected non-macro attribute, found attribute macro `mock`
[INFO] [stdout]  --> src/lib.rs:70:5
[INFO] [stdout]   |
[INFO] [stdout] 9 |   #[mock]
[INFO] [stdout]   |     ^^^^ not a non-macro attribute
[INFO] [stdout] 
[INFO] [stdout] error: aborting due to 1 previous error
[INFO] [stdout] 
[INFO] [stdout] Couldn't compile the test.
[INFO] [stdout] ---- src/lib.rs - mock_impl (line 160) stdout ----
[INFO] [stdout] error: cannot find attribute `mock_impl` in this scope
[INFO] [stdout]  --> src/lib.rs:166:3
[INFO] [stdout]   |
[INFO] [stdout] 8 | #[mock_impl]
[INFO] [stdout]   |   ^^^^^^^^^
[INFO] [stdout]   |
[INFO] [stdout] help: consider importing this attribute macro
[INFO] [stdout]   |
[INFO] [stdout] 2 + use mocktoffel::mock_impl;
[INFO] [stdout]   |
[INFO] [stdout] 
[INFO] [stdout] error: cannot find attribute `mock` in this scope
[INFO] [stdout]  --> src/lib.rs:161:3
[INFO] [stdout]   |
[INFO] [stdout] 3 | #[mock]
[INFO] [stdout]   |   ^^^^
[INFO] [stdout]   |
[INFO] [stdout] help: consider importing this attribute macro
[INFO] [stdout]   |
[INFO] [stdout] 2 + use mocktoffel::mock;
[INFO] [stdout]   |
[INFO] [stdout] 
[INFO] [stdout] error: aborting due to 2 previous errors
[INFO] [stdout] 
[INFO] [stdout] Couldn't compile the test.
[INFO] [stdout] ---- src/lib.rs - (line 25) stdout ----
[INFO] [stdout] error: cannot find attribute `mocked` in this scope
[INFO] [stdout]    --> src/lib.rs:31:7
[INFO] [stdout]     |
[INFO] [stdout] 9   |     #[mocked]
[INFO] [stdout]     |       ^^^^^^ help: an attribute macro with a similar name exists: `mock`
[INFO] [stdout]     |
[INFO] [stdout]    ::: /opt/rustwide/workdir/src/lib.rs:125:1
[INFO] [stdout]     |
[INFO] [stdout] 125 | pub fn mock(tokens: TokenStream, input: TokenStream) -> TokenStream {
[INFO] [stdout]     | ------------------------------------------------------------------- similarly named attribute macro `mock` defined here
[INFO] [stdout] 
[INFO] [stdout] error: aborting due to 1 previous error
[INFO] [stdout] 
[INFO] [stdout] Couldn't compile the test.
[INFO] [stdout] 
[INFO] [stdout] failures:
[INFO] [stdout]     src/lib.rs - (line 25)
[INFO] [stdout]     src/lib.rs - mock_impl (line 160)
[INFO] [stdout]     src/lib.rs - toffel (line 64)
[INFO] [stdout] 
[INFO] [stdout] test result: FAILED. 1 passed; 3 failed; 0 ignored; 0 measured; 0 filtered out; finished in 0.07s
[INFO] [stdout] 
[INFO] [stderr] error: doctest failed, to rerun pass `--doc`
[INFO] running `Command { std: "docker" "inspect" "f7035160c3fb2bb0776c8a41a988aa470793b80ec62863932d5ca2dccf9ea470", kill_on_drop: false }`
[INFO] running `Command { std: "docker" "rm" "-f" "f7035160c3fb2bb0776c8a41a988aa470793b80ec62863932d5ca2dccf9ea470", kill_on_drop: false }`
[INFO] [stdout] f7035160c3fb2bb0776c8a41a988aa470793b80ec62863932d5ca2dccf9ea470
