[INFO] fetching crate mockser 0.1.6...
[INFO] testing mockser-0.1.6 against nightly-2024-10-28 for randomize-layout
[INFO] extracting crate mockser 0.1.6 into /workspace/builds/worker-6-tc1/source
[INFO] validating manifest of crates.io crate mockser 0.1.6 on toolchain nightly-2024-10-28
[INFO] running `Command { std: CARGO_HOME="/workspace/cargo-home" RUSTUP_HOME="/workspace/rustup-home" "/workspace/cargo-home/bin/cargo" "+nightly-2024-10-28" "metadata" "--manifest-path" "Cargo.toml" "--no-deps", kill_on_drop: false }`
[INFO] started tweaking crates.io crate mockser 0.1.6
[INFO] finished tweaking crates.io crate mockser 0.1.6
[INFO] tweaked toml for crates.io crate mockser 0.1.6 written to /workspace/builds/worker-6-tc1/source/Cargo.toml
[INFO] crate crates.io crate mockser 0.1.6 already has a lockfile, it will not be regenerated
[INFO] running `Command { std: CARGO_HOME="/workspace/cargo-home" RUSTUP_HOME="/workspace/rustup-home" "/workspace/cargo-home/bin/cargo" "+nightly-2024-10-28" "fetch" "--manifest-path" "Cargo.toml", kill_on_drop: false }`
[INFO] [stderr]     Updating crates.io index
[INFO] [stderr]  Downloading crates ...
[INFO] [stderr]   Downloaded human-panic v2.0.0
[INFO] [stderr]   Downloaded serde_path_to_error v0.1.15
[INFO] [stderr]   Downloaded toml v0.8.9
[INFO] [stderr]   Downloaded hurl_core v4.3.0
[INFO] [stderr]   Downloaded libxml v0.3.3
[INFO] [stderr]   Downloaded hyper v1.1.0
[INFO] [stderr]   Downloaded winnow v0.5.37
[INFO] [stderr]   Downloaded brotli-decompressor v4.0.0
[INFO] [stderr]   Downloaded hurl v4.3.0
[INFO] [stderr]   Downloaded brotli v5.0.0
[INFO] running `Command { std: "docker" "create" "-v" "/var/lib/crater-agent-workspace/builds/worker-6-tc1/target:/opt/rustwide/target:rw,Z" "-v" "/var/lib/crater-agent-workspace/builds/worker-6-tc1/source:/opt/rustwide/workdir:ro,Z" "-v" "/var/lib/crater-agent-workspace/cargo-home:/opt/rustwide/cargo-home:ro,Z" "-v" "/var/lib/crater-agent-workspace/rustup-home:/opt/rustwide/rustup-home:ro,Z" "-e" "SOURCE_DIR=/opt/rustwide/workdir" "-e" "CARGO_TARGET_DIR=/opt/rustwide/target" "-e" "CARGO_HOME=/opt/rustwide/cargo-home" "-e" "RUSTUP_HOME=/opt/rustwide/rustup-home" "-w" "/opt/rustwide/workdir" "-m" "1610612736" "--user" "0:0" "--network" "none" "ghcr.io/rust-lang/crates-build-env/linux@sha256:4a844ea9eb2546a2d2c7022eacef16ef2e8229c7fbb2c7d4d55a9ceca922f72d" "/opt/rustwide/cargo-home/bin/cargo" "+nightly-2024-10-28" "metadata" "--no-deps" "--format-version=1", kill_on_drop: false }`
[INFO] [stdout] 7cef4642933abcc4c55c1aeef58864b4b93a43b452a61a015265f074e27717c6
[INFO] running `Command { std: "docker" "start" "-a" "7cef4642933abcc4c55c1aeef58864b4b93a43b452a61a015265f074e27717c6", kill_on_drop: false }`
[INFO] running `Command { std: "docker" "inspect" "7cef4642933abcc4c55c1aeef58864b4b93a43b452a61a015265f074e27717c6", kill_on_drop: false }`
[INFO] running `Command { std: "docker" "rm" "-f" "7cef4642933abcc4c55c1aeef58864b4b93a43b452a61a015265f074e27717c6", kill_on_drop: false }`
[INFO] [stdout] 7cef4642933abcc4c55c1aeef58864b4b93a43b452a61a015265f074e27717c6
[INFO] running `Command { std: "docker" "create" "-v" "/var/lib/crater-agent-workspace/builds/worker-6-tc1/target:/opt/rustwide/target:rw,Z" "-v" "/var/lib/crater-agent-workspace/builds/worker-6-tc1/source:/opt/rustwide/workdir:ro,Z" "-v" "/var/lib/crater-agent-workspace/cargo-home:/opt/rustwide/cargo-home:ro,Z" "-v" "/var/lib/crater-agent-workspace/rustup-home:/opt/rustwide/rustup-home:ro,Z" "-e" "SOURCE_DIR=/opt/rustwide/workdir" "-e" "CARGO_TARGET_DIR=/opt/rustwide/target" "-e" "CARGO_INCREMENTAL=0" "-e" "RUST_BACKTRACE=full" "-e" "RUSTFLAGS=--cap-lints=forbid" "-e" "RUSTDOCFLAGS=--cap-lints=forbid" "-e" "CARGO_HOME=/opt/rustwide/cargo-home" "-e" "RUSTUP_HOME=/opt/rustwide/rustup-home" "-w" "/opt/rustwide/workdir" "-m" "1610612736" "--user" "0:0" "--network" "none" "ghcr.io/rust-lang/crates-build-env/linux@sha256:4a844ea9eb2546a2d2c7022eacef16ef2e8229c7fbb2c7d4d55a9ceca922f72d" "/opt/rustwide/cargo-home/bin/cargo" "+nightly-2024-10-28" "build" "--frozen" "--message-format=json", kill_on_drop: false }`
[INFO] [stdout] 798091afdf58ca19b3b2bf69633ce039034bca9bf82a1beeceded753ad4c7083
[INFO] running `Command { std: "docker" "start" "-a" "798091afdf58ca19b3b2bf69633ce039034bca9bf82a1beeceded753ad4c7083", kill_on_drop: false }`
[INFO] [stderr]    Compiling serde v1.0.202
[INFO] [stderr]    Compiling memchr v2.7.1
[INFO] [stderr]    Compiling libc v0.2.153
[INFO] [stderr]    Compiling itoa v1.0.10
[INFO] [stderr]    Compiling log v0.4.21
[INFO] [stderr]    Compiling crunchy v0.2.2
[INFO] [stderr]    Compiling pin-project-lite v0.2.13
[INFO] [stderr]    Compiling rustversion v1.0.14
[INFO] [stderr]    Compiling tiny-keccak v2.0.2
[INFO] [stderr]    Compiling thiserror v1.0.56
[INFO] [stderr]    Compiling bytes v1.5.0
[INFO] [stderr]    Compiling futures-task v0.3.30
[INFO] [stderr]    Compiling tracing-core v0.1.32
[INFO] [stderr]    Compiling ucd-trie v0.1.6
[INFO] [stderr]    Compiling syn v2.0.48
[INFO] [stderr]    Compiling hashbrown v0.14.3
[INFO] [stderr]    Compiling futures-util v0.3.30
[INFO] [stderr]    Compiling async-trait v0.1.77
[INFO] [stderr]    Compiling httparse v1.8.0
[INFO] [stderr]    Compiling ryu v1.0.16
[INFO] [stderr]    Compiling cc v1.0.97
[INFO] [stderr]    Compiling serde_json v1.0.117
[INFO] [stderr]    Compiling winnow v0.5.37
[INFO] [stderr]    Compiling regex-syntax v0.8.2
[INFO] [stderr]    Compiling anstyle-parse v0.2.3
[INFO] [stderr]    Compiling http v1.0.0
[INFO] [stderr]    Compiling futures-channel v0.3.30
[INFO] [stderr]    Compiling aho-corasick v1.1.2
[INFO] [stderr]    Compiling getrandom v0.2.12
[INFO] [stderr]    Compiling hashbrown v0.13.2
[INFO] [stderr]    Compiling anstyle v1.0.6
[INFO] [stderr]    Compiling gimli v0.28.1
[INFO] [stderr]    Compiling indexmap v2.2.2
[INFO] [stderr]    Compiling const-random-macro v0.1.16
[INFO] [stderr]    Compiling anstyle-query v1.0.2
[INFO] [stderr]    Compiling colorchoice v1.0.0
[INFO] [stderr]    Compiling miniz_oxide v0.7.1
[INFO] [stderr]    Compiling object v0.32.2
[INFO] [stderr]    Compiling num_cpus v1.16.0
[INFO] [stderr]    Compiling socket2 v0.5.5
[INFO] [stderr]    Compiling mio v0.8.10
[INFO] [stderr]    Compiling signal-hook-registry v1.4.1
[INFO] [stderr]    Compiling http-body v1.0.0
[INFO] [stderr]    Compiling const-random v0.1.17
[INFO] [stderr]    Compiling axum-core v0.4.3
[INFO] [stderr]    Compiling dlv-list v0.5.2
[INFO] [stderr]    Compiling axum v0.7.5
[INFO] [stderr]    Compiling anstream v0.6.11
[INFO] [stderr]    Compiling ordered-multimap v0.6.0
[INFO] [stderr]    Compiling regex-automata v0.4.5
[INFO] [stderr]    Compiling unicode-segmentation v1.10.1
[INFO] [stderr]    Compiling rustc-demangle v0.1.23
[INFO] [stderr]    Compiling overload v0.1.1
[INFO] [stderr]    Compiling nu-ansi-term v0.46.0
[INFO] [stderr]    Compiling nom v7.1.3
[INFO] [stderr]    Compiling backtrace v0.3.69
[INFO] [stderr]    Compiling yaml-rust v0.4.5
[INFO] [stderr]    Compiling uuid v1.8.0
[INFO] [stderr]    Compiling rust-ini v0.19.0
[INFO] [stderr]    Compiling convert_case v0.6.0
[INFO] [stderr]    Compiling sharded-slab v0.1.7
[INFO] [stderr]    Compiling http-body-util v0.1.0
[INFO] [stderr]    Compiling tracing-log v0.2.0
[INFO] [stderr]    Compiling thread_local v1.1.7
[INFO] [stderr]    Compiling humantime v2.1.0
[INFO] [stderr]    Compiling sync_wrapper v1.0.0
[INFO] [stderr]    Compiling smallvec v1.13.1
[INFO] [stderr]    Compiling matchit v0.7.3
[INFO] [stderr]    Compiling pathdiff v0.2.1
[INFO] [stderr]    Compiling tracing-subscriber v0.3.18
[INFO] [stderr]    Compiling addr2line v0.21.0
[INFO] [stderr]    Compiling regex v1.10.4
[INFO] [stderr]    Compiling serde_derive v1.0.202
[INFO] [stderr]    Compiling thiserror-impl v1.0.56
[INFO] [stderr]    Compiling tokio-macros v2.2.0
[INFO] [stderr]    Compiling tracing-attributes v0.1.27
[INFO] [stderr]    Compiling pin-project-internal v1.1.4
[INFO] [stderr]    Compiling env_filter v0.1.0
[INFO] [stderr]    Compiling env_logger v0.11.3
[INFO] [stderr]    Compiling tokio v1.37.0
[INFO] [stderr]    Compiling pest v2.7.6
[INFO] [stderr]    Compiling tracing v0.1.40
[INFO] [stderr]    Compiling pin-project v1.1.4
[INFO] [stderr]    Compiling pest_meta v2.7.6
[INFO] [stderr]    Compiling pest_generator v2.7.6
[INFO] [stderr]    Compiling pest_derive v2.7.6
[INFO] [stderr]    Compiling hyper v1.1.0
[INFO] [stderr]    Compiling tower v0.4.13
[INFO] [stderr]    Compiling hyper-util v0.1.3
[INFO] [stderr]    Compiling toml_datetime v0.6.5
[INFO] [stderr]    Compiling serde_spanned v0.6.5
[INFO] [stderr]    Compiling bitflags v2.4.2
[INFO] [stderr]    Compiling os_info v3.7.0
[INFO] [stderr]    Compiling json5 v0.4.1
[INFO] [stderr]    Compiling serde_urlencoded v0.7.1
[INFO] [stderr]    Compiling serde_path_to_error v0.1.15
[INFO] [stderr]    Compiling toml_edit v0.21.1
[INFO] [stderr]    Compiling ron v0.8.1
[INFO] [stderr]    Compiling toml v0.8.9
[INFO] [stderr]    Compiling human-panic v2.0.0
[INFO] [stderr]    Compiling config v0.14.0
[INFO] [stderr]    Compiling mockser v0.1.6 (/opt/rustwide/workdir)
[INFO] [stderr]     Finished `dev` profile [unoptimized + debuginfo] target(s) in 17.05s
[INFO] running `Command { std: "docker" "inspect" "798091afdf58ca19b3b2bf69633ce039034bca9bf82a1beeceded753ad4c7083", kill_on_drop: false }`
[INFO] running `Command { std: "docker" "rm" "-f" "798091afdf58ca19b3b2bf69633ce039034bca9bf82a1beeceded753ad4c7083", kill_on_drop: false }`
[INFO] [stdout] 798091afdf58ca19b3b2bf69633ce039034bca9bf82a1beeceded753ad4c7083
[INFO] running `Command { std: "docker" "create" "-v" "/var/lib/crater-agent-workspace/builds/worker-6-tc1/target:/opt/rustwide/target:rw,Z" "-v" "/var/lib/crater-agent-workspace/builds/worker-6-tc1/source:/opt/rustwide/workdir:ro,Z" "-v" "/var/lib/crater-agent-workspace/cargo-home:/opt/rustwide/cargo-home:ro,Z" "-v" "/var/lib/crater-agent-workspace/rustup-home:/opt/rustwide/rustup-home:ro,Z" "-e" "SOURCE_DIR=/opt/rustwide/workdir" "-e" "CARGO_TARGET_DIR=/opt/rustwide/target" "-e" "CARGO_INCREMENTAL=0" "-e" "RUST_BACKTRACE=full" "-e" "RUSTFLAGS=--cap-lints=forbid" "-e" "RUSTDOCFLAGS=--cap-lints=forbid" "-e" "CARGO_HOME=/opt/rustwide/cargo-home" "-e" "RUSTUP_HOME=/opt/rustwide/rustup-home" "-w" "/opt/rustwide/workdir" "-m" "1610612736" "--user" "0:0" "--network" "none" "ghcr.io/rust-lang/crates-build-env/linux@sha256:4a844ea9eb2546a2d2c7022eacef16ef2e8229c7fbb2c7d4d55a9ceca922f72d" "/opt/rustwide/cargo-home/bin/cargo" "+nightly-2024-10-28" "test" "--frozen" "--no-run" "--message-format=json", kill_on_drop: false }`
[INFO] [stdout] 03b60bf1482d36fb98fe6baba3de11402c7849f7bc4a17e1c067f2244ccbe893
[INFO] running `Command { std: "docker" "start" "-a" "03b60bf1482d36fb98fe6baba3de11402c7849f7bc4a17e1c067f2244ccbe893", kill_on_drop: false }`
[INFO] [stderr]    Compiling pkg-config v0.3.30
[INFO] [stderr]    Compiling futures-sink v0.3.30
[INFO] [stderr]    Compiling futures-io v0.3.30
[INFO] [stderr]    Compiling slab v0.4.9
[INFO] [stderr]    Compiling ahash v0.8.10
[INFO] [stderr]    Compiling regex-syntax v0.8.2
[INFO] [stderr]    Compiling zerocopy v0.7.32
[INFO] [stderr]    Compiling syn v2.0.48
[INFO] [stderr]    Compiling getrandom v0.2.12
[INFO] [stderr]    Compiling typenum v1.17.0
[INFO] [stderr]    Compiling generic-array v0.14.7
[INFO] [stderr]    Compiling semver v1.0.22
[INFO] [stderr]    Compiling serde_json v1.0.117
[INFO] [stderr]    Compiling encoding_index_tests v0.1.4
[INFO] [stderr]    Compiling num-traits v0.2.18
[INFO] [stderr]    Compiling futures-channel v0.3.30
[INFO] [stderr]    Compiling rustix v0.38.31
[INFO] [stderr]    Compiling linux-raw-sys v0.4.13
[INFO] [stderr]    Compiling tinyvec v1.6.0
[INFO] [stderr]    Compiling rand_core v0.6.4
[INFO] [stderr]    Compiling crc32fast v1.4.0
[INFO] [stderr]    Compiling const-random-macro v0.1.16
[INFO] [stderr]    Compiling alloc-no-stdlib v2.0.4
[INFO] [stderr]    Compiling core2 v0.4.0
[INFO] [stderr]    Compiling curl v0.4.46
[INFO] [stderr]    Compiling rand_chacha v0.3.1
[INFO] [stderr]    Compiling alloc-stdlib v0.2.2
[INFO] [stderr]    Compiling rle-decode-fast v1.0.3
[INFO] [stderr]    Compiling strsim v0.11.0
[INFO] [stderr]    Compiling brotli-decompressor v4.0.0
[INFO] [stderr]    Compiling hashbrown v0.13.2
[INFO] [stderr]    Compiling encoding-index-japanese v1.20141219.5
[INFO] [stderr]    Compiling const-random v0.1.17
[INFO] [stderr]    Compiling dlv-list v0.5.2
[INFO] [stderr]    Compiling encoding-index-simpchinese v1.20141219.5
[INFO] [stderr]    Compiling rand v0.8.5
[INFO] [stderr]    Compiling rustc_version v0.4.0
[INFO] [stderr]    Compiling libz-sys v1.1.15
[INFO] [stderr]    Compiling openssl-sys v0.9.101
[INFO] [stderr]    Compiling curl-sys v0.4.72+curl-8.6.0
[INFO] [stderr]    Compiling libxml v0.3.3
[INFO] [stderr]    Compiling encoding-index-singlebyte v1.20141219.5
[INFO] [stderr]    Compiling encoding-index-tradchinese v1.20141219.5
[INFO] [stderr]    Compiling encoding-index-korean v1.20141219.5
[INFO] [stderr]    Compiling rstest_macros v0.18.2
[INFO] [stderr]    Compiling unicode-normalization v0.1.23
[INFO] [stderr]    Compiling hurl v4.3.0
[INFO] [stderr]    Compiling relative-path v1.9.2
[INFO] [stderr]    Compiling ordered-multimap v0.6.0
[INFO] [stderr]    Compiling libflate_lz77 v2.0.0
[INFO] [stderr]    Compiling numtoa v0.1.0
[INFO] [stderr]    Compiling iana-time-zone v0.1.60
[INFO] [stderr]    Compiling adler32 v1.2.0
[INFO] [stderr]    Compiling dary_heap v0.3.6
[INFO] [stderr]    Compiling float-cmp v0.9.0
[INFO] [stderr]    Compiling cpufeatures v0.2.12
[INFO] [stderr]    Compiling chrono v0.4.38
[INFO] [stderr]    Compiling rust-ini v0.19.0
[INFO] [stderr]    Compiling uuid v1.8.0
[INFO] [stderr]    Compiling brotli v5.0.0
[INFO] [stderr]    Compiling libflate v2.0.0
[INFO] [stderr]    Compiling termion v3.0.0
[INFO] [stderr]    Compiling idna v0.5.0
[INFO] [stderr]    Compiling encoding v0.2.33
[INFO] [stderr]    Compiling colored v2.1.0
[INFO] [stderr]    Compiling futures-timer v3.0.3
[INFO] [stderr]    Compiling crypto-common v0.1.6
[INFO] [stderr]    Compiling block-buffer v0.10.4
[INFO] [stderr]    Compiling hex-literal v0.4.1
[INFO] [stderr]    Compiling md5 v0.7.0
[INFO] [stderr]    Compiling xml-rs v0.8.20
[INFO] [stderr]    Compiling digest v0.10.7
[INFO] [stderr]    Compiling url v2.5.0
[INFO] [stderr]    Compiling regex-automata v0.4.5
[INFO] [stderr]    Compiling sha2 v0.10.8
[INFO] [stderr]    Compiling regex v1.10.4
[INFO] [stderr]    Compiling serde_derive v1.0.202
[INFO] [stderr]    Compiling futures-macro v0.3.30
[INFO] [stderr]    Compiling thiserror-impl v1.0.56
[INFO] [stderr]    Compiling tokio-macros v2.2.0
[INFO] [stderr]    Compiling tracing-attributes v0.1.27
[INFO] [stderr]    Compiling async-trait v0.1.77
[INFO] [stderr]    Compiling pin-project-internal v1.1.4
[INFO] [stderr]    Compiling env_filter v0.1.0
[INFO] [stderr]    Compiling hurl_core v4.3.0
[INFO] [stderr]    Compiling env_logger v0.11.3
[INFO] [stderr]    Compiling tokio v1.37.0
[INFO] [stderr]    Compiling futures-util v0.3.30
[INFO] [stderr]    Compiling pin-project v1.1.4
[INFO] [stderr]    Compiling thiserror v1.0.56
[INFO] [stderr]    Compiling tracing v0.1.40
[INFO] [stderr]    Compiling pest v2.7.6
[INFO] [stderr]    Compiling pest_meta v2.7.6
[INFO] [stderr]    Compiling serde v1.0.202
[INFO] [stderr]    Compiling pest_generator v2.7.6
[INFO] [stderr]    Compiling hyper v1.1.0
[INFO] [stderr]    Compiling http-body-util v0.1.0
[INFO] [stderr]    Compiling tower v0.4.13
[INFO] [stderr]    Compiling futures-executor v0.3.30
[INFO] [stderr]    Compiling futures v0.3.30
[INFO] [stderr]    Compiling pest_derive v2.7.6
[INFO] [stderr]    Compiling rstest v0.18.2
[INFO] [stderr]    Compiling axum-core v0.4.3
[INFO] [stderr]    Compiling hyper-util v0.1.3
[INFO] [stderr]    Compiling bitflags v2.4.2
[INFO] [stderr]    Compiling serde_spanned v0.6.5
[INFO] [stderr]    Compiling toml_datetime v0.6.5
[INFO] [stderr]    Compiling serde_urlencoded v0.7.1
[INFO] [stderr]    Compiling json5 v0.4.1
[INFO] [stderr]    Compiling os_info v3.7.0
[INFO] [stderr]    Compiling serde_path_to_error v0.1.15
[INFO] [stderr]    Compiling toml_edit v0.21.1
[INFO] [stderr]    Compiling ron v0.8.1
[INFO] [stderr]    Compiling terminal_size v0.3.0
[INFO] [stderr]    Compiling clap_builder v4.5.2
[INFO] [stderr]    Compiling axum v0.7.5
[INFO] [stderr]    Compiling toml v0.8.9
[INFO] [stderr]    Compiling config v0.14.0
[INFO] [stderr]    Compiling human-panic v2.0.0
[INFO] [stderr]    Compiling clap v4.5.4
[INFO] [stderr]    Compiling mockser v0.1.6 (/opt/rustwide/workdir)
[INFO] [stderr]     Finished `test` profile [unoptimized + debuginfo] target(s) in 25.65s
[INFO] running `Command { std: "docker" "inspect" "03b60bf1482d36fb98fe6baba3de11402c7849f7bc4a17e1c067f2244ccbe893", kill_on_drop: false }`
[INFO] running `Command { std: "docker" "rm" "-f" "03b60bf1482d36fb98fe6baba3de11402c7849f7bc4a17e1c067f2244ccbe893", kill_on_drop: false }`
[INFO] [stdout] 03b60bf1482d36fb98fe6baba3de11402c7849f7bc4a17e1c067f2244ccbe893
[INFO] running `Command { std: "docker" "create" "-v" "/var/lib/crater-agent-workspace/builds/worker-6-tc1/target:/opt/rustwide/target:rw,Z" "-v" "/var/lib/crater-agent-workspace/builds/worker-6-tc1/source:/opt/rustwide/workdir:ro,Z" "-v" "/var/lib/crater-agent-workspace/cargo-home:/opt/rustwide/cargo-home:ro,Z" "-v" "/var/lib/crater-agent-workspace/rustup-home:/opt/rustwide/rustup-home:ro,Z" "-e" "SOURCE_DIR=/opt/rustwide/workdir" "-e" "CARGO_TARGET_DIR=/opt/rustwide/target" "-e" "CARGO_INCREMENTAL=0" "-e" "RUST_BACKTRACE=full" "-e" "RUSTFLAGS=--cap-lints=forbid" "-e" "RUSTDOCFLAGS=--cap-lints=forbid" "-e" "CARGO_HOME=/opt/rustwide/cargo-home" "-e" "RUSTUP_HOME=/opt/rustwide/rustup-home" "-w" "/opt/rustwide/workdir" "-m" "1610612736" "--user" "0:0" "--network" "none" "ghcr.io/rust-lang/crates-build-env/linux@sha256:4a844ea9eb2546a2d2c7022eacef16ef2e8229c7fbb2c7d4d55a9ceca922f72d" "/opt/rustwide/cargo-home/bin/cargo" "+nightly-2024-10-28" "test" "--frozen", kill_on_drop: false }`
[INFO] [stdout] 048f621850d15ea7254270ea15dcd9c14c8859dd4e6d103c015e7f1492961692
[INFO] running `Command { std: "docker" "start" "-a" "048f621850d15ea7254270ea15dcd9c14c8859dd4e6d103c015e7f1492961692", kill_on_drop: false }`
[INFO] [stderr]     Finished `test` profile [unoptimized + debuginfo] target(s) in 0.34s
[INFO] [stderr]      Running unittests src/lib.rs (/opt/rustwide/target/debug/deps/mockser-0929fd312383bf76)
[INFO] [stdout] 
[INFO] [stdout] running 0 tests
[INFO] [stdout] 
[INFO] [stdout] test result: ok. 0 passed; 0 failed; 0 ignored; 0 measured; 0 filtered out; finished in 0.00s
[INFO] [stdout] 
[INFO] [stderr]      Running unittests src/main.rs (/opt/rustwide/target/debug/deps/mockser-f92831b3859bcc12)
[INFO] [stdout] 
[INFO] [stdout] running 0 tests
[INFO] [stdout] 
[INFO] [stderr]      Running tests/main.rs (/opt/rustwide/target/debug/deps/main-1aebe4d09a87e552)
[INFO] [stdout] test result: ok. 0 passed; 0 failed; 0 ignored; 0 measured; 0 filtered out; finished in 0.00s
[INFO] [stdout] 
[INFO] [stdout] 
[INFO] [stdout] running 1 test
[INFO] [stdout] test test_hurl::case_1 ... FAILED
[INFO] [stdout] 
[INFO] [stdout] failures:
[INFO] [stdout] 
[INFO] [stdout] ---- test_hurl::case_1 stdout ----
[INFO] [stdout] error: HTTP connection
[INFO] [stdout]    --> -:2:6
[INFO] [stdout]     |
[INFO] [stdout]   2 | POST http://127.0.0.1:3001/configure
[INFO] [stdout]     |      ^^^^^^^^^^^^^^^^^^^^^^^^^^^^^^^ (7) Failed to connect to 127.0.0.1 port 3001 after 0 ms: Connection refused
[INFO] [stdout]     |
[INFO] [stdout] 
[INFO] [stdout] error: HTTP connection
[INFO] [stdout]    --> -:25:6
[INFO] [stdout]     |
[INFO] [stdout]  25 | POST http://127.0.0.1:3000/test?param1=value1&param2=value2
[INFO] [stdout]     |      ^^^^^^^^^^^^^^^^^^^^^^^^^^^^^^^^^^^^^^^^^^^^^^^^^^^^^^ (7) Failed to connect to 127.0.0.1 port 3000 after 0 ms: Connection refused
[INFO] [stdout]     |
[INFO] [stdout] 
[INFO] [stdout] error: HTTP connection
[INFO] [stdout]    --> -:37:5
[INFO] [stdout]     |
[INFO] [stdout]  37 | GET http://127.0.0.1:3000/unknown-test
[INFO] [stdout]     |     ^^^^^^^^^^^^^^^^^^^^^^^^^^^^^^^^^^ (7) Failed to connect to 127.0.0.1 port 3000 after 0 ms: Connection refused
[INFO] [stdout]     |
[INFO] [stdout] 
[INFO] [stdout] error: HTTP connection
[INFO] [stdout]    --> -:41:6
[INFO] [stdout]     |
[INFO] [stdout]  41 | POST http://127.0.0.1:3001/configure
[INFO] [stdout]     |      ^^^^^^^^^^^^^^^^^^^^^^^^^^^^^^^ (7) Failed to connect to 127.0.0.1 port 3001 after 0 ms: Connection refused
[INFO] [stdout]     |
[INFO] [stdout] 
[INFO] [stdout] error: HTTP connection
[INFO] [stdout]    --> -:59:6
[INFO] [stdout]     |
[INFO] [stdout]  59 | POST http://127.0.0.1:3000/test-with-no-body
[INFO] [stdout]     |      ^^^^^^^^^^^^^^^^^^^^^^^^^^^^^^^^^^^^^^^ (7) Failed to connect to 127.0.0.1 port 3000 after 0 ms: Connection refused
[INFO] [stdout]     |
[INFO] [stdout] 
[INFO] [stdout] error: HTTP connection
[INFO] [stdout]    --> -:67:6
[INFO] [stdout]     |
[INFO] [stdout]  67 | POST http://127.0.0.1:3001/configure
[INFO] [stdout]     |      ^^^^^^^^^^^^^^^^^^^^^^^^^^^^^^^ (7) Failed to connect to 127.0.0.1 port 3001 after 0 ms: Connection refused
[INFO] [stdout]     |
[INFO] [stdout] 
[INFO] [stdout] error: HTTP connection
[INFO] [stdout]    --> -:85:5
[INFO] [stdout]     |
[INFO] [stdout]  85 | GET http://127.0.0.1:3000/test-method-get
[INFO] [stdout]     |     ^^^^^^^^^^^^^^^^^^^^^^^^^^^^^^^^^^^^^ (7) Failed to connect to 127.0.0.1 port 3000 after 0 ms: Connection refused
[INFO] [stdout]     |
[INFO] [stdout] 
[INFO] [stdout] error: HTTP connection
[INFO] [stdout]    --> -:93:6
[INFO] [stdout]     |
[INFO] [stdout]  93 | POST http://127.0.0.1:3001/configure
[INFO] [stdout]     |      ^^^^^^^^^^^^^^^^^^^^^^^^^^^^^^^ (7) Failed to connect to 127.0.0.1 port 3001 after 0 ms: Connection refused
[INFO] [stdout]     |
[INFO] [stdout] 
[INFO] [stdout] error: HTTP connection
[INFO] [stdout]    --> -:111:8
[INFO] [stdout]     |
[INFO] [stdout] 111 | DELETE http://127.0.0.1:3000/test-method-delete
[INFO] [stdout]     |        ^^^^^^^^^^^^^^^^^^^^^^^^^^^^^^^^^^^^^^^^ (7) Failed to connect to 127.0.0.1 port 3000 after 0 ms: Connection refused
[INFO] [stdout]     |
[INFO] [stdout] 
[INFO] [stdout] error: HTTP connection
[INFO] [stdout]    --> -:119:6
[INFO] [stdout]     |
[INFO] [stdout] 119 | POST http://127.0.0.1:3001/configure
[INFO] [stdout]     |      ^^^^^^^^^^^^^^^^^^^^^^^^^^^^^^^ (7) Failed to connect to 127.0.0.1 port 3001 after 0 ms: Connection refused
[INFO] [stdout]     |
[INFO] [stdout] 
[INFO] [stdout] error: HTTP connection
[INFO] [stdout]    --> -:137:7
[INFO] [stdout]     |
[INFO] [stdout] 137 | PATCH http://127.0.0.1:3000/test-method-patch
[INFO] [stdout]     |       ^^^^^^^^^^^^^^^^^^^^^^^^^^^^^^^^^^^^^^^ (7) Failed to connect to 127.0.0.1 port 3000 after 0 ms: Connection refused
[INFO] [stdout]     |
[INFO] [stdout] 
[INFO] [stdout] error: HTTP connection
[INFO] [stdout]    --> -:145:6
[INFO] [stdout]     |
[INFO] [stdout] 145 | POST http://127.0.0.1:3001/configure
[INFO] [stdout]     |      ^^^^^^^^^^^^^^^^^^^^^^^^^^^^^^^ (7) Failed to connect to 127.0.0.1 port 3001 after 0 ms: Connection refused
[INFO] [stdout]     |
[INFO] [stdout] 
[INFO] [stdout] error: HTTP connection
[INFO] [stdout]    --> -:163:5
[INFO] [stdout]     |
[INFO] [stdout] 163 | PUT http://127.0.0.1:3000/test-method-put
[INFO] [stdout]     |     ^^^^^^^^^^^^^^^^^^^^^^^^^^^^^^^^^^^^^ (7) Failed to connect to 127.0.0.1 port 3000 after 0 ms: Connection refused
[INFO] [stdout]     |
[INFO] [stdout] 
[INFO] [stdout] error: HTTP connection
[INFO] [stdout]    --> -:171:6
[INFO] [stdout]     |
[INFO] [stdout] 171 | POST http://127.0.0.1:3001/configure
[INFO] [stdout]     |      ^^^^^^^^^^^^^^^^^^^^^^^^^^^^^^^ (7) Failed to connect to 127.0.0.1 port 3001 after 0 ms: Connection refused
[INFO] [stdout]     |
[INFO] [stdout] 
[INFO] [stdout] error: HTTP connection
[INFO] [stdout]    --> -:189:5
[INFO] [stdout]     |
[INFO] [stdout] 189 | GET http://127.0.0.1:3000
[INFO] [stdout]     |     ^^^^^^^^^^^^^^^^^^^^^ (7) Failed to connect to 127.0.0.1 port 3000 after 0 ms: Connection refused
[INFO] [stdout]     |
[INFO] [stdout] 
[INFO] [stdout] error: HTTP connection
[INFO] [stdout]    --> -:197:6
[INFO] [stdout]     |
[INFO] [stdout] 197 | POST http://127.0.0.1:3001/configure
[INFO] [stdout]     |      ^^^^^^^^^^^^^^^^^^^^^^^^^^^^^^^ (7) Failed to connect to 127.0.0.1 port 3001 after 0 ms: Connection refused
[INFO] [stdout]     |
[INFO] [stdout] 
[INFO] [stdout] error: HTTP connection
[INFO] [stdout]    --> -:218:5
[INFO] [stdout]     |
[INFO] [stdout] 218 | GET http://127.0.0.1:3000
[INFO] [stdout]     |     ^^^^^^^^^^^^^^^^^^^^^ (7) Failed to connect to 127.0.0.1 port 3000 after 0 ms: Connection refused
[INFO] [stdout]     |
[INFO] [stdout] 
[INFO] [stdout] error: HTTP connection
[INFO] [stdout]    --> -:224:6
[INFO] [stdout]     |
[INFO] [stdout] 224 | POST http://127.0.0.1:3001/configure
[INFO] [stdout]     |      ^^^^^^^^^^^^^^^^^^^^^^^^^^^^^^^ (7) Failed to connect to 127.0.0.1 port 3001 after 0 ms: Connection refused
[INFO] [stdout]     |
[INFO] [stdout] 
[INFO] [stdout] error: HTTP connection
[INFO] [stdout]    --> -:242:8
[INFO] [stdout]     |
[INFO] [stdout] 242 | DELETE http://127.0.0.1:3001/configure
[INFO] [stdout]     |        ^^^^^^^^^^^^^^^^^^^^^^^^^^^^^^^ (7) Failed to connect to 127.0.0.1 port 3001 after 0 ms: Connection refused
[INFO] [stdout]     |
[INFO] [stdout] 
[INFO] [stdout] error: HTTP connection
[INFO] [stdout]    --> -:252:5
[INFO] [stdout]     |
[INFO] [stdout] 252 | GET http://127.0.0.1:3000/will-be-deleted
[INFO] [stdout]     |     ^^^^^^^^^^^^^^^^^^^^^^^^^^^^^^^^^^^^^ (7) Failed to connect to 127.0.0.1 port 3000 after 0 ms: Connection refused
[INFO] [stdout]     |
[INFO] [stdout] 
[INFO] [stdout] error: HTTP connection
[INFO] [stdout]    --> -:257:6
[INFO] [stdout]     |
[INFO] [stdout] 257 | POST http://127.0.0.1:3001/configure
[INFO] [stdout]     |      ^^^^^^^^^^^^^^^^^^^^^^^^^^^^^^^ (7) Failed to connect to 127.0.0.1 port 3001 after 0 ms: Connection refused
[INFO] [stdout]     |
[INFO] [stdout] 
[INFO] [stdout] error: HTTP connection
[INFO] [stdout]    --> -:275:6
[INFO] [stdout]     |
[INFO] [stdout] 275 | POST http://127.0.0.1:3001/clear
[INFO] [stdout]     |      ^^^^^^^^^^^^^^^^^^^^^^^^^^^ (7) Failed to connect to 127.0.0.1 port 3001 after 0 ms: Connection refused
[INFO] [stdout]     |
[INFO] [stdout] 
[INFO] [stdout] error: HTTP connection
[INFO] [stdout]    --> -:279:5
[INFO] [stdout]     |
[INFO] [stdout] 279 | GET http://127.0.0.1:3000/will-be-deleted
[INFO] [stdout]     |     ^^^^^^^^^^^^^^^^^^^^^^^^^^^^^^^^^^^^^ (7) Failed to connect to 127.0.0.1 port 3000 after 0 ms: Connection refused
[INFO] [stdout]     |
[INFO] [stdout] 
[INFO] [stdout] thread 'test_hurl::case_1' panicked at tests/main.rs:49:5:
[INFO] [stdout] assertion failed: result.success
[INFO] [stdout] stack backtrace:
[INFO] [stdout]    0:     0x64ecdffafb8a - std::backtrace_rs::backtrace::libunwind::trace::h207520d6e9873551
[INFO] [stdout]                                at /rustc/df4ca44d3fbc9301ee17f30f4d474e6ae4b05252/library/std/src/../../backtrace/src/backtrace/libunwind.rs:116:5
[INFO] [stdout]    1:     0x64ecdffafb8a - std::backtrace_rs::backtrace::trace_unsynchronized::h2ed7433f370e3eca
[INFO] [stdout]                                at /rustc/df4ca44d3fbc9301ee17f30f4d474e6ae4b05252/library/std/src/../../backtrace/src/backtrace/mod.rs:66:5
[INFO] [stdout]    2:     0x64ecdffafb8a - std::sys::backtrace::_print_fmt::h916fac51166b18d7
[INFO] [stdout]                                at /rustc/df4ca44d3fbc9301ee17f30f4d474e6ae4b05252/library/std/src/sys/backtrace.rs:66:9
[INFO] [stdout]    3:     0x64ecdffafb8a - <std::sys::backtrace::BacktraceLock::print::DisplayBacktrace as core::fmt::Display>::fmt::ha0a4c9b8ce3802e6
[INFO] [stdout]                                at /rustc/df4ca44d3fbc9301ee17f30f4d474e6ae4b05252/library/std/src/sys/backtrace.rs:39:26
[INFO] [stdout]    4:     0x64ecdffd9ed3 - core::fmt::rt::Argument::fmt::h4cfc8587d52b3eb5
[INFO] [stdout]                                at /rustc/df4ca44d3fbc9301ee17f30f4d474e6ae4b05252/library/core/src/fmt/rt.rs:177:76
[INFO] [stdout]    5:     0x64ecdffd9ed3 - core::fmt::write::h522cc39e5b36ae9f
[INFO] [stdout]                                at /rustc/df4ca44d3fbc9301ee17f30f4d474e6ae4b05252/library/core/src/fmt/mod.rs:1190:21
[INFO] [stdout]    6:     0x64ecdffac473 - std::io::Write::write_fmt::h7d3c26752da97734
[INFO] [stdout]                                at /rustc/df4ca44d3fbc9301ee17f30f4d474e6ae4b05252/library/std/src/io/mod.rs:1839:15
[INFO] [stdout]    7:     0x64ecdffaf9d2 - std::sys::backtrace::BacktraceLock::print::h4b9e00b29e9c0942
[INFO] [stdout]                                at /rustc/df4ca44d3fbc9301ee17f30f4d474e6ae4b05252/library/std/src/sys/backtrace.rs:42:9
[INFO] [stdout]    8:     0x64ecdffb101a - std::panicking::default_hook::{{closure}}::hb59b88280d0324d9
[INFO] [stdout]                                at /rustc/df4ca44d3fbc9301ee17f30f4d474e6ae4b05252/library/std/src/panicking.rs:268:22
[INFO] [stdout]    9:     0x64ecdffb0e24 - std::panicking::default_hook::he1dd496665be4a29
[INFO] [stdout]                                at /rustc/df4ca44d3fbc9301ee17f30f4d474e6ae4b05252/library/std/src/panicking.rs:292:9
[INFO] [stdout]   10:     0x64ecdfa17059 - <alloc::boxed::Box<F,A> as core::ops::function::Fn<Args>>::call::h4ff71de18744e1dc
[INFO] [stdout]                                at /rustc/df4ca44d3fbc9301ee17f30f4d474e6ae4b05252/library/alloc/src/boxed.rs:2468:9
[INFO] [stdout]   11:     0x64ecdfa17059 - test::test_main::{{closure}}::hcf7c055ce117aa81
[INFO] [stdout]                                at /rustc/df4ca44d3fbc9301ee17f30f4d474e6ae4b05252/library/test/src/lib.rs:133:21
[INFO] [stdout]   12:     0x64ecdffb1718 - <alloc::boxed::Box<F,A> as core::ops::function::Fn<Args>>::call::h1d66c6bbd60c9692
[INFO] [stdout]                                at /rustc/df4ca44d3fbc9301ee17f30f4d474e6ae4b05252/library/alloc/src/boxed.rs:2468:9
[INFO] [stdout]   13:     0x64ecdffb1718 - std::panicking::rust_panic_with_hook::h2ff17fe8f26dfcf8
[INFO] [stdout]                                at /rustc/df4ca44d3fbc9301ee17f30f4d474e6ae4b05252/library/std/src/panicking.rs:809:13
[INFO] [stdout]   14:     0x64ecdffb14a6 - std::panicking::begin_panic_handler::{{closure}}::h4fad77951c07e101
[INFO] [stdout]                                at /rustc/df4ca44d3fbc9301ee17f30f4d474e6ae4b05252/library/std/src/panicking.rs:667:13
[INFO] [stdout]   15:     0x64ecdffb0069 - std::sys::backtrace::__rust_end_short_backtrace::hb1a25b3da5d0ea08
[INFO] [stdout]                                at /rustc/df4ca44d3fbc9301ee17f30f4d474e6ae4b05252/library/std/src/sys/backtrace.rs:170:18
[INFO] [stdout]   16:     0x64ecdffb116c - rust_begin_unwind
[INFO] [stdout]                                at /rustc/df4ca44d3fbc9301ee17f30f4d474e6ae4b05252/library/std/src/panicking.rs:665:5
[INFO] [stdout]   17:     0x64ecdffd7eb0 - core::panicking::panic_fmt::ha9db07b529f9b256
[INFO] [stdout]                                at /rustc/df4ca44d3fbc9301ee17f30f4d474e6ae4b05252/library/core/src/panicking.rs:75:14
[INFO] [stdout]   18:     0x64ecdffd7f3c - core::panicking::panic::h993086813d94accc
[INFO] [stdout]                                at /rustc/df4ca44d3fbc9301ee17f30f4d474e6ae4b05252/library/core/src/panicking.rs:152:5
[INFO] [stdout]   19:     0x64ecdf9dcfe6 - main::test_hurl::hdea8703fcbcb6cb2
[INFO] [stdout]                                at /opt/rustwide/workdir/tests/main.rs:49:5
[INFO] [stdout]   20:     0x64ecdf9dd0f2 - main::test_hurl::case_1::h9146c7af32dcc451
[INFO] [stdout]                                at /opt/rustwide/workdir/tests/main.rs:11:1
[INFO] [stdout]   21:     0x64ecdf9dd0a7 - main::test_hurl::case_1::{{closure}}::h17fbd9e82081a96b
[INFO] [stdout]                                at /opt/rustwide/workdir/tests/main.rs:11:10
[INFO] [stdout]   22:     0x64ecdf9dc146 - core::ops::function::FnOnce::call_once::hcc4571ac82f80860
[INFO] [stdout]                                at /rustc/df4ca44d3fbc9301ee17f30f4d474e6ae4b05252/library/core/src/ops/function.rs:250:5
[INFO] [stdout]   23:     0x64ecdfa1b92b - core::ops::function::FnOnce::call_once::h22c3ba5715e93f05
[INFO] [stdout]                                at /rustc/df4ca44d3fbc9301ee17f30f4d474e6ae4b05252/library/core/src/ops/function.rs:250:5
[INFO] [stdout]   24:     0x64ecdfa1b92b - test::__rust_begin_short_backtrace::h8e82d8113d0da17f
[INFO] [stdout]                                at /rustc/df4ca44d3fbc9301ee17f30f4d474e6ae4b05252/library/test/src/lib.rs:621:18
[INFO] [stdout]   25:     0x64ecdfa1b2a7 - test::run_test_in_process::{{closure}}::h33235f4f20b7b7c7
[INFO] [stdout]                                at /rustc/df4ca44d3fbc9301ee17f30f4d474e6ae4b05252/library/test/src/lib.rs:644:60
[INFO] [stdout]   26:     0x64ecdfa1b2a7 - <core::panic::unwind_safe::AssertUnwindSafe<F> as core::ops::function::FnOnce<()>>::call_once::hb5043206310c586f
[INFO] [stdout]                                at /rustc/df4ca44d3fbc9301ee17f30f4d474e6ae4b05252/library/core/src/panic/unwind_safe.rs:272:9
[INFO] [stdout]   27:     0x64ecdfa1b2a7 - std::panicking::try::do_call::h9ad4731a60ab23e2
[INFO] [stdout]                                at /rustc/df4ca44d3fbc9301ee17f30f4d474e6ae4b05252/library/std/src/panicking.rs:557:40
[INFO] [stdout]   28:     0x64ecdfa1b2a7 - std::panicking::try::h3824d23db772a716
[INFO] [stdout]                                at /rustc/df4ca44d3fbc9301ee17f30f4d474e6ae4b05252/library/std/src/panicking.rs:520:19
[INFO] [stdout]   29:     0x64ecdfa1b2a7 - std::panic::catch_unwind::h5afd514605fde46b
[INFO] [stdout]                                at /rustc/df4ca44d3fbc9301ee17f30f4d474e6ae4b05252/library/std/src/panic.rs:358:14
[INFO] [stdout]   30:     0x64ecdfa1b2a7 - test::run_test_in_process::h0d5cbfa7067d1720
[INFO] [stdout]                                at /rustc/df4ca44d3fbc9301ee17f30f4d474e6ae4b05252/library/test/src/lib.rs:644:27
[INFO] [stdout]   31:     0x64ecdfa1b2a7 - test::run_test::{{closure}}::h708eb8872708115d
[INFO] [stdout]                                at /rustc/df4ca44d3fbc9301ee17f30f4d474e6ae4b05252/library/test/src/lib.rs:565:43
[INFO] [stdout]   32:     0x64ecdf9de9c4 - test::run_test::{{closure}}::h392c51cee94713ab
[INFO] [stdout]                                at /rustc/df4ca44d3fbc9301ee17f30f4d474e6ae4b05252/library/test/src/lib.rs:595:41
[INFO] [stdout]   33:     0x64ecdf9de9c4 - std::sys::backtrace::__rust_begin_short_backtrace::h2f40290710935a8b
[INFO] [stdout]                                at /rustc/df4ca44d3fbc9301ee17f30f4d474e6ae4b05252/library/std/src/sys/backtrace.rs:154:18
[INFO] [stdout]   34:     0x64ecdf9e216e - std::thread::Builder::spawn_unchecked_::{{closure}}::{{closure}}::h3fd968d89053a903
[INFO] [stdout]                                at /rustc/df4ca44d3fbc9301ee17f30f4d474e6ae4b05252/library/std/src/thread/mod.rs:541:17
[INFO] [stdout]   35:     0x64ecdf9e216e - <core::panic::unwind_safe::AssertUnwindSafe<F> as core::ops::function::FnOnce<()>>::call_once::h743f637ba4229880
[INFO] [stdout]                                at /rustc/df4ca44d3fbc9301ee17f30f4d474e6ae4b05252/library/core/src/panic/unwind_safe.rs:272:9
[INFO] [stdout]   36:     0x64ecdf9e216e - std::panicking::try::do_call::h07440897322525a6
[INFO] [stdout]                                at /rustc/df4ca44d3fbc9301ee17f30f4d474e6ae4b05252/library/std/src/panicking.rs:557:40
[INFO] [stdout]   37:     0x64ecdf9e216e - std::panicking::try::he5a2e00188156637
[INFO] [stdout]                                at /rustc/df4ca44d3fbc9301ee17f30f4d474e6ae4b05252/library/std/src/panicking.rs:520:19
[INFO] [stdout]   38:     0x64ecdf9e216e - std::panic::catch_unwind::hbaf3cae49b3c6433
[INFO] [stdout]                                at /rustc/df4ca44d3fbc9301ee17f30f4d474e6ae4b05252/library/std/src/panic.rs:358:14
[INFO] [stdout]   39:     0x64ecdf9e216e - std::thread::Builder::spawn_unchecked_::{{closure}}::h8e141ea224820bce
[INFO] [stdout]                                at /rustc/df4ca44d3fbc9301ee17f30f4d474e6ae4b05252/library/std/src/thread/mod.rs:540:30
[INFO] [stdout]   40:     0x64ecdf9e216e - core::ops::function::FnOnce::call_once{{vtable.shim}}::h90d312fedd7b8ea8
[INFO] [stdout]                                at /rustc/df4ca44d3fbc9301ee17f30f4d474e6ae4b05252/library/core/src/ops/function.rs:250:5
[INFO] [stdout]   41:     0x64ecdffb56ab - <alloc::boxed::Box<F,A> as core::ops::function::FnOnce<Args>>::call_once::h69aa08ddb6adb8b6
[INFO] [stdout]                                at /rustc/df4ca44d3fbc9301ee17f30f4d474e6ae4b05252/library/alloc/src/boxed.rs:2454:9
[INFO] [stdout]   42:     0x64ecdffb56ab - <alloc::boxed::Box<F,A> as core::ops::function::FnOnce<Args>>::call_once::h5aa36efdb79c806f
[INFO] [stdout]                                at /rustc/df4ca44d3fbc9301ee17f30f4d474e6ae4b05252/library/alloc/src/boxed.rs:2454:9
[INFO] [stdout]   43:     0x64ecdffb56ab - std::sys::pal::unix::thread::Thread::new::thread_start::h6cd80a1b4be5158d
[INFO] [stdout]                                at /rustc/df4ca44d3fbc9301ee17f30f4d474e6ae4b05252/library/std/src/sys/pal/unix/thread.rs:105:17
[INFO] [stdout]   44:     0x7bf207ca2ac3 - <unknown>
[INFO] [stdout]   45:     0x7bf207d33a04 - clone
[INFO] [stdout]   46:                0x0 - <unknown>
[INFO] [stdout] 
[INFO] [stdout] 
[INFO] [stdout] failures:
[INFO] [stdout]     test_hurl::case_1
[INFO] [stdout] 
[INFO] [stdout] test result: FAILED. 0 passed; 1 failed; 0 ignored; 0 measured; 0 filtered out; finished in 0.12s
[INFO] [stdout] 
[INFO] [stderr] error: test failed, to rerun pass `--test main`
[INFO] running `Command { std: "docker" "inspect" "048f621850d15ea7254270ea15dcd9c14c8859dd4e6d103c015e7f1492961692", kill_on_drop: false }`
[INFO] running `Command { std: "docker" "rm" "-f" "048f621850d15ea7254270ea15dcd9c14c8859dd4e6d103c015e7f1492961692", kill_on_drop: false }`
[INFO] [stdout] 048f621850d15ea7254270ea15dcd9c14c8859dd4e6d103c015e7f1492961692
