[INFO] fetching crate mock4rs 0.1.1...
[INFO] testing mock4rs-0.1.1 against nightly-2024-10-28 for randomize-layout
[INFO] extracting crate mock4rs 0.1.1 into /workspace/builds/worker-1-tc1/source
[INFO] validating manifest of crates.io crate mock4rs 0.1.1 on toolchain nightly-2024-10-28
[INFO] running `Command { std: CARGO_HOME="/workspace/cargo-home" RUSTUP_HOME="/workspace/rustup-home" "/workspace/cargo-home/bin/cargo" "+nightly-2024-10-28" "metadata" "--manifest-path" "Cargo.toml" "--no-deps", kill_on_drop: false }`
[INFO] started tweaking crates.io crate mock4rs 0.1.1
[INFO] finished tweaking crates.io crate mock4rs 0.1.1
[INFO] tweaked toml for crates.io crate mock4rs 0.1.1 written to /workspace/builds/worker-1-tc1/source/Cargo.toml
[INFO] running `Command { std: CARGO_HOME="/workspace/cargo-home" RUSTUP_HOME="/workspace/rustup-home" "/workspace/cargo-home/bin/cargo" "+nightly-2024-10-28" "generate-lockfile" "--manifest-path" "Cargo.toml", kill_on_drop: false }`
[INFO] [stderr]     Updating crates.io index
[INFO] [stderr]      Locking 15 packages to latest compatible versions
[INFO] running `Command { std: CARGO_HOME="/workspace/cargo-home" RUSTUP_HOME="/workspace/rustup-home" "/workspace/cargo-home/bin/cargo" "+nightly-2024-10-28" "fetch" "--manifest-path" "Cargo.toml", kill_on_drop: false }`
[INFO] running `Command { std: "docker" "create" "-v" "/var/lib/crater-agent-workspace/builds/worker-1-tc1/target:/opt/rustwide/target:rw,Z" "-v" "/var/lib/crater-agent-workspace/builds/worker-1-tc1/source:/opt/rustwide/workdir:ro,Z" "-v" "/var/lib/crater-agent-workspace/cargo-home:/opt/rustwide/cargo-home:ro,Z" "-v" "/var/lib/crater-agent-workspace/rustup-home:/opt/rustwide/rustup-home:ro,Z" "-e" "SOURCE_DIR=/opt/rustwide/workdir" "-e" "CARGO_TARGET_DIR=/opt/rustwide/target" "-e" "CARGO_HOME=/opt/rustwide/cargo-home" "-e" "RUSTUP_HOME=/opt/rustwide/rustup-home" "-w" "/opt/rustwide/workdir" "-m" "1610612736" "--user" "0:0" "--network" "none" "ghcr.io/rust-lang/crates-build-env/linux@sha256:4a844ea9eb2546a2d2c7022eacef16ef2e8229c7fbb2c7d4d55a9ceca922f72d" "/opt/rustwide/cargo-home/bin/cargo" "+nightly-2024-10-28" "metadata" "--no-deps" "--format-version=1", kill_on_drop: false }`
[INFO] [stdout] 42926c14473b19f1518678fbb82891b3ebe3a0ff1f88e03c71aafbfe5df09965
[INFO] running `Command { std: "docker" "start" "-a" "42926c14473b19f1518678fbb82891b3ebe3a0ff1f88e03c71aafbfe5df09965", kill_on_drop: false }`
[INFO] running `Command { std: "docker" "inspect" "42926c14473b19f1518678fbb82891b3ebe3a0ff1f88e03c71aafbfe5df09965", kill_on_drop: false }`
[INFO] running `Command { std: "docker" "rm" "-f" "42926c14473b19f1518678fbb82891b3ebe3a0ff1f88e03c71aafbfe5df09965", kill_on_drop: false }`
[INFO] [stdout] 42926c14473b19f1518678fbb82891b3ebe3a0ff1f88e03c71aafbfe5df09965
[INFO] running `Command { std: "docker" "create" "-v" "/var/lib/crater-agent-workspace/builds/worker-1-tc1/target:/opt/rustwide/target:rw,Z" "-v" "/var/lib/crater-agent-workspace/builds/worker-1-tc1/source:/opt/rustwide/workdir:ro,Z" "-v" "/var/lib/crater-agent-workspace/cargo-home:/opt/rustwide/cargo-home:ro,Z" "-v" "/var/lib/crater-agent-workspace/rustup-home:/opt/rustwide/rustup-home:ro,Z" "-e" "SOURCE_DIR=/opt/rustwide/workdir" "-e" "CARGO_TARGET_DIR=/opt/rustwide/target" "-e" "CARGO_INCREMENTAL=0" "-e" "RUST_BACKTRACE=full" "-e" "RUSTFLAGS=--cap-lints=forbid" "-e" "RUSTDOCFLAGS=--cap-lints=forbid" "-e" "CARGO_HOME=/opt/rustwide/cargo-home" "-e" "RUSTUP_HOME=/opt/rustwide/rustup-home" "-w" "/opt/rustwide/workdir" "-m" "1610612736" "--user" "0:0" "--network" "none" "ghcr.io/rust-lang/crates-build-env/linux@sha256:4a844ea9eb2546a2d2c7022eacef16ef2e8229c7fbb2c7d4d55a9ceca922f72d" "/opt/rustwide/cargo-home/bin/cargo" "+nightly-2024-10-28" "build" "--frozen" "--message-format=json", kill_on_drop: false }`
[INFO] [stdout] f8773eeb35ac2d42810376e8052dd598330bd8d7231df64db1710368a214f9eb
[INFO] running `Command { std: "docker" "start" "-a" "f8773eeb35ac2d42810376e8052dd598330bd8d7231df64db1710368a214f9eb", kill_on_drop: false }`
[INFO] [stderr]    Compiling libc v0.2.161
[INFO] [stderr]    Compiling syn v2.0.86
[INFO] [stderr]    Compiling getrandom v0.2.15
[INFO] [stderr]    Compiling rand_core v0.6.4
[INFO] [stderr]    Compiling zerocopy-derive v0.7.35
[INFO] [stderr]    Compiling zerocopy v0.7.35
[INFO] [stderr]    Compiling ppv-lite86 v0.2.20
[INFO] [stderr]    Compiling rand_chacha v0.3.1
[INFO] [stderr]    Compiling rand v0.8.5
[INFO] [stderr]    Compiling mock4rs v0.1.1 (/opt/rustwide/workdir)
[INFO] [stderr]     Finished `dev` profile [unoptimized + debuginfo] target(s) in 3.90s
[INFO] running `Command { std: "docker" "inspect" "f8773eeb35ac2d42810376e8052dd598330bd8d7231df64db1710368a214f9eb", kill_on_drop: false }`
[INFO] running `Command { std: "docker" "rm" "-f" "f8773eeb35ac2d42810376e8052dd598330bd8d7231df64db1710368a214f9eb", kill_on_drop: false }`
[INFO] [stdout] f8773eeb35ac2d42810376e8052dd598330bd8d7231df64db1710368a214f9eb
[INFO] running `Command { std: "docker" "create" "-v" "/var/lib/crater-agent-workspace/builds/worker-1-tc1/target:/opt/rustwide/target:rw,Z" "-v" "/var/lib/crater-agent-workspace/builds/worker-1-tc1/source:/opt/rustwide/workdir:ro,Z" "-v" "/var/lib/crater-agent-workspace/cargo-home:/opt/rustwide/cargo-home:ro,Z" "-v" "/var/lib/crater-agent-workspace/rustup-home:/opt/rustwide/rustup-home:ro,Z" "-e" "SOURCE_DIR=/opt/rustwide/workdir" "-e" "CARGO_TARGET_DIR=/opt/rustwide/target" "-e" "CARGO_INCREMENTAL=0" "-e" "RUST_BACKTRACE=full" "-e" "RUSTFLAGS=--cap-lints=forbid" "-e" "RUSTDOCFLAGS=--cap-lints=forbid" "-e" "CARGO_HOME=/opt/rustwide/cargo-home" "-e" "RUSTUP_HOME=/opt/rustwide/rustup-home" "-w" "/opt/rustwide/workdir" "-m" "1610612736" "--user" "0:0" "--network" "none" "ghcr.io/rust-lang/crates-build-env/linux@sha256:4a844ea9eb2546a2d2c7022eacef16ef2e8229c7fbb2c7d4d55a9ceca922f72d" "/opt/rustwide/cargo-home/bin/cargo" "+nightly-2024-10-28" "test" "--frozen" "--no-run" "--message-format=json", kill_on_drop: false }`
[INFO] [stdout] b4d4b33a27edb540b15722004c333df379d8eb24f4cfd826c01a9405e4536838
[INFO] running `Command { std: "docker" "start" "-a" "b4d4b33a27edb540b15722004c333df379d8eb24f4cfd826c01a9405e4536838", kill_on_drop: false }`
[INFO] [stderr]    Compiling mock4rs v0.1.1 (/opt/rustwide/workdir)
[INFO] [stderr]     Finished `test` profile [unoptimized + debuginfo] target(s) in 0.30s
[INFO] running `Command { std: "docker" "inspect" "b4d4b33a27edb540b15722004c333df379d8eb24f4cfd826c01a9405e4536838", kill_on_drop: false }`
[INFO] running `Command { std: "docker" "rm" "-f" "b4d4b33a27edb540b15722004c333df379d8eb24f4cfd826c01a9405e4536838", kill_on_drop: false }`
[INFO] [stdout] b4d4b33a27edb540b15722004c333df379d8eb24f4cfd826c01a9405e4536838
[INFO] running `Command { std: "docker" "create" "-v" "/var/lib/crater-agent-workspace/builds/worker-1-tc1/target:/opt/rustwide/target:rw,Z" "-v" "/var/lib/crater-agent-workspace/builds/worker-1-tc1/source:/opt/rustwide/workdir:ro,Z" "-v" "/var/lib/crater-agent-workspace/cargo-home:/opt/rustwide/cargo-home:ro,Z" "-v" "/var/lib/crater-agent-workspace/rustup-home:/opt/rustwide/rustup-home:ro,Z" "-e" "SOURCE_DIR=/opt/rustwide/workdir" "-e" "CARGO_TARGET_DIR=/opt/rustwide/target" "-e" "CARGO_INCREMENTAL=0" "-e" "RUST_BACKTRACE=full" "-e" "RUSTFLAGS=--cap-lints=forbid" "-e" "RUSTDOCFLAGS=--cap-lints=forbid" "-e" "CARGO_HOME=/opt/rustwide/cargo-home" "-e" "RUSTUP_HOME=/opt/rustwide/rustup-home" "-w" "/opt/rustwide/workdir" "-m" "1610612736" "--user" "0:0" "--network" "none" "ghcr.io/rust-lang/crates-build-env/linux@sha256:4a844ea9eb2546a2d2c7022eacef16ef2e8229c7fbb2c7d4d55a9ceca922f72d" "/opt/rustwide/cargo-home/bin/cargo" "+nightly-2024-10-28" "test" "--frozen", kill_on_drop: false }`
[INFO] [stdout] 67886a5d995337b9c5e439015eef82b96ef042669d797814a6fa9e14a0439428
[INFO] running `Command { std: "docker" "start" "-a" "67886a5d995337b9c5e439015eef82b96ef042669d797814a6fa9e14a0439428", kill_on_drop: false }`
[INFO] [stderr]     Finished `test` profile [unoptimized + debuginfo] target(s) in 0.01s
[INFO] [stderr]      Running unittests src/lib.rs (/opt/rustwide/target/debug/deps/mock4rs-73fcdf8aa2dc2afb)
[INFO] [stdout] 
[INFO] [stdout] running 2 tests
[INFO] [stdout] test pick_one::tests::test_pick_one ... ok
[INFO] [stdout] test phone::tests::test_phone ... ok
[INFO] [stdout] 
[INFO] [stdout] test result: ok. 2 passed; 0 failed; 0 ignored; 0 measured; 0 filtered out; finished in 0.00s
[INFO] [stdout] 
[INFO] [stderr]    Doc-tests mock4rs
[INFO] [stderr] warning: unknown lint: `rustdoc::missing_doc_code_examples`
[INFO] [stderr]  --> src/lib.rs:7:1
[INFO] [stderr]   |
[INFO] [stderr] 7 | #![deny(rustdoc::missing_doc_code_examples)]
[INFO] [stderr]   | ^^^^^^^^^^^^^^^^^^^^^^^^^^^^^^^^^^^^^^^^^^^^
[INFO] [stderr]   |
[INFO] [stderr]   = note: the `rustdoc::missing_doc_code_examples` lint is unstable
[INFO] [stderr]   = note: see issue #101730 <https://github.com/rust-lang/rust/issues/101730> for more information
[INFO] [stderr]   = help: add `#![feature(rustdoc_missing_doc_code_examples)]` to the crate attributes to enable
[INFO] [stderr]   = note: this compiler was built on 2024-10-27; consider upgrading it if it is out of date
[INFO] [stderr]   = note: `#[warn(unknown_lints)]` on by default
[INFO] [stderr] 
[INFO] [stderr] warning: 1 warning emitted
[INFO] [stderr] 
[INFO] [stdout] 
[INFO] [stdout] running 81 tests
[INFO] [stdout] test src/base/float/random_f32.rs - base::float::random_f32::random_f32_min (line 54) ... ok
[INFO] [stdout] test src/base/integer/random_i128.rs - base::integer::random_i128::random_i128_max (line 26) ... ok
[INFO] [stdout] test src/base/float/random_f32.rs - base::float::random_f32::random_f32_max (line 35) ... ok
[INFO] [stdout] test src/base/integer/random_i128.rs - base::integer::random_i128::random_i128_min (line 45) ... ok
[INFO] [stdout] test src/base/integer/random_i128.rs - base::integer::random_i128::random_i128 (line 65) ... ok
[INFO] [stdout] test src/base/float/random_f64.rs - base::float::random_f64::random_f64_simple (line 67) ... ok
[INFO] [stdout] test src/base/float/random_f64.rs - base::float::random_f64::random_f64_min (line 54) ... ok
[INFO] [stdout] test src/base/integer/random_i128.rs - base::integer::random_i128::random_i128_simple (line 7) ... ok
[INFO] [stdout] test src/base/float/random_f64.rs - base::float::random_f64::random_f64 (line 16) ... ok
[INFO] [stdout] test src/address/dict.rs - address::dict::random_county (line 54) ... ok
[INFO] [stdout] test src/base/float/random_f32.rs - base::float::random_f32::random_f32 (line 16) ... ok
[INFO] [stdout] test src/base/integer/random_i16.rs - base::integer::random_i16::random_i16 (line 66) ... ok
[INFO] [stdout] test src/base/float/random_f64.rs - base::float::random_f64::random_f64_max (line 35) ... ok
[INFO] [stdout] test src/base/float/random_f32.rs - base::float::random_f32::random_f32_simple (line 67) ... ok
[INFO] [stdout] test src/address/dict.rs - address::dict::random_province (line 26) ... FAILED
[INFO] [stdout] test src/address/dict.rs - address::dict::random_city (line 40) ... FAILED
[INFO] [stdout] test src/base/integer/random_i32.rs - base::integer::random_i32::random_i32_max (line 25) ... ok
[INFO] [stdout] test src/base/integer/random_i16.rs - base::integer::random_i16::random_i16_max (line 26) ... ok
[INFO] [stdout] test src/base/integer/random_i64.rs - base::integer::random_i64::random_i64 (line 65) ... ok
[INFO] [stdout] test src/base/integer/random_i16.rs - base::integer::random_i16::random_i16_min (line 45) ... ok
[INFO] [stdout] test src/base/integer/random_i32.rs - base::integer::random_i32::random_i32_simple (line 6) ... ok
[INFO] [stdout] test src/base/integer/random_i32.rs - base::integer::random_i32::random_i32_min (line 44) ... ok
[INFO] [stdout] test src/base/integer/random_i64.rs - base::integer::random_i64::random_i64_simple (line 7) ... ok
[INFO] [stdout] test src/base/integer/random_i32.rs - base::integer::random_i32::random_i32 (line 64) ... ok
[INFO] [stdout] test src/base/integer/random_i8.rs - base::integer::random_i8::random_i8_max (line 26) ... ok
[INFO] [stdout] test src/base/integer/random_i8.rs - base::integer::random_i8::random_i8 (line 65) ... ok
[INFO] [stdout] test src/base/integer/random_i16.rs - base::integer::random_i16::random_i16_simple (line 7) ... ok
[INFO] [stdout] test src/base/integer/random_i64.rs - base::integer::random_i64::random_i64_max (line 26) ... ok
[INFO] [stdout] test src/base/integer/random_i64.rs - base::integer::random_i64::random_i64_min (line 45) ... ok
[INFO] [stdout] test src/base/integer/random_i8.rs - base::integer::random_i8::random_i8_min (line 45) ... ok
[INFO] [stdout] test src/base/integer/random_i8.rs - base::integer::random_i8::random_i8_simple (line 7) ... ok
[INFO] [stdout] test src/base/integer/random_u128.rs - base::integer::random_u128::random_u128 (line 65) ... ok
[INFO] [stdout] test src/base/integer/random_u16.rs - base::integer::random_u16::random_u16_min (line 35) ... ok
[INFO] [stdout] test src/base/integer/random_u128.rs - base::integer::random_u128::random_u128_min (line 45) ... ok
[INFO] [stdout] test src/base/integer/random_u128.rs - base::integer::random_u128::random_u128_max (line 26) ... ok
[INFO] [stdout] test src/base/integer/random_u32.rs - base::integer::random_u32::random_u32 (line 66) ... ok
[INFO] [stdout] test src/base/integer/random_u32.rs - base::integer::random_u32::random_u32_simple (line 7) ... ok
[INFO] [stdout] test src/base/integer/random_u128.rs - base::integer::random_u128::random_u128_simple (line 7) ... ok
[INFO] [stdout] test src/base/integer/random_u16.rs - base::integer::random_u16::random_u16_max (line 22) ... ok
[INFO] [stdout] test src/base/integer/random_u16.rs - base::integer::random_u16::random_u16 (line 48) ... ok
[INFO] [stdout] test src/base/integer/random_u64.rs - base::integer::random_u64::random_u64_max (line 26) ... ok
[INFO] [stdout] test src/base/integer/random_u16.rs - base::integer::random_u16::random_u16_simple (line 9) ... ok
[INFO] [stdout] test src/base/integer/random_u32.rs - base::integer::random_u32::random_u32_max (line 26) ... ok
[INFO] [stdout] test src/base/integer/random_u64.rs - base::integer::random_u64::random_u64 (line 66) ... ok
[INFO] [stdout] test src/base/integer/random_u32.rs - base::integer::random_u32::random_u32_min (line 45) ... ok
[INFO] [stdout] test src/base/integer/random_u64.rs - base::integer::random_u64::random_u64_min (line 45) ... ok
[INFO] [stdout] test src/base/integer/random_u64.rs - base::integer::random_u64::random_u64_simple (line 7) ... ok
[INFO] [stdout] test src/base/integer/random_u8.rs - base::integer::random_u8::random_u8 (line 57) ... ok
[INFO] [stdout] test src/char.rs - char::random_char (line 85) ... ok
[INFO] [stdout] test src/char.rs - char::random_alphanumeric_char (line 72) ... ok
[INFO] [stdout] test src/base/integer/random_u8.rs - base::integer::random_u8::random_u8_max (line 36) ... ok
[INFO] [stdout] test src/base/integer/random_u8.rs - base::integer::random_u8::random_u8_simple (line 8) ... ok
[INFO] [stdout] test src/base/integer/random_u8.rs - base::integer::random_u8::random_u8_min (line 22) ... ok
[INFO] [stdout] test src/char.rs - char::random_char_with (line 104) ... ok
[INFO] [stdout] test src/char.rs - char::random_alpha_char (line 59) ... ok
[INFO] [stdout] test src/color/mod.rs - color::random_hex (line 26) ... ok
[INFO] [stdout] test src/char.rs - char::random_lower_char (line 33) ... ok
[INFO] [stdout] test src/char.rs - char::random_upper_char (line 46) ... ok
[INFO] [stdout] test src/color/mod.rs - color::random_color (line 9) ... ok
[INFO] [stdout] test src/color/mod.rs - color::random_hsl (line 72) ... ok
[INFO] [stdout] test src/char.rs - char::random_number (line 17) ... ok
[INFO] [stdout] test src/color/mod.rs - color::random_hsla (line 88) ... ok
[INFO] [stdout] test src/color/mod.rs - color::random_rgb (line 39) ... ok
[INFO] [stdout] test src/color/mod.rs - color::random_rgba (line 55) ... ok
[INFO] [stdout] test src/date.rs - date::random_date_simple (line 78) ... ok
[INFO] [stdout] test src/date.rs - date::random_date (line 117) ... ok
[INFO] [stdout] test src/date.rs - date::random_time (line 156) ... ok
[INFO] [stdout] test src/name/mod.rs - name::random_c_given_name (line 286) ... ok
[INFO] [stdout] test src/name/mod.rs - name::random_c_name (line 299) ... ok
[INFO] [stdout] test src/id_card.rs - id_card::random_id_card (line 13) ... ok
[INFO] [stdout] test src/name/mod.rs - name::random_sur (line 111) ... ok
[INFO] [stdout] test src/name/mod.rs - name::random_c_surname (line 263) ... ok
[INFO] [stdout] test src/name/mod.rs - name::random_name (line 238) ... ok
[INFO] [stdout] test src/name/mod.rs - name::random_given_name (line 225) ... ok
[INFO] [stdout] test src/phone.rs - phone::random_phone (line 10) ... ok
[INFO] [stdout] test src/web/mod.rs - web::random_domain (line 35) ... ok
[INFO] [stdout] test src/web/mod.rs - web::random_email (line 175) ... ok
[INFO] [stdout] test src/web/mod.rs - web::random_ipv4 (line 190) ... ok
[INFO] [stdout] test src/web/mod.rs - web::random_protocol (line 56) ... ok
[INFO] [stdout] test src/web/mod.rs - web::random_tld (line 162) ... ok
[INFO] [stdout] test src/web/mod.rs - web::random_url (line 11) ... ok
[INFO] [stdout] 
[INFO] [stdout] failures:
[INFO] [stdout] 
[INFO] [stdout] ---- src/address/dict.rs - address::dict::random_province (line 26) stdout ----
[INFO] [stdout] Test executable failed (exit status: 101).
[INFO] [stdout] 
[INFO] [stdout] stderr:
[INFO] [stdout] thread 'main' panicked at /opt/rustwide/cargo-home/registry/src/index.crates.io-6f17d22bba15001f/rand-0.8.5/src/rng.rs:134:9:
[INFO] [stdout] cannot sample empty range
[INFO] [stdout] stack backtrace:
[INFO] [stdout]    0:     0x5be18ee75f2a - std::backtrace_rs::backtrace::libunwind::trace::h207520d6e9873551
[INFO] [stdout]                                at /rustc/df4ca44d3fbc9301ee17f30f4d474e6ae4b05252/library/std/src/../../backtrace/src/backtrace/libunwind.rs:116:5
[INFO] [stdout]    1:     0x5be18ee75f2a - std::backtrace_rs::backtrace::trace_unsynchronized::h2ed7433f370e3eca
[INFO] [stdout]                                at /rustc/df4ca44d3fbc9301ee17f30f4d474e6ae4b05252/library/std/src/../../backtrace/src/backtrace/mod.rs:66:5
[INFO] [stdout]    2:     0x5be18ee75f2a - std::sys::backtrace::_print_fmt::h916fac51166b18d7
[INFO] [stdout]                                at /rustc/df4ca44d3fbc9301ee17f30f4d474e6ae4b05252/library/std/src/sys/backtrace.rs:66:9
[INFO] [stdout]    3:     0x5be18ee75f2a - <std::sys::backtrace::BacktraceLock::print::DisplayBacktrace as core::fmt::Display>::fmt::ha0a4c9b8ce3802e6
[INFO] [stdout]                                at /rustc/df4ca44d3fbc9301ee17f30f4d474e6ae4b05252/library/std/src/sys/backtrace.rs:39:26
[INFO] [stdout]    4:     0x5be18ee927d3 - core::fmt::rt::Argument::fmt::h4cfc8587d52b3eb5
[INFO] [stdout]                                at /rustc/df4ca44d3fbc9301ee17f30f4d474e6ae4b05252/library/core/src/fmt/rt.rs:177:76
[INFO] [stdout]    5:     0x5be18ee927d3 - core::fmt::write::h522cc39e5b36ae9f
[INFO] [stdout]                                at /rustc/df4ca44d3fbc9301ee17f30f4d474e6ae4b05252/library/core/src/fmt/mod.rs:1190:21
[INFO] [stdout]    6:     0x5be18ee73863 - std::io::Write::write_fmt::hf1c1dcc8cc1287f0
[INFO] [stdout]                                at /rustc/df4ca44d3fbc9301ee17f30f4d474e6ae4b05252/library/std/src/io/mod.rs:1839:15
[INFO] [stdout]    7:     0x5be18ee75d72 - std::sys::backtrace::BacktraceLock::print::h4b9e00b29e9c0942
[INFO] [stdout]                                at /rustc/df4ca44d3fbc9301ee17f30f4d474e6ae4b05252/library/std/src/sys/backtrace.rs:42:9
[INFO] [stdout]    8:     0x5be18ee76d3c - std::panicking::default_hook::{{closure}}::hb59b88280d0324d9
[INFO] [stdout]                                at /rustc/df4ca44d3fbc9301ee17f30f4d474e6ae4b05252/library/std/src/panicking.rs:268:22
[INFO] [stdout]    9:     0x5be18ee76b82 - std::panicking::default_hook::he1dd496665be4a29
[INFO] [stdout]                                at /rustc/df4ca44d3fbc9301ee17f30f4d474e6ae4b05252/library/std/src/panicking.rs:295:9
[INFO] [stdout]   10:     0x5be18ee77337 - std::panicking::rust_panic_with_hook::h2ff17fe8f26dfcf8
[INFO] [stdout]                                at /rustc/df4ca44d3fbc9301ee17f30f4d474e6ae4b05252/library/std/src/panicking.rs:801:13
[INFO] [stdout]   11:     0x5be18ee77196 - std::panicking::begin_panic_handler::{{closure}}::h4fad77951c07e101
[INFO] [stdout]                                at /rustc/df4ca44d3fbc9301ee17f30f4d474e6ae4b05252/library/std/src/panicking.rs:667:13
[INFO] [stdout]   12:     0x5be18ee76409 - std::sys::backtrace::__rust_end_short_backtrace::hb1a25b3da5d0ea08
[INFO] [stdout]                                at /rustc/df4ca44d3fbc9301ee17f30f4d474e6ae4b05252/library/std/src/sys/backtrace.rs:170:18
[INFO] [stdout]   13:     0x5be18ee76e5c - rust_begin_unwind
[INFO] [stdout]                                at /rustc/df4ca44d3fbc9301ee17f30f4d474e6ae4b05252/library/std/src/panicking.rs:665:5
[INFO] [stdout]   14:     0x5be18ee91a10 - core::panicking::panic_fmt::ha9db07b529f9b256
[INFO] [stdout]                                at /rustc/df4ca44d3fbc9301ee17f30f4d474e6ae4b05252/library/core/src/panicking.rs:75:14
[INFO] [stdout]   15:     0x5be18ee91a9c - core::panicking::panic::h993086813d94accc
[INFO] [stdout]                                at /rustc/df4ca44d3fbc9301ee17f30f4d474e6ae4b05252/library/core/src/panicking.rs:152:5
[INFO] [stdout]   16:     0x5be18ee1c758 - rand::rng::Rng::gen_range::h0b0cba11f1c8766e
[INFO] [stdout]                                at /opt/rustwide/cargo-home/registry/src/index.crates.io-6f17d22bba15001f/rand-0.8.5/src/rng.rs:134:9
[INFO] [stdout]   17:     0x5be18ee1c935 - mock4rs::pick_one::pick_one::hb0ff5fc6f0c1face
[INFO] [stdout]                                at /opt/rustwide/workdir/src/pick_one.rs:17:10
[INFO] [stdout]   18:     0x5be18ee1b851 - mock4rs::address::dict::random_province::h22731d986bae9dcb
[INFO] [stdout]                                at /opt/rustwide/workdir/src/address/dict.rs:33:5
[INFO] [stdout]   19:     0x5be18ee1aa4a - rust_out::main::_doctest_main_src_address_dict_rs_26_0::h7bdff4a4f815acdb
[INFO] [stdout]   20:     0x5be18ee1aa36 - rust_out::main::ha213a30daa5df4da
[INFO] [stdout]   21:     0x5be18ee1aa13 - core::ops::function::FnOnce::call_once::hf7edf7132571051c
[INFO] [stdout]   22:     0x5be18ee1a9b6 - std::sys::backtrace::__rust_begin_short_backtrace::h32fd822fd2ba4079
[INFO] [stdout]   23:     0x5be18ee1a999 - std::rt::lang_start::{{closure}}::h4039a1c394ed4f7c
[INFO] [stdout]   24:     0x5be18ee713b7 - core::ops::function::impls::<impl core::ops::function::FnOnce<A> for &F>::call_once::hd87d66b906e0ccaf
[INFO] [stdout]                                at /rustc/df4ca44d3fbc9301ee17f30f4d474e6ae4b05252/library/core/src/ops/function.rs:284:13
[INFO] [stdout]   25:     0x5be18ee713b7 - std::panicking::try::do_call::hae3703de71fc9e3a
[INFO] [stdout]                                at /rustc/df4ca44d3fbc9301ee17f30f4d474e6ae4b05252/library/std/src/panicking.rs:557:40
[INFO] [stdout]   26:     0x5be18ee713b7 - std::panicking::try::h1178330e9a2b2645
[INFO] [stdout]                                at /rustc/df4ca44d3fbc9301ee17f30f4d474e6ae4b05252/library/std/src/panicking.rs:520:19
[INFO] [stdout]   27:     0x5be18ee713b7 - std::panic::catch_unwind::h0acf49d2305d32ad
[INFO] [stdout]                                at /rustc/df4ca44d3fbc9301ee17f30f4d474e6ae4b05252/library/std/src/panic.rs:358:14
[INFO] [stdout]   28:     0x5be18ee713b7 - std::rt::lang_start_internal::{{closure}}::h2d95182d798177be
[INFO] [stdout]                                at /rustc/df4ca44d3fbc9301ee17f30f4d474e6ae4b05252/library/std/src/rt.rs:174:48
[INFO] [stdout]   29:     0x5be18ee713b7 - std::panicking::try::do_call::hb506f5bfe11fd30c
[INFO] [stdout]                                at /rustc/df4ca44d3fbc9301ee17f30f4d474e6ae4b05252/library/std/src/panicking.rs:557:40
[INFO] [stdout]   30:     0x5be18ee713b7 - std::panicking::try::h54d825c46bd0fa95
[INFO] [stdout]                                at /rustc/df4ca44d3fbc9301ee17f30f4d474e6ae4b05252/library/std/src/panicking.rs:520:19
[INFO] [stdout]   31:     0x5be18ee713b7 - std::panic::catch_unwind::hffbb0ad20c4e9fac
[INFO] [stdout]                                at /rustc/df4ca44d3fbc9301ee17f30f4d474e6ae4b05252/library/std/src/panic.rs:358:14
[INFO] [stdout]   32:     0x5be18ee713b7 - std::rt::lang_start_internal::h52c291ef1962c925
[INFO] [stdout]                                at /rustc/df4ca44d3fbc9301ee17f30f4d474e6ae4b05252/library/std/src/rt.rs:174:20
[INFO] [stdout]   33:     0x5be18ee1a977 - std::rt::lang_start::h8c6075cd6f225ba1
[INFO] [stdout]   34:     0x5be18ee1aad5 - main
[INFO] [stdout]   35:     0x74f6e2b65d90 - <unknown>
[INFO] [stdout]   36:     0x74f6e2b65e40 - __libc_start_main
[INFO] [stdout]   37:     0x5be18ee1a885 - _start
[INFO] [stdout]   38:                0x0 - <unknown>
[INFO] [stdout] 
[INFO] [stdout] 
[INFO] [stdout] ---- src/address/dict.rs - address::dict::random_city (line 40) stdout ----
[INFO] [stdout] Test executable failed (exit status: 101).
[INFO] [stdout] 
[INFO] [stdout] stderr:
[INFO] [stdout] thread 'main' panicked at /opt/rustwide/cargo-home/registry/src/index.crates.io-6f17d22bba15001f/rand-0.8.5/src/rng.rs:134:9:
[INFO] [stdout] cannot sample empty range
[INFO] [stdout] stack backtrace:
[INFO] [stdout]    0:     0x64d9dff06f6a - std::backtrace_rs::backtrace::libunwind::trace::h207520d6e9873551
[INFO] [stdout]                                at /rustc/df4ca44d3fbc9301ee17f30f4d474e6ae4b05252/library/std/src/../../backtrace/src/backtrace/libunwind.rs:116:5
[INFO] [stdout]    1:     0x64d9dff06f6a - std::backtrace_rs::backtrace::trace_unsynchronized::h2ed7433f370e3eca
[INFO] [stdout]                                at /rustc/df4ca44d3fbc9301ee17f30f4d474e6ae4b05252/library/std/src/../../backtrace/src/backtrace/mod.rs:66:5
[INFO] [stdout]    2:     0x64d9dff06f6a - std::sys::backtrace::_print_fmt::h916fac51166b18d7
[INFO] [stdout]                                at /rustc/df4ca44d3fbc9301ee17f30f4d474e6ae4b05252/library/std/src/sys/backtrace.rs:66:9
[INFO] [stdout]    3:     0x64d9dff06f6a - <std::sys::backtrace::BacktraceLock::print::DisplayBacktrace as core::fmt::Display>::fmt::ha0a4c9b8ce3802e6
[INFO] [stdout]                                at /rustc/df4ca44d3fbc9301ee17f30f4d474e6ae4b05252/library/std/src/sys/backtrace.rs:39:26
[INFO] [stdout]    4:     0x64d9dff23813 - core::fmt::rt::Argument::fmt::h4cfc8587d52b3eb5
[INFO] [stdout]                                at /rustc/df4ca44d3fbc9301ee17f30f4d474e6ae4b05252/library/core/src/fmt/rt.rs:177:76
[INFO] [stdout]    5:     0x64d9dff23813 - core::fmt::write::h522cc39e5b36ae9f
[INFO] [stdout]                                at /rustc/df4ca44d3fbc9301ee17f30f4d474e6ae4b05252/library/core/src/fmt/mod.rs:1190:21
[INFO] [stdout]    6:     0x64d9dff048a3 - std::io::Write::write_fmt::hf1c1dcc8cc1287f0
[INFO] [stdout]                                at /rustc/df4ca44d3fbc9301ee17f30f4d474e6ae4b05252/library/std/src/io/mod.rs:1839:15
[INFO] [stdout]    7:     0x64d9dff06db2 - std::sys::backtrace::BacktraceLock::print::h4b9e00b29e9c0942
[INFO] [stdout]                                at /rustc/df4ca44d3fbc9301ee17f30f4d474e6ae4b05252/library/std/src/sys/backtrace.rs:42:9
[INFO] [stdout]    8:     0x64d9dff07d7c - std::panicking::default_hook::{{closure}}::hb59b88280d0324d9
[INFO] [stdout]                                at /rustc/df4ca44d3fbc9301ee17f30f4d474e6ae4b05252/library/std/src/panicking.rs:268:22
[INFO] [stdout]    9:     0x64d9dff07bc2 - std::panicking::default_hook::he1dd496665be4a29
[INFO] [stdout]                                at /rustc/df4ca44d3fbc9301ee17f30f4d474e6ae4b05252/library/std/src/panicking.rs:295:9
[INFO] [stdout]   10:     0x64d9dff08377 - std::panicking::rust_panic_with_hook::h2ff17fe8f26dfcf8
[INFO] [stdout]                                at /rustc/df4ca44d3fbc9301ee17f30f4d474e6ae4b05252/library/std/src/panicking.rs:801:13
[INFO] [stdout]   11:     0x64d9dff081d6 - std::panicking::begin_panic_handler::{{closure}}::h4fad77951c07e101
[INFO] [stdout]                                at /rustc/df4ca44d3fbc9301ee17f30f4d474e6ae4b05252/library/std/src/panicking.rs:667:13
[INFO] [stdout]   12:     0x64d9dff07449 - std::sys::backtrace::__rust_end_short_backtrace::hb1a25b3da5d0ea08
[INFO] [stdout]                                at /rustc/df4ca44d3fbc9301ee17f30f4d474e6ae4b05252/library/std/src/sys/backtrace.rs:170:18
[INFO] [stdout]   13:     0x64d9dff07e9c - rust_begin_unwind
[INFO] [stdout]                                at /rustc/df4ca44d3fbc9301ee17f30f4d474e6ae4b05252/library/std/src/panicking.rs:665:5
[INFO] [stdout]   14:     0x64d9dff22a50 - core::panicking::panic_fmt::ha9db07b529f9b256
[INFO] [stdout]                                at /rustc/df4ca44d3fbc9301ee17f30f4d474e6ae4b05252/library/core/src/panicking.rs:75:14
[INFO] [stdout]   15:     0x64d9dff22adc - core::panicking::panic::h993086813d94accc
[INFO] [stdout]                                at /rustc/df4ca44d3fbc9301ee17f30f4d474e6ae4b05252/library/core/src/panicking.rs:152:5
[INFO] [stdout]   16:     0x64d9dfead798 - rand::rng::Rng::gen_range::h0b0cba11f1c8766e
[INFO] [stdout]                                at /opt/rustwide/cargo-home/registry/src/index.crates.io-6f17d22bba15001f/rand-0.8.5/src/rng.rs:134:9
[INFO] [stdout]   17:     0x64d9dfead975 - mock4rs::pick_one::pick_one::hb0ff5fc6f0c1face
[INFO] [stdout]                                at /opt/rustwide/workdir/src/pick_one.rs:17:10
[INFO] [stdout]   18:     0x64d9dfeac891 - mock4rs::address::dict::random_city::h00d3b3f285504ab9
[INFO] [stdout]                                at /opt/rustwide/workdir/src/address/dict.rs:47:5
[INFO] [stdout]   19:     0x64d9dfeaba4a - rust_out::main::_doctest_main_src_address_dict_rs_40_0::hd622d27dd1efb364
[INFO] [stdout]   20:     0x64d9dfeaba36 - rust_out::main::ha213a30daa5df4da
[INFO] [stdout]   21:     0x64d9dfeaba13 - core::ops::function::FnOnce::call_once::hf7edf7132571051c
[INFO] [stdout]   22:     0x64d9dfeab9b6 - std::sys::backtrace::__rust_begin_short_backtrace::h32fd822fd2ba4079
[INFO] [stdout]   23:     0x64d9dfeab999 - std::rt::lang_start::{{closure}}::h4039a1c394ed4f7c
[INFO] [stdout]   24:     0x64d9dff023f7 - core::ops::function::impls::<impl core::ops::function::FnOnce<A> for &F>::call_once::hd87d66b906e0ccaf
[INFO] [stdout]                                at /rustc/df4ca44d3fbc9301ee17f30f4d474e6ae4b05252/library/core/src/ops/function.rs:284:13
[INFO] [stdout]   25:     0x64d9dff023f7 - std::panicking::try::do_call::hae3703de71fc9e3a
[INFO] [stdout]                                at /rustc/df4ca44d3fbc9301ee17f30f4d474e6ae4b05252/library/std/src/panicking.rs:557:40
[INFO] [stdout]   26:     0x64d9dff023f7 - std::panicking::try::h1178330e9a2b2645
[INFO] [stdout]                                at /rustc/df4ca44d3fbc9301ee17f30f4d474e6ae4b05252/library/std/src/panicking.rs:520:19
[INFO] [stdout]   27:     0x64d9dff023f7 - std::panic::catch_unwind::h0acf49d2305d32ad
[INFO] [stdout]                                at /rustc/df4ca44d3fbc9301ee17f30f4d474e6ae4b05252/library/std/src/panic.rs:358:14
[INFO] [stdout]   28:     0x64d9dff023f7 - std::rt::lang_start_internal::{{closure}}::h2d95182d798177be
[INFO] [stdout]                                at /rustc/df4ca44d3fbc9301ee17f30f4d474e6ae4b05252/library/std/src/rt.rs:174:48
[INFO] [stdout]   29:     0x64d9dff023f7 - std::panicking::try::do_call::hb506f5bfe11fd30c
[INFO] [stdout]                                at /rustc/df4ca44d3fbc9301ee17f30f4d474e6ae4b05252/library/std/src/panicking.rs:557:40
[INFO] [stdout]   30:     0x64d9dff023f7 - std::panicking::try::h54d825c46bd0fa95
[INFO] [stdout]                                at /rustc/df4ca44d3fbc9301ee17f30f4d474e6ae4b05252/library/std/src/panicking.rs:520:19
[INFO] [stdout]   31:     0x64d9dff023f7 - std::panic::catch_unwind::hffbb0ad20c4e9fac
[INFO] [stdout]                                at /rustc/df4ca44d3fbc9301ee17f30f4d474e6ae4b05252/library/std/src/panic.rs:358:14
[INFO] [stdout]   32:     0x64d9dff023f7 - std::rt::lang_start_internal::h52c291ef1962c925
[INFO] [stdout]                                at /rustc/df4ca44d3fbc9301ee17f30f4d474e6ae4b05252/library/std/src/rt.rs:174:20
[INFO] [stdout]   33:     0x64d9dfeab977 - std::rt::lang_start::h8c6075cd6f225ba1
[INFO] [stdout]   34:     0x64d9dfeabad5 - main
[INFO] [stdout]   35:     0x7fb75023bd90 - <unknown>
[INFO] [stdout]   36:     0x7fb75023be40 - __libc_start_main
[INFO] [stdout]   37:     0x64d9dfeab885 - _start
[INFO] [stdout]   38:                0x0 - <unknown>
[INFO] [stdout] 
[INFO] [stdout] 
[INFO] [stdout] 
[INFO] [stdout] failures:
[INFO] [stdout]     src/address/dict.rs - address::dict::random_city (line 40)
[INFO] [stdout]     src/address/dict.rs - address::dict::random_province (line 26)
[INFO] [stdout] 
[INFO] [stdout] test result: FAILED. 79 passed; 2 failed; 0 ignored; 0 measured; 0 filtered out; finished in 0.89s
[INFO] [stdout] 
[INFO] [stderr] error: doctest failed, to rerun pass `--doc`
[INFO] running `Command { std: "docker" "inspect" "67886a5d995337b9c5e439015eef82b96ef042669d797814a6fa9e14a0439428", kill_on_drop: false }`
[INFO] running `Command { std: "docker" "rm" "-f" "67886a5d995337b9c5e439015eef82b96ef042669d797814a6fa9e14a0439428", kill_on_drop: false }`
[INFO] [stdout] 67886a5d995337b9c5e439015eef82b96ef042669d797814a6fa9e14a0439428
