[INFO] fetching crate mmr-macro 0.0.7...
[INFO] testing mmr-macro-0.0.7 against nightly-2024-10-28 for randomize-layout
[INFO] extracting crate mmr-macro 0.0.7 into /workspace/builds/worker-2-tc1/source
[INFO] validating manifest of crates.io crate mmr-macro 0.0.7 on toolchain nightly-2024-10-28
[INFO] running `Command { std: CARGO_HOME="/workspace/cargo-home" RUSTUP_HOME="/workspace/rustup-home" "/workspace/cargo-home/bin/cargo" "+nightly-2024-10-28" "metadata" "--manifest-path" "Cargo.toml" "--no-deps", kill_on_drop: false }`
[INFO] started tweaking crates.io crate mmr-macro 0.0.7
[INFO] finished tweaking crates.io crate mmr-macro 0.0.7
[INFO] tweaked toml for crates.io crate mmr-macro 0.0.7 written to /workspace/builds/worker-2-tc1/source/Cargo.toml
[INFO] running `Command { std: CARGO_HOME="/workspace/cargo-home" RUSTUP_HOME="/workspace/rustup-home" "/workspace/cargo-home/bin/cargo" "+nightly-2024-10-28" "generate-lockfile" "--manifest-path" "Cargo.toml", kill_on_drop: false }`
[INFO] [stderr]     Updating crates.io index
[INFO] [stderr]      Locking 6 packages to latest compatible versions
[INFO] [stderr]       Adding syn v1.0.109 (available: v2.0.86)
[INFO] running `Command { std: CARGO_HOME="/workspace/cargo-home" RUSTUP_HOME="/workspace/rustup-home" "/workspace/cargo-home/bin/cargo" "+nightly-2024-10-28" "fetch" "--manifest-path" "Cargo.toml", kill_on_drop: false }`
[INFO] running `Command { std: "docker" "create" "-v" "/var/lib/crater-agent-workspace/builds/worker-2-tc1/target:/opt/rustwide/target:rw,Z" "-v" "/var/lib/crater-agent-workspace/builds/worker-2-tc1/source:/opt/rustwide/workdir:ro,Z" "-v" "/var/lib/crater-agent-workspace/cargo-home:/opt/rustwide/cargo-home:ro,Z" "-v" "/var/lib/crater-agent-workspace/rustup-home:/opt/rustwide/rustup-home:ro,Z" "-e" "SOURCE_DIR=/opt/rustwide/workdir" "-e" "CARGO_TARGET_DIR=/opt/rustwide/target" "-e" "CARGO_HOME=/opt/rustwide/cargo-home" "-e" "RUSTUP_HOME=/opt/rustwide/rustup-home" "-w" "/opt/rustwide/workdir" "-m" "1610612736" "--user" "0:0" "--network" "none" "ghcr.io/rust-lang/crates-build-env/linux@sha256:4a844ea9eb2546a2d2c7022eacef16ef2e8229c7fbb2c7d4d55a9ceca922f72d" "/opt/rustwide/cargo-home/bin/cargo" "+nightly-2024-10-28" "metadata" "--no-deps" "--format-version=1", kill_on_drop: false }`
[INFO] [stdout] 1ae6e28064bd56f432a23094fab91a08c3741a9fa791f3534b97966eb983dd0d
[INFO] running `Command { std: "docker" "start" "-a" "1ae6e28064bd56f432a23094fab91a08c3741a9fa791f3534b97966eb983dd0d", kill_on_drop: false }`
[INFO] running `Command { std: "docker" "inspect" "1ae6e28064bd56f432a23094fab91a08c3741a9fa791f3534b97966eb983dd0d", kill_on_drop: false }`
[INFO] running `Command { std: "docker" "rm" "-f" "1ae6e28064bd56f432a23094fab91a08c3741a9fa791f3534b97966eb983dd0d", kill_on_drop: false }`
[INFO] [stdout] 1ae6e28064bd56f432a23094fab91a08c3741a9fa791f3534b97966eb983dd0d
[INFO] running `Command { std: "docker" "create" "-v" "/var/lib/crater-agent-workspace/builds/worker-2-tc1/target:/opt/rustwide/target:rw,Z" "-v" "/var/lib/crater-agent-workspace/builds/worker-2-tc1/source:/opt/rustwide/workdir:ro,Z" "-v" "/var/lib/crater-agent-workspace/cargo-home:/opt/rustwide/cargo-home:ro,Z" "-v" "/var/lib/crater-agent-workspace/rustup-home:/opt/rustwide/rustup-home:ro,Z" "-e" "SOURCE_DIR=/opt/rustwide/workdir" "-e" "CARGO_TARGET_DIR=/opt/rustwide/target" "-e" "CARGO_INCREMENTAL=0" "-e" "RUST_BACKTRACE=full" "-e" "RUSTFLAGS=--cap-lints=forbid" "-e" "RUSTDOCFLAGS=--cap-lints=forbid" "-e" "CARGO_HOME=/opt/rustwide/cargo-home" "-e" "RUSTUP_HOME=/opt/rustwide/rustup-home" "-w" "/opt/rustwide/workdir" "-m" "1610612736" "--user" "0:0" "--network" "none" "ghcr.io/rust-lang/crates-build-env/linux@sha256:4a844ea9eb2546a2d2c7022eacef16ef2e8229c7fbb2c7d4d55a9ceca922f72d" "/opt/rustwide/cargo-home/bin/cargo" "+nightly-2024-10-28" "build" "--frozen" "--message-format=json", kill_on_drop: false }`
[INFO] [stdout] f83ab9112b445632b02b785d4d32b5e49f351708beb28fd116b8aeedca529ad7
[INFO] running `Command { std: "docker" "start" "-a" "f83ab9112b445632b02b785d4d32b5e49f351708beb28fd116b8aeedca529ad7", kill_on_drop: false }`
[INFO] [stderr]    Compiling proc-macro2 v1.0.89
[INFO] [stderr]    Compiling unicode-ident v1.0.13
[INFO] [stderr]    Compiling syn v1.0.109
[INFO] [stderr]    Compiling unicode-segmentation v1.12.0
[INFO] [stderr]    Compiling convert_case v0.6.0
[INFO] [stderr]    Compiling quote v1.0.37
[INFO] [stderr]    Compiling mmr-macro v0.0.7 (/opt/rustwide/workdir)
[INFO] [stderr]     Finished `dev` profile [unoptimized + debuginfo] target(s) in 3.79s
[INFO] running `Command { std: "docker" "inspect" "f83ab9112b445632b02b785d4d32b5e49f351708beb28fd116b8aeedca529ad7", kill_on_drop: false }`
[INFO] running `Command { std: "docker" "rm" "-f" "f83ab9112b445632b02b785d4d32b5e49f351708beb28fd116b8aeedca529ad7", kill_on_drop: false }`
[INFO] [stdout] f83ab9112b445632b02b785d4d32b5e49f351708beb28fd116b8aeedca529ad7
[INFO] running `Command { std: "docker" "create" "-v" "/var/lib/crater-agent-workspace/builds/worker-2-tc1/target:/opt/rustwide/target:rw,Z" "-v" "/var/lib/crater-agent-workspace/builds/worker-2-tc1/source:/opt/rustwide/workdir:ro,Z" "-v" "/var/lib/crater-agent-workspace/cargo-home:/opt/rustwide/cargo-home:ro,Z" "-v" "/var/lib/crater-agent-workspace/rustup-home:/opt/rustwide/rustup-home:ro,Z" "-e" "SOURCE_DIR=/opt/rustwide/workdir" "-e" "CARGO_TARGET_DIR=/opt/rustwide/target" "-e" "CARGO_INCREMENTAL=0" "-e" "RUST_BACKTRACE=full" "-e" "RUSTFLAGS=--cap-lints=forbid" "-e" "RUSTDOCFLAGS=--cap-lints=forbid" "-e" "CARGO_HOME=/opt/rustwide/cargo-home" "-e" "RUSTUP_HOME=/opt/rustwide/rustup-home" "-w" "/opt/rustwide/workdir" "-m" "1610612736" "--user" "0:0" "--network" "none" "ghcr.io/rust-lang/crates-build-env/linux@sha256:4a844ea9eb2546a2d2c7022eacef16ef2e8229c7fbb2c7d4d55a9ceca922f72d" "/opt/rustwide/cargo-home/bin/cargo" "+nightly-2024-10-28" "test" "--frozen" "--no-run" "--message-format=json", kill_on_drop: false }`
[INFO] [stdout] dd5c6dcef16b1b7e57ce440d59638a92510e2c6bcbcc345213c4b66694100198
[INFO] running `Command { std: "docker" "start" "-a" "dd5c6dcef16b1b7e57ce440d59638a92510e2c6bcbcc345213c4b66694100198", kill_on_drop: false }`
[INFO] [stderr]    Compiling mmr-macro v0.0.7 (/opt/rustwide/workdir)
[INFO] [stderr]     Finished `test` profile [unoptimized + debuginfo] target(s) in 0.52s
[INFO] running `Command { std: "docker" "inspect" "dd5c6dcef16b1b7e57ce440d59638a92510e2c6bcbcc345213c4b66694100198", kill_on_drop: false }`
[INFO] running `Command { std: "docker" "rm" "-f" "dd5c6dcef16b1b7e57ce440d59638a92510e2c6bcbcc345213c4b66694100198", kill_on_drop: false }`
[INFO] [stdout] dd5c6dcef16b1b7e57ce440d59638a92510e2c6bcbcc345213c4b66694100198
[INFO] running `Command { std: "docker" "create" "-v" "/var/lib/crater-agent-workspace/builds/worker-2-tc1/target:/opt/rustwide/target:rw,Z" "-v" "/var/lib/crater-agent-workspace/builds/worker-2-tc1/source:/opt/rustwide/workdir:ro,Z" "-v" "/var/lib/crater-agent-workspace/cargo-home:/opt/rustwide/cargo-home:ro,Z" "-v" "/var/lib/crater-agent-workspace/rustup-home:/opt/rustwide/rustup-home:ro,Z" "-e" "SOURCE_DIR=/opt/rustwide/workdir" "-e" "CARGO_TARGET_DIR=/opt/rustwide/target" "-e" "CARGO_INCREMENTAL=0" "-e" "RUST_BACKTRACE=full" "-e" "RUSTFLAGS=--cap-lints=forbid" "-e" "RUSTDOCFLAGS=--cap-lints=forbid" "-e" "CARGO_HOME=/opt/rustwide/cargo-home" "-e" "RUSTUP_HOME=/opt/rustwide/rustup-home" "-w" "/opt/rustwide/workdir" "-m" "1610612736" "--user" "0:0" "--network" "none" "ghcr.io/rust-lang/crates-build-env/linux@sha256:4a844ea9eb2546a2d2c7022eacef16ef2e8229c7fbb2c7d4d55a9ceca922f72d" "/opt/rustwide/cargo-home/bin/cargo" "+nightly-2024-10-28" "test" "--frozen", kill_on_drop: false }`
[INFO] [stdout] 3b80fea9e3e3fdcdf6154ac38c47cbd8fde5d1124504d15a6cdb0cea434ae7a6
[INFO] running `Command { std: "docker" "start" "-a" "3b80fea9e3e3fdcdf6154ac38c47cbd8fde5d1124504d15a6cdb0cea434ae7a6", kill_on_drop: false }`
[INFO] [stderr]     Finished `test` profile [unoptimized + debuginfo] target(s) in 0.01s
[INFO] [stderr]      Running unittests src/lib.rs (/opt/rustwide/target/debug/deps/mmr_macro-7fda239cd90cae12)
[INFO] [stdout] 
[INFO] [stdout] running 0 tests
[INFO] [stdout] 
[INFO] [stdout] test result: ok. 0 passed; 0 failed; 0 ignored; 0 measured; 0 filtered out; finished in 0.00s
[INFO] [stdout] 
[INFO] [stderr]    Doc-tests mmr_macro
[INFO] [stdout] 
[INFO] [stdout] running 2 tests
[INFO] [stdout] test src/lib.rs - (line 4) ... FAILED
[INFO] [stdout] test src/lib.rs - (line 24) ... FAILED
[INFO] [stdout] 
[INFO] [stdout] failures:
[INFO] [stdout] 
[INFO] [stdout] ---- src/lib.rs - (line 4) stdout ----
[INFO] [stdout] error: expected one of `!` or `[`, found `#`
[INFO] [stdout]  --> src/lib.rs:10:2
[INFO] [stdout]   |
[INFO] [stdout] 9 | ## Declaration and instantiation
[INFO] [stdout]   |  ^ expected one of `!` or `[`
[INFO] [stdout] 
[INFO] [stdout] error: aborting due to 1 previous error
[INFO] [stdout] 
[INFO] [stdout] Couldn't compile the test.
[INFO] [stdout] ---- src/lib.rs - (line 24) stdout ----
[INFO] [stdout] error[E0425]: cannot find value `mmr` in this scope
[INFO] [stdout]  --> src/lib.rs:25:1
[INFO] [stdout]   |
[INFO] [stdout] 3 | mmr.try_append(b"apple").unwrap();
[INFO] [stdout]   | ^^^ not found in this scope
[INFO] [stdout] 
[INFO] [stdout] error[E0425]: cannot find value `mmr` in this scope
[INFO] [stdout]  --> src/lib.rs:27:12
[INFO] [stdout]   |
[INFO] [stdout] 5 | assert_eq!(mmr.peaks()[0].height(), 0);
[INFO] [stdout]   |            ^^^ not found in this scope
[INFO] [stdout] 
[INFO] [stdout] error[E0425]: cannot find value `mmr` in this scope
[INFO] [stdout]  --> src/lib.rs:28:12
[INFO] [stdout]   |
[INFO] [stdout] 6 | assert_eq!(mmr.peaks()[0].num_of_leaves(), 1);
[INFO] [stdout]   |            ^^^ not found in this scope
[INFO] [stdout] 
[INFO] [stdout] error[E0425]: cannot find value `mmr` in this scope
[INFO] [stdout]  --> src/lib.rs:29:12
[INFO] [stderr] error: doctest failed, to rerun pass `--doc`
[INFO] [stdout]   |
[INFO] [stdout] 7 | assert_eq!(mmr.peaks()[1].num_of_leaves(), 0);
[INFO] [stdout]   |            ^^^ not found in this scope
[INFO] [stdout] 
[INFO] [stdout] error[E0425]: cannot find value `mmr` in this scope
[INFO] [stdout]  --> src/lib.rs:30:13
[INFO] [stdout]   |
[INFO] [stdout] 8 | let proof = mmr.generate_proof(0);
[INFO] [stdout]   |             ^^^ not found in this scope
[INFO] [stdout] 
[INFO] [stdout] error: aborting due to 5 previous errors
[INFO] [stdout] 
[INFO] [stdout] For more information about this error, try `rustc --explain E0425`.
[INFO] [stdout] Couldn't compile the test.
[INFO] [stdout] 
[INFO] [stdout] failures:
[INFO] [stdout]     src/lib.rs - (line 24)
[INFO] [stdout]     src/lib.rs - (line 4)
[INFO] [stdout] 
[INFO] [stdout] test result: FAILED. 0 passed; 2 failed; 0 ignored; 0 measured; 0 filtered out; finished in 0.07s
[INFO] [stdout] 
[INFO] running `Command { std: "docker" "inspect" "3b80fea9e3e3fdcdf6154ac38c47cbd8fde5d1124504d15a6cdb0cea434ae7a6", kill_on_drop: false }`
[INFO] running `Command { std: "docker" "rm" "-f" "3b80fea9e3e3fdcdf6154ac38c47cbd8fde5d1124504d15a6cdb0cea434ae7a6", kill_on_drop: false }`
[INFO] [stdout] 3b80fea9e3e3fdcdf6154ac38c47cbd8fde5d1124504d15a6cdb0cea434ae7a6
