[INFO] fetching crate mkutil 0.7.1...
[INFO] testing mkutil-0.7.1 against nightly-2024-10-28 for randomize-layout
[INFO] extracting crate mkutil 0.7.1 into /workspace/builds/worker-0-tc1/source
[INFO] validating manifest of crates.io crate mkutil 0.7.1 on toolchain nightly-2024-10-28
[INFO] running `Command { std: CARGO_HOME="/workspace/cargo-home" RUSTUP_HOME="/workspace/rustup-home" "/workspace/cargo-home/bin/cargo" "+nightly-2024-10-28" "metadata" "--manifest-path" "Cargo.toml" "--no-deps", kill_on_drop: false }`
[INFO] started tweaking crates.io crate mkutil 0.7.1
[INFO] finished tweaking crates.io crate mkutil 0.7.1
[INFO] tweaked toml for crates.io crate mkutil 0.7.1 written to /workspace/builds/worker-0-tc1/source/Cargo.toml
[INFO] running `Command { std: CARGO_HOME="/workspace/cargo-home" RUSTUP_HOME="/workspace/rustup-home" "/workspace/cargo-home/bin/cargo" "+nightly-2024-10-28" "generate-lockfile" "--manifest-path" "Cargo.toml", kill_on_drop: false }`
[INFO] [stderr]     Updating crates.io index
[INFO] [stderr]      Locking 424 packages to latest compatible versions
[INFO] [stderr]       Adding base64 v0.21.7 (available: v0.22.1)
[INFO] [stderr]       Adding fern v0.6.2 (available: v0.7.0)
[INFO] [stderr]       Adding git2 v0.18.3 (available: v0.19.0)
[INFO] [stderr]       Adding image v0.24.9 (available: v0.25.4)
[INFO] [stderr]       Adding pyo3 v0.20.3 (available: v0.22.5)
[INFO] [stderr]       Adding rfd v0.13.0 (available: v0.15.0)
[INFO] [stderr]       Adding rodio v0.17.3 (available: v0.19.0)
[INFO] running `Command { std: CARGO_HOME="/workspace/cargo-home" RUSTUP_HOME="/workspace/rustup-home" "/workspace/cargo-home/bin/cargo" "+nightly-2024-10-28" "fetch" "--manifest-path" "Cargo.toml", kill_on_drop: false }`
[INFO] [stderr]  Downloading crates ...
[INFO] [stderr]   Downloaded windows-version v0.1.1
[INFO] [stderr]   Downloaded avif-serialize v0.8.2
[INFO] [stderr]   Downloaded arg_enum_proc_macro v0.3.4
[INFO] [stderr]   Downloaded loop9 v0.1.5
[INFO] [stderr]   Downloaded interpolate_name v0.2.4
[INFO] [stderr]   Downloaded unicode_names2_generator v1.3.0
[INFO] [stderr]   Downloaded daggy v0.8.0
[INFO] [stderr]   Downloaded av1-grain v0.2.3
[INFO] [stderr]   Downloaded arboard v3.4.1
[INFO] [stderr]   Downloaded windows-core v0.56.0
[INFO] [stderr]   Downloaded image-webp v0.2.0
[INFO] [stderr]   Downloaded rodio v0.17.3
[INFO] [stderr]   Downloaded ldap3 v0.11.5
[INFO] [stderr]   Downloaded libfuzzer-sys v0.4.7
[INFO] [stderr]   Downloaded tauri-winrt-notification v0.2.1
[INFO] [stderr]   Downloaded notify-rust v4.11.3
[INFO] [stderr]   Downloaded markup5ever_rcdom v0.2.0
[INFO] [stderr]   Downloaded git2 v0.18.3
[INFO] [stderr]   Downloaded pyo3-ffi v0.20.3
[INFO] [stderr]   Downloaded unicode_names2 v1.3.0
[INFO] [stderr]   Downloaded pyo3-macros-backend v0.20.3
[INFO] [stderr]   Downloaded select v0.6.0
[INFO] [stderr]   Downloaded pyo3-build-config v0.20.3
[INFO] [stderr]   Downloaded rfd v0.13.0
[INFO] [stderr]   Downloaded xml5ever v0.17.0
[INFO] [stderr]   Downloaded pyo3 v0.20.3
[INFO] [stderr]   Downloaded bitstream-io v2.5.3
[INFO] [stderr]   Downloaded aligned-vec v0.5.0
[INFO] [stderr]   Downloaded v_frame v0.3.8
[INFO] [stderr]   Downloaded ravif v0.11.11
[INFO] [stderr]   Downloaded mac-notification-sys v0.6.2
[INFO] [stderr]   Downloaded windows-implement v0.56.0
[INFO] [stderr]   Downloaded pyo3-macros v0.20.3
[INFO] [stderr]   Downloaded simd_helpers v0.1.0
[INFO] [stderr]   Downloaded noop_proc_macro v0.3.0
[INFO] [stderr]   Downloaded profiling-procmacros v1.0.16
[INFO] [stderr]   Downloaded windows-interface v0.56.0
[INFO] [stderr]   Downloaded rav1e v0.7.1
[INFO] [stderr]   Downloaded windows v0.56.0
[INFO] running `Command { std: "docker" "create" "-v" "/var/lib/crater-agent-workspace/builds/worker-0-tc1/target:/opt/rustwide/target:rw,Z" "-v" "/var/lib/crater-agent-workspace/builds/worker-0-tc1/source:/opt/rustwide/workdir:ro,Z" "-v" "/var/lib/crater-agent-workspace/cargo-home:/opt/rustwide/cargo-home:ro,Z" "-v" "/var/lib/crater-agent-workspace/rustup-home:/opt/rustwide/rustup-home:ro,Z" "-e" "SOURCE_DIR=/opt/rustwide/workdir" "-e" "CARGO_TARGET_DIR=/opt/rustwide/target" "-e" "CARGO_HOME=/opt/rustwide/cargo-home" "-e" "RUSTUP_HOME=/opt/rustwide/rustup-home" "-w" "/opt/rustwide/workdir" "-m" "1610612736" "--user" "0:0" "--network" "none" "ghcr.io/rust-lang/crates-build-env/linux@sha256:4a844ea9eb2546a2d2c7022eacef16ef2e8229c7fbb2c7d4d55a9ceca922f72d" "/opt/rustwide/cargo-home/bin/cargo" "+nightly-2024-10-28" "metadata" "--no-deps" "--format-version=1", kill_on_drop: false }`
[INFO] [stdout] 4d5e4c41f62b3d61f3229fdea792e5bc356047f88c8c44a0276234f9dfbc6080
[INFO] running `Command { std: "docker" "start" "-a" "4d5e4c41f62b3d61f3229fdea792e5bc356047f88c8c44a0276234f9dfbc6080", kill_on_drop: false }`
[INFO] running `Command { std: "docker" "inspect" "4d5e4c41f62b3d61f3229fdea792e5bc356047f88c8c44a0276234f9dfbc6080", kill_on_drop: false }`
[INFO] running `Command { std: "docker" "rm" "-f" "4d5e4c41f62b3d61f3229fdea792e5bc356047f88c8c44a0276234f9dfbc6080", kill_on_drop: false }`
[INFO] [stdout] 4d5e4c41f62b3d61f3229fdea792e5bc356047f88c8c44a0276234f9dfbc6080
[INFO] running `Command { std: "docker" "create" "-v" "/var/lib/crater-agent-workspace/builds/worker-0-tc1/target:/opt/rustwide/target:rw,Z" "-v" "/var/lib/crater-agent-workspace/builds/worker-0-tc1/source:/opt/rustwide/workdir:ro,Z" "-v" "/var/lib/crater-agent-workspace/cargo-home:/opt/rustwide/cargo-home:ro,Z" "-v" "/var/lib/crater-agent-workspace/rustup-home:/opt/rustwide/rustup-home:ro,Z" "-e" "SOURCE_DIR=/opt/rustwide/workdir" "-e" "CARGO_TARGET_DIR=/opt/rustwide/target" "-e" "CARGO_INCREMENTAL=0" "-e" "RUST_BACKTRACE=full" "-e" "RUSTFLAGS=--cap-lints=forbid" "-e" "RUSTDOCFLAGS=--cap-lints=forbid" "-e" "CARGO_HOME=/opt/rustwide/cargo-home" "-e" "RUSTUP_HOME=/opt/rustwide/rustup-home" "-w" "/opt/rustwide/workdir" "-m" "1610612736" "--user" "0:0" "--network" "none" "ghcr.io/rust-lang/crates-build-env/linux@sha256:4a844ea9eb2546a2d2c7022eacef16ef2e8229c7fbb2c7d4d55a9ceca922f72d" "/opt/rustwide/cargo-home/bin/cargo" "+nightly-2024-10-28" "build" "--frozen" "--message-format=json", kill_on_drop: false }`
[INFO] [stdout] 9222bfeb6109db25a7bf4972caa6cb4e15bc2b05a4df0f362ff7ec78b927c749
[INFO] running `Command { std: "docker" "start" "-a" "9222bfeb6109db25a7bf4972caa6cb4e15bc2b05a4df0f362ff7ec78b927c749", kill_on_drop: false }`
[INFO] [stderr]    Compiling proc-macro2 v1.0.89
[INFO] [stderr]    Compiling unicode-ident v1.0.13
[INFO] [stderr]    Compiling cfg-if v1.0.0
[INFO] [stderr]    Compiling byteorder v1.5.0
[INFO] [stderr]    Compiling libc v0.2.161
[INFO] [stderr]    Compiling siphasher v0.3.11
[INFO] [stderr]    Compiling memchr v2.7.4
[INFO] [stderr]    Compiling unicode-width v0.1.14
[INFO] [stderr]    Compiling syn v1.0.109
[INFO] [stderr]    Compiling log v0.4.22
[INFO] [stderr]    Compiling autocfg v1.4.0
[INFO] [stderr]    Compiling unicode-xid v0.2.6
[INFO] [stderr]    Compiling adler2 v2.0.0
[INFO] [stderr]    Compiling failure_derive v0.1.8
[INFO] [stderr]    Compiling gimli v0.31.1
[INFO] [stderr]    Compiling rustix v0.38.38
[INFO] [stderr]    Compiling miniz_oxide v0.8.0
[INFO] [stderr]    Compiling linux-raw-sys v0.4.14
[INFO] [stderr]    Compiling anyhow v1.0.92
[INFO] [stderr]    Compiling phf_shared v0.11.2
[INFO] [stderr]    Compiling serde v1.0.214
[INFO] [stderr]    Compiling getopts v0.2.21
[INFO] [stderr]    Compiling rustc-demangle v0.1.24
[INFO] [stderr]    Compiling bitflags v2.6.0
[INFO] [stderr]    Compiling lazy_static v1.5.0
[INFO] [stderr]    Compiling regex-syntax v0.8.5
[INFO] [stderr]    Compiling phf v0.11.2
[INFO] [stderr]    Compiling once_cell v1.20.2
[INFO] [stderr]    Compiling iana-time-zone v0.1.61
[INFO] [stderr]    Compiling num-traits v0.2.19
[INFO] [stderr]    Compiling fastrand v2.1.1
[INFO] [stderr]    Compiling dunce v1.0.5
[INFO] [stderr]    Compiling aho-corasick v1.1.3
[INFO] [stderr]    Compiling object v0.36.5
[INFO] [stderr]    Compiling glob v0.3.1
[INFO] [stderr]    Compiling base64 v0.21.7
[INFO] [stderr]    Compiling quote v1.0.37
[INFO] [stderr]    Compiling syn v2.0.86
[INFO] [stderr]    Compiling getrandom v0.2.15
[INFO] [stderr]    Compiling is-terminal v0.4.13
[INFO] [stderr]    Compiling colored v1.9.4
[INFO] [stderr]    Compiling rand_core v0.6.4
[INFO] [stderr]    Compiling fern v0.6.2
[INFO] [stderr]    Compiling chrono v0.4.38
[INFO] [stderr]    Compiling tempfile v3.13.0
[INFO] [stderr]    Compiling addr2line v0.24.2
[INFO] [stderr]    Compiling regex-automata v0.4.8
[INFO] [stderr]    Compiling zerocopy-derive v0.7.35
[INFO] [stderr]    Compiling serde_derive v1.0.214
[INFO] [stderr]    Compiling synstructure v0.12.6
[INFO] [stderr]    Compiling zerocopy v0.7.35
[INFO] [stderr]    Compiling ppv-lite86 v0.2.20
[INFO] [stderr]    Compiling backtrace v0.3.74
[INFO] [stderr]    Compiling rand_chacha v0.3.1
[INFO] [stderr]    Compiling rand v0.8.5
[INFO] [stderr]    Compiling failure v0.1.8
[INFO] [stderr]    Compiling regex v1.11.1
[INFO] [stderr]    Compiling phf_generator v0.11.2
[INFO] [stderr]    Compiling phf_codegen v0.11.2
[INFO] [stderr]    Compiling unicode_names2_generator v1.3.0
[INFO] [stderr]    Compiling unicode_names2 v1.3.0
[INFO] [stderr]    Compiling mkutil v0.7.1 (/opt/rustwide/workdir)
[INFO] [stdout] warning: unexpected `cfg` condition value: `p4`
[INFO] [stdout]   --> src/lib.rs:40:7
[INFO] [stdout]    |
[INFO] [stdout] 40 | #[cfg(feature = "p4")]
[INFO] [stdout]    |       ^^^^^^^^^^^^^^
[INFO] [stdout]    |
[INFO] [stdout]    = note: expected values for `feature` are: `arboard`, `clipboard`, `clipboard_to_temp_image`, `dag`, `daggy`, `default`, `fern`, `fern_log`, `file_dialog`, `file_system`, `fs_extra`, `git`, `git2`, `grapheme`, `html`, `image`, `image_processing`, `ldap`, `ldap3`, `notify`, `notify-rust`, `pyo3`, `python`, `rfd`, `rodio`, `ron`, `ron_deser`, `select`, `sound`, `unicode-segmentation`, and `web_client`
[INFO] [stdout]    = help: consider adding `p4` as a feature in `Cargo.toml`
[INFO] [stdout]    = note: see <https://doc.rust-lang.org/nightly/rustc/check-cfg/cargo-specifics.html> for more information about checking conditional configuration
[INFO] [stdout]    = note: `#[warn(unexpected_cfgs)]` on by default
[INFO] [stdout] 
[INFO] [stdout] 
[INFO] [stdout] warning: non-local `impl` definition, `impl` blocks should be written at the same level as their item
[INFO] [stdout]   --> src/finder.rs:11:24
[INFO] [stdout]    |
[INFO] [stdout] 11 | #[derive(Debug, Clone, failure::Fail)]
[INFO] [stdout]    |                        ^------------
[INFO] [stdout]    |                        |
[INFO] [stdout]    |                        `Fail` is not local
[INFO] [stdout]    |                        move the `impl` block outside of this constant `_DERIVE_failure_Fail_FOR_ExecutableError`
[INFO] [stdout] 12 | pub enum ExecutableError {
[INFO] [stdout]    |          --------------- `ExecutableError` is not local
[INFO] [stdout]    |
[INFO] [stdout]    = note: the derive macro `failure::Fail` defines the non-local `impl`, and may need to be changed
[INFO] [stdout]    = note: the derive macro `failure::Fail` may come from an old version of the `failure_derive` crate, try updating your dependency with `cargo update -p failure_derive`
[INFO] [stdout]    = note: an `impl` is never scoped, even when it is nested inside an item, as it may impact type checking outside of that item, which can be the case if neither the trait or the self type are at the same nesting level as the `impl`
[INFO] [stdout]    = note: items in an anonymous const item (`const _: () = { ... }`) are treated as in the same scope as the anonymous const's declaration for the purpose of this lint
[INFO] [stdout]    = note: `#[warn(non_local_definitions)]` on by default
[INFO] [stdout]    = note: this warning originates in the derive macro `failure::Fail` (in Nightly builds, run with -Z macro-backtrace for more info)
[INFO] [stdout] 
[INFO] [stdout] 
[INFO] [stdout] warning: non-local `impl` definition, `impl` blocks should be written at the same level as their item
[INFO] [stdout]   --> src/finder.rs:11:24
[INFO] [stdout]    |
[INFO] [stdout] 11 | #[derive(Debug, Clone, failure::Fail)]
[INFO] [stdout]    |                        ^------------
[INFO] [stdout]    |                        |
[INFO] [stdout]    |                        `Display` is not local
[INFO] [stdout]    |                        move the `impl` block outside of this constant `_DERIVE_failure_core_fmt_Display_FOR_ExecutableError`
[INFO] [stdout] 12 | pub enum ExecutableError {
[INFO] [stdout]    |          --------------- `ExecutableError` is not local
[INFO] [stdout]    |
[INFO] [stdout]    = note: the derive macro `failure::Fail` defines the non-local `impl`, and may need to be changed
[INFO] [stdout]    = note: the derive macro `failure::Fail` may come from an old version of the `failure_derive` crate, try updating your dependency with `cargo update -p failure_derive`
[INFO] [stdout]    = note: an `impl` is never scoped, even when it is nested inside an item, as it may impact type checking outside of that item, which can be the case if neither the trait or the self type are at the same nesting level as the `impl`
[INFO] [stdout]    = note: items in an anonymous const item (`const _: () = { ... }`) are treated as in the same scope as the anonymous const's declaration for the purpose of this lint
[INFO] [stdout]    = note: this warning originates in the derive macro `failure::Fail` (in Nightly builds, run with -Z macro-backtrace for more info)
[INFO] [stdout] 
[INFO] [stdout] 
[INFO] [stderr]     Finished `dev` profile [unoptimized + debuginfo] target(s) in 9.55s
[INFO] running `Command { std: "docker" "inspect" "9222bfeb6109db25a7bf4972caa6cb4e15bc2b05a4df0f362ff7ec78b927c749", kill_on_drop: false }`
[INFO] running `Command { std: "docker" "rm" "-f" "9222bfeb6109db25a7bf4972caa6cb4e15bc2b05a4df0f362ff7ec78b927c749", kill_on_drop: false }`
[INFO] [stdout] 9222bfeb6109db25a7bf4972caa6cb4e15bc2b05a4df0f362ff7ec78b927c749
[INFO] running `Command { std: "docker" "create" "-v" "/var/lib/crater-agent-workspace/builds/worker-0-tc1/target:/opt/rustwide/target:rw,Z" "-v" "/var/lib/crater-agent-workspace/builds/worker-0-tc1/source:/opt/rustwide/workdir:ro,Z" "-v" "/var/lib/crater-agent-workspace/cargo-home:/opt/rustwide/cargo-home:ro,Z" "-v" "/var/lib/crater-agent-workspace/rustup-home:/opt/rustwide/rustup-home:ro,Z" "-e" "SOURCE_DIR=/opt/rustwide/workdir" "-e" "CARGO_TARGET_DIR=/opt/rustwide/target" "-e" "CARGO_INCREMENTAL=0" "-e" "RUST_BACKTRACE=full" "-e" "RUSTFLAGS=--cap-lints=forbid" "-e" "RUSTDOCFLAGS=--cap-lints=forbid" "-e" "CARGO_HOME=/opt/rustwide/cargo-home" "-e" "RUSTUP_HOME=/opt/rustwide/rustup-home" "-w" "/opt/rustwide/workdir" "-m" "1610612736" "--user" "0:0" "--network" "none" "ghcr.io/rust-lang/crates-build-env/linux@sha256:4a844ea9eb2546a2d2c7022eacef16ef2e8229c7fbb2c7d4d55a9ceca922f72d" "/opt/rustwide/cargo-home/bin/cargo" "+nightly-2024-10-28" "test" "--frozen" "--no-run" "--message-format=json", kill_on_drop: false }`
[INFO] [stdout] e38a55ff7869a0f84c7e89bc67e944e4139b825b82488c0a7c15f737b76e1ac8
[INFO] running `Command { std: "docker" "start" "-a" "e38a55ff7869a0f84c7e89bc67e944e4139b825b82488c0a7c15f737b76e1ac8", kill_on_drop: false }`
[INFO] [stderr]    Compiling syn v2.0.86
[INFO] [stderr]    Compiling pin-project-lite v0.2.15
[INFO] [stderr]    Compiling zerocopy-derive v0.7.35
[INFO] [stderr]    Compiling serde_derive v1.0.214
[INFO] [stderr]    Compiling tokio-macros v2.4.0
[INFO] [stderr]    Compiling tokio v1.41.0
[INFO] [stderr]    Compiling zerocopy v0.7.35
[INFO] [stderr]    Compiling ppv-lite86 v0.2.20
[INFO] [stderr]    Compiling rand_chacha v0.3.1
[INFO] [stderr]    Compiling rand v0.8.5
[INFO] [stderr]    Compiling serde v1.0.214
[INFO] [stderr]    Compiling phf_generator v0.11.2
[INFO] [stderr]    Compiling phf_codegen v0.11.2
[INFO] [stderr]    Compiling unicode_names2_generator v1.3.0
[INFO] [stderr]    Compiling unicode_names2 v1.3.0
[INFO] [stderr]    Compiling mkutil v0.7.1 (/opt/rustwide/workdir)
[INFO] [stdout] warning: unexpected `cfg` condition value: `p4`
[INFO] [stdout]   --> src/lib.rs:40:7
[INFO] [stdout]    |
[INFO] [stdout] 40 | #[cfg(feature = "p4")]
[INFO] [stdout]    |       ^^^^^^^^^^^^^^
[INFO] [stdout]    |
[INFO] [stdout]    = note: expected values for `feature` are: `arboard`, `clipboard`, `clipboard_to_temp_image`, `dag`, `daggy`, `default`, `fern`, `fern_log`, `file_dialog`, `file_system`, `fs_extra`, `git`, `git2`, `grapheme`, `html`, `image`, `image_processing`, `ldap`, `ldap3`, `notify`, `notify-rust`, `pyo3`, `python`, `rfd`, `rodio`, `ron`, `ron_deser`, `select`, `sound`, `unicode-segmentation`, and `web_client`
[INFO] [stdout]    = help: consider adding `p4` as a feature in `Cargo.toml`
[INFO] [stdout]    = note: see <https://doc.rust-lang.org/nightly/rustc/check-cfg/cargo-specifics.html> for more information about checking conditional configuration
[INFO] [stdout]    = note: `#[warn(unexpected_cfgs)]` on by default
[INFO] [stdout] 
[INFO] [stdout] 
[INFO] [stdout] warning: unexpected `cfg` condition value: `p4`
[INFO] [stdout]   --> src/lib.rs:40:7
[INFO] [stdout]    |
[INFO] [stdout] 40 | #[cfg(feature = "p4")]
[INFO] [stdout]    |       ^^^^^^^^^^^^^^
[INFO] [stdout]    |
[INFO] [stdout]    = note: expected values for `feature` are: `arboard`, `clipboard`, `clipboard_to_temp_image`, `dag`, `daggy`, `default`, `fern`, `fern_log`, `file_dialog`, `file_system`, `fs_extra`, `git`, `git2`, `grapheme`, `html`, `image`, `image_processing`, `ldap`, `ldap3`, `notify`, `notify-rust`, `pyo3`, `python`, `rfd`, `rodio`, `ron`, `ron_deser`, `select`, `sound`, `unicode-segmentation`, and `web_client`
[INFO] [stdout]    = help: consider adding `p4` as a feature in `Cargo.toml`
[INFO] [stdout]    = note: see <https://doc.rust-lang.org/nightly/rustc/check-cfg/cargo-specifics.html> for more information about checking conditional configuration
[INFO] [stdout]    = note: `#[warn(unexpected_cfgs)]` on by default
[INFO] [stdout] 
[INFO] [stdout] 
[INFO] [stdout] warning: non-local `impl` definition, `impl` blocks should be written at the same level as their item
[INFO] [stdout]   --> src/finder.rs:11:24
[INFO] [stdout]    |
[INFO] [stdout] 11 | #[derive(Debug, Clone, failure::Fail)]
[INFO] [stdout]    |                        ^------------
[INFO] [stdout]    |                        |
[INFO] [stdout]    |                        `Fail` is not local
[INFO] [stdout]    |                        move the `impl` block outside of this constant `_DERIVE_failure_Fail_FOR_ExecutableError`
[INFO] [stdout] 12 | pub enum ExecutableError {
[INFO] [stdout]    |          --------------- `ExecutableError` is not local
[INFO] [stdout]    |
[INFO] [stdout]    = note: the derive macro `failure::Fail` defines the non-local `impl`, and may need to be changed
[INFO] [stdout]    = note: the derive macro `failure::Fail` may come from an old version of the `failure_derive` crate, try updating your dependency with `cargo update -p failure_derive`
[INFO] [stdout]    = note: an `impl` is never scoped, even when it is nested inside an item, as it may impact type checking outside of that item, which can be the case if neither the trait or the self type are at the same nesting level as the `impl`
[INFO] [stdout]    = note: items in an anonymous const item (`const _: () = { ... }`) are treated as in the same scope as the anonymous const's declaration for the purpose of this lint
[INFO] [stdout]    = note: `#[warn(non_local_definitions)]` on by default
[INFO] [stdout]    = note: this warning originates in the derive macro `failure::Fail` (in Nightly builds, run with -Z macro-backtrace for more info)
[INFO] [stdout] 
[INFO] [stdout] 
[INFO] [stdout] warning: non-local `impl` definition, `impl` blocks should be written at the same level as their item
[INFO] [stdout]   --> src/finder.rs:11:24
[INFO] [stdout]    |
[INFO] [stdout] 11 | #[derive(Debug, Clone, failure::Fail)]
[INFO] [stdout]    |                        ^------------
[INFO] [stdout]    |                        |
[INFO] [stdout]    |                        `Display` is not local
[INFO] [stdout]    |                        move the `impl` block outside of this constant `_DERIVE_failure_core_fmt_Display_FOR_ExecutableError`
[INFO] [stdout] 12 | pub enum ExecutableError {
[INFO] [stdout]    |          --------------- `ExecutableError` is not local
[INFO] [stdout]    |
[INFO] [stdout]    = note: the derive macro `failure::Fail` defines the non-local `impl`, and may need to be changed
[INFO] [stdout]    = note: the derive macro `failure::Fail` may come from an old version of the `failure_derive` crate, try updating your dependency with `cargo update -p failure_derive`
[INFO] [stdout]    = note: an `impl` is never scoped, even when it is nested inside an item, as it may impact type checking outside of that item, which can be the case if neither the trait or the self type are at the same nesting level as the `impl`
[INFO] [stdout]    = note: items in an anonymous const item (`const _: () = { ... }`) are treated as in the same scope as the anonymous const's declaration for the purpose of this lint
[INFO] [stdout]    = note: this warning originates in the derive macro `failure::Fail` (in Nightly builds, run with -Z macro-backtrace for more info)
[INFO] [stdout] 
[INFO] [stdout] 
[INFO] [stdout] warning: non-local `impl` definition, `impl` blocks should be written at the same level as their item
[INFO] [stdout]   --> src/finder.rs:11:24
[INFO] [stdout]    |
[INFO] [stdout] 11 | #[derive(Debug, Clone, failure::Fail)]
[INFO] [stdout]    |                        ^------------
[INFO] [stdout]    |                        |
[INFO] [stdout]    |                        `Fail` is not local
[INFO] [stdout]    |                        move the `impl` block outside of this constant `_DERIVE_failure_Fail_FOR_ExecutableError`
[INFO] [stdout] 12 | pub enum ExecutableError {
[INFO] [stdout]    |          --------------- `ExecutableError` is not local
[INFO] [stdout]    |
[INFO] [stdout]    = note: the derive macro `failure::Fail` defines the non-local `impl`, and may need to be changed
[INFO] [stdout]    = note: the derive macro `failure::Fail` may come from an old version of the `failure_derive` crate, try updating your dependency with `cargo update -p failure_derive`
[INFO] [stdout]    = note: an `impl` is never scoped, even when it is nested inside an item, as it may impact type checking outside of that item, which can be the case if neither the trait or the self type are at the same nesting level as the `impl`
[INFO] [stdout]    = note: items in an anonymous const item (`const _: () = { ... }`) are treated as in the same scope as the anonymous const's declaration for the purpose of this lint
[INFO] [stdout]    = note: `#[warn(non_local_definitions)]` on by default
[INFO] [stdout]    = note: this warning originates in the derive macro `failure::Fail` (in Nightly builds, run with -Z macro-backtrace for more info)
[INFO] [stdout] 
[INFO] [stdout] 
[INFO] [stdout] warning: non-local `impl` definition, `impl` blocks should be written at the same level as their item
[INFO] [stdout]   --> src/finder.rs:11:24
[INFO] [stdout]    |
[INFO] [stdout] 11 | #[derive(Debug, Clone, failure::Fail)]
[INFO] [stdout]    |                        ^------------
[INFO] [stdout]    |                        |
[INFO] [stdout]    |                        `Display` is not local
[INFO] [stdout]    |                        move the `impl` block outside of this constant `_DERIVE_failure_core_fmt_Display_FOR_ExecutableError`
[INFO] [stdout] 12 | pub enum ExecutableError {
[INFO] [stdout]    |          --------------- `ExecutableError` is not local
[INFO] [stdout]    |
[INFO] [stdout]    = note: the derive macro `failure::Fail` defines the non-local `impl`, and may need to be changed
[INFO] [stdout]    = note: the derive macro `failure::Fail` may come from an old version of the `failure_derive` crate, try updating your dependency with `cargo update -p failure_derive`
[INFO] [stdout]    = note: an `impl` is never scoped, even when it is nested inside an item, as it may impact type checking outside of that item, which can be the case if neither the trait or the self type are at the same nesting level as the `impl`
[INFO] [stdout]    = note: items in an anonymous const item (`const _: () = { ... }`) are treated as in the same scope as the anonymous const's declaration for the purpose of this lint
[INFO] [stdout]    = note: this warning originates in the derive macro `failure::Fail` (in Nightly builds, run with -Z macro-backtrace for more info)
[INFO] [stdout] 
[INFO] [stdout] 
[INFO] [stderr]     Finished `test` profile [unoptimized + debuginfo] target(s) in 8.42s
[INFO] running `Command { std: "docker" "inspect" "e38a55ff7869a0f84c7e89bc67e944e4139b825b82488c0a7c15f737b76e1ac8", kill_on_drop: false }`
[INFO] running `Command { std: "docker" "rm" "-f" "e38a55ff7869a0f84c7e89bc67e944e4139b825b82488c0a7c15f737b76e1ac8", kill_on_drop: false }`
[INFO] [stdout] e38a55ff7869a0f84c7e89bc67e944e4139b825b82488c0a7c15f737b76e1ac8
[INFO] running `Command { std: "docker" "create" "-v" "/var/lib/crater-agent-workspace/builds/worker-0-tc1/target:/opt/rustwide/target:rw,Z" "-v" "/var/lib/crater-agent-workspace/builds/worker-0-tc1/source:/opt/rustwide/workdir:ro,Z" "-v" "/var/lib/crater-agent-workspace/cargo-home:/opt/rustwide/cargo-home:ro,Z" "-v" "/var/lib/crater-agent-workspace/rustup-home:/opt/rustwide/rustup-home:ro,Z" "-e" "SOURCE_DIR=/opt/rustwide/workdir" "-e" "CARGO_TARGET_DIR=/opt/rustwide/target" "-e" "CARGO_INCREMENTAL=0" "-e" "RUST_BACKTRACE=full" "-e" "RUSTFLAGS=--cap-lints=forbid" "-e" "RUSTDOCFLAGS=--cap-lints=forbid" "-e" "CARGO_HOME=/opt/rustwide/cargo-home" "-e" "RUSTUP_HOME=/opt/rustwide/rustup-home" "-w" "/opt/rustwide/workdir" "-m" "1610612736" "--user" "0:0" "--network" "none" "ghcr.io/rust-lang/crates-build-env/linux@sha256:4a844ea9eb2546a2d2c7022eacef16ef2e8229c7fbb2c7d4d55a9ceca922f72d" "/opt/rustwide/cargo-home/bin/cargo" "+nightly-2024-10-28" "test" "--frozen", kill_on_drop: false }`
[INFO] [stdout] 05b8250d40ab37870f235209d11907e9aee491d0d6ff181bd7cf62a4222daaa5
[INFO] running `Command { std: "docker" "start" "-a" "05b8250d40ab37870f235209d11907e9aee491d0d6ff181bd7cf62a4222daaa5", kill_on_drop: false }`
[INFO] [stderr] warning: unexpected `cfg` condition value: `p4`
[INFO] [stderr]   --> src/lib.rs:40:7
[INFO] [stderr]    |
[INFO] [stderr] 40 | #[cfg(feature = "p4")]
[INFO] [stderr]    |       ^^^^^^^^^^^^^^
[INFO] [stderr]    |
[INFO] [stderr]    = note: expected values for `feature` are: `arboard`, `clipboard`, `clipboard_to_temp_image`, `dag`, `daggy`, `default`, `fern`, `fern_log`, `file_dialog`, `file_system`, `fs_extra`, `git`, `git2`, `grapheme`, `html`, `image`, `image_processing`, `ldap`, `ldap3`, `notify`, `notify-rust`, `pyo3`, `python`, `rfd`, `rodio`, `ron`, `ron_deser`, `select`, `sound`, `unicode-segmentation`, and `web_client`
[INFO] [stderr]    = help: consider adding `p4` as a feature in `Cargo.toml`
[INFO] [stderr]    = note: see <https://doc.rust-lang.org/nightly/rustc/check-cfg/cargo-specifics.html> for more information about checking conditional configuration
[INFO] [stderr]    = note: `#[warn(unexpected_cfgs)]` on by default
[INFO] [stderr] 
[INFO] [stderr] warning: non-local `impl` definition, `impl` blocks should be written at the same level as their item
[INFO] [stderr]   --> src/finder.rs:11:24
[INFO] [stderr]    |
[INFO] [stderr] 11 | #[derive(Debug, Clone, failure::Fail)]
[INFO] [stderr]    |                        ^------------
[INFO] [stderr]    |                        |
[INFO] [stderr]    |                        `Fail` is not local
[INFO] [stderr]    |                        move the `impl` block outside of this constant `_DERIVE_failure_Fail_FOR_ExecutableError`
[INFO] [stderr] 12 | pub enum ExecutableError {
[INFO] [stderr]    |          --------------- `ExecutableError` is not local
[INFO] [stderr]    |
[INFO] [stderr]    = note: the derive macro `failure::Fail` defines the non-local `impl`, and may need to be changed
[INFO] [stderr]    = note: the derive macro `failure::Fail` may come from an old version of the `failure_derive` crate, try updating your dependency with `cargo update -p failure_derive`
[INFO] [stderr]    = note: an `impl` is never scoped, even when it is nested inside an item, as it may impact type checking outside of that item, which can be the case if neither the trait or the self type are at the same nesting level as the `impl`
[INFO] [stderr]    = note: items in an anonymous const item (`const _: () = { ... }`) are treated as in the same scope as the anonymous const's declaration for the purpose of this lint
[INFO] [stderr]    = note: `#[warn(non_local_definitions)]` on by default
[INFO] [stderr]    = note: this warning originates in the derive macro `failure::Fail` (in Nightly builds, run with -Z macro-backtrace for more info)
[INFO] [stderr] 
[INFO] [stderr] warning: non-local `impl` definition, `impl` blocks should be written at the same level as their item
[INFO] [stderr]   --> src/finder.rs:11:24
[INFO] [stderr]    |
[INFO] [stderr] 11 | #[derive(Debug, Clone, failure::Fail)]
[INFO] [stderr]    |                        ^------------
[INFO] [stderr]    |                        |
[INFO] [stderr]    |                        `Display` is not local
[INFO] [stderr]    |                        move the `impl` block outside of this constant `_DERIVE_failure_core_fmt_Display_FOR_ExecutableError`
[INFO] [stderr] 12 | pub enum ExecutableError {
[INFO] [stderr]    |          --------------- `ExecutableError` is not local
[INFO] [stderr]    |
[INFO] [stderr]    = note: the derive macro `failure::Fail` defines the non-local `impl`, and may need to be changed
[INFO] [stderr]    = note: the derive macro `failure::Fail` may come from an old version of the `failure_derive` crate, try updating your dependency with `cargo update -p failure_derive`
[INFO] [stderr]    = note: an `impl` is never scoped, even when it is nested inside an item, as it may impact type checking outside of that item, which can be the case if neither the trait or the self type are at the same nesting level as the `impl`
[INFO] [stderr]    = note: items in an anonymous const item (`const _: () = { ... }`) are treated as in the same scope as the anonymous const's declaration for the purpose of this lint
[INFO] [stderr]    = note: this warning originates in the derive macro `failure::Fail` (in Nightly builds, run with -Z macro-backtrace for more info)
[INFO] [stderr] 
[INFO] [stderr] warning: `mkutil` (lib) generated 3 warnings
[INFO] [stderr] warning: `mkutil` (lib test) generated 3 warnings (3 duplicates)
[INFO] [stderr]     Finished `test` profile [unoptimized + debuginfo] target(s) in 0.11s
[INFO] [stderr]      Running unittests src/lib.rs (/opt/rustwide/target/debug/deps/mkutil-2589c97a337161c2)
[INFO] [stdout] 
[INFO] [stdout] running 8 tests
[INFO] [stdout] test base::tests::decode ... ok
[INFO] [stdout] test base::tests::encode ... ok
[INFO] [stdout] test tests::get_app_root_dir ... ok
[INFO] [stdout] test text::tests::sanitize ... ok
[INFO] [stdout] test text::tests::multiline ... ok
[INFO] [stdout] test finder::tests::dpgp_submissions ... ok
[INFO] [stdout] test finder::tests::windows_paths ... FAILED
[INFO] [stdout] test finder::tests::image_suffx ... ok
[INFO] [stdout] 
[INFO] [stdout] failures:
[INFO] [stdout] 
[INFO] [stdout] ---- finder::tests::windows_paths stdout ----
[INFO] [stdout] thread 'finder::tests::windows_paths' panicked at src/finder.rs:472:9:
[INFO] [stdout] assertion `left == right` failed
[INFO] [stdout]   left: "//nas/projects/XYZ/data/review\\asset/vehicles\\SOMEASSET\\last/medRes\\SOMEASSET.rig.ma"
[INFO] [stdout]  right: "\\\\nas\\projects\\XYZ\\data\\review\\asset\\vehicles\\SOMEASSET\\last\\medRes\\SOMEASSET.rig.ma"
[INFO] [stdout] stack backtrace:
[INFO] [stdout]    0:     0x63c421bbb16a - std::backtrace_rs::backtrace::libunwind::trace::h207520d6e9873551
[INFO] [stdout]                                at /rustc/df4ca44d3fbc9301ee17f30f4d474e6ae4b05252/library/std/src/../../backtrace/src/backtrace/libunwind.rs:116:5
[INFO] [stdout]    1:     0x63c421bbb16a - std::backtrace_rs::backtrace::trace_unsynchronized::h2ed7433f370e3eca
[INFO] [stdout]                                at /rustc/df4ca44d3fbc9301ee17f30f4d474e6ae4b05252/library/std/src/../../backtrace/src/backtrace/mod.rs:66:5
[INFO] [stdout]    2:     0x63c421bbb16a - std::sys::backtrace::_print_fmt::h916fac51166b18d7
[INFO] [stdout]                                at /rustc/df4ca44d3fbc9301ee17f30f4d474e6ae4b05252/library/std/src/sys/backtrace.rs:66:9
[INFO] [stdout]    3:     0x63c421bbb16a - <std::sys::backtrace::BacktraceLock::print::DisplayBacktrace as core::fmt::Display>::fmt::ha0a4c9b8ce3802e6
[INFO] [stdout]                                at /rustc/df4ca44d3fbc9301ee17f30f4d474e6ae4b05252/library/std/src/sys/backtrace.rs:39:26
[INFO] [stdout]    4:     0x63c421be3313 - core::fmt::rt::Argument::fmt::h4cfc8587d52b3eb5
[INFO] [stdout]                                at /rustc/df4ca44d3fbc9301ee17f30f4d474e6ae4b05252/library/core/src/fmt/rt.rs:177:76
[INFO] [stdout]    5:     0x63c421be3313 - core::fmt::write::h522cc39e5b36ae9f
[INFO] [stdout]                                at /rustc/df4ca44d3fbc9301ee17f30f4d474e6ae4b05252/library/core/src/fmt/mod.rs:1190:21
[INFO] [stdout]    6:     0x63c421bb7253 - std::io::Write::write_fmt::h7d3c26752da97734
[INFO] [stdout]                                at /rustc/df4ca44d3fbc9301ee17f30f4d474e6ae4b05252/library/std/src/io/mod.rs:1839:15
[INFO] [stdout]    7:     0x63c421bbafb2 - std::sys::backtrace::BacktraceLock::print::h4b9e00b29e9c0942
[INFO] [stdout]                                at /rustc/df4ca44d3fbc9301ee17f30f4d474e6ae4b05252/library/std/src/sys/backtrace.rs:42:9
[INFO] [stdout]    8:     0x63c421bbc5fa - std::panicking::default_hook::{{closure}}::hb59b88280d0324d9
[INFO] [stdout]                                at /rustc/df4ca44d3fbc9301ee17f30f4d474e6ae4b05252/library/std/src/panicking.rs:268:22
[INFO] [stdout]    9:     0x63c421bbc404 - std::panicking::default_hook::he1dd496665be4a29
[INFO] [stdout]                                at /rustc/df4ca44d3fbc9301ee17f30f4d474e6ae4b05252/library/std/src/panicking.rs:292:9
[INFO] [stdout]   10:     0x63c4218c3239 - <alloc::boxed::Box<F,A> as core::ops::function::Fn<Args>>::call::h4ff71de18744e1dc
[INFO] [stdout]                                at /rustc/df4ca44d3fbc9301ee17f30f4d474e6ae4b05252/library/alloc/src/boxed.rs:2468:9
[INFO] [stdout]   11:     0x63c4218c3239 - test::test_main::{{closure}}::hcf7c055ce117aa81
[INFO] [stdout]                                at /rustc/df4ca44d3fbc9301ee17f30f4d474e6ae4b05252/library/test/src/lib.rs:133:21
[INFO] [stdout]   12:     0x63c421bbccf8 - <alloc::boxed::Box<F,A> as core::ops::function::Fn<Args>>::call::h1d66c6bbd60c9692
[INFO] [stdout]                                at /rustc/df4ca44d3fbc9301ee17f30f4d474e6ae4b05252/library/alloc/src/boxed.rs:2468:9
[INFO] [stdout]   13:     0x63c421bbccf8 - std::panicking::rust_panic_with_hook::h2ff17fe8f26dfcf8
[INFO] [stdout]                                at /rustc/df4ca44d3fbc9301ee17f30f4d474e6ae4b05252/library/std/src/panicking.rs:809:13
[INFO] [stdout]   14:     0x63c421bbcaba - std::panicking::begin_panic_handler::{{closure}}::h4fad77951c07e101
[INFO] [stdout]                                at /rustc/df4ca44d3fbc9301ee17f30f4d474e6ae4b05252/library/std/src/panicking.rs:674:13
[INFO] [stdout]   15:     0x63c421bbb649 - std::sys::backtrace::__rust_end_short_backtrace::hb1a25b3da5d0ea08
[INFO] [stdout]                                at /rustc/df4ca44d3fbc9301ee17f30f4d474e6ae4b05252/library/std/src/sys/backtrace.rs:170:18
[INFO] [stdout]   16:     0x63c421bbc74c - rust_begin_unwind
[INFO] [stdout]                                at /rustc/df4ca44d3fbc9301ee17f30f4d474e6ae4b05252/library/std/src/panicking.rs:665:5
[INFO] [stdout]   17:     0x63c421be1940 - core::panicking::panic_fmt::ha9db07b529f9b256
[INFO] [stdout]                                at /rustc/df4ca44d3fbc9301ee17f30f4d474e6ae4b05252/library/core/src/panicking.rs:75:14
[INFO] [stdout]   18:     0x63c421be1d44 - core::panicking::assert_failed_inner::h04f38944d74a80a8
[INFO] [stdout]   19:     0x63c4218798da - core::panicking::assert_failed::hce4f42c8d443af60
[INFO] [stdout]                                at /rustc/df4ca44d3fbc9301ee17f30f4d474e6ae4b05252/library/core/src/panicking.rs:377:5
[INFO] [stdout]   20:     0x63c42187b8c2 - mkutil::finder::tests::windows_paths::h91d93599f3c4b25a
[INFO] [stdout]                                at /opt/rustwide/workdir/src/finder.rs:472:9
[INFO] [stdout]   21:     0x63c42187b7a7 - mkutil::finder::tests::windows_paths::{{closure}}::h8e882cab023786cf
[INFO] [stdout]                                at /opt/rustwide/workdir/src/finder.rs:468:23
[INFO] [stdout]   22:     0x63c421872136 - core::ops::function::FnOnce::call_once::h11ce8de204cc385d
[INFO] [stdout]                                at /rustc/df4ca44d3fbc9301ee17f30f4d474e6ae4b05252/library/core/src/ops/function.rs:250:5
[INFO] [stdout]   23:     0x63c4218c7b0b - core::ops::function::FnOnce::call_once::h22c3ba5715e93f05
[INFO] [stdout]                                at /rustc/df4ca44d3fbc9301ee17f30f4d474e6ae4b05252/library/core/src/ops/function.rs:250:5
[INFO] [stdout]   24:     0x63c4218c7b0b - test::__rust_begin_short_backtrace::h8e82d8113d0da17f
[INFO] [stdout]                                at /rustc/df4ca44d3fbc9301ee17f30f4d474e6ae4b05252/library/test/src/lib.rs:621:18
[INFO] [stdout]   25:     0x63c4218c7487 - test::run_test_in_process::{{closure}}::h33235f4f20b7b7c7
[INFO] [stdout]                                at /rustc/df4ca44d3fbc9301ee17f30f4d474e6ae4b05252/library/test/src/lib.rs:644:60
[INFO] [stdout]   26:     0x63c4218c7487 - <core::panic::unwind_safe::AssertUnwindSafe<F> as core::ops::function::FnOnce<()>>::call_once::hb5043206310c586f
[INFO] [stdout]                                at /rustc/df4ca44d3fbc9301ee17f30f4d474e6ae4b05252/library/core/src/panic/unwind_safe.rs:272:9
[INFO] [stdout]   27:     0x63c4218c7487 - std::panicking::try::do_call::h9ad4731a60ab23e2
[INFO] [stdout]                                at /rustc/df4ca44d3fbc9301ee17f30f4d474e6ae4b05252/library/std/src/panicking.rs:557:40
[INFO] [stdout]   28:     0x63c4218c7487 - std::panicking::try::h3824d23db772a716
[INFO] [stdout]                                at /rustc/df4ca44d3fbc9301ee17f30f4d474e6ae4b05252/library/std/src/panicking.rs:520:19
[INFO] [stdout]   29:     0x63c4218c7487 - std::panic::catch_unwind::h5afd514605fde46b
[INFO] [stdout]                                at /rustc/df4ca44d3fbc9301ee17f30f4d474e6ae4b05252/library/std/src/panic.rs:358:14
[INFO] [stdout]   30:     0x63c4218c7487 - test::run_test_in_process::h0d5cbfa7067d1720
[INFO] [stdout]                                at /rustc/df4ca44d3fbc9301ee17f30f4d474e6ae4b05252/library/test/src/lib.rs:644:27
[INFO] [stdout]   31:     0x63c4218c7487 - test::run_test::{{closure}}::h708eb8872708115d
[INFO] [stdout]                                at /rustc/df4ca44d3fbc9301ee17f30f4d474e6ae4b05252/library/test/src/lib.rs:565:43
[INFO] [stdout]   32:     0x63c42188aba4 - test::run_test::{{closure}}::h392c51cee94713ab
[INFO] [stdout]                                at /rustc/df4ca44d3fbc9301ee17f30f4d474e6ae4b05252/library/test/src/lib.rs:595:41
[INFO] [stdout]   33:     0x63c42188aba4 - std::sys::backtrace::__rust_begin_short_backtrace::h2f40290710935a8b
[INFO] [stdout]                                at /rustc/df4ca44d3fbc9301ee17f30f4d474e6ae4b05252/library/std/src/sys/backtrace.rs:154:18
[INFO] [stdout]   34:     0x63c42188e34e - std::thread::Builder::spawn_unchecked_::{{closure}}::{{closure}}::h3fd968d89053a903
[INFO] [stdout]                                at /rustc/df4ca44d3fbc9301ee17f30f4d474e6ae4b05252/library/std/src/thread/mod.rs:541:17
[INFO] [stdout]   35:     0x63c42188e34e - <core::panic::unwind_safe::AssertUnwindSafe<F> as core::ops::function::FnOnce<()>>::call_once::h743f637ba4229880
[INFO] [stdout]                                at /rustc/df4ca44d3fbc9301ee17f30f4d474e6ae4b05252/library/core/src/panic/unwind_safe.rs:272:9
[INFO] [stdout]   36:     0x63c42188e34e - std::panicking::try::do_call::h07440897322525a6
[INFO] [stdout]                                at /rustc/df4ca44d3fbc9301ee17f30f4d474e6ae4b05252/library/std/src/panicking.rs:557:40
[INFO] [stdout]   37:     0x63c42188e34e - std::panicking::try::he5a2e00188156637
[INFO] [stdout]                                at /rustc/df4ca44d3fbc9301ee17f30f4d474e6ae4b05252/library/std/src/panicking.rs:520:19
[INFO] [stdout]   38:     0x63c42188e34e - std::panic::catch_unwind::hbaf3cae49b3c6433
[INFO] [stdout]                                at /rustc/df4ca44d3fbc9301ee17f30f4d474e6ae4b05252/library/std/src/panic.rs:358:14
[INFO] [stdout]   39:     0x63c42188e34e - std::thread::Builder::spawn_unchecked_::{{closure}}::h8e141ea224820bce
[INFO] [stdout]                                at /rustc/df4ca44d3fbc9301ee17f30f4d474e6ae4b05252/library/std/src/thread/mod.rs:540:30
[INFO] [stdout]   40:     0x63c42188e34e - core::ops::function::FnOnce::call_once{{vtable.shim}}::h90d312fedd7b8ea8
[INFO] [stdout]                                at /rustc/df4ca44d3fbc9301ee17f30f4d474e6ae4b05252/library/core/src/ops/function.rs:250:5
[INFO] [stdout]   41:     0x63c421bc1a1b - <alloc::boxed::Box<F,A> as core::ops::function::FnOnce<Args>>::call_once::h69aa08ddb6adb8b6
[INFO] [stdout]                                at /rustc/df4ca44d3fbc9301ee17f30f4d474e6ae4b05252/library/alloc/src/boxed.rs:2454:9
[INFO] [stdout]   42:     0x63c421bc1a1b - <alloc::boxed::Box<F,A> as core::ops::function::FnOnce<Args>>::call_once::h5aa36efdb79c806f
[INFO] [stdout]                                at /rustc/df4ca44d3fbc9301ee17f30f4d474e6ae4b05252/library/alloc/src/boxed.rs:2454:9
[INFO] [stdout]   43:     0x63c421bc1a1b - std::sys::pal::unix::thread::Thread::new::thread_start::h6cd80a1b4be5158d
[INFO] [stdout]                                at /rustc/df4ca44d3fbc9301ee17f30f4d474e6ae4b05252/library/std/src/sys/pal/unix/thread.rs:105:17
[INFO] [stdout]   44:     0x7607ea7a3ac3 - <unknown>
[INFO] [stdout]   45:     0x7607ea834a04 - clone
[INFO] [stdout]   46:                0x0 - <unknown>
[INFO] [stdout] 
[INFO] [stdout] 
[INFO] [stdout] failures:
[INFO] [stdout]     finder::tests::windows_paths
[INFO] [stdout] 
[INFO] [stdout] test result: FAILED. 7 passed; 1 failed; 0 ignored; 0 measured; 0 filtered out; finished in 0.03s
[INFO] [stdout] 
[INFO] [stderr] error: test failed, to rerun pass `--lib`
[INFO] running `Command { std: "docker" "inspect" "05b8250d40ab37870f235209d11907e9aee491d0d6ff181bd7cf62a4222daaa5", kill_on_drop: false }`
[INFO] running `Command { std: "docker" "rm" "-f" "05b8250d40ab37870f235209d11907e9aee491d0d6ff181bd7cf62a4222daaa5", kill_on_drop: false }`
[INFO] [stdout] 05b8250d40ab37870f235209d11907e9aee491d0d6ff181bd7cf62a4222daaa5
