[INFO] fetching crate misskey-util 0.2.0-rc.1...
[INFO] testing misskey-util-0.2.0-rc.1 against nightly-2024-10-28+rustflags=-Zrandomize-layout for randomize-layout
[INFO] extracting crate misskey-util 0.2.0-rc.1 into /workspace/builds/worker-3-tc2/source
[INFO] validating manifest of crates.io crate misskey-util 0.2.0-rc.1 on toolchain nightly-2024-10-28
[INFO] running `Command { std: CARGO_HOME="/workspace/cargo-home" RUSTUP_HOME="/workspace/rustup-home" "/workspace/cargo-home/bin/cargo" "+nightly-2024-10-28" "metadata" "--manifest-path" "Cargo.toml" "--no-deps", kill_on_drop: false }`
[INFO] started tweaking crates.io crate misskey-util 0.2.0-rc.1
[INFO] finished tweaking crates.io crate misskey-util 0.2.0-rc.1
[INFO] tweaked toml for crates.io crate misskey-util 0.2.0-rc.1 written to /workspace/builds/worker-3-tc2/source/Cargo.toml
[INFO] running `Command { std: CARGO_HOME="/workspace/cargo-home" RUSTUP_HOME="/workspace/rustup-home" "/workspace/cargo-home/bin/cargo" "+nightly-2024-10-28" "generate-lockfile" "--manifest-path" "Cargo.toml", kill_on_drop: false }`
[INFO] [stderr]     Updating crates.io index
[INFO] [stderr]      Locking 104 packages to latest compatible versions
[INFO] [stderr]       Adding ulid v0.5.0 (available: v1.1.3)
[INFO] running `Command { std: CARGO_HOME="/workspace/cargo-home" RUSTUP_HOME="/workspace/rustup-home" "/workspace/cargo-home/bin/cargo" "+nightly-2024-10-28" "fetch" "--manifest-path" "Cargo.toml", kill_on_drop: false }`
[INFO] running `Command { std: "docker" "create" "-v" "/var/lib/crater-agent-workspace/builds/worker-3-tc2/target:/opt/rustwide/target:rw,Z" "-v" "/var/lib/crater-agent-workspace/builds/worker-3-tc2/source:/opt/rustwide/workdir:ro,Z" "-v" "/var/lib/crater-agent-workspace/cargo-home:/opt/rustwide/cargo-home:ro,Z" "-v" "/var/lib/crater-agent-workspace/rustup-home:/opt/rustwide/rustup-home:ro,Z" "-e" "SOURCE_DIR=/opt/rustwide/workdir" "-e" "CARGO_TARGET_DIR=/opt/rustwide/target" "-e" "CARGO_HOME=/opt/rustwide/cargo-home" "-e" "RUSTUP_HOME=/opt/rustwide/rustup-home" "-w" "/opt/rustwide/workdir" "-m" "1610612736" "--user" "0:0" "--network" "none" "ghcr.io/rust-lang/crates-build-env/linux@sha256:4a844ea9eb2546a2d2c7022eacef16ef2e8229c7fbb2c7d4d55a9ceca922f72d" "/opt/rustwide/cargo-home/bin/cargo" "+nightly-2024-10-28" "metadata" "--no-deps" "--format-version=1", kill_on_drop: false }`
[INFO] [stdout] 46f1a1fe10e30adb6e0732db96c9cfd10ad9536e6f530e76ee6a0b52ac394490
[INFO] running `Command { std: "docker" "start" "-a" "46f1a1fe10e30adb6e0732db96c9cfd10ad9536e6f530e76ee6a0b52ac394490", kill_on_drop: false }`
[INFO] running `Command { std: "docker" "inspect" "46f1a1fe10e30adb6e0732db96c9cfd10ad9536e6f530e76ee6a0b52ac394490", kill_on_drop: false }`
[INFO] running `Command { std: "docker" "rm" "-f" "46f1a1fe10e30adb6e0732db96c9cfd10ad9536e6f530e76ee6a0b52ac394490", kill_on_drop: false }`
[INFO] [stdout] 46f1a1fe10e30adb6e0732db96c9cfd10ad9536e6f530e76ee6a0b52ac394490
[INFO] running `Command { std: "docker" "create" "-v" "/var/lib/crater-agent-workspace/builds/worker-3-tc2/target:/opt/rustwide/target:rw,Z" "-v" "/var/lib/crater-agent-workspace/builds/worker-3-tc2/source:/opt/rustwide/workdir:ro,Z" "-v" "/var/lib/crater-agent-workspace/cargo-home:/opt/rustwide/cargo-home:ro,Z" "-v" "/var/lib/crater-agent-workspace/rustup-home:/opt/rustwide/rustup-home:ro,Z" "-e" "SOURCE_DIR=/opt/rustwide/workdir" "-e" "CARGO_TARGET_DIR=/opt/rustwide/target" "-e" "CARGO_INCREMENTAL=0" "-e" "RUST_BACKTRACE=full" "-e" "RUSTFLAGS=--cap-lints=forbid -Zrandomize-layout" "-e" "RUSTDOCFLAGS=--cap-lints=forbid" "-e" "CARGO_HOME=/opt/rustwide/cargo-home" "-e" "RUSTUP_HOME=/opt/rustwide/rustup-home" "-w" "/opt/rustwide/workdir" "-m" "1610612736" "--user" "0:0" "--network" "none" "ghcr.io/rust-lang/crates-build-env/linux@sha256:4a844ea9eb2546a2d2c7022eacef16ef2e8229c7fbb2c7d4d55a9ceca922f72d" "/opt/rustwide/cargo-home/bin/cargo" "+nightly-2024-10-28" "build" "--frozen" "--message-format=json", kill_on_drop: false }`
[INFO] [stdout] 8d0ddcfb53e481445dd5733dc929bb8f433f5ed1d43af6a52de882ef2081aa76
[INFO] running `Command { std: "docker" "start" "-a" "8d0ddcfb53e481445dd5733dc929bb8f433f5ed1d43af6a52de882ef2081aa76", kill_on_drop: false }`
[INFO] [stderr]    Compiling proc-macro2 v0.4.30
[INFO] [stderr]    Compiling syn v1.0.109
[INFO] [stderr]    Compiling unicode-xid v0.1.0
[INFO] [stderr]    Compiling syn v0.15.44
[INFO] [stderr]    Compiling futures-channel v0.3.31
[INFO] [stderr]    Compiling rustversion v1.0.18
[INFO] [stderr]    Compiling unicase v2.8.0
[INFO] [stderr]    Compiling futures-io v0.3.31
[INFO] [stderr]    Compiling syn v2.0.86
[INFO] [stderr]    Compiling rand_core v0.4.2
[INFO] [stderr]    Compiling futures-task v0.3.31
[INFO] [stderr]    Compiling heck v0.3.3
[INFO] [stderr]    Compiling paste v1.0.15
[INFO] [stderr]    Compiling futures-timer v3.0.3
[INFO] [stderr]    Compiling rand_core v0.3.1
[INFO] [stderr]    Compiling rand_core v0.2.2
[INFO] [stderr]    Compiling mime_guess v2.0.5
[INFO] [stderr]    Compiling quote v0.6.13
[INFO] [stderr]    Compiling strum_macros v0.12.0
[INFO] [stderr]    Compiling serde_derive v1.0.214
[INFO] [stderr]    Compiling zerocopy-derive v0.7.35
[INFO] [stderr]    Compiling futures-macro v0.3.31
[INFO] [stderr]    Compiling thiserror-impl v1.0.66
[INFO] [stderr]    Compiling zerocopy v0.7.35
[INFO] [stderr]    Compiling futures-util v0.3.31
[INFO] [stderr]    Compiling typed-builder v0.6.0
[INFO] [stderr]    Compiling derivative v2.2.0
[INFO] [stderr]    Compiling thiserror v1.0.66
[INFO] [stderr]    Compiling ppv-lite86 v0.2.20
[INFO] [stderr]    Compiling rand_chacha v0.3.1
[INFO] [stderr]    Compiling rand v0.8.5
[INFO] [stderr]    Compiling serde v1.0.214
[INFO] [stderr]    Compiling futures-executor v0.3.31
[INFO] [stderr]    Compiling futures v0.3.31
[INFO] [stderr]    Compiling serde_json v1.0.132
[INFO] [stderr]    Compiling chrono v0.4.38
[INFO] [stderr]    Compiling url v2.5.2
[INFO] [stderr]    Compiling misskey-core v0.3.0-rc.1
[INFO] [stderr]    Compiling ulid v0.5.0
[INFO] [stderr]    Compiling misskey-api v0.3.0-rc.1
[INFO] [stderr]    Compiling misskey-util v0.2.0-rc.1 (/opt/rustwide/workdir)
[INFO] [stdout] warning: unexpected `cfg` condition value: `http-client`
[INFO] [stdout]   --> src/error.rs:57:7
[INFO] [stdout]    |
[INFO] [stdout] 57 | #[cfg(feature = "http-client")]
[INFO] [stdout]    |       ^^^^^^^^^^^^^^^^^^^^^^^
[INFO] [stdout]    |
[INFO] [stdout]    = note: expected values for `feature` are: `12-10-0`, `12-13-0`, `12-19-0`, `12-27-0`, `12-28-0`, `12-29-0`, `12-31-0`, `12-37-0`, `12-39-0`, `12-42-0`, `12-47-0`, `12-48-0`, `12-49-0`, `12-5-0`, `12-51-0`, `12-55-0`, `12-57-0`, `12-58-0`, `12-60-0`, `12-61-0`, `12-62-0`, `12-62-2`, `12-63-0`, `12-65-4`, `12-66-0`, `12-67-0`, `12-69-0`, `12-70-0`, `12-71-0`, `12-75-0`, `12-8-0`, `12-9-0`, `aid`, `default`, and `meid` and 2 more
[INFO] [stdout]    = help: consider adding `http-client` as a feature in `Cargo.toml`
[INFO] [stdout]    = note: see <https://doc.rust-lang.org/nightly/rustc/check-cfg/cargo-specifics.html> for more information about checking conditional configuration
[INFO] [stdout]    = note: `#[warn(unexpected_cfgs)]` on by default
[INFO] [stdout] 
[INFO] [stdout] 
[INFO] [stdout] warning: unexpected `cfg` condition value: `websocket-client`
[INFO] [stdout]   --> src/error.rs:64:7
[INFO] [stdout]    |
[INFO] [stdout] 64 | #[cfg(feature = "websocket-client")]
[INFO] [stdout]    |       ^^^^^^^^^^^^^^^^^^^^^^^^^^^^
[INFO] [stdout]    |
[INFO] [stdout]    = note: expected values for `feature` are: `12-10-0`, `12-13-0`, `12-19-0`, `12-27-0`, `12-28-0`, `12-29-0`, `12-31-0`, `12-37-0`, `12-39-0`, `12-42-0`, `12-47-0`, `12-48-0`, `12-49-0`, `12-5-0`, `12-51-0`, `12-55-0`, `12-57-0`, `12-58-0`, `12-60-0`, `12-61-0`, `12-62-0`, `12-62-2`, `12-63-0`, `12-65-4`, `12-66-0`, `12-67-0`, `12-69-0`, `12-70-0`, `12-71-0`, `12-75-0`, `12-8-0`, `12-9-0`, `aid`, `default`, and `meid` and 2 more
[INFO] [stdout]    = help: consider adding `websocket-client` as a feature in `Cargo.toml`
[INFO] [stdout]    = note: see <https://doc.rust-lang.org/nightly/rustc/check-cfg/cargo-specifics.html> for more information about checking conditional configuration
[INFO] [stdout] 
[INFO] [stdout] 
[INFO] [stderr]     Finished `dev` profile [unoptimized + debuginfo] target(s) in 20.57s
[INFO] running `Command { std: "docker" "inspect" "8d0ddcfb53e481445dd5733dc929bb8f433f5ed1d43af6a52de882ef2081aa76", kill_on_drop: false }`
[INFO] running `Command { std: "docker" "rm" "-f" "8d0ddcfb53e481445dd5733dc929bb8f433f5ed1d43af6a52de882ef2081aa76", kill_on_drop: false }`
[INFO] [stdout] 8d0ddcfb53e481445dd5733dc929bb8f433f5ed1d43af6a52de882ef2081aa76
[INFO] running `Command { std: "docker" "create" "-v" "/var/lib/crater-agent-workspace/builds/worker-3-tc2/target:/opt/rustwide/target:rw,Z" "-v" "/var/lib/crater-agent-workspace/builds/worker-3-tc2/source:/opt/rustwide/workdir:ro,Z" "-v" "/var/lib/crater-agent-workspace/cargo-home:/opt/rustwide/cargo-home:ro,Z" "-v" "/var/lib/crater-agent-workspace/rustup-home:/opt/rustwide/rustup-home:ro,Z" "-e" "SOURCE_DIR=/opt/rustwide/workdir" "-e" "CARGO_TARGET_DIR=/opt/rustwide/target" "-e" "CARGO_INCREMENTAL=0" "-e" "RUST_BACKTRACE=full" "-e" "RUSTFLAGS=--cap-lints=forbid -Zrandomize-layout" "-e" "RUSTDOCFLAGS=--cap-lints=forbid" "-e" "CARGO_HOME=/opt/rustwide/cargo-home" "-e" "RUSTUP_HOME=/opt/rustwide/rustup-home" "-w" "/opt/rustwide/workdir" "-m" "1610612736" "--user" "0:0" "--network" "none" "ghcr.io/rust-lang/crates-build-env/linux@sha256:4a844ea9eb2546a2d2c7022eacef16ef2e8229c7fbb2c7d4d55a9ceca922f72d" "/opt/rustwide/cargo-home/bin/cargo" "+nightly-2024-10-28" "test" "--frozen" "--no-run" "--message-format=json", kill_on_drop: false }`
[INFO] [stdout] bf0dd5d77b3a25011cce95056e85a24c9a382b00130ca73bfa7d526b3b4fe5cf
[INFO] running `Command { std: "docker" "start" "-a" "bf0dd5d77b3a25011cce95056e85a24c9a382b00130ca73bfa7d526b3b4fe5cf", kill_on_drop: false }`
[INFO] [stderr]    Compiling tokio-macros v2.4.0
[INFO] [stdout] warning: unexpected `cfg` condition value: `http-client`
[INFO] [stdout]   --> src/error.rs:57:7
[INFO] [stdout]    |
[INFO] [stdout] 57 | #[cfg(feature = "http-client")]
[INFO] [stdout]    |       ^^^^^^^^^^^^^^^^^^^^^^^
[INFO] [stdout]    |
[INFO] [stdout]    = note: expected values for `feature` are: `12-10-0`, `12-13-0`, `12-19-0`, `12-27-0`, `12-28-0`, `12-29-0`, `12-31-0`, `12-37-0`, `12-39-0`, `12-42-0`, `12-47-0`, `12-48-0`, `12-49-0`, `12-5-0`, `12-51-0`, `12-55-0`, `12-57-0`, `12-58-0`, `12-60-0`, `12-61-0`, `12-62-0`, `12-62-2`, `12-63-0`, `12-65-4`, `12-66-0`, `12-67-0`, `12-69-0`, `12-70-0`, `12-71-0`, `12-75-0`, `12-8-0`, `12-9-0`, `aid`, `default`, and `meid` and 2 more
[INFO] [stdout]    = help: consider adding `http-client` as a feature in `Cargo.toml`
[INFO] [stdout]    = note: see <https://doc.rust-lang.org/nightly/rustc/check-cfg/cargo-specifics.html> for more information about checking conditional configuration
[INFO] [stdout]    = note: `#[warn(unexpected_cfgs)]` on by default
[INFO] [stdout] 
[INFO] [stdout] 
[INFO] [stdout] warning: unexpected `cfg` condition value: `websocket-client`
[INFO] [stdout]   --> src/error.rs:64:7
[INFO] [stdout]    |
[INFO] [stdout] 64 | #[cfg(feature = "websocket-client")]
[INFO] [stdout]    |       ^^^^^^^^^^^^^^^^^^^^^^^^^^^^
[INFO] [stdout]    |
[INFO] [stdout]    = note: expected values for `feature` are: `12-10-0`, `12-13-0`, `12-19-0`, `12-27-0`, `12-28-0`, `12-29-0`, `12-31-0`, `12-37-0`, `12-39-0`, `12-42-0`, `12-47-0`, `12-48-0`, `12-49-0`, `12-5-0`, `12-51-0`, `12-55-0`, `12-57-0`, `12-58-0`, `12-60-0`, `12-61-0`, `12-62-0`, `12-62-2`, `12-63-0`, `12-65-4`, `12-66-0`, `12-67-0`, `12-69-0`, `12-70-0`, `12-71-0`, `12-75-0`, `12-8-0`, `12-9-0`, `aid`, `default`, and `meid` and 2 more
[INFO] [stdout]    = help: consider adding `websocket-client` as a feature in `Cargo.toml`
[INFO] [stdout]    = note: see <https://doc.rust-lang.org/nightly/rustc/check-cfg/cargo-specifics.html> for more information about checking conditional configuration
[INFO] [stdout] 
[INFO] [stdout] 
[INFO] [stderr]    Compiling tokio v1.41.0
[INFO] [stderr]    Compiling misskey-util v0.2.0-rc.1 (/opt/rustwide/workdir)
[INFO] [stdout] warning: unexpected `cfg` condition value: `http-client`
[INFO] [stdout]   --> src/error.rs:57:7
[INFO] [stdout]    |
[INFO] [stdout] 57 | #[cfg(feature = "http-client")]
[INFO] [stdout]    |       ^^^^^^^^^^^^^^^^^^^^^^^
[INFO] [stdout]    |
[INFO] [stdout]    = note: expected values for `feature` are: `12-10-0`, `12-13-0`, `12-19-0`, `12-27-0`, `12-28-0`, `12-29-0`, `12-31-0`, `12-37-0`, `12-39-0`, `12-42-0`, `12-47-0`, `12-48-0`, `12-49-0`, `12-5-0`, `12-51-0`, `12-55-0`, `12-57-0`, `12-58-0`, `12-60-0`, `12-61-0`, `12-62-0`, `12-62-2`, `12-63-0`, `12-65-4`, `12-66-0`, `12-67-0`, `12-69-0`, `12-70-0`, `12-71-0`, `12-75-0`, `12-8-0`, `12-9-0`, `aid`, `default`, and `meid` and 2 more
[INFO] [stdout]    = help: consider adding `http-client` as a feature in `Cargo.toml`
[INFO] [stdout]    = note: see <https://doc.rust-lang.org/nightly/rustc/check-cfg/cargo-specifics.html> for more information about checking conditional configuration
[INFO] [stdout]    = note: `#[warn(unexpected_cfgs)]` on by default
[INFO] [stdout] 
[INFO] [stdout] 
[INFO] [stdout] warning: unexpected `cfg` condition value: `websocket-client`
[INFO] [stdout]   --> src/error.rs:64:7
[INFO] [stdout]    |
[INFO] [stdout] 64 | #[cfg(feature = "websocket-client")]
[INFO] [stdout]    |       ^^^^^^^^^^^^^^^^^^^^^^^^^^^^
[INFO] [stdout]    |
[INFO] [stdout]    = note: expected values for `feature` are: `12-10-0`, `12-13-0`, `12-19-0`, `12-27-0`, `12-28-0`, `12-29-0`, `12-31-0`, `12-37-0`, `12-39-0`, `12-42-0`, `12-47-0`, `12-48-0`, `12-49-0`, `12-5-0`, `12-51-0`, `12-55-0`, `12-57-0`, `12-58-0`, `12-60-0`, `12-61-0`, `12-62-0`, `12-62-2`, `12-63-0`, `12-65-4`, `12-66-0`, `12-67-0`, `12-69-0`, `12-70-0`, `12-71-0`, `12-75-0`, `12-8-0`, `12-9-0`, `aid`, `default`, and `meid` and 2 more
[INFO] [stdout]    = help: consider adding `websocket-client` as a feature in `Cargo.toml`
[INFO] [stdout]    = note: see <https://doc.rust-lang.org/nightly/rustc/check-cfg/cargo-specifics.html> for more information about checking conditional configuration
[INFO] [stdout] 
[INFO] [stdout] 
[INFO] [stderr]     Finished `test` profile [unoptimized + debuginfo] target(s) in 3.03s
[INFO] running `Command { std: "docker" "inspect" "bf0dd5d77b3a25011cce95056e85a24c9a382b00130ca73bfa7d526b3b4fe5cf", kill_on_drop: false }`
[INFO] running `Command { std: "docker" "rm" "-f" "bf0dd5d77b3a25011cce95056e85a24c9a382b00130ca73bfa7d526b3b4fe5cf", kill_on_drop: false }`
[INFO] [stdout] bf0dd5d77b3a25011cce95056e85a24c9a382b00130ca73bfa7d526b3b4fe5cf
[INFO] running `Command { std: "docker" "create" "-v" "/var/lib/crater-agent-workspace/builds/worker-3-tc2/target:/opt/rustwide/target:rw,Z" "-v" "/var/lib/crater-agent-workspace/builds/worker-3-tc2/source:/opt/rustwide/workdir:ro,Z" "-v" "/var/lib/crater-agent-workspace/cargo-home:/opt/rustwide/cargo-home:ro,Z" "-v" "/var/lib/crater-agent-workspace/rustup-home:/opt/rustwide/rustup-home:ro,Z" "-e" "SOURCE_DIR=/opt/rustwide/workdir" "-e" "CARGO_TARGET_DIR=/opt/rustwide/target" "-e" "CARGO_INCREMENTAL=0" "-e" "RUST_BACKTRACE=full" "-e" "RUSTFLAGS=--cap-lints=forbid -Zrandomize-layout" "-e" "RUSTDOCFLAGS=--cap-lints=forbid" "-e" "CARGO_HOME=/opt/rustwide/cargo-home" "-e" "RUSTUP_HOME=/opt/rustwide/rustup-home" "-w" "/opt/rustwide/workdir" "-m" "1610612736" "--user" "0:0" "--network" "none" "ghcr.io/rust-lang/crates-build-env/linux@sha256:4a844ea9eb2546a2d2c7022eacef16ef2e8229c7fbb2c7d4d55a9ceca922f72d" "/opt/rustwide/cargo-home/bin/cargo" "+nightly-2024-10-28" "test" "--frozen", kill_on_drop: false }`
[INFO] [stdout] 4004d8cb3e24fa163685b38593c97eeb97a638dacafff2b286c77c43d865d113
[INFO] running `Command { std: "docker" "start" "-a" "4004d8cb3e24fa163685b38593c97eeb97a638dacafff2b286c77c43d865d113", kill_on_drop: false }`
[INFO] [stderr] warning: unexpected `cfg` condition value: `http-client`
[INFO] [stderr]   --> src/error.rs:57:7
[INFO] [stderr]    |
[INFO] [stderr] 57 | #[cfg(feature = "http-client")]
[INFO] [stderr]    |       ^^^^^^^^^^^^^^^^^^^^^^^
[INFO] [stderr]    |
[INFO] [stderr]    = note: expected values for `feature` are: `12-10-0`, `12-13-0`, `12-19-0`, `12-27-0`, `12-28-0`, `12-29-0`, `12-31-0`, `12-37-0`, `12-39-0`, `12-42-0`, `12-47-0`, `12-48-0`, `12-49-0`, `12-5-0`, `12-51-0`, `12-55-0`, `12-57-0`, `12-58-0`, `12-60-0`, `12-61-0`, `12-62-0`, `12-62-2`, `12-63-0`, `12-65-4`, `12-66-0`, `12-67-0`, `12-69-0`, `12-70-0`, `12-71-0`, `12-75-0`, `12-8-0`, `12-9-0`, `aid`, `default`, and `meid` and 2 more
[INFO] [stderr]    = help: consider adding `http-client` as a feature in `Cargo.toml`
[INFO] [stderr]    = note: see <https://doc.rust-lang.org/nightly/rustc/check-cfg/cargo-specifics.html> for more information about checking conditional configuration
[INFO] [stderr]    = note: `#[warn(unexpected_cfgs)]` on by default
[INFO] [stderr] 
[INFO] [stderr] warning: unexpected `cfg` condition value: `websocket-client`
[INFO] [stderr]   --> src/error.rs:64:7
[INFO] [stderr]    |
[INFO] [stderr] 64 | #[cfg(feature = "websocket-client")]
[INFO] [stderr]    |       ^^^^^^^^^^^^^^^^^^^^^^^^^^^^
[INFO] [stderr]    |
[INFO] [stderr]    = note: expected values for `feature` are: `12-10-0`, `12-13-0`, `12-19-0`, `12-27-0`, `12-28-0`, `12-29-0`, `12-31-0`, `12-37-0`, `12-39-0`, `12-42-0`, `12-47-0`, `12-48-0`, `12-49-0`, `12-5-0`, `12-51-0`, `12-55-0`, `12-57-0`, `12-58-0`, `12-60-0`, `12-61-0`, `12-62-0`, `12-62-2`, `12-63-0`, `12-65-4`, `12-66-0`, `12-67-0`, `12-69-0`, `12-70-0`, `12-71-0`, `12-75-0`, `12-8-0`, `12-9-0`, `aid`, `default`, and `meid` and 2 more
[INFO] [stderr]    = help: consider adding `websocket-client` as a feature in `Cargo.toml`
[INFO] [stderr]    = note: see <https://doc.rust-lang.org/nightly/rustc/check-cfg/cargo-specifics.html> for more information about checking conditional configuration
[INFO] [stderr] 
[INFO] [stderr] warning: `misskey-util` (lib) generated 2 warnings
[INFO] [stderr] warning: `misskey-util` (lib test) generated 2 warnings (2 duplicates)
[INFO] [stderr]     Finished `test` profile [unoptimized + debuginfo] target(s) in 0.05s
[INFO] [stderr]      Running unittests src/lib.rs (/opt/rustwide/target/debug/deps/misskey_util-d1a13324bb883ecd)
[INFO] [stdout] 
[INFO] [stdout] running 0 tests
[INFO] [stdout] 
[INFO] [stdout] test result: ok. 0 passed; 0 failed; 0 ignored; 0 measured; 0 filtered out; finished in 0.00s
[INFO] [stdout] 
[INFO] [stderr]    Doc-tests misskey_util
[INFO] [stdout] 
[INFO] [stdout] running 60 tests
[INFO] [stdout] test src/client.rs - client::ClientExt::create_user_list (line 1378) ... FAILED
[INFO] [stdout] test src/client.rs - client::ClientExt::delete_antenna (line 1838) ... FAILED
[INFO] [stdout] test src/client.rs - client::ClientExt::delete_user_group (line 1544) ... FAILED
[INFO] [stdout] test src/client.rs - client::ClientExt::create_folder (line 2549) ... FAILED
[INFO] [stdout] test src/client.rs - client::ClientExt::delete_note (line 997) ... FAILED
[INFO] [stdout] test src/client.rs - client::ClientExt::create_clip (line 2107) ... FAILED
[INFO] [stdout] test src/client.rs - client::ClientExt::create_user_group (line 1515) ... FAILED
[INFO] [stdout] test src/client.rs - client::ClientExt::delete_user_list (line 1407) ... FAILED
[INFO] [stdout] test src/client.rs - client::ClientExt::build_note (line 973) ... FAILED
[INFO] [stdout] test src/client.rs - client::ClientExt::create_antenna (line 1767) ... FAILED
[INFO] [stdout] test src/client.rs - client::ClientExt::files (line 2768) ... FAILED
[INFO] [stdout] test src/builder/me.rs - builder::me::MeUpdateBuilder<C>::set_fields (line 106) ... FAILED
[INFO] [stdout] test src/client.rs - client::ClientExt::build_antenna (line 1811) ... FAILED
[INFO] [stdout] test src/client.rs - client::ClientExt::create_note (line 1034) ... FAILED
[INFO] [stdout] test src/client.rs - client::ClientExt::delete_clip (line 2174) ... FAILED
[INFO] [stdout] test src/client.rs - client::ClientExt::follow_requests (line 491) ... FAILED
[INFO] [stdout] test src/client.rs - client::ClientExt::has_pending_follow_request_to_me (line 801) ... FAILED
[INFO] [stdout] test src/client.rs - client::ClientExt::global_notes (line 74) ... FAILED
[INFO] [stdout] test src/client.rs - client::ClientExt::is_blocked (line 721) ... FAILED
[INFO] [stdout] test src/client.rs - client::ClientExt::home_notes (line 74) ... FAILED
[INFO] [stdout] test src/client.rs - client::ClientExt::is_blocking (line 695) ... FAILED
[INFO] [stdout] test src/client.rs - client::ClientExt::followers (line 411) ... FAILED
[INFO] [stdout] test src/client.rs - client::ClientExt::is_followed (line 669) ... FAILED
[INFO] [stdout] test src/client.rs - client::ClientExt::local_notes (line 74) ... FAILED
[INFO] [stdout] test src/client.rs - client::ClientExt::has_pending_follow_request_from_me (line 770) ... FAILED
[INFO] [stdout] test src/client.rs - client::ClientExt::is_following (line 643) ... FAILED
[INFO] [stdout] test src/client.rs - client::ClientExt::is_muted (line 747) ... FAILED
[INFO] [stdout] test src/client.rs - client::ClientExt::notifications (line 591) ... FAILED
[INFO] [stdout] test src/client.rs - client::ClientExt::server_logs (line 3155) ... FAILED
[INFO] [stdout] test src/client.rs - client::ClientExt::me (line 271) ... FAILED
[INFO] [stdout] test src/client.rs - client::ClientExt::local_notes_with_file_types (line 1347) ... FAILED
[INFO] [stdout] test src/client.rs - client::ClientExt::poll (line 1053) ... FAILED
[INFO] [stdout] test src/client.rs - client::ClientExt::rename_user_list (line 1435) ... FAILED
[INFO] [stdout] test src/client.rs - client::ClientExt::social_notes (line 74) ... FAILED
[INFO] [stdout] test src/client.rs - client::ClientExt::rename_user_group (line 1572) ... FAILED
[INFO] [stdout] test src/client.rs - client::ClientExt::social_notes_since (line 172) ... FAILED
[INFO] [stdout] test src/client.rs - client::ClientExt::global_notes_since (line 172) ... FAILED
[INFO] [stdout] test src/client.rs - client::ClientExt::local_notes_since (line 172) ... FAILED
[INFO] [stdout] test src/client.rs - client::ClientExt::home_notes (line 100) ... FAILED
[INFO] [stdout] test src/client.rs - client::ClientExt::global_notes (line 100) ... FAILED
[INFO] [stdout] test src/client.rs - client::ClientExt::local_notes (line 100) ... FAILED
[INFO] [stdout] test src/client.rs - client::ClientExt::home_notes_since (line 172) ... FAILED
[INFO] [stdout] test src/client.rs - client::ClientExt::social_notes (line 100) ... FAILED
[INFO] [stdout] test src/client.rs - client::ClientExt::tagged_notes (line 1309) ... FAILED
[INFO] [stdout] test src/client.rs - client::ClientExt::tagged_notes (line 1320) ... FAILED
[INFO] [stdout] test src/client.rs - client::ClientExt::update_meta (line 3256) ... FAILED
[INFO] [stdout] test src/client.rs - client::ClientExt::update_folder (line 2624) ... FAILED
[INFO] [stdout] test src/client.rs - client::ClientExt::update_me (line 303) ... FAILED
[INFO] [stdout] test src/client.rs - client::ClientExt::update_antenna (line 1887) ... FAILED
[INFO] [stdout] test src/client.rs - client::ClientExt::user_group_invitations (line 1685) ... FAILED
[INFO] [stdout] test src/client.rs - client::ClientExt::user_notes (line 100) ... FAILED
[INFO] [stdout] test src/client.rs - client::ClientExt::user_list_notes (line 100) ... FAILED
[INFO] [stdout] test src/client.rs - client::ClientExt::user_notes (line 74) ... FAILED
[INFO] [stdout] test src/streaming.rs - streaming::StreamingClientExt::home_timeline (line 150) ... FAILED
[INFO] [stdout] test src/client.rs - client::ClientExt::user_list_notes_since (line 172) ... FAILED
[INFO] [stdout] test src/client.rs - client::ClientExt::user_notes_since (line 172) ... FAILED
[INFO] [stdout] test src/client.rs - client::ClientExt::user_list_notes (line 74) ... FAILED
[INFO] [stdout] test src/client.rs - client::ClientExt::users (line 894) ... FAILED
[INFO] [stdout] test src/streaming.rs - streaming::StreamingClientExt::main_stream (line 92) ... FAILED
[INFO] [stdout] test src/streaming.rs - streaming::StreamingClientExt::subscribe_note (line 37) ... FAILED
[INFO] [stdout] 
[INFO] [stdout] failures:
[INFO] [stdout] 
[INFO] [stdout] ---- src/client.rs - client::ClientExt::create_user_list (line 1378) stdout ----
[INFO] [stdout] error[E0433]: failed to resolve: use of undeclared crate or module `misskey_test`
[INFO] [stdout]  --> src/client.rs:1383:14
[INFO] [stdout]   |
[INFO] [stdout] 7 | let client = misskey_test::test_client().await?;
[INFO] [stdout]   |              ^^^^^^^^^^^^ use of undeclared crate or module `misskey_test`
[INFO] [stdout]   |
[INFO] [stdout] help: there is a crate or module with a similar name
[INFO] [stdout]   |
[INFO] [stdout] 7 | let client = misskey_util::test_client().await?;
[INFO] [stdout]   |              ~~~~~~~~~~~~
[INFO] [stdout] 
[INFO] [stdout] error: aborting due to 1 previous error
[INFO] [stdout] 
[INFO] [stdout] For more information about this error, try `rustc --explain E0433`.
[INFO] [stdout] Couldn't compile the test.
[INFO] [stdout] ---- src/client.rs - client::ClientExt::delete_antenna (line 1838) stdout ----
[INFO] [stdout] error[E0433]: failed to resolve: use of undeclared crate or module `misskey_test`
[INFO] [stdout]  --> src/client.rs:1843:14
[INFO] [stdout]   |
[INFO] [stdout] 7 | let client = misskey_test::test_client().await?;
[INFO] [stdout]   |              ^^^^^^^^^^^^ use of undeclared crate or module `misskey_test`
[INFO] [stdout]   |
[INFO] [stdout] help: there is a crate or module with a similar name
[INFO] [stdout]   |
[INFO] [stdout] 7 | let client = misskey_util::test_client().await?;
[INFO] [stdout]   |              ~~~~~~~~~~~~
[INFO] [stdout] 
[INFO] [stdout] error: aborting due to 1 previous error
[INFO] [stdout] 
[INFO] [stdout] For more information about this error, try `rustc --explain E0433`.
[INFO] [stdout] Couldn't compile the test.
[INFO] [stdout] ---- src/client.rs - client::ClientExt::delete_user_group (line 1544) stdout ----
[INFO] [stdout] error[E0433]: failed to resolve: use of undeclared crate or module `misskey_test`
[INFO] [stdout]  --> src/client.rs:1549:14
[INFO] [stdout]   |
[INFO] [stdout] 7 | let client = misskey_test::test_client().await?;
[INFO] [stdout]   |              ^^^^^^^^^^^^ use of undeclared crate or module `misskey_test`
[INFO] [stdout]   |
[INFO] [stdout] help: there is a crate or module with a similar name
[INFO] [stdout]   |
[INFO] [stdout] 7 | let client = misskey_util::test_client().await?;
[INFO] [stdout]   |              ~~~~~~~~~~~~
[INFO] [stdout] 
[INFO] [stdout] error: aborting due to 1 previous error
[INFO] [stdout] 
[INFO] [stdout] For more information about this error, try `rustc --explain E0433`.
[INFO] [stdout] Couldn't compile the test.
[INFO] [stdout] ---- src/client.rs - client::ClientExt::create_folder (line 2549) stdout ----
[INFO] [stdout] error[E0433]: failed to resolve: use of undeclared crate or module `misskey_test`
[INFO] [stdout]  --> src/client.rs:2554:14
[INFO] [stdout]   |
[INFO] [stdout] 7 | let client = misskey_test::test_client().await?;
[INFO] [stdout]   |              ^^^^^^^^^^^^ use of undeclared crate or module `misskey_test`
[INFO] [stdout]   |
[INFO] [stdout] help: there is a crate or module with a similar name
[INFO] [stdout]   |
[INFO] [stdout] 7 | let client = misskey_util::test_client().await?;
[INFO] [stdout]   |              ~~~~~~~~~~~~
[INFO] [stdout] 
[INFO] [stdout] error: aborting due to 1 previous error
[INFO] [stdout] 
[INFO] [stdout] For more information about this error, try `rustc --explain E0433`.
[INFO] [stdout] Couldn't compile the test.
[INFO] [stdout] ---- src/client.rs - client::ClientExt::delete_note (line 997) stdout ----
[INFO] [stdout] error[E0433]: failed to resolve: use of undeclared crate or module `misskey_test`
[INFO] [stdout]  --> src/client.rs:1002:14
[INFO] [stdout]   |
[INFO] [stdout] 7 | let client = misskey_test::test_client().await?;
[INFO] [stdout]   |              ^^^^^^^^^^^^ use of undeclared crate or module `misskey_test`
[INFO] [stdout]   |
[INFO] [stdout] help: there is a crate or module with a similar name
[INFO] [stdout]   |
[INFO] [stdout] 7 | let client = misskey_util::test_client().await?;
[INFO] [stdout]   |              ~~~~~~~~~~~~
[INFO] [stdout] 
[INFO] [stdout] error: aborting due to 1 previous error
[INFO] [stdout] 
[INFO] [stdout] For more information about this error, try `rustc --explain E0433`.
[INFO] [stdout] Couldn't compile the test.
[INFO] [stdout] ---- src/client.rs - client::ClientExt::create_clip (line 2107) stdout ----
[INFO] [stdout] error[E0433]: failed to resolve: use of undeclared crate or module `misskey_test`
[INFO] [stdout]  --> src/client.rs:2112:14
[INFO] [stdout]   |
[INFO] [stdout] 7 | let client = misskey_test::test_client().await?;
[INFO] [stdout]   |              ^^^^^^^^^^^^ use of undeclared crate or module `misskey_test`
[INFO] [stdout]   |
[INFO] [stdout] help: there is a crate or module with a similar name
[INFO] [stdout]   |
[INFO] [stdout] 7 | let client = misskey_util::test_client().await?;
[INFO] [stdout]   |              ~~~~~~~~~~~~
[INFO] [stdout] 
[INFO] [stdout] error: aborting due to 1 previous error
[INFO] [stdout] 
[INFO] [stdout] For more information about this error, try `rustc --explain E0433`.
[INFO] [stdout] Couldn't compile the test.
[INFO] [stdout] ---- src/client.rs - client::ClientExt::create_user_group (line 1515) stdout ----
[INFO] [stdout] error[E0433]: failed to resolve: use of undeclared crate or module `misskey_test`
[INFO] [stdout]  --> src/client.rs:1520:14
[INFO] [stdout]   |
[INFO] [stdout] 7 | let client = misskey_test::test_client().await?;
[INFO] [stdout]   |              ^^^^^^^^^^^^ use of undeclared crate or module `misskey_test`
[INFO] [stdout]   |
[INFO] [stdout] help: there is a crate or module with a similar name
[INFO] [stdout]   |
[INFO] [stdout] 7 | let client = misskey_util::test_client().await?;
[INFO] [stdout]   |              ~~~~~~~~~~~~
[INFO] [stdout] 
[INFO] [stdout] error: aborting due to 1 previous error
[INFO] [stdout] 
[INFO] [stdout] For more information about this error, try `rustc --explain E0433`.
[INFO] [stdout] Couldn't compile the test.
[INFO] [stdout] ---- src/client.rs - client::ClientExt::delete_user_list (line 1407) stdout ----
[INFO] [stdout] error[E0433]: failed to resolve: use of undeclared crate or module `misskey_test`
[INFO] [stdout]  --> src/client.rs:1412:14
[INFO] [stdout]   |
[INFO] [stdout] 7 | let client = misskey_test::test_client().await?;
[INFO] [stdout]   |              ^^^^^^^^^^^^ use of undeclared crate or module `misskey_test`
[INFO] [stdout]   |
[INFO] [stdout] help: there is a crate or module with a similar name
[INFO] [stdout]   |
[INFO] [stdout] 7 | let client = misskey_util::test_client().await?;
[INFO] [stdout]   |              ~~~~~~~~~~~~
[INFO] [stdout] 
[INFO] [stdout] error: aborting due to 1 previous error
[INFO] [stdout] 
[INFO] [stdout] For more information about this error, try `rustc --explain E0433`.
[INFO] [stdout] Couldn't compile the test.
[INFO] [stdout] ---- src/client.rs - client::ClientExt::build_note (line 973) stdout ----
[INFO] [stdout] error[E0433]: failed to resolve: use of undeclared crate or module `misskey_test`
[INFO] [stdout]  --> src/client.rs:978:14
[INFO] [stdout]   |
[INFO] [stdout] 7 | let client = misskey_test::test_client().await?;
[INFO] [stdout]   |              ^^^^^^^^^^^^ use of undeclared crate or module `misskey_test`
[INFO] [stdout]   |
[INFO] [stdout] help: there is a crate or module with a similar name
[INFO] [stdout]   |
[INFO] [stdout] 7 | let client = misskey_util::test_client().await?;
[INFO] [stdout]   |              ~~~~~~~~~~~~
[INFO] [stdout] 
[INFO] [stdout] error: aborting due to 1 previous error
[INFO] [stdout] 
[INFO] [stdout] For more information about this error, try `rustc --explain E0433`.
[INFO] [stdout] Couldn't compile the test.
[INFO] [stdout] ---- src/client.rs - client::ClientExt::create_antenna (line 1767) stdout ----
[INFO] [stdout] error[E0433]: failed to resolve: use of undeclared crate or module `misskey_test`
[INFO] [stdout]  --> src/client.rs:1772:14
[INFO] [stdout]   |
[INFO] [stdout] 7 | let client = misskey_test::test_client().await?;
[INFO] [stdout]   |              ^^^^^^^^^^^^ use of undeclared crate or module `misskey_test`
[INFO] [stdout]   |
[INFO] [stdout] help: there is a crate or module with a similar name
[INFO] [stdout]   |
[INFO] [stdout] 7 | let client = misskey_util::test_client().await?;
[INFO] [stdout]   |              ~~~~~~~~~~~~
[INFO] [stdout] 
[INFO] [stdout] error: aborting due to 1 previous error
[INFO] [stdout] 
[INFO] [stdout] For more information about this error, try `rustc --explain E0433`.
[INFO] [stdout] Couldn't compile the test.
[INFO] [stdout] ---- src/client.rs - client::ClientExt::files (line 2768) stdout ----
[INFO] [stdout] error[E0433]: failed to resolve: use of undeclared crate or module `misskey_test`
[INFO] [stdout]  --> src/client.rs:2773:14
[INFO] [stdout]   |
[INFO] [stdout] 7 | let client = misskey_test::test_client().await?;
[INFO] [stdout]   |              ^^^^^^^^^^^^ use of undeclared crate or module `misskey_test`
[INFO] [stdout]   |
[INFO] [stdout] help: there is a crate or module with a similar name
[INFO] [stdout]   |
[INFO] [stdout] 7 | let client = misskey_util::test_client().await?;
[INFO] [stdout]   |              ~~~~~~~~~~~~
[INFO] [stdout] 
[INFO] [stdout] error: aborting due to 1 previous error
[INFO] [stdout] 
[INFO] [stdout] For more information about this error, try `rustc --explain E0433`.
[INFO] [stdout] Couldn't compile the test.
[INFO] [stdout] ---- src/builder/me.rs - builder::me::MeUpdateBuilder<C>::set_fields (line 106) stdout ----
[INFO] [stdout] error[E0433]: failed to resolve: use of undeclared crate or module `misskey_test`
[INFO] [stdout]  --> src/builder/me.rs:111:14
[INFO] [stdout]   |
[INFO] [stdout] 7 | let client = misskey_test::test_client().await?;
[INFO] [stdout]   |              ^^^^^^^^^^^^ use of undeclared crate or module `misskey_test`
[INFO] [stdout]   |
[INFO] [stdout] help: there is a crate or module with a similar name
[INFO] [stdout]   |
[INFO] [stdout] 7 | let client = misskey_util::test_client().await?;
[INFO] [stdout]   |              ~~~~~~~~~~~~
[INFO] [stdout] 
[INFO] [stdout] error: aborting due to 1 previous error
[INFO] [stdout] 
[INFO] [stdout] For more information about this error, try `rustc --explain E0433`.
[INFO] [stdout] Couldn't compile the test.
[INFO] [stdout] ---- src/client.rs - client::ClientExt::build_antenna (line 1811) stdout ----
[INFO] [stdout] error[E0433]: failed to resolve: use of undeclared crate or module `misskey_test`
[INFO] [stdout]  --> src/client.rs:1816:14
[INFO] [stdout]   |
[INFO] [stdout] 7 | let client = misskey_test::test_client().await?;
[INFO] [stdout]   |              ^^^^^^^^^^^^ use of undeclared crate or module `misskey_test`
[INFO] [stdout]   |
[INFO] [stdout] help: there is a crate or module with a similar name
[INFO] [stdout]   |
[INFO] [stdout] 7 | let client = misskey_util::test_client().await?;
[INFO] [stdout]   |              ~~~~~~~~~~~~
[INFO] [stdout] 
[INFO] [stdout] error: aborting due to 1 previous error
[INFO] [stdout] 
[INFO] [stdout] For more information about this error, try `rustc --explain E0433`.
[INFO] [stdout] Couldn't compile the test.
[INFO] [stdout] ---- src/client.rs - client::ClientExt::create_note (line 1034) stdout ----
[INFO] [stdout] error[E0433]: failed to resolve: use of undeclared crate or module `misskey_test`
[INFO] [stdout]  --> src/client.rs:1039:14
[INFO] [stdout]   |
[INFO] [stdout] 7 | let client = misskey_test::test_client().await?;
[INFO] [stdout]   |              ^^^^^^^^^^^^ use of undeclared crate or module `misskey_test`
[INFO] [stdout]   |
[INFO] [stdout] help: there is a crate or module with a similar name
[INFO] [stdout]   |
[INFO] [stdout] 7 | let client = misskey_util::test_client().await?;
[INFO] [stdout]   |              ~~~~~~~~~~~~
[INFO] [stdout] 
[INFO] [stdout] error: aborting due to 1 previous error
[INFO] [stdout] 
[INFO] [stdout] For more information about this error, try `rustc --explain E0433`.
[INFO] [stdout] Couldn't compile the test.
[INFO] [stdout] ---- src/client.rs - client::ClientExt::delete_clip (line 2174) stdout ----
[INFO] [stdout] error[E0433]: failed to resolve: use of undeclared crate or module `misskey_test`
[INFO] [stdout]  --> src/client.rs:2179:14
[INFO] [stdout]   |
[INFO] [stdout] 7 | let client = misskey_test::test_client().await?;
[INFO] [stdout]   |              ^^^^^^^^^^^^ use of undeclared crate or module `misskey_test`
[INFO] [stdout]   |
[INFO] [stdout] help: there is a crate or module with a similar name
[INFO] [stdout]   |
[INFO] [stdout] 7 | let client = misskey_util::test_client().await?;
[INFO] [stdout]   |              ~~~~~~~~~~~~
[INFO] [stdout] 
[INFO] [stdout] error: aborting due to 1 previous error
[INFO] [stdout] 
[INFO] [stdout] For more information about this error, try `rustc --explain E0433`.
[INFO] [stdout] Couldn't compile the test.
[INFO] [stdout] ---- src/client.rs - client::ClientExt::follow_requests (line 491) stdout ----
[INFO] [stdout] error[E0433]: failed to resolve: use of undeclared crate or module `misskey_test`
[INFO] [stdout]  --> src/client.rs:496:14
[INFO] [stdout]   |
[INFO] [stdout] 7 | let client = misskey_test::test_client().await?;
[INFO] [stdout]   |              ^^^^^^^^^^^^ use of undeclared crate or module `misskey_test`
[INFO] [stdout]   |
[INFO] [stdout] help: there is a crate or module with a similar name
[INFO] [stdout]   |
[INFO] [stdout] 7 | let client = misskey_util::test_client().await?;
[INFO] [stdout]   |              ~~~~~~~~~~~~
[INFO] [stdout] 
[INFO] [stdout] error: aborting due to 1 previous error
[INFO] [stdout] 
[INFO] [stdout] For more information about this error, try `rustc --explain E0433`.
[INFO] [stdout] Couldn't compile the test.
[INFO] [stdout] ---- src/client.rs - client::ClientExt::has_pending_follow_request_to_me (line 801) stdout ----
[INFO] [stdout] error[E0433]: failed to resolve: use of undeclared crate or module `misskey_test`
[INFO] [stdout]  --> src/client.rs:807:14
[INFO] [stdout]   |
[INFO] [stdout] 8 | let client = misskey_test::test_client().await?;
[INFO] [stdout]   |              ^^^^^^^^^^^^ use of undeclared crate or module `misskey_test`
[INFO] [stdout]   |
[INFO] [stdout] help: there is a crate or module with a similar name
[INFO] [stdout]   |
[INFO] [stdout] 8 | let client = misskey_util::test_client().await?;
[INFO] [stdout]   |              ~~~~~~~~~~~~
[INFO] [stdout] 
[INFO] [stdout] error: aborting due to 1 previous error
[INFO] [stdout] 
[INFO] [stdout] For more information about this error, try `rustc --explain E0433`.
[INFO] [stdout] Couldn't compile the test.
[INFO] [stdout] ---- src/client.rs - client::ClientExt::global_notes (line 74) stdout ----
[INFO] [stdout] error[E0433]: failed to resolve: use of undeclared crate or module `misskey_test`
[INFO] [stdout]  --> src/client.rs:80:14
[INFO] [stdout]   |
[INFO] [stdout] 8 | let client = misskey_test::test_client().await?;
[INFO] [stdout]   |              ^^^^^^^^^^^^ use of undeclared crate or module `misskey_test`
[INFO] [stdout]   |
[INFO] [stdout] help: there is a crate or module with a similar name
[INFO] [stdout]   |
[INFO] [stdout] 8 | let client = misskey_util::test_client().await?;
[INFO] [stdout]   |              ~~~~~~~~~~~~
[INFO] [stdout] 
[INFO] [stdout] error: aborting due to 1 previous error
[INFO] [stdout] 
[INFO] [stdout] For more information about this error, try `rustc --explain E0433`.
[INFO] [stdout] Couldn't compile the test.
[INFO] [stdout] ---- src/client.rs - client::ClientExt::is_blocked (line 721) stdout ----
[INFO] [stdout] error[E0433]: failed to resolve: use of undeclared crate or module `misskey_test`
[INFO] [stdout]  --> src/client.rs:727:14
[INFO] [stdout]   |
[INFO] [stdout] 8 | let client = misskey_test::test_client().await?;
[INFO] [stdout]   |              ^^^^^^^^^^^^ use of undeclared crate or module `misskey_test`
[INFO] [stdout]   |
[INFO] [stdout] help: there is a crate or module with a similar name
[INFO] [stdout]   |
[INFO] [stdout] 8 | let client = misskey_util::test_client().await?;
[INFO] [stdout]   |              ~~~~~~~~~~~~
[INFO] [stdout] 
[INFO] [stdout] error: aborting due to 1 previous error
[INFO] [stdout] 
[INFO] [stdout] For more information about this error, try `rustc --explain E0433`.
[INFO] [stdout] Couldn't compile the test.
[INFO] [stdout] ---- src/client.rs - client::ClientExt::home_notes (line 74) stdout ----
[INFO] [stdout] error[E0433]: failed to resolve: use of undeclared crate or module `misskey_test`
[INFO] [stdout]  --> src/client.rs:80:14
[INFO] [stdout]   |
[INFO] [stdout] 8 | let client = misskey_test::test_client().await?;
[INFO] [stdout]   |              ^^^^^^^^^^^^ use of undeclared crate or module `misskey_test`
[INFO] [stdout]   |
[INFO] [stdout] help: there is a crate or module with a similar name
[INFO] [stdout]   |
[INFO] [stdout] 8 | let client = misskey_util::test_client().await?;
[INFO] [stdout]   |              ~~~~~~~~~~~~
[INFO] [stdout] 
[INFO] [stdout] error: aborting due to 1 previous error
[INFO] [stdout] 
[INFO] [stdout] For more information about this error, try `rustc --explain E0433`.
[INFO] [stdout] Couldn't compile the test.
[INFO] [stdout] ---- src/client.rs - client::ClientExt::is_blocking (line 695) stdout ----
[INFO] [stdout] error[E0433]: failed to resolve: use of undeclared crate or module `misskey_test`
[INFO] [stdout]  --> src/client.rs:701:14
[INFO] [stdout]   |
[INFO] [stdout] 8 | let client = misskey_test::test_client().await?;
[INFO] [stdout]   |              ^^^^^^^^^^^^ use of undeclared crate or module `misskey_test`
[INFO] [stdout]   |
[INFO] [stdout] help: there is a crate or module with a similar name
[INFO] [stdout]   |
[INFO] [stdout] 8 | let client = misskey_util::test_client().await?;
[INFO] [stdout]   |              ~~~~~~~~~~~~
[INFO] [stdout] 
[INFO] [stdout] error: aborting due to 1 previous error
[INFO] [stdout] 
[INFO] [stdout] For more information about this error, try `rustc --explain E0433`.
[INFO] [stdout] Couldn't compile the test.
[INFO] [stdout] ---- src/client.rs - client::ClientExt::followers (line 411) stdout ----
[INFO] [stdout] error[E0433]: failed to resolve: use of undeclared crate or module `misskey_test`
[INFO] [stdout]  --> src/client.rs:416:14
[INFO] [stdout]   |
[INFO] [stdout] 7 | let client = misskey_test::test_client().await?;
[INFO] [stdout]   |              ^^^^^^^^^^^^ use of undeclared crate or module `misskey_test`
[INFO] [stdout]   |
[INFO] [stdout] help: there is a crate or module with a similar name
[INFO] [stdout]   |
[INFO] [stdout] 7 | let client = misskey_util::test_client().await?;
[INFO] [stdout]   |              ~~~~~~~~~~~~
[INFO] [stdout] 
[INFO] [stdout] error: aborting due to 1 previous error
[INFO] [stdout] 
[INFO] [stdout] For more information about this error, try `rustc --explain E0433`.
[INFO] [stdout] Couldn't compile the test.
[INFO] [stdout] ---- src/client.rs - client::ClientExt::is_followed (line 669) stdout ----
[INFO] [stdout] error[E0433]: failed to resolve: use of undeclared crate or module `misskey_test`
[INFO] [stdout]  --> src/client.rs:675:14
[INFO] [stdout]   |
[INFO] [stdout] 8 | let client = misskey_test::test_client().await?;
[INFO] [stdout]   |              ^^^^^^^^^^^^ use of undeclared crate or module `misskey_test`
[INFO] [stdout]   |
[INFO] [stdout] help: there is a crate or module with a similar name
[INFO] [stdout]   |
[INFO] [stdout] 8 | let client = misskey_util::test_client().await?;
[INFO] [stdout]   |              ~~~~~~~~~~~~
[INFO] [stdout] 
[INFO] [stdout] error: aborting due to 1 previous error
[INFO] [stdout] 
[INFO] [stdout] For more information about this error, try `rustc --explain E0433`.
[INFO] [stdout] Couldn't compile the test.
[INFO] [stdout] ---- src/client.rs - client::ClientExt::local_notes (line 74) stdout ----
[INFO] [stdout] error[E0433]: failed to resolve: use of undeclared crate or module `misskey_test`
[INFO] [stdout]  --> src/client.rs:80:14
[INFO] [stdout]   |
[INFO] [stdout] 8 | let client = misskey_test::test_client().await?;
[INFO] [stdout]   |              ^^^^^^^^^^^^ use of undeclared crate or module `misskey_test`
[INFO] [stdout]   |
[INFO] [stdout] help: there is a crate or module with a similar name
[INFO] [stdout]   |
[INFO] [stdout] 8 | let client = misskey_util::test_client().await?;
[INFO] [stdout]   |              ~~~~~~~~~~~~
[INFO] [stdout] 
[INFO] [stdout] error: aborting due to 1 previous error
[INFO] [stdout] 
[INFO] [stdout] For more information about this error, try `rustc --explain E0433`.
[INFO] [stdout] Couldn't compile the test.
[INFO] [stdout] ---- src/client.rs - client::ClientExt::has_pending_follow_request_from_me (line 770) stdout ----
[INFO] [stdout] error[E0433]: failed to resolve: use of undeclared crate or module `misskey_test`
[INFO] [stdout]  --> src/client.rs:776:14
[INFO] [stdout]   |
[INFO] [stdout] 8 | let client = misskey_test::test_client().await?;
[INFO] [stdout]   |              ^^^^^^^^^^^^ use of undeclared crate or module `misskey_test`
[INFO] [stdout]   |
[INFO] [stdout] help: there is a crate or module with a similar name
[INFO] [stdout]   |
[INFO] [stdout] 8 | let client = misskey_util::test_client().await?;
[INFO] [stdout]   |              ~~~~~~~~~~~~
[INFO] [stdout] 
[INFO] [stdout] error: aborting due to 1 previous error
[INFO] [stdout] 
[INFO] [stdout] For more information about this error, try `rustc --explain E0433`.
[INFO] [stdout] Couldn't compile the test.
[INFO] [stdout] ---- src/client.rs - client::ClientExt::is_following (line 643) stdout ----
[INFO] [stdout] error[E0433]: failed to resolve: use of undeclared crate or module `misskey_test`
[INFO] [stdout]  --> src/client.rs:649:14
[INFO] [stdout]   |
[INFO] [stdout] 8 | let client = misskey_test::test_client().await?;
[INFO] [stdout]   |              ^^^^^^^^^^^^ use of undeclared crate or module `misskey_test`
[INFO] [stdout]   |
[INFO] [stdout] help: there is a crate or module with a similar name
[INFO] [stdout]   |
[INFO] [stdout] 8 | let client = misskey_util::test_client().await?;
[INFO] [stdout]   |              ~~~~~~~~~~~~
[INFO] [stdout] 
[INFO] [stdout] error: aborting due to 1 previous error
[INFO] [stdout] 
[INFO] [stdout] For more information about this error, try `rustc --explain E0433`.
[INFO] [stdout] Couldn't compile the test.
[INFO] [stdout] ---- src/client.rs - client::ClientExt::is_muted (line 747) stdout ----
[INFO] [stdout] error[E0433]: failed to resolve: use of undeclared crate or module `misskey_test`
[INFO] [stdout]  --> src/client.rs:753:14
[INFO] [stdout]   |
[INFO] [stdout] 8 | let client = misskey_test::test_client().await?;
[INFO] [stdout]   |              ^^^^^^^^^^^^ use of undeclared crate or module `misskey_test`
[INFO] [stdout]   |
[INFO] [stdout] help: there is a crate or module with a similar name
[INFO] [stdout]   |
[INFO] [stdout] 8 | let client = misskey_util::test_client().await?;
[INFO] [stdout]   |              ~~~~~~~~~~~~
[INFO] [stdout] 
[INFO] [stdout] error: aborting due to 1 previous error
[INFO] [stdout] 
[INFO] [stdout] For more information about this error, try `rustc --explain E0433`.
[INFO] [stdout] Couldn't compile the test.
[INFO] [stdout] ---- src/client.rs - client::ClientExt::notifications (line 591) stdout ----
[INFO] [stdout] error[E0433]: failed to resolve: use of undeclared crate or module `misskey_test`
[INFO] [stdout]  --> src/client.rs:596:14
[INFO] [stdout]   |
[INFO] [stdout] 7 | let client = misskey_test::test_client().await?;
[INFO] [stdout]   |              ^^^^^^^^^^^^ use of undeclared crate or module `misskey_test`
[INFO] [stdout]   |
[INFO] [stdout] help: there is a crate or module with a similar name
[INFO] [stdout]   |
[INFO] [stdout] 7 | let client = misskey_util::test_client().await?;
[INFO] [stdout]   |              ~~~~~~~~~~~~
[INFO] [stdout] 
[INFO] [stdout] error: aborting due to 1 previous error
[INFO] [stdout] 
[INFO] [stdout] For more information about this error, try `rustc --explain E0433`.
[INFO] [stdout] Couldn't compile the test.
[INFO] [stdout] ---- src/client.rs - client::ClientExt::server_logs (line 3155) stdout ----
[INFO] [stdout] error[E0433]: failed to resolve: use of undeclared crate or module `misskey_test`
[INFO] [stdout]  --> src/client.rs:3160:14
[INFO] [stdout]   |
[INFO] [stdout] 7 | let client = misskey_test::test_client().await?;
[INFO] [stdout]   |              ^^^^^^^^^^^^ use of undeclared crate or module `misskey_test`
[INFO] [stdout]   |
[INFO] [stdout] help: there is a crate or module with a similar name
[INFO] [stdout]   |
[INFO] [stdout] 7 | let client = misskey_util::test_client().await?;
[INFO] [stdout]   |              ~~~~~~~~~~~~
[INFO] [stdout] 
[INFO] [stdout] error: aborting due to 1 previous error
[INFO] [stdout] 
[INFO] [stdout] For more information about this error, try `rustc --explain E0433`.
[INFO] [stdout] Couldn't compile the test.
[INFO] [stdout] ---- src/client.rs - client::ClientExt::me (line 271) stdout ----
[INFO] [stdout] error[E0433]: failed to resolve: use of undeclared crate or module `misskey_test`
[INFO] [stdout]  --> src/client.rs:276:14
[INFO] [stdout]   |
[INFO] [stdout] 7 | let client = misskey_test::test_client().await?;
[INFO] [stdout]   |              ^^^^^^^^^^^^ use of undeclared crate or module `misskey_test`
[INFO] [stdout]   |
[INFO] [stdout] help: there is a crate or module with a similar name
[INFO] [stdout]   |
[INFO] [stdout] 7 | let client = misskey_util::test_client().await?;
[INFO] [stdout]   |              ~~~~~~~~~~~~
[INFO] [stdout] 
[INFO] [stdout] error: aborting due to 1 previous error
[INFO] [stdout] 
[INFO] [stdout] For more information about this error, try `rustc --explain E0433`.
[INFO] [stdout] Couldn't compile the test.
[INFO] [stdout] ---- src/client.rs - client::ClientExt::local_notes_with_file_types (line 1347) stdout ----
[INFO] [stdout] error[E0433]: failed to resolve: use of undeclared crate or module `misskey_test`
[INFO] [stdout]  --> src/client.rs:1352:14
[INFO] [stdout]   |
[INFO] [stdout] 7 | let client = misskey_test::test_client().await?;
[INFO] [stdout]   |              ^^^^^^^^^^^^ use of undeclared crate or module `misskey_test`
[INFO] [stdout]   |
[INFO] [stdout] help: there is a crate or module with a similar name
[INFO] [stdout]   |
[INFO] [stdout] 7 | let client = misskey_util::test_client().await?;
[INFO] [stdout]   |              ~~~~~~~~~~~~
[INFO] [stdout] 
[INFO] [stdout] error: aborting due to 1 previous error
[INFO] [stdout] 
[INFO] [stdout] For more information about this error, try `rustc --explain E0433`.
[INFO] [stdout] Couldn't compile the test.
[INFO] [stdout] ---- src/client.rs - client::ClientExt::poll (line 1053) stdout ----
[INFO] [stdout] error[E0433]: failed to resolve: use of undeclared crate or module `misskey_test`
[INFO] [stdout]  --> src/client.rs:1058:14
[INFO] [stdout]   |
[INFO] [stdout] 7 | let client = misskey_test::test_client().await?;
[INFO] [stdout]   |              ^^^^^^^^^^^^ use of undeclared crate or module `misskey_test`
[INFO] [stdout]   |
[INFO] [stdout] help: there is a crate or module with a similar name
[INFO] [stdout]   |
[INFO] [stdout] 7 | let client = misskey_util::test_client().await?;
[INFO] [stdout]   |              ~~~~~~~~~~~~
[INFO] [stdout] 
[INFO] [stdout] error: aborting due to 1 previous error
[INFO] [stdout] 
[INFO] [stdout] For more information about this error, try `rustc --explain E0433`.
[INFO] [stdout] Couldn't compile the test.
[INFO] [stdout] ---- src/client.rs - client::ClientExt::rename_user_list (line 1435) stdout ----
[INFO] [stdout] error[E0433]: failed to resolve: use of undeclared crate or module `misskey_test`
[INFO] [stdout]  --> src/client.rs:1440:14
[INFO] [stdout]   |
[INFO] [stdout] 7 | let client = misskey_test::test_client().await?;
[INFO] [stdout]   |              ^^^^^^^^^^^^ use of undeclared crate or module `misskey_test`
[INFO] [stdout]   |
[INFO] [stdout] help: there is a crate or module with a similar name
[INFO] [stdout]   |
[INFO] [stdout] 7 | let client = misskey_util::test_client().await?;
[INFO] [stdout]   |              ~~~~~~~~~~~~
[INFO] [stdout] 
[INFO] [stdout] error: aborting due to 1 previous error
[INFO] [stdout] 
[INFO] [stdout] For more information about this error, try `rustc --explain E0433`.
[INFO] [stdout] Couldn't compile the test.
[INFO] [stdout] ---- src/client.rs - client::ClientExt::social_notes (line 74) stdout ----
[INFO] [stdout] error[E0433]: failed to resolve: use of undeclared crate or module `misskey_test`
[INFO] [stdout]  --> src/client.rs:80:14
[INFO] [stdout]   |
[INFO] [stdout] 8 | let client = misskey_test::test_client().await?;
[INFO] [stdout]   |              ^^^^^^^^^^^^ use of undeclared crate or module `misskey_test`
[INFO] [stdout]   |
[INFO] [stdout] help: there is a crate or module with a similar name
[INFO] [stdout]   |
[INFO] [stdout] 8 | let client = misskey_util::test_client().await?;
[INFO] [stdout]   |              ~~~~~~~~~~~~
[INFO] [stdout] 
[INFO] [stdout] error: aborting due to 1 previous error
[INFO] [stdout] 
[INFO] [stdout] For more information about this error, try `rustc --explain E0433`.
[INFO] [stdout] Couldn't compile the test.
[INFO] [stdout] ---- src/client.rs - client::ClientExt::rename_user_group (line 1572) stdout ----
[INFO] [stdout] error[E0433]: failed to resolve: use of undeclared crate or module `misskey_test`
[INFO] [stdout]  --> src/client.rs:1577:14
[INFO] [stdout]   |
[INFO] [stdout] 7 | let client = misskey_test::test_client().await?;
[INFO] [stdout]   |              ^^^^^^^^^^^^ use of undeclared crate or module `misskey_test`
[INFO] [stdout]   |
[INFO] [stdout] help: there is a crate or module with a similar name
[INFO] [stdout]   |
[INFO] [stdout] 7 | let client = misskey_util::test_client().await?;
[INFO] [stdout]   |              ~~~~~~~~~~~~
[INFO] [stdout] 
[INFO] [stdout] error: aborting due to 1 previous error
[INFO] [stdout] 
[INFO] [stdout] For more information about this error, try `rustc --explain E0433`.
[INFO] [stdout] Couldn't compile the test.
[INFO] [stdout] ---- src/client.rs - client::ClientExt::social_notes_since (line 172) stdout ----
[INFO] [stdout] error[E0433]: failed to resolve: use of undeclared crate or module `misskey_test`
[INFO] [stdout]  --> src/client.rs:178:14
[INFO] [stdout]   |
[INFO] [stdout] 8 | let client = misskey_test::test_client().await?;
[INFO] [stdout]   |              ^^^^^^^^^^^^ use of undeclared crate or module `misskey_test`
[INFO] [stdout]   |
[INFO] [stdout] help: there is a crate or module with a similar name
[INFO] [stdout]   |
[INFO] [stdout] 8 | let client = misskey_util::test_client().await?;
[INFO] [stdout]   |              ~~~~~~~~~~~~
[INFO] [stdout] 
[INFO] [stdout] warning: use of deprecated associated function `chrono::Utc::today`: use `Utc::now()` instead, potentially with `.date_naive()`
[INFO] [stdout]   --> src/client.rs:186:17
[INFO] [stdout]    |
[INFO] [stdout] 16 | let time = Utc::today().and_hms(0, 0, 0);
[INFO] [stdout]    |                 ^^^^^
[INFO] [stdout]    |
[INFO] [stdout]    = note: `#[warn(deprecated)]` on by default
[INFO] [stdout] 
[INFO] [stdout] warning: use of deprecated method `chrono::Date::<Tz>::and_hms`: Use and_hms_opt() instead
[INFO] [stdout]   --> src/client.rs:186:25
[INFO] [stdout]    |
[INFO] [stdout] 16 | let time = Utc::today().and_hms(0, 0, 0);
[INFO] [stdout]    |                         ^^^^^^^
[INFO] [stdout] 
[INFO] [stdout] error: aborting due to 1 previous error; 2 warnings emitted
[INFO] [stdout] 
[INFO] [stdout] For more information about this error, try `rustc --explain E0433`.
[INFO] [stdout] Couldn't compile the test.
[INFO] [stdout] ---- src/client.rs - client::ClientExt::global_notes_since (line 172) stdout ----
[INFO] [stdout] error[E0433]: failed to resolve: use of undeclared crate or module `misskey_test`
[INFO] [stdout]  --> src/client.rs:178:14
[INFO] [stdout]   |
[INFO] [stdout] 8 | let client = misskey_test::test_client().await?;
[INFO] [stdout]   |              ^^^^^^^^^^^^ use of undeclared crate or module `misskey_test`
[INFO] [stdout]   |
[INFO] [stdout] help: there is a crate or module with a similar name
[INFO] [stdout]   |
[INFO] [stdout] 8 | let client = misskey_util::test_client().await?;
[INFO] [stdout]   |              ~~~~~~~~~~~~
[INFO] [stdout] 
[INFO] [stdout] warning: use of deprecated associated function `chrono::Utc::today`: use `Utc::now()` instead, potentially with `.date_naive()`
[INFO] [stdout]   --> src/client.rs:186:17
[INFO] [stdout]    |
[INFO] [stdout] 16 | let time = Utc::today().and_hms(0, 0, 0);
[INFO] [stdout]    |                 ^^^^^
[INFO] [stdout]    |
[INFO] [stdout]    = note: `#[warn(deprecated)]` on by default
[INFO] [stdout] 
[INFO] [stdout] warning: use of deprecated method `chrono::Date::<Tz>::and_hms`: Use and_hms_opt() instead
[INFO] [stdout]   --> src/client.rs:186:25
[INFO] [stdout]    |
[INFO] [stdout] 16 | let time = Utc::today().and_hms(0, 0, 0);
[INFO] [stdout]    |                         ^^^^^^^
[INFO] [stdout] 
[INFO] [stdout] error: aborting due to 1 previous error; 2 warnings emitted
[INFO] [stdout] 
[INFO] [stdout] For more information about this error, try `rustc --explain E0433`.
[INFO] [stdout] Couldn't compile the test.
[INFO] [stdout] ---- src/client.rs - client::ClientExt::local_notes_since (line 172) stdout ----
[INFO] [stdout] error[E0433]: failed to resolve: use of undeclared crate or module `misskey_test`
[INFO] [stdout]  --> src/client.rs:178:14
[INFO] [stdout]   |
[INFO] [stdout] 8 | let client = misskey_test::test_client().await?;
[INFO] [stdout]   |              ^^^^^^^^^^^^ use of undeclared crate or module `misskey_test`
[INFO] [stdout]   |
[INFO] [stdout] help: there is a crate or module with a similar name
[INFO] [stdout]   |
[INFO] [stdout] 8 | let client = misskey_util::test_client().await?;
[INFO] [stdout]   |              ~~~~~~~~~~~~
[INFO] [stdout] 
[INFO] [stdout] warning: use of deprecated associated function `chrono::Utc::today`: use `Utc::now()` instead, potentially with `.date_naive()`
[INFO] [stdout]   --> src/client.rs:186:17
[INFO] [stdout]    |
[INFO] [stdout] 16 | let time = Utc::today().and_hms(0, 0, 0);
[INFO] [stdout]    |                 ^^^^^
[INFO] [stdout]    |
[INFO] [stdout]    = note: `#[warn(deprecated)]` on by default
[INFO] [stdout] 
[INFO] [stdout] warning: use of deprecated method `chrono::Date::<Tz>::and_hms`: Use and_hms_opt() instead
[INFO] [stdout]   --> src/client.rs:186:25
[INFO] [stdout]    |
[INFO] [stdout] 16 | let time = Utc::today().and_hms(0, 0, 0);
[INFO] [stdout]    |                         ^^^^^^^
[INFO] [stdout] 
[INFO] [stdout] error: aborting due to 1 previous error; 2 warnings emitted
[INFO] [stdout] 
[INFO] [stdout] For more information about this error, try `rustc --explain E0433`.
[INFO] [stdout] Couldn't compile the test.
[INFO] [stdout] ---- src/client.rs - client::ClientExt::home_notes (line 100) stdout ----
[INFO] [stdout] error[E0433]: failed to resolve: use of undeclared crate or module `misskey_test`
[INFO] [stdout]  --> src/client.rs:106:14
[INFO] [stdout]   |
[INFO] [stdout] 8 | let client = misskey_test::test_client().await?;
[INFO] [stdout]   |              ^^^^^^^^^^^^ use of undeclared crate or module `misskey_test`
[INFO] [stdout]   |
[INFO] [stdout] help: there is a crate or module with a similar name
[INFO] [stdout]   |
[INFO] [stdout] 8 | let client = misskey_util::test_client().await?;
[INFO] [stdout]   |              ~~~~~~~~~~~~
[INFO] [stdout] 
[INFO] [stdout] warning: use of deprecated associated function `chrono::Utc::today`: use `Utc::now()` instead, potentially with `.date_naive()`
[INFO] [stdout]   --> src/client.rs:114:17
[INFO] [stdout]    |
[INFO] [stdout] 16 | let time = Utc::today().and_hms(0, 0, 0);
[INFO] [stdout]    |                 ^^^^^
[INFO] [stdout]    |
[INFO] [stdout]    = note: `#[warn(deprecated)]` on by default
[INFO] [stdout] 
[INFO] [stdout] warning: use of deprecated method `chrono::Date::<Tz>::and_hms`: Use and_hms_opt() instead
[INFO] [stdout]   --> src/client.rs:114:25
[INFO] [stdout]    |
[INFO] [stdout] 16 | let time = Utc::today().and_hms(0, 0, 0);
[INFO] [stdout]    |                         ^^^^^^^
[INFO] [stdout] 
[INFO] [stdout] error: aborting due to 1 previous error; 2 warnings emitted
[INFO] [stdout] 
[INFO] [stdout] For more information about this error, try `rustc --explain E0433`.
[INFO] [stdout] Couldn't compile the test.
[INFO] [stdout] ---- src/client.rs - client::ClientExt::global_notes (line 100) stdout ----
[INFO] [stdout] error[E0433]: failed to resolve: use of undeclared crate or module `misskey_test`
[INFO] [stdout]  --> src/client.rs:106:14
[INFO] [stdout]   |
[INFO] [stdout] 8 | let client = misskey_test::test_client().await?;
[INFO] [stdout]   |              ^^^^^^^^^^^^ use of undeclared crate or module `misskey_test`
[INFO] [stdout]   |
[INFO] [stdout] help: there is a crate or module with a similar name
[INFO] [stdout]   |
[INFO] [stdout] 8 | let client = misskey_util::test_client().await?;
[INFO] [stdout]   |              ~~~~~~~~~~~~
[INFO] [stdout] 
[INFO] [stdout] warning: use of deprecated associated function `chrono::Utc::today`: use `Utc::now()` instead, potentially with `.date_naive()`
[INFO] [stdout]   --> src/client.rs:114:17
[INFO] [stdout]    |
[INFO] [stdout] 16 | let time = Utc::today().and_hms(0, 0, 0);
[INFO] [stdout]    |                 ^^^^^
[INFO] [stdout]    |
[INFO] [stdout]    = note: `#[warn(deprecated)]` on by default
[INFO] [stdout] 
[INFO] [stdout] warning: use of deprecated method `chrono::Date::<Tz>::and_hms`: Use and_hms_opt() instead
[INFO] [stdout]   --> src/client.rs:114:25
[INFO] [stdout]    |
[INFO] [stdout] 16 | let time = Utc::today().and_hms(0, 0, 0);
[INFO] [stdout]    |                         ^^^^^^^
[INFO] [stdout] 
[INFO] [stdout] error: aborting due to 1 previous error; 2 warnings emitted
[INFO] [stdout] 
[INFO] [stdout] For more information about this error, try `rustc --explain E0433`.
[INFO] [stdout] Couldn't compile the test.
[INFO] [stdout] ---- src/client.rs - client::ClientExt::local_notes (line 100) stdout ----
[INFO] [stdout] error[E0433]: failed to resolve: use of undeclared crate or module `misskey_test`
[INFO] [stdout]  --> src/client.rs:106:14
[INFO] [stdout]   |
[INFO] [stdout] 8 | let client = misskey_test::test_client().await?;
[INFO] [stdout]   |              ^^^^^^^^^^^^ use of undeclared crate or module `misskey_test`
[INFO] [stdout]   |
[INFO] [stdout] help: there is a crate or module with a similar name
[INFO] [stdout]   |
[INFO] [stdout] 8 | let client = misskey_util::test_client().await?;
[INFO] [stdout]   |              ~~~~~~~~~~~~
[INFO] [stdout] 
[INFO] [stdout] warning: use of deprecated associated function `chrono::Utc::today`: use `Utc::now()` instead, potentially with `.date_naive()`
[INFO] [stdout]   --> src/client.rs:114:17
[INFO] [stdout]    |
[INFO] [stdout] 16 | let time = Utc::today().and_hms(0, 0, 0);
[INFO] [stdout]    |                 ^^^^^
[INFO] [stdout]    |
[INFO] [stdout]    = note: `#[warn(deprecated)]` on by default
[INFO] [stdout] 
[INFO] [stdout] warning: use of deprecated method `chrono::Date::<Tz>::and_hms`: Use and_hms_opt() instead
[INFO] [stdout]   --> src/client.rs:114:25
[INFO] [stdout]    |
[INFO] [stdout] 16 | let time = Utc::today().and_hms(0, 0, 0);
[INFO] [stdout]    |                         ^^^^^^^
[INFO] [stdout] 
[INFO] [stdout] error: aborting due to 1 previous error; 2 warnings emitted
[INFO] [stdout] 
[INFO] [stdout] For more information about this error, try `rustc --explain E0433`.
[INFO] [stdout] Couldn't compile the test.
[INFO] [stdout] ---- src/client.rs - client::ClientExt::home_notes_since (line 172) stdout ----
[INFO] [stdout] error[E0433]: failed to resolve: use of undeclared crate or module `misskey_test`
[INFO] [stdout]  --> src/client.rs:178:14
[INFO] [stdout]   |
[INFO] [stdout] 8 | let client = misskey_test::test_client().await?;
[INFO] [stdout]   |              ^^^^^^^^^^^^ use of undeclared crate or module `misskey_test`
[INFO] [stdout]   |
[INFO] [stdout] help: there is a crate or module with a similar name
[INFO] [stdout]   |
[INFO] [stdout] 8 | let client = misskey_util::test_client().await?;
[INFO] [stdout]   |              ~~~~~~~~~~~~
[INFO] [stdout] 
[INFO] [stdout] warning: use of deprecated associated function `chrono::Utc::today`: use `Utc::now()` instead, potentially with `.date_naive()`
[INFO] [stdout]   --> src/client.rs:186:17
[INFO] [stdout]    |
[INFO] [stdout] 16 | let time = Utc::today().and_hms(0, 0, 0);
[INFO] [stdout]    |                 ^^^^^
[INFO] [stdout]    |
[INFO] [stdout]    = note: `#[warn(deprecated)]` on by default
[INFO] [stdout] 
[INFO] [stdout] warning: use of deprecated method `chrono::Date::<Tz>::and_hms`: Use and_hms_opt() instead
[INFO] [stdout]   --> src/client.rs:186:25
[INFO] [stdout]    |
[INFO] [stdout] 16 | let time = Utc::today().and_hms(0, 0, 0);
[INFO] [stdout]    |                         ^^^^^^^
[INFO] [stdout] 
[INFO] [stdout] error: aborting due to 1 previous error; 2 warnings emitted
[INFO] [stdout] 
[INFO] [stdout] For more information about this error, try `rustc --explain E0433`.
[INFO] [stdout] Couldn't compile the test.
[INFO] [stdout] ---- src/client.rs - client::ClientExt::social_notes (line 100) stdout ----
[INFO] [stdout] error[E0433]: failed to resolve: use of undeclared crate or module `misskey_test`
[INFO] [stdout]  --> src/client.rs:106:14
[INFO] [stdout]   |
[INFO] [stdout] 8 | let client = misskey_test::test_client().await?;
[INFO] [stdout]   |              ^^^^^^^^^^^^ use of undeclared crate or module `misskey_test`
[INFO] [stdout]   |
[INFO] [stdout] help: there is a crate or module with a similar name
[INFO] [stdout]   |
[INFO] [stdout] 8 | let client = misskey_util::test_client().await?;
[INFO] [stdout]   |              ~~~~~~~~~~~~
[INFO] [stdout] 
[INFO] [stdout] warning: use of deprecated associated function `chrono::Utc::today`: use `Utc::now()` instead, potentially with `.date_naive()`
[INFO] [stdout]   --> src/client.rs:114:17
[INFO] [stdout]    |
[INFO] [stdout] 16 | let time = Utc::today().and_hms(0, 0, 0);
[INFO] [stdout]    |                 ^^^^^
[INFO] [stdout]    |
[INFO] [stdout]    = note: `#[warn(deprecated)]` on by default
[INFO] [stdout] 
[INFO] [stdout] warning: use of deprecated method `chrono::Date::<Tz>::and_hms`: Use and_hms_opt() instead
[INFO] [stdout]   --> src/client.rs:114:25
[INFO] [stdout]    |
[INFO] [stdout] 16 | let time = Utc::today().and_hms(0, 0, 0);
[INFO] [stdout]    |                         ^^^^^^^
[INFO] [stdout] 
[INFO] [stdout] error: aborting due to 1 previous error; 2 warnings emitted
[INFO] [stdout] 
[INFO] [stdout] For more information about this error, try `rustc --explain E0433`.
[INFO] [stdout] Couldn't compile the test.
[INFO] [stdout] ---- src/client.rs - client::ClientExt::tagged_notes (line 1309) stdout ----
[INFO] [stdout] error[E0433]: failed to resolve: use of undeclared crate or module `misskey_test`
[INFO] [stdout]  --> src/client.rs:1314:14
[INFO] [stdout]   |
[INFO] [stdout] 7 | let client = misskey_test::test_client().await?;
[INFO] [stdout]   |              ^^^^^^^^^^^^ use of undeclared crate or module `misskey_test`
[INFO] [stdout]   |
[INFO] [stdout] help: there is a crate or module with a similar name
[INFO] [stdout]   |
[INFO] [stdout] 7 | let client = misskey_util::test_client().await?;
[INFO] [stdout]   |              ~~~~~~~~~~~~
[INFO] [stdout] 
[INFO] [stdout] error: aborting due to 1 previous error
[INFO] [stdout] 
[INFO] [stdout] For more information about this error, try `rustc --explain E0433`.
[INFO] [stdout] Couldn't compile the test.
[INFO] [stdout] ---- src/client.rs - client::ClientExt::tagged_notes (line 1320) stdout ----
[INFO] [stdout] error[E0433]: failed to resolve: use of undeclared crate or module `misskey_test`
[INFO] [stdout]  --> src/client.rs:1325:14
[INFO] [stdout]   |
[INFO] [stdout] 7 | let client = misskey_test::test_client().await?;
[INFO] [stdout]   |              ^^^^^^^^^^^^ use of undeclared crate or module `misskey_test`
[INFO] [stdout]   |
[INFO] [stdout] help: there is a crate or module with a similar name
[INFO] [stdout]   |
[INFO] [stdout] 7 | let client = misskey_util::test_client().await?;
[INFO] [stdout]   |              ~~~~~~~~~~~~
[INFO] [stdout] 
[INFO] [stdout] error: aborting due to 1 previous error
[INFO] [stdout] 
[INFO] [stdout] For more information about this error, try `rustc --explain E0433`.
[INFO] [stdout] Couldn't compile the test.
[INFO] [stdout] ---- src/client.rs - client::ClientExt::update_meta (line 3256) stdout ----
[INFO] [stdout] error[E0433]: failed to resolve: use of undeclared crate or module `misskey_test`
[INFO] [stdout]  --> src/client.rs:3261:14
[INFO] [stdout]   |
[INFO] [stdout] 7 | let client = misskey_test::test_admin_client().await?;
[INFO] [stdout]   |              ^^^^^^^^^^^^ use of undeclared crate or module `misskey_test`
[INFO] [stdout]   |
[INFO] [stdout] help: there is a crate or module with a similar name
[INFO] [stdout]   |
[INFO] [stdout] 7 | let client = misskey_util::test_admin_client().await?;
[INFO] [stdout]   |              ~~~~~~~~~~~~
[INFO] [stdout] 
[INFO] [stdout] error: aborting due to 1 previous error
[INFO] [stdout] 
[INFO] [stdout] For more information about this error, try `rustc --explain E0433`.
[INFO] [stdout] Couldn't compile the test.
[INFO] [stdout] ---- src/client.rs - client::ClientExt::update_folder (line 2624) stdout ----
[INFO] [stdout] error[E0433]: failed to resolve: use of undeclared crate or module `misskey_test`
[INFO] [stdout]  --> src/client.rs:2629:14
[INFO] [stdout]   |
[INFO] [stdout] 7 | let client = misskey_test::test_client().await?;
[INFO] [stdout]   |              ^^^^^^^^^^^^ use of undeclared crate or module `misskey_test`
[INFO] [stdout]   |
[INFO] [stdout] help: there is a crate or module with a similar name
[INFO] [stdout]   |
[INFO] [stdout] 7 | let client = misskey_util::test_client().await?;
[INFO] [stdout]   |              ~~~~~~~~~~~~
[INFO] [stdout] 
[INFO] [stdout] error: aborting due to 1 previous error
[INFO] [stdout] 
[INFO] [stdout] For more information about this error, try `rustc --explain E0433`.
[INFO] [stdout] Couldn't compile the test.
[INFO] [stdout] ---- src/client.rs - client::ClientExt::update_me (line 303) stdout ----
[INFO] [stdout] error[E0433]: failed to resolve: use of undeclared crate or module `misskey_test`
[INFO] [stdout]  --> src/client.rs:308:14
[INFO] [stdout]   |
[INFO] [stdout] 7 | let client = misskey_test::test_client().await?;
[INFO] [stdout]   |              ^^^^^^^^^^^^ use of undeclared crate or module `misskey_test`
[INFO] [stdout]   |
[INFO] [stdout] help: there is a crate or module with a similar name
[INFO] [stdout]   |
[INFO] [stdout] 7 | let client = misskey_util::test_client().await?;
[INFO] [stdout]   |              ~~~~~~~~~~~~
[INFO] [stdout] 
[INFO] [stdout] error: aborting due to 1 previous error
[INFO] [stdout] 
[INFO] [stdout] For more information about this error, try `rustc --explain E0433`.
[INFO] [stdout] Couldn't compile the test.
[INFO] [stdout] ---- src/client.rs - client::ClientExt::update_antenna (line 1887) stdout ----
[INFO] [stdout] error[E0433]: failed to resolve: use of undeclared crate or module `misskey_test`
[INFO] [stdout]  --> src/client.rs:1892:14
[INFO] [stdout]   |
[INFO] [stdout] 7 | let client = misskey_test::test_client().await?;
[INFO] [stdout]   |              ^^^^^^^^^^^^ use of undeclared crate or module `misskey_test`
[INFO] [stdout]   |
[INFO] [stdout] help: there is a crate or module with a similar name
[INFO] [stdout]   |
[INFO] [stdout] 7 | let client = misskey_util::test_client().await?;
[INFO] [stdout]   |              ~~~~~~~~~~~~
[INFO] [stdout] 
[INFO] [stdout] error: aborting due to 1 previous error
[INFO] [stdout] 
[INFO] [stdout] For more information about this error, try `rustc --explain E0433`.
[INFO] [stdout] Couldn't compile the test.
[INFO] [stdout] ---- src/client.rs - client::ClientExt::user_group_invitations (line 1685) stdout ----
[INFO] [stdout] error[E0433]: failed to resolve: use of undeclared crate or module `misskey_test`
[INFO] [stdout]  --> src/client.rs:1690:14
[INFO] [stdout]   |
[INFO] [stdout] 7 | let client = misskey_test::test_client().await?;
[INFO] [stdout]   |              ^^^^^^^^^^^^ use of undeclared crate or module `misskey_test`
[INFO] [stdout]   |
[INFO] [stdout] help: there is a crate or module with a similar name
[INFO] [stdout]   |
[INFO] [stdout] 7 | let client = misskey_util::test_client().await?;
[INFO] [stdout]   |              ~~~~~~~~~~~~
[INFO] [stdout] 
[INFO] [stdout] error: aborting due to 1 previous error
[INFO] [stdout] 
[INFO] [stdout] For more information about this error, try `rustc --explain E0433`.
[INFO] [stdout] Couldn't compile the test.
[INFO] [stdout] ---- src/client.rs - client::ClientExt::user_notes (line 100) stdout ----
[INFO] [stdout] error[E0433]: failed to resolve: use of undeclared crate or module `misskey_test`
[INFO] [stdout]  --> src/client.rs:106:14
[INFO] [stdout]   |
[INFO] [stdout] 8 | let client = misskey_test::test_client().await?;
[INFO] [stdout]   |              ^^^^^^^^^^^^ use of undeclared crate or module `misskey_test`
[INFO] [stdout]   |
[INFO] [stdout] help: there is a crate or module with a similar name
[INFO] [stdout]   |
[INFO] [stdout] 8 | let client = misskey_util::test_client().await?;
[INFO] [stdout]   |              ~~~~~~~~~~~~
[INFO] [stdout] 
[INFO] [stdout] warning: use of deprecated associated function `chrono::Utc::today`: use `Utc::now()` instead, potentially with `.date_naive()`
[INFO] [stdout]   --> src/client.rs:114:17
[INFO] [stdout]    |
[INFO] [stdout] 16 | let time = Utc::today().and_hms(0, 0, 0);
[INFO] [stdout]    |                 ^^^^^
[INFO] [stdout]    |
[INFO] [stdout]    = note: `#[warn(deprecated)]` on by default
[INFO] [stdout] 
[INFO] [stdout] warning: use of deprecated method `chrono::Date::<Tz>::and_hms`: Use and_hms_opt() instead
[INFO] [stdout]   --> src/client.rs:114:25
[INFO] [stdout]    |
[INFO] [stdout] 16 | let time = Utc::today().and_hms(0, 0, 0);
[INFO] [stdout]    |                         ^^^^^^^
[INFO] [stdout] 
[INFO] [stdout] error: aborting due to 1 previous error; 2 warnings emitted
[INFO] [stdout] 
[INFO] [stdout] For more information about this error, try `rustc --explain E0433`.
[INFO] [stdout] Couldn't compile the test.
[INFO] [stdout] ---- src/client.rs - client::ClientExt::user_list_notes (line 100) stdout ----
[INFO] [stdout] error[E0433]: failed to resolve: use of undeclared crate or module `misskey_test`
[INFO] [stdout]  --> src/client.rs:106:14
[INFO] [stdout]   |
[INFO] [stdout] 8 | let client = misskey_test::test_client().await?;
[INFO] [stdout]   |              ^^^^^^^^^^^^ use of undeclared crate or module `misskey_test`
[INFO] [stdout]   |
[INFO] [stdout] help: there is a crate or module with a similar name
[INFO] [stdout]   |
[INFO] [stdout] 8 | let client = misskey_util::test_client().await?;
[INFO] [stdout]   |              ~~~~~~~~~~~~
[INFO] [stdout] 
[INFO] [stdout] warning: use of deprecated associated function `chrono::Utc::today`: use `Utc::now()` instead, potentially with `.date_naive()`
[INFO] [stdout]   --> src/client.rs:114:17
[INFO] [stdout]    |
[INFO] [stdout] 16 | let time = Utc::today().and_hms(0, 0, 0);
[INFO] [stdout]    |                 ^^^^^
[INFO] [stdout]    |
[INFO] [stdout]    = note: `#[warn(deprecated)]` on by default
[INFO] [stdout] 
[INFO] [stdout] warning: use of deprecated method `chrono::Date::<Tz>::and_hms`: Use and_hms_opt() instead
[INFO] [stdout]   --> src/client.rs:114:25
[INFO] [stdout]    |
[INFO] [stdout] 16 | let time = Utc::today().and_hms(0, 0, 0);
[INFO] [stdout]    |                         ^^^^^^^
[INFO] [stdout] 
[INFO] [stdout] error: aborting due to 1 previous error; 2 warnings emitted
[INFO] [stdout] 
[INFO] [stdout] For more information about this error, try `rustc --explain E0433`.
[INFO] [stdout] Couldn't compile the test.
[INFO] [stdout] ---- src/client.rs - client::ClientExt::user_notes (line 74) stdout ----
[INFO] [stdout] error[E0433]: failed to resolve: use of undeclared crate or module `misskey_test`
[INFO] [stdout]  --> src/client.rs:80:14
[INFO] [stdout]   |
[INFO] [stdout] 8 | let client = misskey_test::test_client().await?;
[INFO] [stdout]   |              ^^^^^^^^^^^^ use of undeclared crate or module `misskey_test`
[INFO] [stdout]   |
[INFO] [stdout] help: there is a crate or module with a similar name
[INFO] [stdout]   |
[INFO] [stdout] 8 | let client = misskey_util::test_client().await?;
[INFO] [stdout]   |              ~~~~~~~~~~~~
[INFO] [stdout] 
[INFO] [stdout] error: aborting due to 1 previous error
[INFO] [stdout] 
[INFO] [stdout] For more information about this error, try `rustc --explain E0433`.
[INFO] [stdout] Couldn't compile the test.
[INFO] [stdout] ---- src/streaming.rs - streaming::StreamingClientExt::home_timeline (line 150) stdout ----
[INFO] [stdout] error[E0433]: failed to resolve: use of undeclared crate or module `misskey_test`
[INFO] [stdout]  --> src/streaming.rs:155:50
[INFO] [stdout]   |
[INFO] [stdout] 7 | let client = misskey_test::test_websocket_client(misskey_test::env::token()).await?;
[INFO] [stdout]   |                                                  ^^^^^^^^^^^^ use of undeclared crate or module `misskey_test`
[INFO] [stdout]   |
[INFO] [stdout] help: there is a crate or module with a similar name
[INFO] [stdout]   |
[INFO] [stdout] 7 | let client = misskey_test::test_websocket_client(misskey_util::env::token()).await?;
[INFO] [stdout]   |                                                  ~~~~~~~~~~~~
[INFO] [stdout] 
[INFO] [stdout] error[E0433]: failed to resolve: use of undeclared crate or module `misskey_test`
[INFO] [stdout]  --> src/streaming.rs:155:14
[INFO] [stdout]   |
[INFO] [stdout] 7 | let client = misskey_test::test_websocket_client(misskey_test::env::token()).await?;
[INFO] [stdout]   |              ^^^^^^^^^^^^ use of undeclared crate or module `misskey_test`
[INFO] [stdout]   |
[INFO] [stdout] help: there is a crate or module with a similar name
[INFO] [stdout]   |
[INFO] [stdout] 7 | let client = misskey_util::test_websocket_client(misskey_test::env::token()).await?;
[INFO] [stdout]   |              ~~~~~~~~~~~~
[INFO] [stdout] 
[INFO] [stdout] error[E0433]: failed to resolve: use of undeclared crate or module `misskey_test`
[INFO] [stdout]   --> src/streaming.rs:160:1
[INFO] [stdout]    |
[INFO] [stdout] 12 | misskey_test::persist(std::time::Duration::from_secs(3), async move {
[INFO] [stdout]    | ^^^^^^^^^^^^ use of undeclared crate or module `misskey_test`
[INFO] [stdout]    |
[INFO] [stdout] help: there is a crate or module with a similar name
[INFO] [stdout]    |
[INFO] [stdout] 12 | misskey_util::persist(std::time::Duration::from_secs(3), async move {
[INFO] [stdout]    | ~~~~~~~~~~~~
[INFO] [stdout] 
[INFO] [stdout] error: aborting due to 3 previous errors
[INFO] [stdout] 
[INFO] [stdout] For more information about this error, try `rustc --explain E0433`.
[INFO] [stdout] Couldn't compile the test.
[INFO] [stdout] ---- src/client.rs - client::ClientExt::user_list_notes_since (line 172) stdout ----
[INFO] [stdout] error[E0433]: failed to resolve: use of undeclared crate or module `misskey_test`
[INFO] [stdout]  --> src/client.rs:178:14
[INFO] [stdout]   |
[INFO] [stdout] 8 | let client = misskey_test::test_client().await?;
[INFO] [stdout]   |              ^^^^^^^^^^^^ use of undeclared crate or module `misskey_test`
[INFO] [stdout]   |
[INFO] [stdout] help: there is a crate or module with a similar name
[INFO] [stdout]   |
[INFO] [stdout] 8 | let client = misskey_util::test_client().await?;
[INFO] [stdout]   |              ~~~~~~~~~~~~
[INFO] [stdout] 
[INFO] [stdout] warning: use of deprecated associated function `chrono::Utc::today`: use `Utc::now()` instead, potentially with `.date_naive()`
[INFO] [stdout]   --> src/client.rs:186:17
[INFO] [stdout]    |
[INFO] [stdout] 16 | let time = Utc::today().and_hms(0, 0, 0);
[INFO] [stdout]    |                 ^^^^^
[INFO] [stdout]    |
[INFO] [stdout]    = note: `#[warn(deprecated)]` on by default
[INFO] [stdout] 
[INFO] [stdout] warning: use of deprecated method `chrono::Date::<Tz>::and_hms`: Use and_hms_opt() instead
[INFO] [stdout]   --> src/client.rs:186:25
[INFO] [stdout]    |
[INFO] [stdout] 16 | let time = Utc::today().and_hms(0, 0, 0);
[INFO] [stdout]    |                         ^^^^^^^
[INFO] [stdout] 
[INFO] [stdout] error: aborting due to 1 previous error; 2 warnings emitted
[INFO] [stdout] 
[INFO] [stdout] For more information about this error, try `rustc --explain E0433`.
[INFO] [stdout] Couldn't compile the test.
[INFO] [stdout] ---- src/client.rs - client::ClientExt::user_notes_since (line 172) stdout ----
[INFO] [stdout] error[E0433]: failed to resolve: use of undeclared crate or module `misskey_test`
[INFO] [stdout]  --> src/client.rs:178:14
[INFO] [stdout]   |
[INFO] [stdout] 8 | let client = misskey_test::test_client().await?;
[INFO] [stdout]   |              ^^^^^^^^^^^^ use of undeclared crate or module `misskey_test`
[INFO] [stdout]   |
[INFO] [stdout] help: there is a crate or module with a similar name
[INFO] [stdout]   |
[INFO] [stdout] 8 | let client = misskey_util::test_client().await?;
[INFO] [stdout]   |              ~~~~~~~~~~~~
[INFO] [stdout] 
[INFO] [stdout] warning: use of deprecated associated function `chrono::Utc::today`: use `Utc::now()` instead, potentially with `.date_naive()`
[INFO] [stdout]   --> src/client.rs:186:17
[INFO] [stdout]    |
[INFO] [stdout] 16 | let time = Utc::today().and_hms(0, 0, 0);
[INFO] [stdout]    |                 ^^^^^
[INFO] [stdout]    |
[INFO] [stdout]    = note: `#[warn(deprecated)]` on by default
[INFO] [stdout] 
[INFO] [stdout] warning: use of deprecated method `chrono::Date::<Tz>::and_hms`: Use and_hms_opt() instead
[INFO] [stdout]   --> src/client.rs:186:25
[INFO] [stdout]    |
[INFO] [stdout] 16 | let time = Utc::today().and_hms(0, 0, 0);
[INFO] [stdout]    |                         ^^^^^^^
[INFO] [stdout] 
[INFO] [stdout] error: aborting due to 1 previous error; 2 warnings emitted
[INFO] [stdout] 
[INFO] [stdout] For more information about this error, try `rustc --explain E0433`.
[INFO] [stdout] Couldn't compile the test.
[INFO] [stdout] ---- src/client.rs - client::ClientExt::user_list_notes (line 74) stdout ----
[INFO] [stdout] error[E0433]: failed to resolve: use of undeclared crate or module `misskey_test`
[INFO] [stdout]  --> src/client.rs:80:14
[INFO] [stdout]   |
[INFO] [stdout] 8 | let client = misskey_test::test_client().await?;
[INFO] [stdout]   |              ^^^^^^^^^^^^ use of undeclared crate or module `misskey_test`
[INFO] [stdout]   |
[INFO] [stdout] help: there is a crate or module with a similar name
[INFO] [stdout]   |
[INFO] [stdout] 8 | let client = misskey_util::test_client().await?;
[INFO] [stdout]   |              ~~~~~~~~~~~~
[INFO] [stdout] 
[INFO] [stdout] error: aborting due to 1 previous error
[INFO] [stdout] 
[INFO] [stdout] For more information about this error, try `rustc --explain E0433`.
[INFO] [stdout] Couldn't compile the test.
[INFO] [stdout] ---- src/client.rs - client::ClientExt::users (line 894) stdout ----
[INFO] [stdout] error[E0433]: failed to resolve: use of undeclared crate or module `misskey_test`
[INFO] [stdout]  --> src/client.rs:899:14
[INFO] [stdout]   |
[INFO] [stdout] 7 | let client = misskey_test::test_client().await?;
[INFO] [stdout]   |              ^^^^^^^^^^^^ use of undeclared crate or module `misskey_test`
[INFO] [stdout]   |
[INFO] [stdout] help: there is a crate or module with a similar name
[INFO] [stdout]   |
[INFO] [stdout] 7 | let client = misskey_util::test_client().await?;
[INFO] [stdout]   |              ~~~~~~~~~~~~
[INFO] [stdout] 
[INFO] [stdout] error: aborting due to 1 previous error
[INFO] [stdout] 
[INFO] [stdout] For more information about this error, try `rustc --explain E0433`.
[INFO] [stdout] Couldn't compile the test.
[INFO] [stdout] ---- src/streaming.rs - streaming::StreamingClientExt::main_stream (line 92) stdout ----
[INFO] [stdout] error[E0433]: failed to resolve: use of undeclared crate or module `misskey_test`
[INFO] [stdout]  --> src/streaming.rs:97:50
[INFO] [stdout]   |
[INFO] [stdout] 7 | let client = misskey_test::test_websocket_client(misskey_test::env::token()).await?;
[INFO] [stdout]   |                                                  ^^^^^^^^^^^^ use of undeclared crate or module `misskey_test`
[INFO] [stdout]   |
[INFO] [stdout] help: there is a crate or module with a similar name
[INFO] [stdout]   |
[INFO] [stdout] 7 | let client = misskey_test::test_websocket_client(misskey_util::env::token()).await?;
[INFO] [stdout]   |                                                  ~~~~~~~~~~~~
[INFO] [stdout] 
[INFO] [stdout] error[E0433]: failed to resolve: use of undeclared crate or module `misskey_test`
[INFO] [stdout]  --> src/streaming.rs:97:14
[INFO] [stdout]   |
[INFO] [stdout] 7 | let client = misskey_test::test_websocket_client(misskey_test::env::token()).await?;
[INFO] [stdout]   |              ^^^^^^^^^^^^ use of undeclared crate or module `misskey_test`
[INFO] [stdout]   |
[INFO] [stdout] help: there is a crate or module with a similar name
[INFO] [stdout]   |
[INFO] [stdout] 7 | let client = misskey_util::test_websocket_client(misskey_test::env::token()).await?;
[INFO] [stdout]   |              ~~~~~~~~~~~~
[INFO] [stdout] 
[INFO] [stdout] error[E0433]: failed to resolve: use of undeclared crate or module `misskey_test`
[INFO] [stdout]   --> src/streaming.rs:102:1
[INFO] [stdout]    |
[INFO] [stdout] 12 | misskey_test::persist(std::time::Duration::from_secs(3), async move {
[INFO] [stdout]    | ^^^^^^^^^^^^ use of undeclared crate or module `misskey_test`
[INFO] [stdout]    |
[INFO] [stdout] help: there is a crate or module with a similar name
[INFO] [stdout]    |
[INFO] [stdout] 12 | misskey_util::persist(std::time::Duration::from_secs(3), async move {
[INFO] [stdout]    | ~~~~~~~~~~~~
[INFO] [stdout] 
[INFO] [stdout] error: aborting due to 3 previous errors
[INFO] [stdout] 
[INFO] [stdout] For more information about this error, try `rustc --explain E0433`.
[INFO] [stdout] Couldn't compile the test.
[INFO] [stdout] ---- src/streaming.rs - streaming::StreamingClientExt::subscribe_note (line 37) stdout ----
[INFO] [stdout] error[E0433]: failed to resolve: use of undeclared crate or module `misskey_test`
[INFO] [stdout]  --> src/streaming.rs:44:50
[INFO] [stdout]   |
[INFO] [stdout] 9 | let client = misskey_test::test_websocket_client(misskey_test::env::token()).await?;
[INFO] [stdout]   |                                                  ^^^^^^^^^^^^ use of undeclared crate or module `misskey_test`
[INFO] [stdout]   |
[INFO] [stdout] help: there is a crate or module with a similar name
[INFO] [stdout]   |
[INFO] [stdout] 9 | let client = misskey_test::test_websocket_client(misskey_util::env::token()).await?;
[INFO] [stdout]   |                                                  ~~~~~~~~~~~~
[INFO] [stdout] 
[INFO] [stdout] error[E0433]: failed to resolve: use of undeclared crate or module `misskey_test`
[INFO] [stdout]  --> src/streaming.rs:44:14
[INFO] [stdout]   |
[INFO] [stdout] 9 | let client = misskey_test::test_websocket_client(misskey_test::env::token()).await?;
[INFO] [stdout]   |              ^^^^^^^^^^^^ use of undeclared crate or module `misskey_test`
[INFO] [stdout]   |
[INFO] [stdout] help: there is a crate or module with a similar name
[INFO] [stdout]   |
[INFO] [stdout] 9 | let client = misskey_util::test_websocket_client(misskey_test::env::token()).await?;
[INFO] [stdout]   |              ~~~~~~~~~~~~
[INFO] [stdout] 
[INFO] [stdout] error[E0433]: failed to resolve: use of undeclared crate or module `misskey_test`
[INFO] [stdout]   --> src/streaming.rs:45:1
[INFO] [stdout]    |
[INFO] [stdout] 10 | misskey_test::persist(std::time::Duration::from_secs(3), async move {
[INFO] [stdout]    | ^^^^^^^^^^^^ use of undeclared crate or module `misskey_test`
[INFO] [stdout]    |
[INFO] [stdout] help: there is a crate or module with a similar name
[INFO] [stdout]    |
[INFO] [stdout] 10 | misskey_util::persist(std::time::Duration::from_secs(3), async move {
[INFO] [stdout]    | ~~~~~~~~~~~~
[INFO] [stdout] 
[INFO] [stdout] error: aborting due to 3 previous errors
[INFO] [stdout] 
[INFO] [stdout] For more information about this error, try `rustc --explain E0433`.
[INFO] [stdout] Couldn't compile the test.
[INFO] [stdout] 
[INFO] [stdout] failures:
[INFO] [stdout]     src/builder/me.rs - builder::me::MeUpdateBuilder<C>::set_fields (line 106)
[INFO] [stdout]     src/client.rs - client::ClientExt::build_antenna (line 1811)
[INFO] [stdout]     src/client.rs - client::ClientExt::build_note (line 973)
[INFO] [stdout]     src/client.rs - client::ClientExt::create_antenna (line 1767)
[INFO] [stdout]     src/client.rs - client::ClientExt::create_clip (line 2107)
[INFO] [stdout]     src/client.rs - client::ClientExt::create_folder (line 2549)
[INFO] [stdout]     src/client.rs - client::ClientExt::create_note (line 1034)
[INFO] [stdout]     src/client.rs - client::ClientExt::create_user_group (line 1515)
[INFO] [stdout]     src/client.rs - client::ClientExt::create_user_list (line 1378)
[INFO] [stdout]     src/client.rs - client::ClientExt::delete_antenna (line 1838)
[INFO] [stdout]     src/client.rs - client::ClientExt::delete_clip (line 2174)
[INFO] [stdout]     src/client.rs - client::ClientExt::delete_note (line 997)
[INFO] [stdout]     src/client.rs - client::ClientExt::delete_user_group (line 1544)
[INFO] [stdout]     src/client.rs - client::ClientExt::delete_user_list (line 1407)
[INFO] [stdout]     src/client.rs - client::ClientExt::files (line 2768)
[INFO] [stdout]     src/client.rs - client::ClientExt::follow_requests (line 491)
[INFO] [stdout]     src/client.rs - client::ClientExt::followers (line 411)
[INFO] [stdout]     src/client.rs - client::ClientExt::global_notes (line 100)
[INFO] [stdout]     src/client.rs - client::ClientExt::global_notes (line 74)
[INFO] [stderr] error: doctest failed, to rerun pass `--doc`
[INFO] [stdout]     src/client.rs - client::ClientExt::global_notes_since (line 172)
[INFO] [stdout]     src/client.rs - client::ClientExt::has_pending_follow_request_from_me (line 770)
[INFO] [stdout]     src/client.rs - client::ClientExt::has_pending_follow_request_to_me (line 801)
[INFO] [stdout]     src/client.rs - client::ClientExt::home_notes (line 100)
[INFO] [stdout]     src/client.rs - client::ClientExt::home_notes (line 74)
[INFO] [stdout]     src/client.rs - client::ClientExt::home_notes_since (line 172)
[INFO] [stdout]     src/client.rs - client::ClientExt::is_blocked (line 721)
[INFO] [stdout]     src/client.rs - client::ClientExt::is_blocking (line 695)
[INFO] [stdout]     src/client.rs - client::ClientExt::is_followed (line 669)
[INFO] [stdout]     src/client.rs - client::ClientExt::is_following (line 643)
[INFO] [stdout]     src/client.rs - client::ClientExt::is_muted (line 747)
[INFO] [stdout]     src/client.rs - client::ClientExt::local_notes (line 100)
[INFO] [stdout]     src/client.rs - client::ClientExt::local_notes (line 74)
[INFO] [stdout]     src/client.rs - client::ClientExt::local_notes_since (line 172)
[INFO] [stdout]     src/client.rs - client::ClientExt::local_notes_with_file_types (line 1347)
[INFO] [stdout]     src/client.rs - client::ClientExt::me (line 271)
[INFO] [stdout]     src/client.rs - client::ClientExt::notifications (line 591)
[INFO] [stdout]     src/client.rs - client::ClientExt::poll (line 1053)
[INFO] [stdout]     src/client.rs - client::ClientExt::rename_user_group (line 1572)
[INFO] [stdout]     src/client.rs - client::ClientExt::rename_user_list (line 1435)
[INFO] [stdout]     src/client.rs - client::ClientExt::server_logs (line 3155)
[INFO] [stdout]     src/client.rs - client::ClientExt::social_notes (line 100)
[INFO] [stdout]     src/client.rs - client::ClientExt::social_notes (line 74)
[INFO] [stdout]     src/client.rs - client::ClientExt::social_notes_since (line 172)
[INFO] [stdout]     src/client.rs - client::ClientExt::tagged_notes (line 1309)
[INFO] [stdout]     src/client.rs - client::ClientExt::tagged_notes (line 1320)
[INFO] [stdout]     src/client.rs - client::ClientExt::update_antenna (line 1887)
[INFO] [stdout]     src/client.rs - client::ClientExt::update_folder (line 2624)
[INFO] [stdout]     src/client.rs - client::ClientExt::update_me (line 303)
[INFO] [stdout]     src/client.rs - client::ClientExt::update_meta (line 3256)
[INFO] [stdout]     src/client.rs - client::ClientExt::user_group_invitations (line 1685)
[INFO] [stdout]     src/client.rs - client::ClientExt::user_list_notes (line 100)
[INFO] [stdout]     src/client.rs - client::ClientExt::user_list_notes (line 74)
[INFO] [stdout]     src/client.rs - client::ClientExt::user_list_notes_since (line 172)
[INFO] [stdout]     src/client.rs - client::ClientExt::user_notes (line 100)
[INFO] [stdout]     src/client.rs - client::ClientExt::user_notes (line 74)
[INFO] [stdout]     src/client.rs - client::ClientExt::user_notes_since (line 172)
[INFO] [stdout]     src/client.rs - client::ClientExt::users (line 894)
[INFO] [stdout]     src/streaming.rs - streaming::StreamingClientExt::home_timeline (line 150)
[INFO] [stdout]     src/streaming.rs - streaming::StreamingClientExt::main_stream (line 92)
[INFO] [stdout]     src/streaming.rs - streaming::StreamingClientExt::subscribe_note (line 37)
[INFO] [stdout] 
[INFO] [stdout] test result: FAILED. 0 passed; 60 failed; 0 ignored; 0 measured; 0 filtered out; finished in 0.46s
[INFO] [stdout] 
[INFO] running `Command { std: "docker" "inspect" "4004d8cb3e24fa163685b38593c97eeb97a638dacafff2b286c77c43d865d113", kill_on_drop: false }`
[INFO] running `Command { std: "docker" "rm" "-f" "4004d8cb3e24fa163685b38593c97eeb97a638dacafff2b286c77c43d865d113", kill_on_drop: false }`
[INFO] [stdout] 4004d8cb3e24fa163685b38593c97eeb97a638dacafff2b286c77c43d865d113
