[INFO] fetching crate mirrorworld-sdk-rust 0.1.5...
[INFO] testing mirrorworld-sdk-rust-0.1.5 against nightly-2024-10-28 for randomize-layout
[INFO] extracting crate mirrorworld-sdk-rust 0.1.5 into /workspace/builds/worker-3-tc1/source
[INFO] validating manifest of crates.io crate mirrorworld-sdk-rust 0.1.5 on toolchain nightly-2024-10-28
[INFO] running `Command { std: CARGO_HOME="/workspace/cargo-home" RUSTUP_HOME="/workspace/rustup-home" "/workspace/cargo-home/bin/cargo" "+nightly-2024-10-28" "metadata" "--manifest-path" "Cargo.toml" "--no-deps", kill_on_drop: false }`
[INFO] started tweaking crates.io crate mirrorworld-sdk-rust 0.1.5
[INFO] finished tweaking crates.io crate mirrorworld-sdk-rust 0.1.5
[INFO] tweaked toml for crates.io crate mirrorworld-sdk-rust 0.1.5 written to /workspace/builds/worker-3-tc1/source/Cargo.toml
[INFO] running `Command { std: CARGO_HOME="/workspace/cargo-home" RUSTUP_HOME="/workspace/rustup-home" "/workspace/cargo-home/bin/cargo" "+nightly-2024-10-28" "generate-lockfile" "--manifest-path" "Cargo.toml", kill_on_drop: false }`
[INFO] [stderr]     Updating crates.io index
[INFO] [stderr]      Locking 138 packages to latest compatible versions
[INFO] [stderr]       Adding reqwest v0.11.27 (available: v0.12.9)
[INFO] running `Command { std: CARGO_HOME="/workspace/cargo-home" RUSTUP_HOME="/workspace/rustup-home" "/workspace/cargo-home/bin/cargo" "+nightly-2024-10-28" "fetch" "--manifest-path" "Cargo.toml", kill_on_drop: false }`
[INFO] running `Command { std: "docker" "create" "-v" "/var/lib/crater-agent-workspace/builds/worker-3-tc1/target:/opt/rustwide/target:rw,Z" "-v" "/var/lib/crater-agent-workspace/builds/worker-3-tc1/source:/opt/rustwide/workdir:ro,Z" "-v" "/var/lib/crater-agent-workspace/cargo-home:/opt/rustwide/cargo-home:ro,Z" "-v" "/var/lib/crater-agent-workspace/rustup-home:/opt/rustwide/rustup-home:ro,Z" "-e" "SOURCE_DIR=/opt/rustwide/workdir" "-e" "CARGO_TARGET_DIR=/opt/rustwide/target" "-e" "CARGO_HOME=/opt/rustwide/cargo-home" "-e" "RUSTUP_HOME=/opt/rustwide/rustup-home" "-w" "/opt/rustwide/workdir" "-m" "1610612736" "--user" "0:0" "--network" "none" "ghcr.io/rust-lang/crates-build-env/linux@sha256:4a844ea9eb2546a2d2c7022eacef16ef2e8229c7fbb2c7d4d55a9ceca922f72d" "/opt/rustwide/cargo-home/bin/cargo" "+nightly-2024-10-28" "metadata" "--no-deps" "--format-version=1", kill_on_drop: false }`
[INFO] [stdout] 4bbc306f024d1b4b6c86318bc29aa827b83d3f72833ac4b6877da07945361dcc
[INFO] running `Command { std: "docker" "start" "-a" "4bbc306f024d1b4b6c86318bc29aa827b83d3f72833ac4b6877da07945361dcc", kill_on_drop: false }`
[INFO] running `Command { std: "docker" "inspect" "4bbc306f024d1b4b6c86318bc29aa827b83d3f72833ac4b6877da07945361dcc", kill_on_drop: false }`
[INFO] running `Command { std: "docker" "rm" "-f" "4bbc306f024d1b4b6c86318bc29aa827b83d3f72833ac4b6877da07945361dcc", kill_on_drop: false }`
[INFO] [stdout] 4bbc306f024d1b4b6c86318bc29aa827b83d3f72833ac4b6877da07945361dcc
[INFO] running `Command { std: "docker" "create" "-v" "/var/lib/crater-agent-workspace/builds/worker-3-tc1/target:/opt/rustwide/target:rw,Z" "-v" "/var/lib/crater-agent-workspace/builds/worker-3-tc1/source:/opt/rustwide/workdir:ro,Z" "-v" "/var/lib/crater-agent-workspace/cargo-home:/opt/rustwide/cargo-home:ro,Z" "-v" "/var/lib/crater-agent-workspace/rustup-home:/opt/rustwide/rustup-home:ro,Z" "-e" "SOURCE_DIR=/opt/rustwide/workdir" "-e" "CARGO_TARGET_DIR=/opt/rustwide/target" "-e" "CARGO_INCREMENTAL=0" "-e" "RUST_BACKTRACE=full" "-e" "RUSTFLAGS=--cap-lints=forbid" "-e" "RUSTDOCFLAGS=--cap-lints=forbid" "-e" "CARGO_HOME=/opt/rustwide/cargo-home" "-e" "RUSTUP_HOME=/opt/rustwide/rustup-home" "-w" "/opt/rustwide/workdir" "-m" "1610612736" "--user" "0:0" "--network" "none" "ghcr.io/rust-lang/crates-build-env/linux@sha256:4a844ea9eb2546a2d2c7022eacef16ef2e8229c7fbb2c7d4d55a9ceca922f72d" "/opt/rustwide/cargo-home/bin/cargo" "+nightly-2024-10-28" "build" "--frozen" "--message-format=json", kill_on_drop: false }`
[INFO] [stdout] 5143622b6fe2f4e872b9b12b47814d4069861b4f59a65b5867fdbf2c6e6debf8
[INFO] running `Command { std: "docker" "start" "-a" "5143622b6fe2f4e872b9b12b47814d4069861b4f59a65b5867fdbf2c6e6debf8", kill_on_drop: false }`
[INFO] [stderr]    Compiling proc-macro2 v1.0.89
[INFO] [stderr]    Compiling unicode-ident v1.0.13
[INFO] [stderr]    Compiling autocfg v1.4.0
[INFO] [stderr]    Compiling libc v0.2.161
[INFO] [stderr]    Compiling pin-project-lite v0.2.15
[INFO] [stderr]    Compiling pkg-config v0.3.31
[INFO] [stderr]    Compiling bytes v1.8.0
[INFO] [stderr]    Compiling once_cell v1.20.2
[INFO] [stderr]    Compiling futures-sink v0.3.31
[INFO] [stderr]    Compiling smallvec v1.13.2
[INFO] [stderr]    Compiling futures-core v0.3.31
[INFO] [stderr]    Compiling memchr v2.7.4
[INFO] [stderr]    Compiling futures-channel v0.3.31
[INFO] [stderr]    Compiling futures-task v0.3.31
[INFO] [stderr]    Compiling lock_api v0.4.12
[INFO] [stderr]    Compiling slab v0.4.9
[INFO] [stderr]    Compiling futures-io v0.3.31
[INFO] [stderr]    Compiling openssl-sys v0.9.104
[INFO] [stderr]    Compiling openssl v0.10.68
[INFO] [stderr]    Compiling quote v1.0.37
[INFO] [stderr]    Compiling http v0.2.12
[INFO] [stderr]    Compiling tracing-core v0.1.32
[INFO] [stderr]    Compiling bitflags v2.6.0
[INFO] [stderr]    Compiling syn v2.0.86
[INFO] [stderr]    Compiling parking_lot_core v0.9.10
[INFO] [stderr]    Compiling signal-hook-registry v1.4.2
[INFO] [stderr]    Compiling socket2 v0.5.7
[INFO] [stderr]    Compiling mio v1.0.2
[INFO] [stderr]    Compiling parking_lot v0.12.3
[INFO] [stderr]    Compiling serde v1.0.214
[INFO] [stderr]    Compiling hashbrown v0.15.0
[INFO] [stderr]    Compiling httparse v1.9.5
[INFO] [stderr]    Compiling tinyvec_macros v0.1.1
[INFO] [stderr]    Compiling tinyvec v1.8.0
[INFO] [stderr]    Compiling native-tls v0.2.12
[INFO] [stderr]    Compiling tracing v0.1.40
[INFO] [stderr]    Compiling log v0.4.22
[INFO] [stderr]    Compiling http-body v0.4.6
[INFO] [stderr]    Compiling unicode-bidi v0.3.17
[INFO] [stderr]    Compiling indexmap v2.6.0
[INFO] [stderr]    Compiling serde_json v1.0.132
[INFO] [stderr]    Compiling tower-service v0.3.3
[INFO] [stderr]    Compiling httpdate v1.0.3
[INFO] [stderr]    Compiling base64 v0.21.7
[INFO] [stderr]    Compiling encoding_rs v0.8.35
[INFO] [stderr]    Compiling ipnet v2.10.1
[INFO] [stderr]    Compiling sync_wrapper v0.1.2
[INFO] [stderr]    Compiling lazy_static v1.5.0
[INFO] [stderr]    Compiling rustls-pemfile v1.0.4
[INFO] [stderr]    Compiling unicode-normalization v0.1.24
[INFO] [stderr]    Compiling idna v0.5.0
[INFO] [stderr]    Compiling url v2.5.2
[INFO] [stderr]    Compiling tokio-macros v2.4.0
[INFO] [stderr]    Compiling futures-macro v0.3.31
[INFO] [stderr]    Compiling openssl-macros v0.1.1
[INFO] [stderr]    Compiling serde_derive v1.0.214
[INFO] [stderr]    Compiling tokio v1.41.0
[INFO] [stderr]    Compiling futures-util v0.3.31
[INFO] [stderr]    Compiling futures-executor v0.3.31
[INFO] [stderr]    Compiling futures v0.3.31
[INFO] [stderr]    Compiling tokio-util v0.7.12
[INFO] [stderr]    Compiling tokio-native-tls v0.3.1
[INFO] [stderr]    Compiling serde_urlencoded v0.7.1
[INFO] [stderr]    Compiling h2 v0.3.26
[INFO] [stderr]    Compiling hyper v0.14.31
[INFO] [stderr]    Compiling hyper-tls v0.5.0
[INFO] [stderr]    Compiling reqwest v0.11.27
[INFO] [stderr]    Compiling mirrorworld-sdk-rust v0.1.5 (/opt/rustwide/workdir)
[INFO] [stdout] warning: unused import: `std::cmp::min`
[INFO] [stdout]  --> src/marketplace.rs:1:5
[INFO] [stdout]   |
[INFO] [stdout] 1 | use std::cmp::min;
[INFO] [stdout]   |     ^^^^^^^^^^^^^
[INFO] [stdout]   |
[INFO] [stdout]   = note: `#[warn(unused_imports)]` on by default
[INFO] [stdout] 
[INFO] [stdout] 
[INFO] [stdout] warning: unused import: `std::collections::HashMap`
[INFO] [stdout]  --> src/marketplace.rs:6:5
[INFO] [stdout]   |
[INFO] [stdout] 6 | use std::collections::HashMap;
[INFO] [stdout]   |     ^^^^^^^^^^^^^^^^^^^^^^^^^
[INFO] [stdout] 
[INFO] [stdout] 
[INFO] [stdout] warning: unused import: `std::fmt::format`
[INFO] [stdout]  --> src/marketplace.rs:8:5
[INFO] [stdout]   |
[INFO] [stdout] 8 | use std::fmt::format;
[INFO] [stdout]   |     ^^^^^^^^^^^^^^^^
[INFO] [stdout] 
[INFO] [stdout] 
[INFO] [stdout] warning: unused import: `Number`
[INFO] [stdout]   --> src/marketplace.rs:13:29
[INFO] [stdout]    |
[INFO] [stdout] 13 | use serde_json::{json, Map, Number};
[INFO] [stdout]    |                             ^^^^^^
[INFO] [stdout] 
[INFO] [stdout] 
[INFO] [stdout] warning: variant `confirmed` should have an upper camel case name
[INFO] [stdout]   --> src/marketplace.rs:65:5
[INFO] [stdout]    |
[INFO] [stdout] 65 |     confirmed,
[INFO] [stdout]    |     ^^^^^^^^^ help: convert the identifier to upper camel case (notice the capitalization): `Confirmed`
[INFO] [stdout]    |
[INFO] [stdout]    = note: `#[warn(non_camel_case_types)]` on by default
[INFO] [stdout] 
[INFO] [stdout] 
[INFO] [stdout] warning: variant `finalized` should have an upper camel case name
[INFO] [stdout]   --> src/marketplace.rs:66:5
[INFO] [stdout]    |
[INFO] [stdout] 66 |     finalized,
[INFO] [stdout]    |     ^^^^^^^^^ help: convert the identifier to upper camel case (notice the capitalization): `Finalized`
[INFO] [stdout] 
[INFO] [stdout] 
[INFO] [stdout] warning: unused import: `std::collections::HashMap`
[INFO] [stdout]  --> src/wallet.rs:1:5
[INFO] [stdout]   |
[INFO] [stdout] 1 | use std::collections::HashMap;
[INFO] [stdout]   |     ^^^^^^^^^^^^^^^^^^^^^^^^^
[INFO] [stdout] 
[INFO] [stdout] 
[INFO] [stdout] warning: unused import: `json`
[INFO] [stdout]  --> src/wallet.rs:7:18
[INFO] [stdout]   |
[INFO] [stdout] 7 | use serde_json::{json, Map};
[INFO] [stdout]   |                  ^^^^
[INFO] [stdout] 
[INFO] [stdout] 
[INFO] [stdout] warning: variant `MINT_NFT` should have an upper camel case name
[INFO] [stdout]    --> src/lib.rs:113:5
[INFO] [stdout]     |
[INFO] [stdout] 113 |     MINT_NFT,
[INFO] [stdout]     |     ^^^^^^^^ help: convert the identifier to upper camel case: `MintNft`
[INFO] [stdout] 
[INFO] [stdout] 
[INFO] [stdout] warning: variant `UPDATE_NFT` should have an upper camel case name
[INFO] [stdout]    --> src/lib.rs:114:5
[INFO] [stdout]     |
[INFO] [stdout] 114 |     UPDATE_NFT,
[INFO] [stdout]     |     ^^^^^^^^^^ help: convert the identifier to upper camel case: `UpdateNft`
[INFO] [stdout] 
[INFO] [stdout] 
[INFO] [stdout] warning: variant `TRANSFER_SOL` should have an upper camel case name
[INFO] [stdout]    --> src/lib.rs:115:5
[INFO] [stdout]     |
[INFO] [stdout] 115 |     TRANSFER_SOL,
[INFO] [stdout]     |     ^^^^^^^^^^^^ help: convert the identifier to upper camel case: `TransferSol`
[INFO] [stdout] 
[INFO] [stdout] 
[INFO] [stdout] warning: variant `TRANSFER_SPL_TOKEN` should have an upper camel case name
[INFO] [stdout]    --> src/lib.rs:116:5
[INFO] [stdout]     |
[INFO] [stdout] 116 |     TRANSFER_SPL_TOKEN,
[INFO] [stdout]     |     ^^^^^^^^^^^^^^^^^^ help: convert the identifier to upper camel case: `TransferSplToken`
[INFO] [stdout] 
[INFO] [stdout] 
[INFO] [stdout] warning: variant `CREATE_COLLECTION` should have an upper camel case name
[INFO] [stdout]    --> src/lib.rs:117:5
[INFO] [stdout]     |
[INFO] [stdout] 117 |     CREATE_COLLECTION,
[INFO] [stdout]     |     ^^^^^^^^^^^^^^^^^ help: convert the identifier to upper camel case: `CreateCollection`
[INFO] [stdout] 
[INFO] [stdout] 
[INFO] [stdout] warning: variant `CREATE_SUB_COLLECTION` should have an upper camel case name
[INFO] [stdout]    --> src/lib.rs:118:5
[INFO] [stdout]     |
[INFO] [stdout] 118 |     CREATE_SUB_COLLECTION,
[INFO] [stdout]     |     ^^^^^^^^^^^^^^^^^^^^^ help: convert the identifier to upper camel case: `CreateSubCollection`
[INFO] [stdout] 
[INFO] [stdout] 
[INFO] [stdout] warning: variant `LIST_NFT` should have an upper camel case name
[INFO] [stdout]    --> src/lib.rs:119:5
[INFO] [stdout]     |
[INFO] [stdout] 119 |     LIST_NFT,
[INFO] [stdout]     |     ^^^^^^^^ help: convert the identifier to upper camel case: `ListNft`
[INFO] [stdout] 
[INFO] [stdout] 
[INFO] [stdout] warning: variant `BUY_NFT` should have an upper camel case name
[INFO] [stdout]    --> src/lib.rs:120:5
[INFO] [stdout]     |
[INFO] [stdout] 120 |     BUY_NFT,
[INFO] [stdout]     |     ^^^^^^^ help: convert the identifier to upper camel case: `BuyNft`
[INFO] [stdout] 
[INFO] [stdout] 
[INFO] [stdout] warning: variant `CANCEL_LISTING` should have an upper camel case name
[INFO] [stdout]    --> src/lib.rs:121:5
[INFO] [stdout]     |
[INFO] [stdout] 121 |     CANCEL_LISTING,
[INFO] [stdout]     |     ^^^^^^^^^^^^^^ help: convert the identifier to upper camel case: `CancelListing`
[INFO] [stdout] 
[INFO] [stdout] 
[INFO] [stdout] warning: variant `UPDATE_LISTING` should have an upper camel case name
[INFO] [stdout]    --> src/lib.rs:122:5
[INFO] [stdout]     |
[INFO] [stdout] 122 |     UPDATE_LISTING,
[INFO] [stdout]     |     ^^^^^^^^^^^^^^ help: convert the identifier to upper camel case: `UpdateListing`
[INFO] [stdout] 
[INFO] [stdout] 
[INFO] [stdout] warning: variant `TRANSFER_NFT` should have an upper camel case name
[INFO] [stdout]    --> src/lib.rs:123:5
[INFO] [stdout]     |
[INFO] [stdout] 123 |     TRANSFER_NFT,
[INFO] [stdout]     |     ^^^^^^^^^^^^ help: convert the identifier to upper camel case: `TransferNft`
[INFO] [stdout] 
[INFO] [stdout] 
[INFO] [stdout] warning: variant `CREATE_MARKETPLACE` should have an upper camel case name
[INFO] [stdout]    --> src/lib.rs:125:5
[INFO] [stdout]     |
[INFO] [stdout] 125 |     CREATE_MARKETPLACE,
[INFO] [stdout]     |     ^^^^^^^^^^^^^^^^^^ help: convert the identifier to upper camel case: `CreateMarketplace`
[INFO] [stdout] 
[INFO] [stdout] 
[INFO] [stdout] warning: variant `UPDATE_MARKETPLACE` should have an upper camel case name
[INFO] [stdout]    --> src/lib.rs:126:5
[INFO] [stdout]     |
[INFO] [stdout] 126 |     UPDATE_MARKETPLACE
[INFO] [stdout]     |     ^^^^^^^^^^^^^^^^^^ help: convert the identifier to upper camel case: `UpdateMarketplace`
[INFO] [stdout] 
[INFO] [stdout] 
[INFO] [stdout] warning: variable does not need to be mutable
[INFO] [stdout]    --> src/marketplace.rs:306:13
[INFO] [stdout]     |
[INFO] [stdout] 306 |         let mut approve_headers = get_request_header(self.api_key.to_string(), self.secret_key.to_string());
[INFO] [stdout]     |             ----^^^^^^^^^^^^^^^
[INFO] [stdout]     |             |
[INFO] [stdout]     |             help: remove this `mut`
[INFO] [stdout]     |
[INFO] [stdout]     = note: `#[warn(unused_mut)]` on by default
[INFO] [stdout] 
[INFO] [stdout] 
[INFO] [stdout] warning: variable does not need to be mutable
[INFO] [stdout]    --> src/marketplace.rs:344:13
[INFO] [stdout]     |
[INFO] [stdout] 344 |         let mut approve_headers = get_request_header(self.api_key.to_string(), self.secret_key.to_string());
[INFO] [stdout]     |             ----^^^^^^^^^^^^^^^
[INFO] [stdout]     |             |
[INFO] [stdout]     |             help: remove this `mut`
[INFO] [stdout] 
[INFO] [stdout] 
[INFO] [stdout] warning: variable does not need to be mutable
[INFO] [stdout]    --> src/marketplace.rs:371:13
[INFO] [stdout]     |
[INFO] [stdout] 371 |         let mut approve_headers = get_request_header(self.api_key.to_string(), self.secret_key.to_string());
[INFO] [stdout]     |             ----^^^^^^^^^^^^^^^
[INFO] [stdout]     |             |
[INFO] [stdout]     |             help: remove this `mut`
[INFO] [stdout] 
[INFO] [stdout] 
[INFO] [stdout] warning: variable does not need to be mutable
[INFO] [stdout]    --> src/marketplace.rs:401:13
[INFO] [stdout]     |
[INFO] [stdout] 401 |         let mut approve_headers = get_request_header(self.api_key.to_string(), self.secret_key.to_string());
[INFO] [stdout]     |             ----^^^^^^^^^^^^^^^
[INFO] [stdout]     |             |
[INFO] [stdout]     |             help: remove this `mut`
[INFO] [stdout] 
[INFO] [stdout] 
[INFO] [stdout] warning: variable does not need to be mutable
[INFO] [stdout]    --> src/marketplace.rs:433:13
[INFO] [stdout]     |
[INFO] [stdout] 433 |         let mut approve_headers = get_request_header(self.api_key.to_string(), self.secret_key.to_string());
[INFO] [stdout]     |             ----^^^^^^^^^^^^^^^
[INFO] [stdout]     |             |
[INFO] [stdout]     |             help: remove this `mut`
[INFO] [stdout] 
[INFO] [stdout] 
[INFO] [stdout] warning: variable does not need to be mutable
[INFO] [stdout]    --> src/marketplace.rs:465:13
[INFO] [stdout]     |
[INFO] [stdout] 465 |         let mut approve_headers = get_request_header(self.api_key.to_string(), self.secret_key.to_string());
[INFO] [stdout]     |             ----^^^^^^^^^^^^^^^
[INFO] [stdout]     |             |
[INFO] [stdout]     |             help: remove this `mut`
[INFO] [stdout] 
[INFO] [stdout] 
[INFO] [stdout] warning: variable does not need to be mutable
[INFO] [stdout]    --> src/marketplace.rs:497:13
[INFO] [stdout]     |
[INFO] [stdout] 497 |         let mut approve_headers = get_request_header(self.api_key.to_string(), self.secret_key.to_string());
[INFO] [stdout]     |             ----^^^^^^^^^^^^^^^
[INFO] [stdout]     |             |
[INFO] [stdout]     |             help: remove this `mut`
[INFO] [stdout] 
[INFO] [stdout] 
[INFO] [stdout] warning: variable does not need to be mutable
[INFO] [stdout]    --> src/marketplace.rs:529:13
[INFO] [stdout]     |
[INFO] [stdout] 529 |         let mut approve_headers = get_request_header(self.api_key.to_string(), self.secret_key.to_string());
[INFO] [stdout]     |             ----^^^^^^^^^^^^^^^
[INFO] [stdout]     |             |
[INFO] [stdout]     |             help: remove this `mut`
[INFO] [stdout] 
[INFO] [stdout] 
[INFO] [stdout] warning: variable does not need to be mutable
[INFO] [stdout]   --> src/wallet.rs:82:13
[INFO] [stdout]    |
[INFO] [stdout] 82 |         let mut approve_headers = get_request_header(self.api_key.to_string(), self.secret_key.to_string());
[INFO] [stdout]    |             ----^^^^^^^^^^^^^^^
[INFO] [stdout]    |             |
[INFO] [stdout]    |             help: remove this `mut`
[INFO] [stdout] 
[INFO] [stdout] 
[INFO] [stdout] warning: variable does not need to be mutable
[INFO] [stdout]    --> src/wallet.rs:120:13
[INFO] [stdout]     |
[INFO] [stdout] 120 |         let mut approve_headers = get_request_header(self.api_key.to_string(), self.secret_key.to_string());
[INFO] [stdout]     |             ----^^^^^^^^^^^^^^^
[INFO] [stdout]     |             |
[INFO] [stdout]     |             help: remove this `mut`
[INFO] [stdout] 
[INFO] [stdout] 
[INFO] [stdout] warning: variable does not need to be mutable
[INFO] [stdout]    --> src/wallet.rs:154:13
[INFO] [stdout]     |
[INFO] [stdout] 154 |         let mut headers:HeaderMap = get_request_header(self.api_key.to_string(), self.token.to_string());
[INFO] [stdout]     |             ----^^^^^^^
[INFO] [stdout]     |             |
[INFO] [stdout]     |             help: remove this `mut`
[INFO] [stdout] 
[INFO] [stdout] 
[INFO] [stdout] warning: variable does not need to be mutable
[INFO] [stdout]    --> src/wallet.rs:172:13
[INFO] [stdout]     |
[INFO] [stdout] 172 |         let mut headers:HeaderMap = get_request_header(self.api_key.to_string(), self.token.to_string());
[INFO] [stdout]     |             ----^^^^^^^
[INFO] [stdout]     |             |
[INFO] [stdout]     |             help: remove this `mut`
[INFO] [stdout] 
[INFO] [stdout] 
[INFO] [stdout] warning: variable `accessSecretKey` should have a snake case name
[INFO] [stdout]    --> src/marketplace.rs:299:61
[INFO] [stdout]     |
[INFO] [stdout] 299 |     pub fn new(api_key: String, env: NetEnv, token: String, accessSecretKey: String) -> Marketplace {
[INFO] [stdout]     |                                                             ^^^^^^^^^^^^^^^ help: convert the identifier to snake case: `access_secret_key`
[INFO] [stdout]     |
[INFO] [stdout]     = note: `#[warn(non_snake_case)]` on by default
[INFO] [stdout] 
[INFO] [stdout] 
[INFO] [stdout] warning: variable `secretKey` should have a snake case name
[INFO] [stdout]   --> src/wallet.rs:75:60
[INFO] [stdout]    |
[INFO] [stdout] 75 |     pub fn new(api_key: String, env: NetEnv, token:String, secretKey: String) -> Wallet {
[INFO] [stdout]    |                                                            ^^^^^^^^^ help: convert the identifier to snake case: `secret_key`
[INFO] [stdout] 
[INFO] [stdout] 
[INFO] [stderr]     Finished `dev` profile [unoptimized + debuginfo] target(s) in 19.99s
[INFO] running `Command { std: "docker" "inspect" "5143622b6fe2f4e872b9b12b47814d4069861b4f59a65b5867fdbf2c6e6debf8", kill_on_drop: false }`
[INFO] running `Command { std: "docker" "rm" "-f" "5143622b6fe2f4e872b9b12b47814d4069861b4f59a65b5867fdbf2c6e6debf8", kill_on_drop: false }`
[INFO] [stdout] 5143622b6fe2f4e872b9b12b47814d4069861b4f59a65b5867fdbf2c6e6debf8
[INFO] running `Command { std: "docker" "create" "-v" "/var/lib/crater-agent-workspace/builds/worker-3-tc1/target:/opt/rustwide/target:rw,Z" "-v" "/var/lib/crater-agent-workspace/builds/worker-3-tc1/source:/opt/rustwide/workdir:ro,Z" "-v" "/var/lib/crater-agent-workspace/cargo-home:/opt/rustwide/cargo-home:ro,Z" "-v" "/var/lib/crater-agent-workspace/rustup-home:/opt/rustwide/rustup-home:ro,Z" "-e" "SOURCE_DIR=/opt/rustwide/workdir" "-e" "CARGO_TARGET_DIR=/opt/rustwide/target" "-e" "CARGO_INCREMENTAL=0" "-e" "RUST_BACKTRACE=full" "-e" "RUSTFLAGS=--cap-lints=forbid" "-e" "RUSTDOCFLAGS=--cap-lints=forbid" "-e" "CARGO_HOME=/opt/rustwide/cargo-home" "-e" "RUSTUP_HOME=/opt/rustwide/rustup-home" "-w" "/opt/rustwide/workdir" "-m" "1610612736" "--user" "0:0" "--network" "none" "ghcr.io/rust-lang/crates-build-env/linux@sha256:4a844ea9eb2546a2d2c7022eacef16ef2e8229c7fbb2c7d4d55a9ceca922f72d" "/opt/rustwide/cargo-home/bin/cargo" "+nightly-2024-10-28" "test" "--frozen" "--no-run" "--message-format=json", kill_on_drop: false }`
[INFO] [stdout] 0ce33933567ff039150d1d0b796c7479024fa9f34afe432e367976a69cebf0cb
[INFO] running `Command { std: "docker" "start" "-a" "0ce33933567ff039150d1d0b796c7479024fa9f34afe432e367976a69cebf0cb", kill_on_drop: false }`
[INFO] [stdout] warning: unused import: `std::cmp::min`
[INFO] [stdout]  --> src/marketplace.rs:1:5
[INFO] [stdout]   |
[INFO] [stdout] 1 | use std::cmp::min;
[INFO] [stdout]   |     ^^^^^^^^^^^^^
[INFO] [stdout]   |
[INFO] [stdout]   = note: `#[warn(unused_imports)]` on by default
[INFO] [stdout] 
[INFO] [stdout] 
[INFO] [stdout] warning: unused import: `std::collections::HashMap`
[INFO] [stdout]  --> src/marketplace.rs:6:5
[INFO] [stdout]   |
[INFO] [stdout] 6 | use std::collections::HashMap;
[INFO] [stdout]   |     ^^^^^^^^^^^^^^^^^^^^^^^^^
[INFO] [stdout] 
[INFO] [stdout] 
[INFO] [stdout] warning: unused import: `std::fmt::format`
[INFO] [stdout]  --> src/marketplace.rs:8:5
[INFO] [stdout]   |
[INFO] [stdout] 8 | use std::fmt::format;
[INFO] [stdout]   |     ^^^^^^^^^^^^^^^^
[INFO] [stdout] 
[INFO] [stdout] 
[INFO] [stdout] warning: unused import: `Number`
[INFO] [stdout]   --> src/marketplace.rs:13:29
[INFO] [stdout]    |
[INFO] [stdout] 13 | use serde_json::{json, Map, Number};
[INFO] [stdout]    |                             ^^^^^^
[INFO] [stdout] 
[INFO] [stdout] 
[INFO] [stdout] warning: variant `confirmed` should have an upper camel case name
[INFO] [stdout]   --> src/marketplace.rs:65:5
[INFO] [stdout]    |
[INFO] [stdout] 65 |     confirmed,
[INFO] [stdout]    |     ^^^^^^^^^ help: convert the identifier to upper camel case (notice the capitalization): `Confirmed`
[INFO] [stdout]    |
[INFO] [stdout]    = note: `#[warn(non_camel_case_types)]` on by default
[INFO] [stdout] 
[INFO] [stdout] 
[INFO] [stdout] warning: variant `finalized` should have an upper camel case name
[INFO] [stdout]   --> src/marketplace.rs:66:5
[INFO] [stdout]    |
[INFO] [stdout] 66 |     finalized,
[INFO] [stdout]    |     ^^^^^^^^^ help: convert the identifier to upper camel case (notice the capitalization): `Finalized`
[INFO] [stdout] 
[INFO] [stdout] 
[INFO] [stdout] warning: unused import: `std::collections::HashMap`
[INFO] [stdout]  --> src/wallet.rs:1:5
[INFO] [stdout]   |
[INFO] [stdout] 1 | use std::collections::HashMap;
[INFO] [stdout]   |     ^^^^^^^^^^^^^^^^^^^^^^^^^
[INFO] [stdout] 
[INFO] [stdout] 
[INFO] [stdout] warning: unused import: `json`
[INFO] [stdout]  --> src/wallet.rs:7:18
[INFO] [stdout]   |
[INFO] [stdout] 7 | use serde_json::{json, Map};
[INFO] [stdout]   |                  ^^^^
[INFO] [stdout] 
[INFO] [stdout] 
[INFO] [stdout] warning: variant `MINT_NFT` should have an upper camel case name
[INFO] [stdout]    --> src/lib.rs:113:5
[INFO] [stdout]     |
[INFO] [stdout] 113 |     MINT_NFT,
[INFO] [stdout]     |     ^^^^^^^^ help: convert the identifier to upper camel case: `MintNft`
[INFO] [stdout] 
[INFO] [stdout] 
[INFO] [stdout] warning: variant `UPDATE_NFT` should have an upper camel case name
[INFO] [stdout]    --> src/lib.rs:114:5
[INFO] [stdout]     |
[INFO] [stdout] 114 |     UPDATE_NFT,
[INFO] [stdout]     |     ^^^^^^^^^^ help: convert the identifier to upper camel case: `UpdateNft`
[INFO] [stdout] 
[INFO] [stdout] 
[INFO] [stdout] warning: variant `TRANSFER_SOL` should have an upper camel case name
[INFO] [stdout]    --> src/lib.rs:115:5
[INFO] [stdout]     |
[INFO] [stdout] 115 |     TRANSFER_SOL,
[INFO] [stdout]     |     ^^^^^^^^^^^^ help: convert the identifier to upper camel case: `TransferSol`
[INFO] [stdout] 
[INFO] [stdout] 
[INFO] [stdout] warning: variant `TRANSFER_SPL_TOKEN` should have an upper camel case name
[INFO] [stdout]    --> src/lib.rs:116:5
[INFO] [stdout]     |
[INFO] [stdout] 116 |     TRANSFER_SPL_TOKEN,
[INFO] [stdout]     |     ^^^^^^^^^^^^^^^^^^ help: convert the identifier to upper camel case: `TransferSplToken`
[INFO] [stdout] 
[INFO] [stdout] 
[INFO] [stdout] warning: variant `CREATE_COLLECTION` should have an upper camel case name
[INFO] [stdout]    --> src/lib.rs:117:5
[INFO] [stdout]     |
[INFO] [stdout] 117 |     CREATE_COLLECTION,
[INFO] [stdout]     |     ^^^^^^^^^^^^^^^^^ help: convert the identifier to upper camel case: `CreateCollection`
[INFO] [stdout] 
[INFO] [stdout] 
[INFO] [stdout] warning: variant `CREATE_SUB_COLLECTION` should have an upper camel case name
[INFO] [stdout]    --> src/lib.rs:118:5
[INFO] [stdout]     |
[INFO] [stdout] 118 |     CREATE_SUB_COLLECTION,
[INFO] [stdout]     |     ^^^^^^^^^^^^^^^^^^^^^ help: convert the identifier to upper camel case: `CreateSubCollection`
[INFO] [stdout] 
[INFO] [stdout] 
[INFO] [stdout] warning: variant `LIST_NFT` should have an upper camel case name
[INFO] [stdout]    --> src/lib.rs:119:5
[INFO] [stdout]     |
[INFO] [stdout] 119 |     LIST_NFT,
[INFO] [stdout]     |     ^^^^^^^^ help: convert the identifier to upper camel case: `ListNft`
[INFO] [stdout] 
[INFO] [stdout] 
[INFO] [stdout] warning: variant `BUY_NFT` should have an upper camel case name
[INFO] [stdout]    --> src/lib.rs:120:5
[INFO] [stdout]     |
[INFO] [stdout] 120 |     BUY_NFT,
[INFO] [stdout]     |     ^^^^^^^ help: convert the identifier to upper camel case: `BuyNft`
[INFO] [stdout] 
[INFO] [stdout] 
[INFO] [stdout] warning: variant `CANCEL_LISTING` should have an upper camel case name
[INFO] [stdout]    --> src/lib.rs:121:5
[INFO] [stdout]     |
[INFO] [stdout] 121 |     CANCEL_LISTING,
[INFO] [stdout]     |     ^^^^^^^^^^^^^^ help: convert the identifier to upper camel case: `CancelListing`
[INFO] [stdout] 
[INFO] [stdout] 
[INFO] [stdout] warning: variant `UPDATE_LISTING` should have an upper camel case name
[INFO] [stdout]    --> src/lib.rs:122:5
[INFO] [stdout]     |
[INFO] [stdout] 122 |     UPDATE_LISTING,
[INFO] [stdout]     |     ^^^^^^^^^^^^^^ help: convert the identifier to upper camel case: `UpdateListing`
[INFO] [stdout] 
[INFO] [stdout] 
[INFO] [stdout] warning: variant `TRANSFER_NFT` should have an upper camel case name
[INFO] [stdout]    --> src/lib.rs:123:5
[INFO] [stdout]     |
[INFO] [stdout] 123 |     TRANSFER_NFT,
[INFO] [stdout]     |     ^^^^^^^^^^^^ help: convert the identifier to upper camel case: `TransferNft`
[INFO] [stdout] 
[INFO] [stdout] 
[INFO] [stdout] warning: variant `CREATE_MARKETPLACE` should have an upper camel case name
[INFO] [stdout]    --> src/lib.rs:125:5
[INFO] [stdout]     |
[INFO] [stdout] 125 |     CREATE_MARKETPLACE,
[INFO] [stdout]     |     ^^^^^^^^^^^^^^^^^^ help: convert the identifier to upper camel case: `CreateMarketplace`
[INFO] [stdout] 
[INFO] [stdout] 
[INFO] [stdout] warning: variant `UPDATE_MARKETPLACE` should have an upper camel case name
[INFO] [stdout]    --> src/lib.rs:126:5
[INFO] [stdout]     |
[INFO] [stdout] 126 |     UPDATE_MARKETPLACE
[INFO] [stdout]     |     ^^^^^^^^^^^^^^^^^^ help: convert the identifier to upper camel case: `UpdateMarketplace`
[INFO] [stdout] 
[INFO] [stdout] 
[INFO] [stdout] warning: variable does not need to be mutable
[INFO] [stdout]    --> src/marketplace.rs:306:13
[INFO] [stdout]     |
[INFO] [stdout] 306 |         let mut approve_headers = get_request_header(self.api_key.to_string(), self.secret_key.to_string());
[INFO] [stdout]     |             ----^^^^^^^^^^^^^^^
[INFO] [stdout]     |             |
[INFO] [stdout]     |             help: remove this `mut`
[INFO] [stdout]     |
[INFO] [stdout]     = note: `#[warn(unused_mut)]` on by default
[INFO] [stdout] 
[INFO] [stdout] 
[INFO] [stdout] warning: variable does not need to be mutable
[INFO] [stdout]    --> src/marketplace.rs:344:13
[INFO] [stdout]     |
[INFO] [stdout] 344 |         let mut approve_headers = get_request_header(self.api_key.to_string(), self.secret_key.to_string());
[INFO] [stdout]     |             ----^^^^^^^^^^^^^^^
[INFO] [stdout]     |             |
[INFO] [stdout]     |             help: remove this `mut`
[INFO] [stdout] 
[INFO] [stdout] 
[INFO] [stdout] warning: variable does not need to be mutable
[INFO] [stdout]    --> src/marketplace.rs:371:13
[INFO] [stdout]     |
[INFO] [stdout] 371 |         let mut approve_headers = get_request_header(self.api_key.to_string(), self.secret_key.to_string());
[INFO] [stdout]     |             ----^^^^^^^^^^^^^^^
[INFO] [stdout]     |             |
[INFO] [stdout]     |             help: remove this `mut`
[INFO] [stdout] 
[INFO] [stdout] 
[INFO] [stdout] warning: variable does not need to be mutable
[INFO] [stdout]    --> src/marketplace.rs:401:13
[INFO] [stdout]     |
[INFO] [stdout] 401 |         let mut approve_headers = get_request_header(self.api_key.to_string(), self.secret_key.to_string());
[INFO] [stdout]     |             ----^^^^^^^^^^^^^^^
[INFO] [stdout]     |             |
[INFO] [stdout]     |             help: remove this `mut`
[INFO] [stdout] 
[INFO] [stdout] 
[INFO] [stdout] warning: variable does not need to be mutable
[INFO] [stdout]    --> src/marketplace.rs:433:13
[INFO] [stdout]     |
[INFO] [stdout] 433 |         let mut approve_headers = get_request_header(self.api_key.to_string(), self.secret_key.to_string());
[INFO] [stdout]     |             ----^^^^^^^^^^^^^^^
[INFO] [stdout]     |             |
[INFO] [stdout]     |             help: remove this `mut`
[INFO] [stdout] 
[INFO] [stdout] 
[INFO] [stdout] warning: variable does not need to be mutable
[INFO] [stdout]    --> src/marketplace.rs:465:13
[INFO] [stdout]     |
[INFO] [stdout] 465 |         let mut approve_headers = get_request_header(self.api_key.to_string(), self.secret_key.to_string());
[INFO] [stdout]     |             ----^^^^^^^^^^^^^^^
[INFO] [stdout]     |             |
[INFO] [stdout]     |             help: remove this `mut`
[INFO] [stdout] 
[INFO] [stdout] 
[INFO] [stdout] warning: variable does not need to be mutable
[INFO] [stdout]    --> src/marketplace.rs:497:13
[INFO] [stdout]     |
[INFO] [stdout] 497 |         let mut approve_headers = get_request_header(self.api_key.to_string(), self.secret_key.to_string());
[INFO] [stdout]     |             ----^^^^^^^^^^^^^^^
[INFO] [stdout]     |             |
[INFO] [stdout]     |             help: remove this `mut`
[INFO] [stdout] 
[INFO] [stdout] 
[INFO] [stdout] warning: variable does not need to be mutable
[INFO] [stdout]    --> src/marketplace.rs:529:13
[INFO] [stdout]     |
[INFO] [stdout] 529 |         let mut approve_headers = get_request_header(self.api_key.to_string(), self.secret_key.to_string());
[INFO] [stdout]     |             ----^^^^^^^^^^^^^^^
[INFO] [stdout]     |             |
[INFO] [stdout]     |             help: remove this `mut`
[INFO] [stdout] 
[INFO] [stdout] 
[INFO] [stdout] warning: variable does not need to be mutable
[INFO] [stdout]   --> src/wallet.rs:82:13
[INFO] [stdout]    |
[INFO] [stdout] 82 |         let mut approve_headers = get_request_header(self.api_key.to_string(), self.secret_key.to_string());
[INFO] [stdout]    |             ----^^^^^^^^^^^^^^^
[INFO] [stdout]    |             |
[INFO] [stdout]    |             help: remove this `mut`
[INFO] [stdout] 
[INFO] [stdout] 
[INFO] [stdout] warning: variable does not need to be mutable
[INFO] [stdout]    --> src/wallet.rs:120:13
[INFO] [stdout]     |
[INFO] [stdout] 120 |         let mut approve_headers = get_request_header(self.api_key.to_string(), self.secret_key.to_string());
[INFO] [stdout]     |             ----^^^^^^^^^^^^^^^
[INFO] [stdout]     |             |
[INFO] [stdout]     |             help: remove this `mut`
[INFO] [stdout] 
[INFO] [stdout] 
[INFO] [stdout] warning: variable does not need to be mutable
[INFO] [stdout]    --> src/wallet.rs:154:13
[INFO] [stdout]     |
[INFO] [stdout] 154 |         let mut headers:HeaderMap = get_request_header(self.api_key.to_string(), self.token.to_string());
[INFO] [stdout]     |             ----^^^^^^^
[INFO] [stdout]     |             |
[INFO] [stdout]     |             help: remove this `mut`
[INFO] [stdout] 
[INFO] [stdout] 
[INFO] [stdout] warning: variable does not need to be mutable
[INFO] [stdout]    --> src/wallet.rs:172:13
[INFO] [stdout]     |
[INFO] [stdout] 172 |         let mut headers:HeaderMap = get_request_header(self.api_key.to_string(), self.token.to_string());
[INFO] [stdout]     |             ----^^^^^^^
[INFO] [stdout]     |             |
[INFO] [stdout]     |             help: remove this `mut`
[INFO] [stdout] 
[INFO] [stdout] 
[INFO] [stderr]    Compiling mirrorworld-sdk-rust v0.1.5 (/opt/rustwide/workdir)
[INFO] [stdout] warning: variable `accessSecretKey` should have a snake case name
[INFO] [stdout]    --> src/marketplace.rs:299:61
[INFO] [stdout]     |
[INFO] [stdout] 299 |     pub fn new(api_key: String, env: NetEnv, token: String, accessSecretKey: String) -> Marketplace {
[INFO] [stdout]     |                                                             ^^^^^^^^^^^^^^^ help: convert the identifier to snake case: `access_secret_key`
[INFO] [stdout]     |
[INFO] [stdout]     = note: `#[warn(non_snake_case)]` on by default
[INFO] [stdout] 
[INFO] [stdout] 
[INFO] [stdout] warning: variable `secretKey` should have a snake case name
[INFO] [stdout]   --> src/wallet.rs:75:60
[INFO] [stdout]    |
[INFO] [stdout] 75 |     pub fn new(api_key: String, env: NetEnv, token:String, secretKey: String) -> Wallet {
[INFO] [stdout]    |                                                            ^^^^^^^^^ help: convert the identifier to snake case: `secret_key`
[INFO] [stdout] 
[INFO] [stdout] 
[INFO] [stdout] warning: unused imports: `LoginWithEmailRes` and `Response`
[INFO] [stdout]   --> tests/authentication.rs:12:5
[INFO] [stdout]    |
[INFO] [stdout] 12 |     LoginWithEmailRes,
[INFO] [stdout]    |     ^^^^^^^^^^^^^^^^^
[INFO] [stdout] 13 |     Response,
[INFO] [stdout]    |     ^^^^^^^^
[INFO] [stdout]    |
[INFO] [stdout]    = note: `#[warn(unused_imports)]` on by default
[INFO] [stdout] 
[INFO] [stdout] 
[INFO] [stdout] warning: unused import: `std::error::Error`
[INFO] [stdout]   --> tests/authentication.rs:16:5
[INFO] [stdout]    |
[INFO] [stdout] 16 | use std::error::Error;
[INFO] [stdout]    |     ^^^^^^^^^^^^^^^^^
[INFO] [stdout] 
[INFO] [stdout] 
[INFO] [stdout] warning: unused imports: `set_config` and `set_network`
[INFO] [stdout]  --> tests/wallet.rs:2:36
[INFO] [stdout]   |
[INFO] [stdout] 2 | use mirrorworld_sdk_rust::{NetEnv, set_config, set_network};
[INFO] [stdout]   |                                    ^^^^^^^^^^  ^^^^^^^^^^^
[INFO] [stdout]   |
[INFO] [stdout]   = note: `#[warn(unused_imports)]` on by default
[INFO] [stdout] 
[INFO] [stdout] 
[INFO] [stdout] warning: unused import: `serde::de::Unexpected::Str`
[INFO] [stdout]  --> tests/marketplace.rs:2:5
[INFO] [stdout]   |
[INFO] [stdout] 2 | use serde::de::Unexpected::Str;
[INFO] [stdout]   |     ^^^^^^^^^^^^^^^^^^^^^^^^^^
[INFO] [stdout]   |
[INFO] [stdout]   = note: `#[warn(unused_imports)]` on by default
[INFO] [stdout] 
[INFO] [stdout] 
[INFO] [stdout] warning: unused import: `std::cmp::min`
[INFO] [stdout]  --> src/marketplace.rs:1:5
[INFO] [stdout]   |
[INFO] [stdout] 1 | use std::cmp::min;
[INFO] [stdout]   |     ^^^^^^^^^^^^^
[INFO] [stdout]   |
[INFO] [stdout]   = note: `#[warn(unused_imports)]` on by default
[INFO] [stdout] 
[INFO] [stdout] 
[INFO] [stdout] warning: unused import: `std::collections::HashMap`
[INFO] [stdout]  --> src/marketplace.rs:6:5
[INFO] [stdout]   |
[INFO] [stdout] 6 | use std::collections::HashMap;
[INFO] [stdout]   |     ^^^^^^^^^^^^^^^^^^^^^^^^^
[INFO] [stdout] 
[INFO] [stdout] 
[INFO] [stdout] warning: unused import: `std::fmt::format`
[INFO] [stdout]  --> src/marketplace.rs:8:5
[INFO] [stdout]   |
[INFO] [stdout] 8 | use std::fmt::format;
[INFO] [stdout]   |     ^^^^^^^^^^^^^^^^
[INFO] [stdout] 
[INFO] [stdout] 
[INFO] [stdout] warning: unused import: `Number`
[INFO] [stdout]   --> src/marketplace.rs:13:29
[INFO] [stdout]    |
[INFO] [stdout] 13 | use serde_json::{json, Map, Number};
[INFO] [stdout]    |                             ^^^^^^
[INFO] [stdout] 
[INFO] [stdout] 
[INFO] [stdout] warning: variant `confirmed` should have an upper camel case name
[INFO] [stdout]   --> src/marketplace.rs:65:5
[INFO] [stdout]    |
[INFO] [stdout] 65 |     confirmed,
[INFO] [stdout]    |     ^^^^^^^^^ help: convert the identifier to upper camel case (notice the capitalization): `Confirmed`
[INFO] [stdout]    |
[INFO] [stdout]    = note: `#[warn(non_camel_case_types)]` on by default
[INFO] [stdout] 
[INFO] [stdout] 
[INFO] [stdout] warning: variant `finalized` should have an upper camel case name
[INFO] [stdout]   --> src/marketplace.rs:66:5
[INFO] [stdout]    |
[INFO] [stdout] 66 |     finalized,
[INFO] [stdout]    |     ^^^^^^^^^ help: convert the identifier to upper camel case (notice the capitalization): `Finalized`
[INFO] [stdout] 
[INFO] [stdout] 
[INFO] [stdout] warning: unused import: `std::collections::HashMap`
[INFO] [stdout]  --> src/wallet.rs:1:5
[INFO] [stdout]   |
[INFO] [stdout] 1 | use std::collections::HashMap;
[INFO] [stdout]   |     ^^^^^^^^^^^^^^^^^^^^^^^^^
[INFO] [stdout] 
[INFO] [stdout] 
[INFO] [stdout] warning: unused import: `json`
[INFO] [stdout]  --> src/wallet.rs:7:18
[INFO] [stdout]   |
[INFO] [stdout] 7 | use serde_json::{json, Map};
[INFO] [stdout]   |                  ^^^^
[INFO] [stdout] 
[INFO] [stdout] 
[INFO] [stdout] warning: variant `MINT_NFT` should have an upper camel case name
[INFO] [stdout]    --> src/lib.rs:113:5
[INFO] [stdout]     |
[INFO] [stdout] 113 |     MINT_NFT,
[INFO] [stdout]     |     ^^^^^^^^ help: convert the identifier to upper camel case: `MintNft`
[INFO] [stdout] 
[INFO] [stdout] 
[INFO] [stdout] warning: variant `UPDATE_NFT` should have an upper camel case name
[INFO] [stdout]    --> src/lib.rs:114:5
[INFO] [stdout]     |
[INFO] [stdout] 114 |     UPDATE_NFT,
[INFO] [stdout]     |     ^^^^^^^^^^ help: convert the identifier to upper camel case: `UpdateNft`
[INFO] [stdout] 
[INFO] [stdout] 
[INFO] [stdout] warning: variant `TRANSFER_SOL` should have an upper camel case name
[INFO] [stdout]    --> src/lib.rs:115:5
[INFO] [stdout]     |
[INFO] [stdout] 115 |     TRANSFER_SOL,
[INFO] [stdout]     |     ^^^^^^^^^^^^ help: convert the identifier to upper camel case: `TransferSol`
[INFO] [stdout] 
[INFO] [stdout] 
[INFO] [stdout] warning: variant `TRANSFER_SPL_TOKEN` should have an upper camel case name
[INFO] [stdout]    --> src/lib.rs:116:5
[INFO] [stdout]     |
[INFO] [stdout] 116 |     TRANSFER_SPL_TOKEN,
[INFO] [stdout]     |     ^^^^^^^^^^^^^^^^^^ help: convert the identifier to upper camel case: `TransferSplToken`
[INFO] [stdout] 
[INFO] [stdout] 
[INFO] [stdout] warning: variant `CREATE_COLLECTION` should have an upper camel case name
[INFO] [stdout]    --> src/lib.rs:117:5
[INFO] [stdout]     |
[INFO] [stdout] 117 |     CREATE_COLLECTION,
[INFO] [stdout]     |     ^^^^^^^^^^^^^^^^^ help: convert the identifier to upper camel case: `CreateCollection`
[INFO] [stdout] 
[INFO] [stdout] 
[INFO] [stdout] warning: variant `CREATE_SUB_COLLECTION` should have an upper camel case name
[INFO] [stdout]    --> src/lib.rs:118:5
[INFO] [stdout]     |
[INFO] [stdout] 118 |     CREATE_SUB_COLLECTION,
[INFO] [stdout]     |     ^^^^^^^^^^^^^^^^^^^^^ help: convert the identifier to upper camel case: `CreateSubCollection`
[INFO] [stdout] 
[INFO] [stdout] 
[INFO] [stdout] warning: variant `LIST_NFT` should have an upper camel case name
[INFO] [stdout]    --> src/lib.rs:119:5
[INFO] [stdout]     |
[INFO] [stdout] 119 |     LIST_NFT,
[INFO] [stdout]     |     ^^^^^^^^ help: convert the identifier to upper camel case: `ListNft`
[INFO] [stdout] 
[INFO] [stdout] 
[INFO] [stdout] warning: variant `BUY_NFT` should have an upper camel case name
[INFO] [stdout]    --> src/lib.rs:120:5
[INFO] [stdout]     |
[INFO] [stdout] 120 |     BUY_NFT,
[INFO] [stdout]     |     ^^^^^^^ help: convert the identifier to upper camel case: `BuyNft`
[INFO] [stdout] 
[INFO] [stdout] 
[INFO] [stdout] warning: variant `CANCEL_LISTING` should have an upper camel case name
[INFO] [stdout]    --> src/lib.rs:121:5
[INFO] [stdout]     |
[INFO] [stdout] 121 |     CANCEL_LISTING,
[INFO] [stdout]     |     ^^^^^^^^^^^^^^ help: convert the identifier to upper camel case: `CancelListing`
[INFO] [stdout] 
[INFO] [stdout] 
[INFO] [stdout] warning: variant `UPDATE_LISTING` should have an upper camel case name
[INFO] [stdout]    --> src/lib.rs:122:5
[INFO] [stdout]     |
[INFO] [stdout] 122 |     UPDATE_LISTING,
[INFO] [stdout]     |     ^^^^^^^^^^^^^^ help: convert the identifier to upper camel case: `UpdateListing`
[INFO] [stdout] 
[INFO] [stdout] 
[INFO] [stdout] warning: variant `TRANSFER_NFT` should have an upper camel case name
[INFO] [stdout]    --> src/lib.rs:123:5
[INFO] [stdout]     |
[INFO] [stdout] 123 |     TRANSFER_NFT,
[INFO] [stdout]     |     ^^^^^^^^^^^^ help: convert the identifier to upper camel case: `TransferNft`
[INFO] [stdout] 
[INFO] [stdout] 
[INFO] [stdout] warning: variant `CREATE_MARKETPLACE` should have an upper camel case name
[INFO] [stdout]    --> src/lib.rs:125:5
[INFO] [stdout]     |
[INFO] [stdout] 125 |     CREATE_MARKETPLACE,
[INFO] [stdout]     |     ^^^^^^^^^^^^^^^^^^ help: convert the identifier to upper camel case: `CreateMarketplace`
[INFO] [stdout] 
[INFO] [stdout] 
[INFO] [stdout] warning: variant `UPDATE_MARKETPLACE` should have an upper camel case name
[INFO] [stdout]    --> src/lib.rs:126:5
[INFO] [stdout]     |
[INFO] [stdout] 126 |     UPDATE_MARKETPLACE
[INFO] [stdout]     |     ^^^^^^^^^^^^^^^^^^ help: convert the identifier to upper camel case: `UpdateMarketplace`
[INFO] [stdout] 
[INFO] [stdout] 
[INFO] [stdout] warning: variable does not need to be mutable
[INFO] [stdout]    --> src/marketplace.rs:306:13
[INFO] [stdout]     |
[INFO] [stdout] 306 |         let mut approve_headers = get_request_header(self.api_key.to_string(), self.secret_key.to_string());
[INFO] [stdout]     |             ----^^^^^^^^^^^^^^^
[INFO] [stdout]     |             |
[INFO] [stdout]     |             help: remove this `mut`
[INFO] [stdout]     |
[INFO] [stdout]     = note: `#[warn(unused_mut)]` on by default
[INFO] [stdout] 
[INFO] [stdout] 
[INFO] [stdout] warning: variable does not need to be mutable
[INFO] [stdout]    --> src/marketplace.rs:344:13
[INFO] [stdout]     |
[INFO] [stdout] 344 |         let mut approve_headers = get_request_header(self.api_key.to_string(), self.secret_key.to_string());
[INFO] [stdout]     |             ----^^^^^^^^^^^^^^^
[INFO] [stdout]     |             |
[INFO] [stdout]     |             help: remove this `mut`
[INFO] [stdout] 
[INFO] [stdout] 
[INFO] [stdout] warning: variable does not need to be mutable
[INFO] [stdout]    --> src/marketplace.rs:371:13
[INFO] [stdout]     |
[INFO] [stdout] 371 |         let mut approve_headers = get_request_header(self.api_key.to_string(), self.secret_key.to_string());
[INFO] [stdout]     |             ----^^^^^^^^^^^^^^^
[INFO] [stdout]     |             |
[INFO] [stdout]     |             help: remove this `mut`
[INFO] [stdout] 
[INFO] [stdout] 
[INFO] [stdout] warning: variable does not need to be mutable
[INFO] [stdout]    --> src/marketplace.rs:401:13
[INFO] [stdout]     |
[INFO] [stdout] 401 |         let mut approve_headers = get_request_header(self.api_key.to_string(), self.secret_key.to_string());
[INFO] [stdout]     |             ----^^^^^^^^^^^^^^^
[INFO] [stdout]     |             |
[INFO] [stdout]     |             help: remove this `mut`
[INFO] [stdout] 
[INFO] [stdout] 
[INFO] [stdout] warning: variable does not need to be mutable
[INFO] [stdout]    --> src/marketplace.rs:433:13
[INFO] [stdout]     |
[INFO] [stdout] 433 |         let mut approve_headers = get_request_header(self.api_key.to_string(), self.secret_key.to_string());
[INFO] [stdout]     |             ----^^^^^^^^^^^^^^^
[INFO] [stdout]     |             |
[INFO] [stdout]     |             help: remove this `mut`
[INFO] [stdout] 
[INFO] [stdout] 
[INFO] [stdout] warning: variable does not need to be mutable
[INFO] [stdout]    --> src/marketplace.rs:465:13
[INFO] [stdout]     |
[INFO] [stdout] 465 |         let mut approve_headers = get_request_header(self.api_key.to_string(), self.secret_key.to_string());
[INFO] [stdout]     |             ----^^^^^^^^^^^^^^^
[INFO] [stdout]     |             |
[INFO] [stdout]     |             help: remove this `mut`
[INFO] [stdout] 
[INFO] [stdout] 
[INFO] [stdout] warning: variable does not need to be mutable
[INFO] [stdout]    --> src/marketplace.rs:497:13
[INFO] [stdout]     |
[INFO] [stdout] 497 |         let mut approve_headers = get_request_header(self.api_key.to_string(), self.secret_key.to_string());
[INFO] [stdout]     |             ----^^^^^^^^^^^^^^^
[INFO] [stdout]     |             |
[INFO] [stdout]     |             help: remove this `mut`
[INFO] [stdout] 
[INFO] [stdout] 
[INFO] [stdout] warning: variable does not need to be mutable
[INFO] [stdout]    --> src/marketplace.rs:529:13
[INFO] [stdout]     |
[INFO] [stdout] 529 |         let mut approve_headers = get_request_header(self.api_key.to_string(), self.secret_key.to_string());
[INFO] [stdout]     |             ----^^^^^^^^^^^^^^^
[INFO] [stdout]     |             |
[INFO] [stdout]     |             help: remove this `mut`
[INFO] [stdout] 
[INFO] [stdout] 
[INFO] [stdout] warning: variable does not need to be mutable
[INFO] [stdout]   --> src/wallet.rs:82:13
[INFO] [stdout]    |
[INFO] [stdout] 82 |         let mut approve_headers = get_request_header(self.api_key.to_string(), self.secret_key.to_string());
[INFO] [stdout]    |             ----^^^^^^^^^^^^^^^
[INFO] [stdout]    |             |
[INFO] [stdout]    |             help: remove this `mut`
[INFO] [stdout] 
[INFO] [stdout] 
[INFO] [stdout] warning: variable does not need to be mutable
[INFO] [stdout]    --> src/wallet.rs:120:13
[INFO] [stdout]     |
[INFO] [stdout] 120 |         let mut approve_headers = get_request_header(self.api_key.to_string(), self.secret_key.to_string());
[INFO] [stdout]     |             ----^^^^^^^^^^^^^^^
[INFO] [stdout]     |             |
[INFO] [stdout]     |             help: remove this `mut`
[INFO] [stdout] 
[INFO] [stdout] 
[INFO] [stdout] warning: variable does not need to be mutable
[INFO] [stdout]    --> src/wallet.rs:154:13
[INFO] [stdout]     |
[INFO] [stdout] 154 |         let mut headers:HeaderMap = get_request_header(self.api_key.to_string(), self.token.to_string());
[INFO] [stdout]     |             ----^^^^^^^
[INFO] [stdout]     |             |
[INFO] [stdout]     |             help: remove this `mut`
[INFO] [stdout] 
[INFO] [stdout] 
[INFO] [stdout] warning: variable does not need to be mutable
[INFO] [stdout]    --> src/wallet.rs:172:13
[INFO] [stdout]     |
[INFO] [stdout] 172 |         let mut headers:HeaderMap = get_request_header(self.api_key.to_string(), self.token.to_string());
[INFO] [stdout]     |             ----^^^^^^^
[INFO] [stdout]     |             |
[INFO] [stdout]     |             help: remove this `mut`
[INFO] [stdout] 
[INFO] [stdout] 
[INFO] [stdout] warning: variable `accessSecretKey` should have a snake case name
[INFO] [stdout]    --> src/marketplace.rs:299:61
[INFO] [stdout]     |
[INFO] [stdout] 299 |     pub fn new(api_key: String, env: NetEnv, token: String, accessSecretKey: String) -> Marketplace {
[INFO] [stdout]     |                                                             ^^^^^^^^^^^^^^^ help: convert the identifier to snake case: `access_secret_key`
[INFO] [stdout]     |
[INFO] [stdout]     = note: `#[warn(non_snake_case)]` on by default
[INFO] [stdout] 
[INFO] [stdout] 
[INFO] [stdout] warning: variable `secretKey` should have a snake case name
[INFO] [stdout]   --> src/wallet.rs:75:60
[INFO] [stdout]    |
[INFO] [stdout] 75 |     pub fn new(api_key: String, env: NetEnv, token:String, secretKey: String) -> Wallet {
[INFO] [stdout]    |                                                            ^^^^^^^^^ help: convert the identifier to snake case: `secret_key`
[INFO] [stdout] 
[INFO] [stdout] 
[INFO] [stderr]     Finished `test` profile [unoptimized + debuginfo] target(s) in 2.37s
[INFO] running `Command { std: "docker" "inspect" "0ce33933567ff039150d1d0b796c7479024fa9f34afe432e367976a69cebf0cb", kill_on_drop: false }`
[INFO] running `Command { std: "docker" "rm" "-f" "0ce33933567ff039150d1d0b796c7479024fa9f34afe432e367976a69cebf0cb", kill_on_drop: false }`
[INFO] [stdout] 0ce33933567ff039150d1d0b796c7479024fa9f34afe432e367976a69cebf0cb
[INFO] running `Command { std: "docker" "create" "-v" "/var/lib/crater-agent-workspace/builds/worker-3-tc1/target:/opt/rustwide/target:rw,Z" "-v" "/var/lib/crater-agent-workspace/builds/worker-3-tc1/source:/opt/rustwide/workdir:ro,Z" "-v" "/var/lib/crater-agent-workspace/cargo-home:/opt/rustwide/cargo-home:ro,Z" "-v" "/var/lib/crater-agent-workspace/rustup-home:/opt/rustwide/rustup-home:ro,Z" "-e" "SOURCE_DIR=/opt/rustwide/workdir" "-e" "CARGO_TARGET_DIR=/opt/rustwide/target" "-e" "CARGO_INCREMENTAL=0" "-e" "RUST_BACKTRACE=full" "-e" "RUSTFLAGS=--cap-lints=forbid" "-e" "RUSTDOCFLAGS=--cap-lints=forbid" "-e" "CARGO_HOME=/opt/rustwide/cargo-home" "-e" "RUSTUP_HOME=/opt/rustwide/rustup-home" "-w" "/opt/rustwide/workdir" "-m" "1610612736" "--user" "0:0" "--network" "none" "ghcr.io/rust-lang/crates-build-env/linux@sha256:4a844ea9eb2546a2d2c7022eacef16ef2e8229c7fbb2c7d4d55a9ceca922f72d" "/opt/rustwide/cargo-home/bin/cargo" "+nightly-2024-10-28" "test" "--frozen", kill_on_drop: false }`
[INFO] [stdout] 07c5aedc8987da3cd14a32c0c67c1c23e493c7d95d3df9d3cbcfd3fa887253b4
[INFO] running `Command { std: "docker" "start" "-a" "07c5aedc8987da3cd14a32c0c67c1c23e493c7d95d3df9d3cbcfd3fa887253b4", kill_on_drop: false }`
[INFO] [stderr] warning: unused import: `std::cmp::min`
[INFO] [stderr]  --> src/marketplace.rs:1:5
[INFO] [stderr]   |
[INFO] [stderr] 1 | use std::cmp::min;
[INFO] [stderr]   |     ^^^^^^^^^^^^^
[INFO] [stderr]   |
[INFO] [stderr]   = note: `#[warn(unused_imports)]` on by default
[INFO] [stderr] 
[INFO] [stderr] warning: unused import: `std::collections::HashMap`
[INFO] [stderr]  --> src/marketplace.rs:6:5
[INFO] [stderr]   |
[INFO] [stderr] 6 | use std::collections::HashMap;
[INFO] [stderr]   |     ^^^^^^^^^^^^^^^^^^^^^^^^^
[INFO] [stderr] 
[INFO] [stderr] warning: unused import: `std::fmt::format`
[INFO] [stderr]  --> src/marketplace.rs:8:5
[INFO] [stderr]   |
[INFO] [stderr] 8 | use std::fmt::format;
[INFO] [stderr]   |     ^^^^^^^^^^^^^^^^
[INFO] [stderr] 
[INFO] [stderr] warning: unused import: `Number`
[INFO] [stderr]   --> src/marketplace.rs:13:29
[INFO] [stderr]    |
[INFO] [stderr] 13 | use serde_json::{json, Map, Number};
[INFO] [stderr]    |                             ^^^^^^
[INFO] [stderr] 
[INFO] [stderr] warning: variant `confirmed` should have an upper camel case name
[INFO] [stderr]   --> src/marketplace.rs:65:5
[INFO] [stderr]    |
[INFO] [stderr] 65 |     confirmed,
[INFO] [stderr]    |     ^^^^^^^^^ help: convert the identifier to upper camel case (notice the capitalization): `Confirmed`
[INFO] [stderr]    |
[INFO] [stderr]    = note: `#[warn(non_camel_case_types)]` on by default
[INFO] [stderr] 
[INFO] [stderr] warning: variant `finalized` should have an upper camel case name
[INFO] [stderr]   --> src/marketplace.rs:66:5
[INFO] [stderr]    |
[INFO] [stderr] 66 |     finalized,
[INFO] [stderr]    |     ^^^^^^^^^ help: convert the identifier to upper camel case (notice the capitalization): `Finalized`
[INFO] [stderr] 
[INFO] [stderr] warning: unused import: `std::collections::HashMap`
[INFO] [stderr]  --> src/wallet.rs:1:5
[INFO] [stderr]   |
[INFO] [stderr] 1 | use std::collections::HashMap;
[INFO] [stderr]   |     ^^^^^^^^^^^^^^^^^^^^^^^^^
[INFO] [stderr] 
[INFO] [stderr] warning: unused import: `json`
[INFO] [stderr]  --> src/wallet.rs:7:18
[INFO] [stderr]   |
[INFO] [stderr] 7 | use serde_json::{json, Map};
[INFO] [stderr]   |                  ^^^^
[INFO] [stderr] 
[INFO] [stderr] warning: variant `MINT_NFT` should have an upper camel case name
[INFO] [stderr]    --> src/lib.rs:113:5
[INFO] [stderr]     |
[INFO] [stderr] 113 |     MINT_NFT,
[INFO] [stderr]     |     ^^^^^^^^ help: convert the identifier to upper camel case: `MintNft`
[INFO] [stderr] 
[INFO] [stderr] warning: variant `UPDATE_NFT` should have an upper camel case name
[INFO] [stderr]    --> src/lib.rs:114:5
[INFO] [stderr]     |
[INFO] [stderr] 114 |     UPDATE_NFT,
[INFO] [stderr]     |     ^^^^^^^^^^ help: convert the identifier to upper camel case: `UpdateNft`
[INFO] [stderr] 
[INFO] [stderr] warning: variant `TRANSFER_SOL` should have an upper camel case name
[INFO] [stderr]    --> src/lib.rs:115:5
[INFO] [stderr]     |
[INFO] [stderr] 115 |     TRANSFER_SOL,
[INFO] [stderr]     |     ^^^^^^^^^^^^ help: convert the identifier to upper camel case: `TransferSol`
[INFO] [stderr] 
[INFO] [stderr] warning: variant `TRANSFER_SPL_TOKEN` should have an upper camel case name
[INFO] [stderr]    --> src/lib.rs:116:5
[INFO] [stderr]     |
[INFO] [stderr] 116 |     TRANSFER_SPL_TOKEN,
[INFO] [stderr]     |     ^^^^^^^^^^^^^^^^^^ help: convert the identifier to upper camel case: `TransferSplToken`
[INFO] [stderr] 
[INFO] [stderr] warning: variant `CREATE_COLLECTION` should have an upper camel case name
[INFO] [stderr]    --> src/lib.rs:117:5
[INFO] [stderr]     |
[INFO] [stderr] 117 |     CREATE_COLLECTION,
[INFO] [stderr]     |     ^^^^^^^^^^^^^^^^^ help: convert the identifier to upper camel case: `CreateCollection`
[INFO] [stderr] 
[INFO] [stderr] warning: variant `CREATE_SUB_COLLECTION` should have an upper camel case name
[INFO] [stderr]    --> src/lib.rs:118:5
[INFO] [stderr]     |
[INFO] [stderr] 118 |     CREATE_SUB_COLLECTION,
[INFO] [stderr]     |     ^^^^^^^^^^^^^^^^^^^^^ help: convert the identifier to upper camel case: `CreateSubCollection`
[INFO] [stderr] 
[INFO] [stderr] warning: variant `LIST_NFT` should have an upper camel case name
[INFO] [stderr]    --> src/lib.rs:119:5
[INFO] [stderr]     |
[INFO] [stderr] 119 |     LIST_NFT,
[INFO] [stderr]     |     ^^^^^^^^ help: convert the identifier to upper camel case: `ListNft`
[INFO] [stderr] 
[INFO] [stderr] warning: variant `BUY_NFT` should have an upper camel case name
[INFO] [stderr]    --> src/lib.rs:120:5
[INFO] [stderr]     |
[INFO] [stderr] 120 |     BUY_NFT,
[INFO] [stderr]     |     ^^^^^^^ help: convert the identifier to upper camel case: `BuyNft`
[INFO] [stderr] 
[INFO] [stderr] warning: variant `CANCEL_LISTING` should have an upper camel case name
[INFO] [stderr]    --> src/lib.rs:121:5
[INFO] [stderr]     |
[INFO] [stderr] 121 |     CANCEL_LISTING,
[INFO] [stderr]     |     ^^^^^^^^^^^^^^ help: convert the identifier to upper camel case: `CancelListing`
[INFO] [stderr] 
[INFO] [stderr] warning: variant `UPDATE_LISTING` should have an upper camel case name
[INFO] [stderr]    --> src/lib.rs:122:5
[INFO] [stderr]     |
[INFO] [stderr] 122 |     UPDATE_LISTING,
[INFO] [stderr]     |     ^^^^^^^^^^^^^^ help: convert the identifier to upper camel case: `UpdateListing`
[INFO] [stderr] 
[INFO] [stderr] warning: variant `TRANSFER_NFT` should have an upper camel case name
[INFO] [stderr]    --> src/lib.rs:123:5
[INFO] [stderr]     |
[INFO] [stderr] 123 |     TRANSFER_NFT,
[INFO] [stderr]     |     ^^^^^^^^^^^^ help: convert the identifier to upper camel case: `TransferNft`
[INFO] [stderr] 
[INFO] [stderr] warning: variant `CREATE_MARKETPLACE` should have an upper camel case name
[INFO] [stderr]    --> src/lib.rs:125:5
[INFO] [stderr]     |
[INFO] [stderr] 125 |     CREATE_MARKETPLACE,
[INFO] [stderr]     |     ^^^^^^^^^^^^^^^^^^ help: convert the identifier to upper camel case: `CreateMarketplace`
[INFO] [stderr] 
[INFO] [stderr] warning: variant `UPDATE_MARKETPLACE` should have an upper camel case name
[INFO] [stderr]    --> src/lib.rs:126:5
[INFO] [stderr]     |
[INFO] [stderr] 126 |     UPDATE_MARKETPLACE
[INFO] [stderr]     |     ^^^^^^^^^^^^^^^^^^ help: convert the identifier to upper camel case: `UpdateMarketplace`
[INFO] [stderr] 
[INFO] [stderr] warning: variable does not need to be mutable
[INFO] [stderr]    --> src/marketplace.rs:306:13
[INFO] [stderr]     |
[INFO] [stderr] 306 |         let mut approve_headers = get_request_header(self.api_key.to_string(), self.secret_key.to_string());
[INFO] [stderr]     |             ----^^^^^^^^^^^^^^^
[INFO] [stderr]     |             |
[INFO] [stderr]     |             help: remove this `mut`
[INFO] [stderr]     |
[INFO] [stderr]     = note: `#[warn(unused_mut)]` on by default
[INFO] [stderr] 
[INFO] [stderr] warning: variable does not need to be mutable
[INFO] [stderr]    --> src/marketplace.rs:344:13
[INFO] [stderr]     |
[INFO] [stderr] 344 |         let mut approve_headers = get_request_header(self.api_key.to_string(), self.secret_key.to_string());
[INFO] [stderr]     |             ----^^^^^^^^^^^^^^^
[INFO] [stderr]     |             |
[INFO] [stderr]     |             help: remove this `mut`
[INFO] [stderr] 
[INFO] [stderr] warning: variable does not need to be mutable
[INFO] [stderr]    --> src/marketplace.rs:371:13
[INFO] [stderr]     |
[INFO] [stderr] 371 |         let mut approve_headers = get_request_header(self.api_key.to_string(), self.secret_key.to_string());
[INFO] [stderr]     |             ----^^^^^^^^^^^^^^^
[INFO] [stderr]     |             |
[INFO] [stderr]     |             help: remove this `mut`
[INFO] [stderr] 
[INFO] [stderr] warning: variable does not need to be mutable
[INFO] [stderr]    --> src/marketplace.rs:401:13
[INFO] [stderr]     |
[INFO] [stderr] 401 |         let mut approve_headers = get_request_header(self.api_key.to_string(), self.secret_key.to_string());
[INFO] [stderr]     |             ----^^^^^^^^^^^^^^^
[INFO] [stderr]     |             |
[INFO] [stderr]     |             help: remove this `mut`
[INFO] [stderr] 
[INFO] [stderr] warning: variable does not need to be mutable
[INFO] [stderr]    --> src/marketplace.rs:433:13
[INFO] [stderr]     |
[INFO] [stderr] 433 |         let mut approve_headers = get_request_header(self.api_key.to_string(), self.secret_key.to_string());
[INFO] [stderr]     |             ----^^^^^^^^^^^^^^^
[INFO] [stderr]     |             |
[INFO] [stderr]     |             help: remove this `mut`
[INFO] [stderr] 
[INFO] [stderr] warning: variable does not need to be mutable
[INFO] [stderr]    --> src/marketplace.rs:465:13
[INFO] [stderr]     |
[INFO] [stderr] 465 |         let mut approve_headers = get_request_header(self.api_key.to_string(), self.secret_key.to_string());
[INFO] [stderr]     |             ----^^^^^^^^^^^^^^^
[INFO] [stderr]     |             |
[INFO] [stderr]     |             help: remove this `mut`
[INFO] [stderr] 
[INFO] [stderr] warning: variable does not need to be mutable
[INFO] [stderr]    --> src/marketplace.rs:497:13
[INFO] [stderr]     |
[INFO] [stderr] 497 |         let mut approve_headers = get_request_header(self.api_key.to_string(), self.secret_key.to_string());
[INFO] [stderr]     |             ----^^^^^^^^^^^^^^^
[INFO] [stderr]     |             |
[INFO] [stderr]     |             help: remove this `mut`
[INFO] [stderr] 
[INFO] [stderr] warning: variable does not need to be mutable
[INFO] [stderr]    --> src/marketplace.rs:529:13
[INFO] [stderr]     |
[INFO] [stderr] 529 |         let mut approve_headers = get_request_header(self.api_key.to_string(), self.secret_key.to_string());
[INFO] [stderr]     |             ----^^^^^^^^^^^^^^^
[INFO] [stderr]     |             |
[INFO] [stderr]     |             help: remove this `mut`
[INFO] [stderr] 
[INFO] [stderr] warning: variable does not need to be mutable
[INFO] [stderr]   --> src/wallet.rs:82:13
[INFO] [stderr]    |
[INFO] [stderr] 82 |         let mut approve_headers = get_request_header(self.api_key.to_string(), self.secret_key.to_string());
[INFO] [stderr]    |             ----^^^^^^^^^^^^^^^
[INFO] [stderr]    |             |
[INFO] [stderr]    |             help: remove this `mut`
[INFO] [stderr] 
[INFO] [stderr] warning: variable does not need to be mutable
[INFO] [stderr]    --> src/wallet.rs:120:13
[INFO] [stderr]     |
[INFO] [stderr] 120 |         let mut approve_headers = get_request_header(self.api_key.to_string(), self.secret_key.to_string());
[INFO] [stderr]     |             ----^^^^^^^^^^^^^^^
[INFO] [stderr]     |             |
[INFO] [stderr]     |             help: remove this `mut`
[INFO] [stderr] 
[INFO] [stderr] warning: variable does not need to be mutable
[INFO] [stderr]    --> src/wallet.rs:154:13
[INFO] [stderr]     |
[INFO] [stderr] 154 |         let mut headers:HeaderMap = get_request_header(self.api_key.to_string(), self.token.to_string());
[INFO] [stderr]     |             ----^^^^^^^
[INFO] [stderr]     |             |
[INFO] [stderr]     |             help: remove this `mut`
[INFO] [stderr] 
[INFO] [stderr] warning: variable does not need to be mutable
[INFO] [stderr]    --> src/wallet.rs:172:13
[INFO] [stderr]     |
[INFO] [stderr] 172 |         let mut headers:HeaderMap = get_request_header(self.api_key.to_string(), self.token.to_string());
[INFO] [stderr]     |             ----^^^^^^^
[INFO] [stderr]     |             |
[INFO] [stderr]     |             help: remove this `mut`
[INFO] [stderr] 
[INFO] [stderr] warning: variable `accessSecretKey` should have a snake case name
[INFO] [stderr]    --> src/marketplace.rs:299:61
[INFO] [stderr]     |
[INFO] [stderr] 299 |     pub fn new(api_key: String, env: NetEnv, token: String, accessSecretKey: String) -> Marketplace {
[INFO] [stderr]     |                                                             ^^^^^^^^^^^^^^^ help: convert the identifier to snake case: `access_secret_key`
[INFO] [stderr]     |
[INFO] [stderr]     = note: `#[warn(non_snake_case)]` on by default
[INFO] [stderr] 
[INFO] [stderr] warning: variable `secretKey` should have a snake case name
[INFO] [stderr]   --> src/wallet.rs:75:60
[INFO] [stderr]    |
[INFO] [stderr] 75 |     pub fn new(api_key: String, env: NetEnv, token:String, secretKey: String) -> Wallet {
[INFO] [stderr]    |                                                            ^^^^^^^^^ help: convert the identifier to snake case: `secret_key`
[INFO] [stderr] 
[INFO] [stderr] warning: `mirrorworld-sdk-rust` (lib) generated 35 warnings (run `cargo fix --lib -p mirrorworld-sdk-rust` to apply 18 suggestions)
[INFO] [stderr] warning: `mirrorworld-sdk-rust` (lib test) generated 35 warnings (35 duplicates)
[INFO] [stderr] warning: unused imports: `LoginWithEmailRes` and `Response`
[INFO] [stderr]   --> tests/authentication.rs:12:5
[INFO] [stderr]    |
[INFO] [stderr] 12 |     LoginWithEmailRes,
[INFO] [stderr]    |     ^^^^^^^^^^^^^^^^^
[INFO] [stderr] 13 |     Response,
[INFO] [stderr]    |     ^^^^^^^^
[INFO] [stderr]    |
[INFO] [stderr]    = note: `#[warn(unused_imports)]` on by default
[INFO] [stderr] 
[INFO] [stderr] warning: unused import: `std::error::Error`
[INFO] [stderr]   --> tests/authentication.rs:16:5
[INFO] [stderr]    |
[INFO] [stderr] 16 | use std::error::Error;
[INFO] [stderr]    |     ^^^^^^^^^^^^^^^^^
[INFO] [stderr] 
[INFO] [stderr] warning: unused import: `serde::de::Unexpected::Str`
[INFO] [stderr]  --> tests/marketplace.rs:2:5
[INFO] [stderr]   |
[INFO] [stderr] 2 | use serde::de::Unexpected::Str;
[INFO] [stderr]   |     ^^^^^^^^^^^^^^^^^^^^^^^^^^
[INFO] [stderr]   |
[INFO] [stderr]   = note: `#[warn(unused_imports)]` on by default
[INFO] [stderr] 
[INFO] [stderr] warning: unused imports: `set_config` and `set_network`
[INFO] [stderr]  --> tests/wallet.rs:2:36
[INFO] [stderr]   |
[INFO] [stderr] 2 | use mirrorworld_sdk_rust::{NetEnv, set_config, set_network};
[INFO] [stderr]   |                                    ^^^^^^^^^^  ^^^^^^^^^^^
[INFO] [stderr]   |
[INFO] [stderr]   = note: `#[warn(unused_imports)]` on by default
[INFO] [stderr] 
[INFO] [stderr] warning: `mirrorworld-sdk-rust` (test "authentication") generated 2 warnings (run `cargo fix --test "authentication"` to apply 2 suggestions)
[INFO] [stderr] warning: `mirrorworld-sdk-rust` (test "marketplace") generated 1 warning (run `cargo fix --test "marketplace"` to apply 1 suggestion)
[INFO] [stderr] warning: `mirrorworld-sdk-rust` (test "wallet") generated 1 warning (run `cargo fix --test "wallet"` to apply 1 suggestion)
[INFO] [stderr]     Finished `test` profile [unoptimized + debuginfo] target(s) in 0.10s
[INFO] [stderr]      Running unittests src/lib.rs (/opt/rustwide/target/debug/deps/mirrorworld_sdk_rust-00c694e5b22f33b2)
[INFO] [stdout] 
[INFO] [stdout] running 0 tests
[INFO] [stdout] 
[INFO] [stdout] test result: ok. 0 passed; 0 failed; 0 ignored; 0 measured; 0 filtered out; finished in 0.00s
[INFO] [stdout] 
[INFO] [stderr]      Running tests/authentication.rs (/opt/rustwide/target/debug/deps/authentication-bcac5103c2c7fce0)
[INFO] [stdout] 
[INFO] [stdout] running 7 tests
[INFO] [stdout] test test_login_with_email ... FAILED
[INFO] [stdout] test test_get_transactions ... FAILED
[INFO] [stdout] test test_signup ... FAILED
[INFO] [stdout] test test_get_token ... FAILED
[INFO] [stdout] test test_get_nft_details ... FAILED
[INFO] [stdout] test test_signup_email ... FAILED
[INFO] [stdout] test test_fetch_user ... FAILED
[INFO] [stdout] 
[INFO] [stdout] failures:
[INFO] [stdout] 
[INFO] [stdout] ---- test_login_with_email stdout ----
[INFO] [stdout] thread 'test_login_with_email' panicked at src/authentication.rs:76:10:
[INFO] [stdout] called `Result::unwrap()` on an `Err` value: reqwest::Error { kind: Request, url: Url { scheme: "https", cannot_be_a_base: false, username: "", password: None, host: Some(Domain("api-staging.mirrorworld.fun")), port: None, path: "/v1/auth/complete-signup", query: None, fragment: None }, source: hyper::Error(Connect, ConnectError("dns error", Custom { kind: Uncategorized, error: "failed to lookup address information: Temporary failure in name resolution" })) }
[INFO] [stdout] stack backtrace:
[INFO] [stdout]    0:     0x634f2e3e769a - std::backtrace_rs::backtrace::libunwind::trace::h207520d6e9873551
[INFO] [stdout]                                at /rustc/df4ca44d3fbc9301ee17f30f4d474e6ae4b05252/library/std/src/../../backtrace/src/backtrace/libunwind.rs:116:5
[INFO] [stdout]    1:     0x634f2e3e769a - std::backtrace_rs::backtrace::trace_unsynchronized::h2ed7433f370e3eca
[INFO] [stdout]                                at /rustc/df4ca44d3fbc9301ee17f30f4d474e6ae4b05252/library/std/src/../../backtrace/src/backtrace/mod.rs:66:5
[INFO] [stdout]    2:     0x634f2e3e769a - std::sys::backtrace::_print_fmt::h916fac51166b18d7
[INFO] [stdout]                                at /rustc/df4ca44d3fbc9301ee17f30f4d474e6ae4b05252/library/std/src/sys/backtrace.rs:66:9
[INFO] [stdout]    3:     0x634f2e3e769a - <std::sys::backtrace::BacktraceLock::print::DisplayBacktrace as core::fmt::Display>::fmt::ha0a4c9b8ce3802e6
[INFO] [stdout]                                at /rustc/df4ca44d3fbc9301ee17f30f4d474e6ae4b05252/library/std/src/sys/backtrace.rs:39:26
[INFO] [stdout]    4:     0x634f2e411113 - core::fmt::rt::Argument::fmt::h4cfc8587d52b3eb5
[INFO] [stdout]                                at /rustc/df4ca44d3fbc9301ee17f30f4d474e6ae4b05252/library/core/src/fmt/rt.rs:177:76
[INFO] [stdout]    5:     0x634f2e411113 - core::fmt::write::h522cc39e5b36ae9f
[INFO] [stdout]                                at /rustc/df4ca44d3fbc9301ee17f30f4d474e6ae4b05252/library/core/src/fmt/mod.rs:1190:21
[INFO] [stdout]    6:     0x634f2e3e3623 - std::io::Write::write_fmt::h7d3c26752da97734
[INFO] [stdout]                                at /rustc/df4ca44d3fbc9301ee17f30f4d474e6ae4b05252/library/std/src/io/mod.rs:1839:15
[INFO] [stdout]    7:     0x634f2e3e74e2 - std::sys::backtrace::BacktraceLock::print::h4b9e00b29e9c0942
[INFO] [stdout]                                at /rustc/df4ca44d3fbc9301ee17f30f4d474e6ae4b05252/library/std/src/sys/backtrace.rs:42:9
[INFO] [stdout]    8:     0x634f2e3e8b2a - std::panicking::default_hook::{{closure}}::hb59b88280d0324d9
[INFO] [stdout]                                at /rustc/df4ca44d3fbc9301ee17f30f4d474e6ae4b05252/library/std/src/panicking.rs:268:22
[INFO] [stdout]    9:     0x634f2e3e8934 - std::panicking::default_hook::he1dd496665be4a29
[INFO] [stdout]                                at /rustc/df4ca44d3fbc9301ee17f30f4d474e6ae4b05252/library/std/src/panicking.rs:292:9
[INFO] [stdout]   10:     0x634f2dedac09 - <alloc::boxed::Box<F,A> as core::ops::function::Fn<Args>>::call::h4ff71de18744e1dc
[INFO] [stdout]                                at /rustc/df4ca44d3fbc9301ee17f30f4d474e6ae4b05252/library/alloc/src/boxed.rs:2468:9
[INFO] [stdout]   11:     0x634f2dedac09 - test::test_main::{{closure}}::hcf7c055ce117aa81
[INFO] [stdout]                                at /rustc/df4ca44d3fbc9301ee17f30f4d474e6ae4b05252/library/test/src/lib.rs:133:21
[INFO] [stdout]   12:     0x634f2e3e9228 - <alloc::boxed::Box<F,A> as core::ops::function::Fn<Args>>::call::h1d66c6bbd60c9692
[INFO] [stdout]                                at /rustc/df4ca44d3fbc9301ee17f30f4d474e6ae4b05252/library/alloc/src/boxed.rs:2468:9
[INFO] [stdout]   13:     0x634f2e3e9228 - std::panicking::rust_panic_with_hook::h2ff17fe8f26dfcf8
[INFO] [stdout]                                at /rustc/df4ca44d3fbc9301ee17f30f4d474e6ae4b05252/library/std/src/panicking.rs:809:13
[INFO] [stdout]   14:     0x634f2e3e8fea - std::panicking::begin_panic_handler::{{closure}}::h4fad77951c07e101
[INFO] [stdout]                                at /rustc/df4ca44d3fbc9301ee17f30f4d474e6ae4b05252/library/std/src/panicking.rs:674:13
[INFO] [stdout]   15:     0x634f2e3e7b79 - std::sys::backtrace::__rust_end_short_backtrace::hb1a25b3da5d0ea08
[INFO] [stdout]                                at /rustc/df4ca44d3fbc9301ee17f30f4d474e6ae4b05252/library/std/src/sys/backtrace.rs:170:18
[INFO] [stdout]   16:     0x634f2e3e8c7c - rust_begin_unwind
[INFO] [stdout]                                at /rustc/df4ca44d3fbc9301ee17f30f4d474e6ae4b05252/library/std/src/panicking.rs:665:5
[INFO] [stdout]   17:     0x634f2e40f610 - core::panicking::panic_fmt::ha9db07b529f9b256
[INFO] [stdout]                                at /rustc/df4ca44d3fbc9301ee17f30f4d474e6ae4b05252/library/core/src/panicking.rs:75:14
[INFO] [stdout]   18:     0x634f2e40faf6 - core::result::unwrap_failed::h5e8218e4d4338b8a
[INFO] [stdout]                                at /rustc/df4ca44d3fbc9301ee17f30f4d474e6ae4b05252/library/core/src/result.rs:1698:5
[INFO] [stdout]   19:     0x634f2def5a1f - core::result::Result<T,E>::unwrap::h74204bac19cedcf9
[INFO] [stdout]                                at /rustc/df4ca44d3fbc9301ee17f30f4d474e6ae4b05252/library/core/src/result.rs:1103:23
[INFO] [stdout]   20:     0x634f2def5a1f - mirrorworld_sdk_rust::authentication::complete_signup::{{closure}}::h882f410af5f2f960
[INFO] [stdout]                                at /opt/rustwide/workdir/src/authentication.rs:70:15
[INFO] [stdout]   21:     0x634f2dfc108f - tokio::runtime::park::CachedParkThread::block_on::{{closure}}::h6380d115d89edf90
[INFO] [stdout]                                at /opt/rustwide/cargo-home/registry/src/index.crates.io-6f17d22bba15001f/tokio-1.41.0/src/runtime/park.rs:281:63
[INFO] [stdout]   22:     0x634f2dfbeb42 - tokio::runtime::coop::with_budget::hbed7d17c83dfd5ee
[INFO] [stdout]                                at /opt/rustwide/cargo-home/registry/src/index.crates.io-6f17d22bba15001f/tokio-1.41.0/src/runtime/coop.rs:107:5
[INFO] [stdout]   23:     0x634f2dfbeb42 - tokio::runtime::coop::budget::h397929fed68d0e23
[INFO] [stdout]                                at /opt/rustwide/cargo-home/registry/src/index.crates.io-6f17d22bba15001f/tokio-1.41.0/src/runtime/coop.rs:73:5
[INFO] [stdout]   24:     0x634f2dfbeb42 - tokio::runtime::park::CachedParkThread::block_on::h9dc1aa2604945a5f
[INFO] [stdout]                                at /opt/rustwide/cargo-home/registry/src/index.crates.io-6f17d22bba15001f/tokio-1.41.0/src/runtime/park.rs:281:31
[INFO] [stdout]   25:     0x634f2df9d516 - tokio::runtime::context::blocking::BlockingRegionGuard::block_on::hf82c2ed68962a8f4
[INFO] [stdout]                                at /opt/rustwide/cargo-home/registry/src/index.crates.io-6f17d22bba15001f/tokio-1.41.0/src/runtime/context/blocking.rs:66:9
[INFO] [stdout]   26:     0x634f2dfa72c6 - tokio::runtime::scheduler::multi_thread::MultiThread::block_on::{{closure}}::h62d4d4437e365cb7
[INFO] [stdout]                                at /opt/rustwide/cargo-home/registry/src/index.crates.io-6f17d22bba15001f/tokio-1.41.0/src/runtime/scheduler/multi_thread/mod.rs:87:13
[INFO] [stdout]   27:     0x634f2df69ec1 - tokio::runtime::context::runtime::enter_runtime::h2df9e98ee118dbe9
[INFO] [stdout]                                at /opt/rustwide/cargo-home/registry/src/index.crates.io-6f17d22bba15001f/tokio-1.41.0/src/runtime/context/runtime.rs:65:16
[INFO] [stdout]   28:     0x634f2dfa6d21 - tokio::runtime::scheduler::multi_thread::MultiThread::block_on::h29191774b7d51996
[INFO] [stdout]                                at /opt/rustwide/cargo-home/registry/src/index.crates.io-6f17d22bba15001f/tokio-1.41.0/src/runtime/scheduler/multi_thread/mod.rs:86:9
[INFO] [stdout]   29:     0x634f2df9da3f - tokio::runtime::runtime::Runtime::block_on_inner::h195ed6ec11399989
[INFO] [stdout]                                at /opt/rustwide/cargo-home/registry/src/index.crates.io-6f17d22bba15001f/tokio-1.41.0/src/runtime/runtime.rs:370:45
[INFO] [stdout]   30:     0x634f2df9f6d9 - tokio::runtime::runtime::Runtime::block_on::h90e66cb054fd926f
[INFO] [stdout]                                at /opt/rustwide/cargo-home/registry/src/index.crates.io-6f17d22bba15001f/tokio-1.41.0/src/runtime/runtime.rs:342:13
[INFO] [stdout]   31:     0x634f2def4dae - mirrorworld_sdk_rust::authentication::complete_signup::h6c3b56dbe5abd685
[INFO] [stdout]                                at /opt/rustwide/workdir/src/authentication.rs:79:5
[INFO] [stdout]   32:     0x634f2de9f72d - authentication::test_login_with_email::he802c2dd95527b9b
[INFO] [stdout]                                at /opt/rustwide/workdir/tests/authentication.rs:21:15
[INFO] [stdout]   33:     0x634f2de9f687 - authentication::test_login_with_email::{{closure}}::hf159027e389cfb37
[INFO] [stdout]                                at /opt/rustwide/workdir/tests/authentication.rs:19:27
[INFO] [stdout]   34:     0x634f2de9f366 - core::ops::function::FnOnce::call_once::hbfc018d63891e1d5
[INFO] [stdout]                                at /rustc/df4ca44d3fbc9301ee17f30f4d474e6ae4b05252/library/core/src/ops/function.rs:250:5
[INFO] [stdout]   35:     0x634f2dedf4db - core::ops::function::FnOnce::call_once::h22c3ba5715e93f05
[INFO] [stdout]                                at /rustc/df4ca44d3fbc9301ee17f30f4d474e6ae4b05252/library/core/src/ops/function.rs:250:5
[INFO] [stdout]   36:     0x634f2dedf4db - test::__rust_begin_short_backtrace::h8e82d8113d0da17f
[INFO] [stdout]                                at /rustc/df4ca44d3fbc9301ee17f30f4d474e6ae4b05252/library/test/src/lib.rs:621:18
[INFO] [stdout]   37:     0x634f2dedee57 - test::run_test_in_process::{{closure}}::h33235f4f20b7b7c7
[INFO] [stdout]                                at /rustc/df4ca44d3fbc9301ee17f30f4d474e6ae4b05252/library/test/src/lib.rs:644:60
[INFO] [stdout]   38:     0x634f2dedee57 - <core::panic::unwind_safe::AssertUnwindSafe<F> as core::ops::function::FnOnce<()>>::call_once::hb5043206310c586f
[INFO] [stdout]                                at /rustc/df4ca44d3fbc9301ee17f30f4d474e6ae4b05252/library/core/src/panic/unwind_safe.rs:272:9
[INFO] [stdout]   39:     0x634f2dedee57 - std::panicking::try::do_call::h9ad4731a60ab23e2
[INFO] [stdout]                                at /rustc/df4ca44d3fbc9301ee17f30f4d474e6ae4b05252/library/std/src/panicking.rs:557:40
[INFO] [stdout]   40:     0x634f2dedee57 - std::panicking::try::h3824d23db772a716
[INFO] [stdout]                                at /rustc/df4ca44d3fbc9301ee17f30f4d474e6ae4b05252/library/std/src/panicking.rs:520:19
[INFO] [stdout]   41:     0x634f2dedee57 - std::panic::catch_unwind::h5afd514605fde46b
[INFO] [stdout]                                at /rustc/df4ca44d3fbc9301ee17f30f4d474e6ae4b05252/library/std/src/panic.rs:358:14
[INFO] [stdout]   42:     0x634f2dedee57 - test::run_test_in_process::h0d5cbfa7067d1720
[INFO] [stdout]                                at /rustc/df4ca44d3fbc9301ee17f30f4d474e6ae4b05252/library/test/src/lib.rs:644:27
[INFO] [stdout]   43:     0x634f2dedee57 - test::run_test::{{closure}}::h708eb8872708115d
[INFO] [stdout]                                at /rustc/df4ca44d3fbc9301ee17f30f4d474e6ae4b05252/library/test/src/lib.rs:565:43
[INFO] [stdout]   44:     0x634f2dea2574 - test::run_test::{{closure}}::h392c51cee94713ab
[INFO] [stdout]                                at /rustc/df4ca44d3fbc9301ee17f30f4d474e6ae4b05252/library/test/src/lib.rs:595:41
[INFO] [stdout]   45:     0x634f2dea2574 - std::sys::backtrace::__rust_begin_short_backtrace::h2f40290710935a8b
[INFO] [stdout]                                at /rustc/df4ca44d3fbc9301ee17f30f4d474e6ae4b05252/library/std/src/sys/backtrace.rs:154:18
[INFO] [stdout]   46:     0x634f2dea5d1e - std::thread::Builder::spawn_unchecked_::{{closure}}::{{closure}}::h3fd968d89053a903
[INFO] [stdout]                                at /rustc/df4ca44d3fbc9301ee17f30f4d474e6ae4b05252/library/std/src/thread/mod.rs:541:17
[INFO] [stdout]   47:     0x634f2dea5d1e - <core::panic::unwind_safe::AssertUnwindSafe<F> as core::ops::function::FnOnce<()>>::call_once::h743f637ba4229880
[INFO] [stdout]                                at /rustc/df4ca44d3fbc9301ee17f30f4d474e6ae4b05252/library/core/src/panic/unwind_safe.rs:272:9
[INFO] [stdout]   48:     0x634f2dea5d1e - std::panicking::try::do_call::h07440897322525a6
[INFO] [stdout]                                at /rustc/df4ca44d3fbc9301ee17f30f4d474e6ae4b05252/library/std/src/panicking.rs:557:40
[INFO] [stdout]   49:     0x634f2dea5d1e - std::panicking::try::he5a2e00188156637
[INFO] [stdout]                                at /rustc/df4ca44d3fbc9301ee17f30f4d474e6ae4b05252/library/std/src/panicking.rs:520:19
[INFO] [stdout]   50:     0x634f2dea5d1e - std::panic::catch_unwind::hbaf3cae49b3c6433
[INFO] [stdout]                                at /rustc/df4ca44d3fbc9301ee17f30f4d474e6ae4b05252/library/std/src/panic.rs:358:14
[INFO] [stdout]   51:     0x634f2dea5d1e - std::thread::Builder::spawn_unchecked_::{{closure}}::h8e141ea224820bce
[INFO] [stdout]                                at /rustc/df4ca44d3fbc9301ee17f30f4d474e6ae4b05252/library/std/src/thread/mod.rs:540:30
[INFO] [stdout]   52:     0x634f2dea5d1e - core::ops::function::FnOnce::call_once{{vtable.shim}}::h90d312fedd7b8ea8
[INFO] [stdout]                                at /rustc/df4ca44d3fbc9301ee17f30f4d474e6ae4b05252/library/core/src/ops/function.rs:250:5
[INFO] [stdout]   53:     0x634f2e3ed58b - <alloc::boxed::Box<F,A> as core::ops::function::FnOnce<Args>>::call_once::h69aa08ddb6adb8b6
[INFO] [stdout]                                at /rustc/df4ca44d3fbc9301ee17f30f4d474e6ae4b05252/library/alloc/src/boxed.rs:2454:9
[INFO] [stdout]   54:     0x634f2e3ed58b - <alloc::boxed::Box<F,A> as core::ops::function::FnOnce<Args>>::call_once::h5aa36efdb79c806f
[INFO] [stdout]                                at /rustc/df4ca44d3fbc9301ee17f30f4d474e6ae4b05252/library/alloc/src/boxed.rs:2454:9
[INFO] [stdout]   55:     0x634f2e3ed58b - std::sys::pal::unix::thread::Thread::new::thread_start::h6cd80a1b4be5158d
[INFO] [stdout]                                at /rustc/df4ca44d3fbc9301ee17f30f4d474e6ae4b05252/library/std/src/sys/pal/unix/thread.rs:105:17
[INFO] [stdout]   56:     0x7b6b26d49ac3 - <unknown>
[INFO] [stdout]   57:     0x7b6b26ddaa04 - clone
[INFO] [stdout]   58:                0x0 - <unknown>
[INFO] [stdout] 
[INFO] [stdout] ---- test_get_transactions stdout ----
[INFO] [stdout] thread 'test_get_transactions' panicked at src/authentication.rs:461:61:
[INFO] [stdout] called `Result::unwrap()` on an `Err` value: reqwest::Error { kind: Request, url: Url { scheme: "https", cannot_be_a_base: false, username: "", password: None, host: Some(Domain("api-staging.mirrorworld.fun")), port: None, path: "/v1/wallet/transactions", query: None, fragment: None }, source: hyper::Error(Connect, ConnectError("dns error", Custom { kind: Uncategorized, error: "failed to lookup address information: Temporary failure in name resolution" })) }
[INFO] [stdout] stack backtrace:
[INFO] [stdout]    0:     0x634f2e3e769a - std::backtrace_rs::backtrace::libunwind::trace::h207520d6e9873551
[INFO] [stdout]                                at /rustc/df4ca44d3fbc9301ee17f30f4d474e6ae4b05252/library/std/src/../../backtrace/src/backtrace/libunwind.rs:116:5
[INFO] [stdout]    1:     0x634f2e3e769a - std::backtrace_rs::backtrace::trace_unsynchronized::h2ed7433f370e3eca
[INFO] [stdout]                                at /rustc/df4ca44d3fbc9301ee17f30f4d474e6ae4b05252/library/std/src/../../backtrace/src/backtrace/mod.rs:66:5
[INFO] [stdout]    2:     0x634f2e3e769a - std::sys::backtrace::_print_fmt::h916fac51166b18d7
[INFO] [stdout]                                at /rustc/df4ca44d3fbc9301ee17f30f4d474e6ae4b05252/library/std/src/sys/backtrace.rs:66:9
[INFO] [stdout]    3:     0x634f2e3e769a - <std::sys::backtrace::BacktraceLock::print::DisplayBacktrace as core::fmt::Display>::fmt::ha0a4c9b8ce3802e6
[INFO] [stdout]                                at /rustc/df4ca44d3fbc9301ee17f30f4d474e6ae4b05252/library/std/src/sys/backtrace.rs:39:26
[INFO] [stdout]    4:     0x634f2e411113 - core::fmt::rt::Argument::fmt::h4cfc8587d52b3eb5
[INFO] [stdout]                                at /rustc/df4ca44d3fbc9301ee17f30f4d474e6ae4b05252/library/core/src/fmt/rt.rs:177:76
[INFO] [stdout]    5:     0x634f2e411113 - core::fmt::write::h522cc39e5b36ae9f
[INFO] [stdout]                                at /rustc/df4ca44d3fbc9301ee17f30f4d474e6ae4b05252/library/core/src/fmt/mod.rs:1190:21
[INFO] [stdout]    6:     0x634f2e3e3623 - std::io::Write::write_fmt::h7d3c26752da97734
[INFO] [stdout]                                at /rustc/df4ca44d3fbc9301ee17f30f4d474e6ae4b05252/library/std/src/io/mod.rs:1839:15
[INFO] [stdout]    7:     0x634f2e3e74e2 - std::sys::backtrace::BacktraceLock::print::h4b9e00b29e9c0942
[INFO] [stdout]                                at /rustc/df4ca44d3fbc9301ee17f30f4d474e6ae4b05252/library/std/src/sys/backtrace.rs:42:9
[INFO] [stdout]    8:     0x634f2e3e8b2a - std::panicking::default_hook::{{closure}}::hb59b88280d0324d9
[INFO] [stdout]                                at /rustc/df4ca44d3fbc9301ee17f30f4d474e6ae4b05252/library/std/src/panicking.rs:268:22
[INFO] [stdout]    9:     0x634f2e3e8934 - std::panicking::default_hook::he1dd496665be4a29
[INFO] [stdout]                                at /rustc/df4ca44d3fbc9301ee17f30f4d474e6ae4b05252/library/std/src/panicking.rs:292:9
[INFO] [stdout]   10:     0x634f2dedac09 - <alloc::boxed::Box<F,A> as core::ops::function::Fn<Args>>::call::h4ff71de18744e1dc
[INFO] [stdout]                                at /rustc/df4ca44d3fbc9301ee17f30f4d474e6ae4b05252/library/alloc/src/boxed.rs:2468:9
[INFO] [stdout]   11:     0x634f2dedac09 - test::test_main::{{closure}}::hcf7c055ce117aa81
[INFO] [stdout]                                at /rustc/df4ca44d3fbc9301ee17f30f4d474e6ae4b05252/library/test/src/lib.rs:133:21
[INFO] [stdout]   12:     0x634f2e3e9228 - <alloc::boxed::Box<F,A> as core::ops::function::Fn<Args>>::call::h1d66c6bbd60c9692
[INFO] [stdout]                                at /rustc/df4ca44d3fbc9301ee17f30f4d474e6ae4b05252/library/alloc/src/boxed.rs:2468:9
[INFO] [stdout]   13:     0x634f2e3e9228 - std::panicking::rust_panic_with_hook::h2ff17fe8f26dfcf8
[INFO] [stdout]                                at /rustc/df4ca44d3fbc9301ee17f30f4d474e6ae4b05252/library/std/src/panicking.rs:809:13
[INFO] [stdout]   14:     0x634f2e3e8fea - std::panicking::begin_panic_handler::{{closure}}::h4fad77951c07e101
[INFO] [stdout]                                at /rustc/df4ca44d3fbc9301ee17f30f4d474e6ae4b05252/library/std/src/panicking.rs:674:13
[INFO] [stdout]   15:     0x634f2e3e7b79 - std::sys::backtrace::__rust_end_short_backtrace::hb1a25b3da5d0ea08
[INFO] [stdout]                                at /rustc/df4ca44d3fbc9301ee17f30f4d474e6ae4b05252/library/std/src/sys/backtrace.rs:170:18
[INFO] [stdout]   16:     0x634f2e3e8c7c - rust_begin_unwind
[INFO] [stdout]                                at /rustc/df4ca44d3fbc9301ee17f30f4d474e6ae4b05252/library/std/src/panicking.rs:665:5
[INFO] [stdout]   17:     0x634f2e40f610 - core::panicking::panic_fmt::ha9db07b529f9b256
[INFO] [stdout]                                at /rustc/df4ca44d3fbc9301ee17f30f4d474e6ae4b05252/library/core/src/panicking.rs:75:14
[INFO] [stdout]   18:     0x634f2e40faf6 - core::result::unwrap_failed::h5e8218e4d4338b8a
[INFO] [stdout]                                at /rustc/df4ca44d3fbc9301ee17f30f4d474e6ae4b05252/library/core/src/result.rs:1698:5
[INFO] [stdout]   19:     0x634f2df2b4dc - core::result::Result<T,E>::unwrap::h74204bac19cedcf9
[INFO] [stdout]                                at /rustc/df4ca44d3fbc9301ee17f30f4d474e6ae4b05252/library/core/src/result.rs:1103:23
[INFO] [stdout]   20:     0x634f2df2b4dc - mirrorworld_sdk_rust::authentication::get_transactions::{{closure}}::h6e7641b8a1009c88
[INFO] [stdout]                                at /opt/rustwide/workdir/src/authentication.rs:461:15
[INFO] [stdout]   21:     0x634f2dfc0f9f - tokio::runtime::park::CachedParkThread::block_on::{{closure}}::h495f61c53f7c9cf7
[INFO] [stdout]                                at /opt/rustwide/cargo-home/registry/src/index.crates.io-6f17d22bba15001f/tokio-1.41.0/src/runtime/park.rs:281:63
[INFO] [stdout]   22:     0x634f2dfb8c40 - tokio::runtime::coop::with_budget::h3ce2695c8495c036
[INFO] [stdout]                                at /opt/rustwide/cargo-home/registry/src/index.crates.io-6f17d22bba15001f/tokio-1.41.0/src/runtime/coop.rs:107:5
[INFO] [stdout]   23:     0x634f2dfb8c40 - tokio::runtime::coop::budget::heb5476a7b20542ff
[INFO] [stdout]                                at /opt/rustwide/cargo-home/registry/src/index.crates.io-6f17d22bba15001f/tokio-1.41.0/src/runtime/coop.rs:73:5
[INFO] [stdout]   24:     0x634f2dfb8c40 - tokio::runtime::park::CachedParkThread::block_on::h16ae2892324d1512
[INFO] [stdout]                                at /opt/rustwide/cargo-home/registry/src/index.crates.io-6f17d22bba15001f/tokio-1.41.0/src/runtime/park.rs:281:31
[INFO] [stdout]   25:     0x634f2df9cc06 - tokio::runtime::context::blocking::BlockingRegionGuard::block_on::h9768836e1c6edc10
[INFO] [stdout]                                at /opt/rustwide/cargo-home/registry/src/index.crates.io-6f17d22bba15001f/tokio-1.41.0/src/runtime/context/blocking.rs:66:9
[INFO] [stdout]   26:     0x634f2dfa71d6 - tokio::runtime::scheduler::multi_thread::MultiThread::block_on::{{closure}}::h21071bf31d577d3a
[INFO] [stdout]                                at /opt/rustwide/cargo-home/registry/src/index.crates.io-6f17d22bba15001f/tokio-1.41.0/src/runtime/scheduler/multi_thread/mod.rs:87:13
[INFO] [stdout]   27:     0x634f2df6c761 - tokio::runtime::context::runtime::enter_runtime::hf2497542522ed508
[INFO] [stdout]                                at /opt/rustwide/cargo-home/registry/src/index.crates.io-6f17d22bba15001f/tokio-1.41.0/src/runtime/context/runtime.rs:65:16
[INFO] [stdout]   28:     0x634f2dfa7001 - tokio::runtime::scheduler::multi_thread::MultiThread::block_on::h83fd05cc6b33d769
[INFO] [stdout]                                at /opt/rustwide/cargo-home/registry/src/index.crates.io-6f17d22bba15001f/tokio-1.41.0/src/runtime/scheduler/multi_thread/mod.rs:86:9
[INFO] [stdout]   29:     0x634f2df9df9f - tokio::runtime::runtime::Runtime::block_on_inner::h85283cab13bf307d
[INFO] [stdout]                                at /opt/rustwide/cargo-home/registry/src/index.crates.io-6f17d22bba15001f/tokio-1.41.0/src/runtime/runtime.rs:370:45
[INFO] [stdout]   30:     0x634f2df9f429 - tokio::runtime::runtime::Runtime::block_on::h5cdf8f68e8fb1689
[INFO] [stdout]                                at /opt/rustwide/cargo-home/registry/src/index.crates.io-6f17d22bba15001f/tokio-1.41.0/src/runtime/runtime.rs:342:13
[INFO] [stdout]   31:     0x634f2df2aa14 - mirrorworld_sdk_rust::authentication::get_transactions::h9f04c8fe8efa69b7
[INFO] [stdout]                                at /opt/rustwide/workdir/src/authentication.rs:464:5
[INFO] [stdout]   32:     0x634f2dea0770 - authentication::test_get_transactions::h686c1b988b908893
[INFO] [stdout]                                at /opt/rustwide/workdir/tests/authentication.rs:126:18
[INFO] [stdout]   33:     0x634f2dea0717 - authentication::test_get_transactions::{{closure}}::h3c6cea1145a36337
[INFO] [stdout]                                at /opt/rustwide/workdir/tests/authentication.rs:121:27
[INFO] [stdout]   34:     0x634f2de9f256 - core::ops::function::FnOnce::call_once::h704adc28ab09dc02
[INFO] [stdout]                                at /rustc/df4ca44d3fbc9301ee17f30f4d474e6ae4b05252/library/core/src/ops/function.rs:250:5
[INFO] [stdout]   35:     0x634f2dedf4db - core::ops::function::FnOnce::call_once::h22c3ba5715e93f05
[INFO] [stdout]                                at /rustc/df4ca44d3fbc9301ee17f30f4d474e6ae4b05252/library/core/src/ops/function.rs:250:5
[INFO] [stdout]   36:     0x634f2dedf4db - test::__rust_begin_short_backtrace::h8e82d8113d0da17f
[INFO] [stdout]                                at /rustc/df4ca44d3fbc9301ee17f30f4d474e6ae4b05252/library/test/src/lib.rs:621:18
[INFO] [stdout]   37:     0x634f2dedee57 - test::run_test_in_process::{{closure}}::h33235f4f20b7b7c7
[INFO] [stdout]                                at /rustc/df4ca44d3fbc9301ee17f30f4d474e6ae4b05252/library/test/src/lib.rs:644:60
[INFO] [stdout]   38:     0x634f2dedee57 - <core::panic::unwind_safe::AssertUnwindSafe<F> as core::ops::function::FnOnce<()>>::call_once::hb5043206310c586f
[INFO] [stdout]                                at /rustc/df4ca44d3fbc9301ee17f30f4d474e6ae4b05252/library/core/src/panic/unwind_safe.rs:272:9
[INFO] [stdout]   39:     0x634f2dedee57 - std::panicking::try::do_call::h9ad4731a60ab23e2
[INFO] [stdout]                                at /rustc/df4ca44d3fbc9301ee17f30f4d474e6ae4b05252/library/std/src/panicking.rs:557:40
[INFO] [stdout]   40:     0x634f2dedee57 - std::panicking::try::h3824d23db772a716
[INFO] [stdout]                                at /rustc/df4ca44d3fbc9301ee17f30f4d474e6ae4b05252/library/std/src/panicking.rs:520:19
[INFO] [stdout]   41:     0x634f2dedee57 - std::panic::catch_unwind::h5afd514605fde46b
[INFO] [stdout]                                at /rustc/df4ca44d3fbc9301ee17f30f4d474e6ae4b05252/library/std/src/panic.rs:358:14
[INFO] [stdout]   42:     0x634f2dedee57 - test::run_test_in_process::h0d5cbfa7067d1720
[INFO] [stdout]                                at /rustc/df4ca44d3fbc9301ee17f30f4d474e6ae4b05252/library/test/src/lib.rs:644:27
[INFO] [stdout]   43:     0x634f2dedee57 - test::run_test::{{closure}}::h708eb8872708115d
[INFO] [stdout]                                at /rustc/df4ca44d3fbc9301ee17f30f4d474e6ae4b05252/library/test/src/lib.rs:565:43
[INFO] [stdout]   44:     0x634f2dea2574 - test::run_test::{{closure}}::h392c51cee94713ab
[INFO] [stdout]                                at /rustc/df4ca44d3fbc9301ee17f30f4d474e6ae4b05252/library/test/src/lib.rs:595:41
[INFO] [stdout]   45:     0x634f2dea2574 - std::sys::backtrace::__rust_begin_short_backtrace::h2f40290710935a8b
[INFO] [stdout]                                at /rustc/df4ca44d3fbc9301ee17f30f4d474e6ae4b05252/library/std/src/sys/backtrace.rs:154:18
[INFO] [stdout]   46:     0x634f2dea5d1e - std::thread::Builder::spawn_unchecked_::{{closure}}::{{closure}}::h3fd968d89053a903
[INFO] [stdout]                                at /rustc/df4ca44d3fbc9301ee17f30f4d474e6ae4b05252/library/std/src/thread/mod.rs:541:17
[INFO] [stdout]   47:     0x634f2dea5d1e - <core::panic::unwind_safe::AssertUnwindSafe<F> as core::ops::function::FnOnce<()>>::call_once::h743f637ba4229880
[INFO] [stdout]                                at /rustc/df4ca44d3fbc9301ee17f30f4d474e6ae4b05252/library/core/src/panic/unwind_safe.rs:272:9
[INFO] [stdout]   48:     0x634f2dea5d1e - std::panicking::try::do_call::h07440897322525a6
[INFO] [stdout]                                at /rustc/df4ca44d3fbc9301ee17f30f4d474e6ae4b05252/library/std/src/panicking.rs:557:40
[INFO] [stdout]   49:     0x634f2dea5d1e - std::panicking::try::he5a2e00188156637
[INFO] [stdout]                                at /rustc/df4ca44d3fbc9301ee17f30f4d474e6ae4b05252/library/std/src/panicking.rs:520:19
[INFO] [stdout]   50:     0x634f2dea5d1e - std::panic::catch_unwind::hbaf3cae49b3c6433
[INFO] [stdout]                                at /rustc/df4ca44d3fbc9301ee17f30f4d474e6ae4b05252/library/std/src/panic.rs:358:14
[INFO] [stdout]   51:     0x634f2dea5d1e - std::thread::Builder::spawn_unchecked_::{{closure}}::h8e141ea224820bce
[INFO] [stdout]                                at /rustc/df4ca44d3fbc9301ee17f30f4d474e6ae4b05252/library/std/src/thread/mod.rs:540:30
[INFO] [stdout]   52:     0x634f2dea5d1e - core::ops::function::FnOnce::call_once{{vtable.shim}}::h90d312fedd7b8ea8
[INFO] [stdout]                                at /rustc/df4ca44d3fbc9301ee17f30f4d474e6ae4b05252/library/core/src/ops/function.rs:250:5
[INFO] [stdout]   53:     0x634f2e3ed58b - <alloc::boxed::Box<F,A> as core::ops::function::FnOnce<Args>>::call_once::h69aa08ddb6adb8b6
[INFO] [stdout]                                at /rustc/df4ca44d3fbc9301ee17f30f4d474e6ae4b05252/library/alloc/src/boxed.rs:2454:9
[INFO] [stdout]   54:     0x634f2e3ed58b - <alloc::boxed::Box<F,A> as core::ops::function::FnOnce<Args>>::call_once::h5aa36efdb79c806f
[INFO] [stdout]                                at /rustc/df4ca44d3fbc9301ee17f30f4d474e6ae4b05252/library/alloc/src/boxed.rs:2454:9
[INFO] [stdout]   55:     0x634f2e3ed58b - std::sys::pal::unix::thread::Thread::new::thread_start::h6cd80a1b4be5158d
[INFO] [stdout]                                at /rustc/df4ca44d3fbc9301ee17f30f4d474e6ae4b05252/library/std/src/sys/pal/unix/thread.rs:105:17
[INFO] [stdout]   56:     0x7b6b26d49ac3 - <unknown>
[INFO] [stdout]   57:     0x7b6b26ddaa04 - clone
[INFO] [stdout]   58:                0x0 - <unknown>
[INFO] [stdout] 
[INFO] [stdout] ---- test_signup stdout ----
[INFO] [stdout] thread 'test_signup' panicked at src/authentication.rs:134:10:
[INFO] [stdout] called `Result::unwrap()` on an `Err` value: reqwest::Error { kind: Request, url: Url { scheme: "https", cannot_be_a_base: false, username: "", password: None, host: Some(Domain("api-staging.mirrorworld.fun")), port: None, path: "/v1/auth/login", query: None, fragment: None }, source: hyper::Error(Connect, ConnectError("dns error", Custom { kind: Uncategorized, error: "failed to lookup address information: Temporary failure in name resolution" })) }
[INFO] [stdout] stack backtrace:
[INFO] [stdout]    0:     0x634f2e3e769a - std::backtrace_rs::backtrace::libunwind::trace::h207520d6e9873551
[INFO] [stdout]                                at /rustc/df4ca44d3fbc9301ee17f30f4d474e6ae4b05252/library/std/src/../../backtrace/src/backtrace/libunwind.rs:116:5
[INFO] [stdout]    1:     0x634f2e3e769a - std::backtrace_rs::backtrace::trace_unsynchronized::h2ed7433f370e3eca
[INFO] [stdout]                                at /rustc/df4ca44d3fbc9301ee17f30f4d474e6ae4b05252/library/std/src/../../backtrace/src/backtrace/mod.rs:66:5
[INFO] [stdout]    2:     0x634f2e3e769a - std::sys::backtrace::_print_fmt::h916fac51166b18d7
[INFO] [stdout]                                at /rustc/df4ca44d3fbc9301ee17f30f4d474e6ae4b05252/library/std/src/sys/backtrace.rs:66:9
[INFO] [stdout]    3:     0x634f2e3e769a - <std::sys::backtrace::BacktraceLock::print::DisplayBacktrace as core::fmt::Display>::fmt::ha0a4c9b8ce3802e6
[INFO] [stdout]                                at /rustc/df4ca44d3fbc9301ee17f30f4d474e6ae4b05252/library/std/src/sys/backtrace.rs:39:26
[INFO] [stdout]    4:     0x634f2e411113 - core::fmt::rt::Argument::fmt::h4cfc8587d52b3eb5
[INFO] [stdout]                                at /rustc/df4ca44d3fbc9301ee17f30f4d474e6ae4b05252/library/core/src/fmt/rt.rs:177:76
[INFO] [stdout]    5:     0x634f2e411113 - core::fmt::write::h522cc39e5b36ae9f
[INFO] [stdout]                                at /rustc/df4ca44d3fbc9301ee17f30f4d474e6ae4b05252/library/core/src/fmt/mod.rs:1190:21
[INFO] [stdout]    6:     0x634f2e3e3623 - std::io::Write::write_fmt::h7d3c26752da97734
[INFO] [stdout]                                at /rustc/df4ca44d3fbc9301ee17f30f4d474e6ae4b05252/library/std/src/io/mod.rs:1839:15
[INFO] [stdout]    7:     0x634f2e3e74e2 - std::sys::backtrace::BacktraceLock::print::h4b9e00b29e9c0942
[INFO] [stdout]                                at /rustc/df4ca44d3fbc9301ee17f30f4d474e6ae4b05252/library/std/src/sys/backtrace.rs:42:9
[INFO] [stdout]    8:     0x634f2e3e8b2a - std::panicking::default_hook::{{closure}}::hb59b88280d0324d9
[INFO] [stdout]                                at /rustc/df4ca44d3fbc9301ee17f30f4d474e6ae4b05252/library/std/src/panicking.rs:268:22
[INFO] [stdout]    9:     0x634f2e3e8934 - std::panicking::default_hook::he1dd496665be4a29
[INFO] [stdout]                                at /rustc/df4ca44d3fbc9301ee17f30f4d474e6ae4b05252/library/std/src/panicking.rs:292:9
[INFO] [stdout]   10:     0x634f2dedac09 - <alloc::boxed::Box<F,A> as core::ops::function::Fn<Args>>::call::h4ff71de18744e1dc
[INFO] [stdout]                                at /rustc/df4ca44d3fbc9301ee17f30f4d474e6ae4b05252/library/alloc/src/boxed.rs:2468:9
[INFO] [stdout]   11:     0x634f2dedac09 - test::test_main::{{closure}}::hcf7c055ce117aa81
[INFO] [stdout]                                at /rustc/df4ca44d3fbc9301ee17f30f4d474e6ae4b05252/library/test/src/lib.rs:133:21
[INFO] [stdout]   12:     0x634f2e3e9228 - <alloc::boxed::Box<F,A> as core::ops::function::Fn<Args>>::call::h1d66c6bbd60c9692
[INFO] [stdout]                                at /rustc/df4ca44d3fbc9301ee17f30f4d474e6ae4b05252/library/alloc/src/boxed.rs:2468:9
[INFO] [stdout]   13:     0x634f2e3e9228 - std::panicking::rust_panic_with_hook::h2ff17fe8f26dfcf8
[INFO] [stdout]                                at /rustc/df4ca44d3fbc9301ee17f30f4d474e6ae4b05252/library/std/src/panicking.rs:809:13
[INFO] [stdout]   14:     0x634f2e3e8fea - std::panicking::begin_panic_handler::{{closure}}::h4fad77951c07e101
[INFO] [stdout]                                at /rustc/df4ca44d3fbc9301ee17f30f4d474e6ae4b05252/library/std/src/panicking.rs:674:13
[INFO] [stdout]   15:     0x634f2e3e7b79 - std::sys::backtrace::__rust_end_short_backtrace::hb1a25b3da5d0ea08
[INFO] [stdout]                                at /rustc/df4ca44d3fbc9301ee17f30f4d474e6ae4b05252/library/std/src/sys/backtrace.rs:170:18
[INFO] [stdout]   16:     0x634f2e3e8c7c - rust_begin_unwind
[INFO] [stdout]                                at /rustc/df4ca44d3fbc9301ee17f30f4d474e6ae4b05252/library/std/src/panicking.rs:665:5
[INFO] [stdout]   17:     0x634f2e40f610 - core::panicking::panic_fmt::ha9db07b529f9b256
[INFO] [stdout]                                at /rustc/df4ca44d3fbc9301ee17f30f4d474e6ae4b05252/library/core/src/panicking.rs:75:14
[INFO] [stdout]   18:     0x634f2e40faf6 - core::result::unwrap_failed::h5e8218e4d4338b8a
[INFO] [stdout]                                at /rustc/df4ca44d3fbc9301ee17f30f4d474e6ae4b05252/library/core/src/result.rs:1698:5
[INFO] [stdout]   19:     0x634f2def7dcf - core::result::Result<T,E>::unwrap::h74204bac19cedcf9
[INFO] [stdout]                                at /rustc/df4ca44d3fbc9301ee17f30f4d474e6ae4b05252/library/core/src/result.rs:1103:23
[INFO] [stdout]   20:     0x634f2def7dcf - mirrorworld_sdk_rust::authentication::login::{{closure}}::h758456b3dda993fc
[INFO] [stdout]                                at /opt/rustwide/workdir/src/authentication.rs:128:15
[INFO] [stdout]   21:     0x634f2dfc13ff - tokio::runtime::park::CachedParkThread::block_on::{{closure}}::hc8e52f5e41b8b7dd
[INFO] [stdout]                                at /opt/rustwide/cargo-home/registry/src/index.crates.io-6f17d22bba15001f/tokio-1.41.0/src/runtime/park.rs:281:63
[INFO] [stdout]   22:     0x634f2dfbfd82 - tokio::runtime::coop::with_budget::h48f0a2a02a470dd6
[INFO] [stdout]                                at /opt/rustwide/cargo-home/registry/src/index.crates.io-6f17d22bba15001f/tokio-1.41.0/src/runtime/coop.rs:107:5
[INFO] [stdout]   23:     0x634f2dfbfd82 - tokio::runtime::coop::budget::h265d69c224f5fe00
[INFO] [stdout]                                at /opt/rustwide/cargo-home/registry/src/index.crates.io-6f17d22bba15001f/tokio-1.41.0/src/runtime/coop.rs:73:5
[INFO] [stdout]   24:     0x634f2dfbfd82 - tokio::runtime::park::CachedParkThread::block_on::hb0ed2bcc5f6b1980
[INFO] [stdout]                                at /opt/rustwide/cargo-home/registry/src/index.crates.io-6f17d22bba15001f/tokio-1.41.0/src/runtime/park.rs:281:31
[INFO] [stdout]   25:     0x634f2df9cdf6 - tokio::runtime::context::blocking::BlockingRegionGuard::block_on::ha2d32994d7c6c58c
[INFO] [stdout]                                at /opt/rustwide/cargo-home/registry/src/index.crates.io-6f17d22bba15001f/tokio-1.41.0/src/runtime/context/blocking.rs:66:9
[INFO] [stdout]   26:     0x634f2dfa7686 - tokio::runtime::scheduler::multi_thread::MultiThread::block_on::{{closure}}::hcb45bec60fac188b
[INFO] [stdout]                                at /opt/rustwide/cargo-home/registry/src/index.crates.io-6f17d22bba15001f/tokio-1.41.0/src/runtime/scheduler/multi_thread/mod.rs:87:13
[INFO] [stdout]   27:     0x634f2df6a2b1 - tokio::runtime::context::runtime::enter_runtime::h487fe8c081d9363d
[INFO] [stdout]                                at /opt/rustwide/cargo-home/registry/src/index.crates.io-6f17d22bba15001f/tokio-1.41.0/src/runtime/context/runtime.rs:65:16
[INFO] [stdout]   28:     0x634f2dfa6cb1 - tokio::runtime::scheduler::multi_thread::MultiThread::block_on::h233b4ed0f7552347
[INFO] [stdout]                                at /opt/rustwide/cargo-home/registry/src/index.crates.io-6f17d22bba15001f/tokio-1.41.0/src/runtime/scheduler/multi_thread/mod.rs:86:9
[INFO] [stdout]   29:     0x634f2df9e63f - tokio::runtime::runtime::Runtime::block_on_inner::hd957a2d7aa13a44a
[INFO] [stdout]                                at /opt/rustwide/cargo-home/registry/src/index.crates.io-6f17d22bba15001f/tokio-1.41.0/src/runtime/runtime.rs:370:45
[INFO] [stdout]   30:     0x634f2df9ec19 - tokio::runtime::runtime::Runtime::block_on::h0a14ed9154298c74
[INFO] [stdout]                                at /opt/rustwide/cargo-home/registry/src/index.crates.io-6f17d22bba15001f/tokio-1.41.0/src/runtime/runtime.rs:342:13
[INFO] [stdout]   31:     0x634f2def71c6 - mirrorworld_sdk_rust::authentication::login::h1cd91bf4ed276dff
[INFO] [stdout]                                at /opt/rustwide/workdir/src/authentication.rs:136:5
[INFO] [stdout]   32:     0x634f2de9fdb0 - authentication::test_signup::hfc79823ca23ae52f
[INFO] [stdout]                                at /opt/rustwide/workdir/tests/authentication.rs:61:18
[INFO] [stdout]   33:     0x634f2de9fd37 - authentication::test_signup::{{closure}}::h58be3ac46e05a682
[INFO] [stdout]                                at /opt/rustwide/workdir/tests/authentication.rs:60:17
[INFO] [stdout]   34:     0x634f2de9f3a6 - core::ops::function::FnOnce::call_once::he9ed49096161dd6b
[INFO] [stdout]                                at /rustc/df4ca44d3fbc9301ee17f30f4d474e6ae4b05252/library/core/src/ops/function.rs:250:5
[INFO] [stdout]   35:     0x634f2dedf4db - core::ops::function::FnOnce::call_once::h22c3ba5715e93f05
[INFO] [stdout]                                at /rustc/df4ca44d3fbc9301ee17f30f4d474e6ae4b05252/library/core/src/ops/function.rs:250:5
[INFO] [stdout]   36:     0x634f2dedf4db - test::__rust_begin_short_backtrace::h8e82d8113d0da17f
[INFO] [stdout]                                at /rustc/df4ca44d3fbc9301ee17f30f4d474e6ae4b05252/library/test/src/lib.rs:621:18
[INFO] [stdout]   37:     0x634f2dedee57 - test::run_test_in_process::{{closure}}::h33235f4f20b7b7c7
[INFO] [stdout]                                at /rustc/df4ca44d3fbc9301ee17f30f4d474e6ae4b05252/library/test/src/lib.rs:644:60
[INFO] [stdout]   38:     0x634f2dedee57 - <core::panic::unwind_safe::AssertUnwindSafe<F> as core::ops::function::FnOnce<()>>::call_once::hb5043206310c586f
[INFO] [stdout]                                at /rustc/df4ca44d3fbc9301ee17f30f4d474e6ae4b05252/library/core/src/panic/unwind_safe.rs:272:9
[INFO] [stdout]   39:     0x634f2dedee57 - std::panicking::try::do_call::h9ad4731a60ab23e2
[INFO] [stdout]                                at /rustc/df4ca44d3fbc9301ee17f30f4d474e6ae4b05252/library/std/src/panicking.rs:557:40
[INFO] [stdout]   40:     0x634f2dedee57 - std::panicking::try::h3824d23db772a716
[INFO] [stdout]                                at /rustc/df4ca44d3fbc9301ee17f30f4d474e6ae4b05252/library/std/src/panicking.rs:520:19
[INFO] [stderr] error: test failed, to rerun pass `--test authentication`
[INFO] [stdout]   41:     0x634f2dedee57 - std::panic::catch_unwind::h5afd514605fde46b
[INFO] [stdout]                                at /rustc/df4ca44d3fbc9301ee17f30f4d474e6ae4b05252/library/std/src/panic.rs:358:14
[INFO] [stdout]   42:     0x634f2dedee57 - test::run_test_in_process::h0d5cbfa7067d1720
[INFO] [stdout]                                at /rustc/df4ca44d3fbc9301ee17f30f4d474e6ae4b05252/library/test/src/lib.rs:644:27
[INFO] [stdout]   43:     0x634f2dedee57 - test::run_test::{{closure}}::h708eb8872708115d
[INFO] [stdout]                                at /rustc/df4ca44d3fbc9301ee17f30f4d474e6ae4b05252/library/test/src/lib.rs:565:43
[INFO] [stdout]   44:     0x634f2dea2574 - test::run_test::{{closure}}::h392c51cee94713ab
[INFO] [stdout]                                at /rustc/df4ca44d3fbc9301ee17f30f4d474e6ae4b05252/library/test/src/lib.rs:595:41
[INFO] [stdout]   45:     0x634f2dea2574 - std::sys::backtrace::__rust_begin_short_backtrace::h2f40290710935a8b
[INFO] [stdout]                                at /rustc/df4ca44d3fbc9301ee17f30f4d474e6ae4b05252/library/std/src/sys/backtrace.rs:154:18
[INFO] [stdout]   46:     0x634f2dea5d1e - std::thread::Builder::spawn_unchecked_::{{closure}}::{{closure}}::h3fd968d89053a903
[INFO] [stdout]                                at /rustc/df4ca44d3fbc9301ee17f30f4d474e6ae4b05252/library/std/src/thread/mod.rs:541:17
[INFO] [stdout]   47:     0x634f2dea5d1e - <core::panic::unwind_safe::AssertUnwindSafe<F> as core::ops::function::FnOnce<()>>::call_once::h743f637ba4229880
[INFO] [stdout]                                at /rustc/df4ca44d3fbc9301ee17f30f4d474e6ae4b05252/library/core/src/panic/unwind_safe.rs:272:9
[INFO] [stdout]   48:     0x634f2dea5d1e - std::panicking::try::do_call::h07440897322525a6
[INFO] [stdout]                                at /rustc/df4ca44d3fbc9301ee17f30f4d474e6ae4b05252/library/std/src/panicking.rs:557:40
[INFO] [stdout]   49:     0x634f2dea5d1e - std::panicking::try::he5a2e00188156637
[INFO] [stdout]                                at /rustc/df4ca44d3fbc9301ee17f30f4d474e6ae4b05252/library/std/src/panicking.rs:520:19
[INFO] [stdout]   50:     0x634f2dea5d1e - std::panic::catch_unwind::hbaf3cae49b3c6433
[INFO] [stdout]                                at /rustc/df4ca44d3fbc9301ee17f30f4d474e6ae4b05252/library/std/src/panic.rs:358:14
[INFO] [stdout]   51:     0x634f2dea5d1e - std::thread::Builder::spawn_unchecked_::{{closure}}::h8e141ea224820bce
[INFO] [stdout]                                at /rustc/df4ca44d3fbc9301ee17f30f4d474e6ae4b05252/library/std/src/thread/mod.rs:540:30
[INFO] [stdout]   52:     0x634f2dea5d1e - core::ops::function::FnOnce::call_once{{vtable.shim}}::h90d312fedd7b8ea8
[INFO] [stdout]                                at /rustc/df4ca44d3fbc9301ee17f30f4d474e6ae4b05252/library/core/src/ops/function.rs:250:5
[INFO] [stdout]   53:     0x634f2e3ed58b - <alloc::boxed::Box<F,A> as core::ops::function::FnOnce<Args>>::call_once::h69aa08ddb6adb8b6
[INFO] [stdout]                                at /rustc/df4ca44d3fbc9301ee17f30f4d474e6ae4b05252/library/alloc/src/boxed.rs:2454:9
[INFO] [stdout]   54:     0x634f2e3ed58b - <alloc::boxed::Box<F,A> as core::ops::function::FnOnce<Args>>::call_once::h5aa36efdb79c806f
[INFO] [stdout]                                at /rustc/df4ca44d3fbc9301ee17f30f4d474e6ae4b05252/library/alloc/src/boxed.rs:2454:9
[INFO] [stdout]   55:     0x634f2e3ed58b - std::sys::pal::unix::thread::Thread::new::thread_start::h6cd80a1b4be5158d
[INFO] [stdout]                                at /rustc/df4ca44d3fbc9301ee17f30f4d474e6ae4b05252/library/std/src/sys/pal/unix/thread.rs:105:17
[INFO] [stdout]   56:     0x7b6b26d49ac3 - <unknown>
[INFO] [stdout]   57:     0x7b6b26ddaa04 - clone
[INFO] [stdout]   58:                0x0 - <unknown>
[INFO] [stdout] 
[INFO] [stdout] ---- test_get_token stdout ----
[INFO] [stdout] thread 'test_get_token' panicked at src/authentication.rs:215:61:
[INFO] [stdout] called `Result::unwrap()` on an `Err` value: reqwest::Error { kind: Request, url: Url { scheme: "https", cannot_be_a_base: false, username: "", password: None, host: Some(Domain("api-staging.mirrorworld.fun")), port: None, path: "/v1/wallet/tokens", query: None, fragment: None }, source: hyper::Error(Connect, ConnectError("dns error", Custom { kind: Uncategorized, error: "failed to lookup address information: Temporary failure in name resolution" })) }
[INFO] [stdout] stack backtrace:
[INFO] [stdout]    0:     0x634f2e3e769a - std::backtrace_rs::backtrace::libunwind::trace::h207520d6e9873551
[INFO] [stdout]                                at /rustc/df4ca44d3fbc9301ee17f30f4d474e6ae4b05252/library/std/src/../../backtrace/src/backtrace/libunwind.rs:116:5
[INFO] [stdout]    1:     0x634f2e3e769a - std::backtrace_rs::backtrace::trace_unsynchronized::h2ed7433f370e3eca
[INFO] [stdout]                                at /rustc/df4ca44d3fbc9301ee17f30f4d474e6ae4b05252/library/std/src/../../backtrace/src/backtrace/mod.rs:66:5
[INFO] [stdout]    2:     0x634f2e3e769a - std::sys::backtrace::_print_fmt::h916fac51166b18d7
[INFO] [stdout]                                at /rustc/df4ca44d3fbc9301ee17f30f4d474e6ae4b05252/library/std/src/sys/backtrace.rs:66:9
[INFO] [stdout]    3:     0x634f2e3e769a - <std::sys::backtrace::BacktraceLock::print::DisplayBacktrace as core::fmt::Display>::fmt::ha0a4c9b8ce3802e6
[INFO] [stdout]                                at /rustc/df4ca44d3fbc9301ee17f30f4d474e6ae4b05252/library/std/src/sys/backtrace.rs:39:26
[INFO] [stdout]    4:     0x634f2e411113 - core::fmt::rt::Argument::fmt::h4cfc8587d52b3eb5
[INFO] [stdout]                                at /rustc/df4ca44d3fbc9301ee17f30f4d474e6ae4b05252/library/core/src/fmt/rt.rs:177:76
[INFO] [stdout]    5:     0x634f2e411113 - core::fmt::write::h522cc39e5b36ae9f
[INFO] [stdout]                                at /rustc/df4ca44d3fbc9301ee17f30f4d474e6ae4b05252/library/core/src/fmt/mod.rs:1190:21
[INFO] [stdout]    6:     0x634f2e3e3623 - std::io::Write::write_fmt::h7d3c26752da97734
[INFO] [stdout]                                at /rustc/df4ca44d3fbc9301ee17f30f4d474e6ae4b05252/library/std/src/io/mod.rs:1839:15
[INFO] [stdout]    7:     0x634f2e3e74e2 - std::sys::backtrace::BacktraceLock::print::h4b9e00b29e9c0942
[INFO] [stdout]                                at /rustc/df4ca44d3fbc9301ee17f30f4d474e6ae4b05252/library/std/src/sys/backtrace.rs:42:9
[INFO] [stdout]    8:     0x634f2e3e8b2a - std::panicking::default_hook::{{closure}}::hb59b88280d0324d9
[INFO] [stdout]                                at /rustc/df4ca44d3fbc9301ee17f30f4d474e6ae4b05252/library/std/src/panicking.rs:268:22
[INFO] [stdout]    9:     0x634f2e3e8934 - std::panicking::default_hook::he1dd496665be4a29
[INFO] [stdout]                                at /rustc/df4ca44d3fbc9301ee17f30f4d474e6ae4b05252/library/std/src/panicking.rs:292:9
[INFO] [stdout]   10:     0x634f2dedac09 - <alloc::boxed::Box<F,A> as core::ops::function::Fn<Args>>::call::h4ff71de18744e1dc
[INFO] [stdout]                                at /rustc/df4ca44d3fbc9301ee17f30f4d474e6ae4b05252/library/alloc/src/boxed.rs:2468:9
[INFO] [stdout]   11:     0x634f2dedac09 - test::test_main::{{closure}}::hcf7c055ce117aa81
[INFO] [stdout]                                at /rustc/df4ca44d3fbc9301ee17f30f4d474e6ae4b05252/library/test/src/lib.rs:133:21
[INFO] [stdout]   12:     0x634f2e3e9228 - <alloc::boxed::Box<F,A> as core::ops::function::Fn<Args>>::call::h1d66c6bbd60c9692
[INFO] [stdout]                                at /rustc/df4ca44d3fbc9301ee17f30f4d474e6ae4b05252/library/alloc/src/boxed.rs:2468:9
[INFO] [stdout]   13:     0x634f2e3e9228 - std::panicking::rust_panic_with_hook::h2ff17fe8f26dfcf8
[INFO] [stdout]                                at /rustc/df4ca44d3fbc9301ee17f30f4d474e6ae4b05252/library/std/src/panicking.rs:809:13
[INFO] [stdout]   14:     0x634f2e3e8fea - std::panicking::begin_panic_handler::{{closure}}::h4fad77951c07e101
[INFO] [stdout]                                at /rustc/df4ca44d3fbc9301ee17f30f4d474e6ae4b05252/library/std/src/panicking.rs:674:13
[INFO] [stdout]   15:     0x634f2e3e7b79 - std::sys::backtrace::__rust_end_short_backtrace::hb1a25b3da5d0ea08
[INFO] [stdout]                                at /rustc/df4ca44d3fbc9301ee17f30f4d474e6ae4b05252/library/std/src/sys/backtrace.rs:170:18
[INFO] [stdout]   16:     0x634f2e3e8c7c - rust_begin_unwind
[INFO] [stdout]                                at /rustc/df4ca44d3fbc9301ee17f30f4d474e6ae4b05252/library/std/src/panicking.rs:665:5
[INFO] [stdout]   17:     0x634f2e40f610 - core::panicking::panic_fmt::ha9db07b529f9b256
[INFO] [stdout]                                at /rustc/df4ca44d3fbc9301ee17f30f4d474e6ae4b05252/library/core/src/panicking.rs:75:14
[INFO] [stdout]   18:     0x634f2e40faf6 - core::result::unwrap_failed::h5e8218e4d4338b8a
[INFO] [stdout]                                at /rustc/df4ca44d3fbc9301ee17f30f4d474e6ae4b05252/library/core/src/result.rs:1698:5
[INFO] [stdout]   19:     0x634f2defedcc - core::result::Result<T,E>::unwrap::h74204bac19cedcf9
[INFO] [stdout]                                at /rustc/df4ca44d3fbc9301ee17f30f4d474e6ae4b05252/library/core/src/result.rs:1103:23
[INFO] [stdout]   20:     0x634f2defedcc - mirrorworld_sdk_rust::authentication::get_tokens::{{closure}}::h67ea70b288eda75b
[INFO] [stdout]                                at /opt/rustwide/workdir/src/authentication.rs:215:15
[INFO] [stdout]   21:     0x634f2dfc112f - tokio::runtime::park::CachedParkThread::block_on::{{closure}}::h6a8f925717d1c274
[INFO] [stdout]                                at /opt/rustwide/cargo-home/registry/src/index.crates.io-6f17d22bba15001f/tokio-1.41.0/src/runtime/park.rs:281:63
[INFO] [stdout]   22:     0x634f2dfbd257 - tokio::runtime::coop::with_budget::h36ce7074a97673d2
[INFO] [stdout]                                at /opt/rustwide/cargo-home/registry/src/index.crates.io-6f17d22bba15001f/tokio-1.41.0/src/runtime/coop.rs:107:5
[INFO] [stdout]   23:     0x634f2dfbd257 - tokio::runtime::coop::budget::hff8b96d34a603176
[INFO] [stdout]                                at /opt/rustwide/cargo-home/registry/src/index.crates.io-6f17d22bba15001f/tokio-1.41.0/src/runtime/coop.rs:73:5
[INFO] [stdout]   24:     0x634f2dfbd257 - tokio::runtime::park::CachedParkThread::block_on::h78e5d4fbe2922fc3
[INFO] [stdout]                                at /opt/rustwide/cargo-home/registry/src/index.crates.io-6f17d22bba15001f/tokio-1.41.0/src/runtime/park.rs:281:31
[INFO] [stdout]   25:     0x634f2df9d3a6 - tokio::runtime::context::blocking::BlockingRegionGuard::block_on::hdf62a88908f2382d
[INFO] [stdout]                                at /opt/rustwide/cargo-home/registry/src/index.crates.io-6f17d22bba15001f/tokio-1.41.0/src/runtime/context/blocking.rs:66:9
[INFO] [stdout]   26:     0x634f2dfa7608 - tokio::runtime::scheduler::multi_thread::MultiThread::block_on::{{closure}}::hb9e4c7c3c5304959
[INFO] [stdout]                                at /opt/rustwide/cargo-home/registry/src/index.crates.io-6f17d22bba15001f/tokio-1.41.0/src/runtime/scheduler/multi_thread/mod.rs:87:13
[INFO] [stdout]   27:     0x634f2df69701 - tokio::runtime::context::runtime::enter_runtime::h06b5d3aac332efcf
[INFO] [stdout]                                at /opt/rustwide/cargo-home/registry/src/index.crates.io-6f17d22bba15001f/tokio-1.41.0/src/runtime/context/runtime.rs:65:16
[INFO] [stdout]   28:     0x634f2dfa70e1 - tokio::runtime::scheduler::multi_thread::MultiThread::block_on::hceeeb0f844c44ce2
[INFO] [stdout]                                at /opt/rustwide/cargo-home/registry/src/index.crates.io-6f17d22bba15001f/tokio-1.41.0/src/runtime/scheduler/multi_thread/mod.rs:86:9
[INFO] [stdout]   29:     0x634f2df9d86f - tokio::runtime::runtime::Runtime::block_on_inner::h16ee21784423d4f9
[INFO] [stdout]                                at /opt/rustwide/cargo-home/registry/src/index.crates.io-6f17d22bba15001f/tokio-1.41.0/src/runtime/runtime.rs:370:45
[INFO] [stdout]   30:     0x634f2df9f179 - tokio::runtime::runtime::Runtime::block_on::h53c1d6eb9906c034
[INFO] [stdout]                                at /opt/rustwide/cargo-home/registry/src/index.crates.io-6f17d22bba15001f/tokio-1.41.0/src/runtime/runtime.rs:342:13
[INFO] [stdout]   31:     0x634f2defe304 - mirrorworld_sdk_rust::authentication::get_tokens::h476012b9e4772de2
[INFO] [stdout]                                at /opt/rustwide/workdir/src/authentication.rs:218:5
[INFO] [stdout]   32:     0x634f2dea04ae - authentication::test_get_token::h1f9757e24a547e3f
[INFO] [stdout]                                at /opt/rustwide/workdir/tests/authentication.rs:106:18
[INFO] [stdout]   33:     0x634f2dea0457 - authentication::test_get_token::{{closure}}::h6ed2a589cffe2547
[INFO] [stdout]                                at /opt/rustwide/workdir/tests/authentication.rs:101:20
[INFO] [stdout]   34:     0x634f2de9f2e6 - core::ops::function::FnOnce::call_once::h94fff4ab2702f83a
[INFO] [stdout]                                at /rustc/df4ca44d3fbc9301ee17f30f4d474e6ae4b05252/library/core/src/ops/function.rs:250:5
[INFO] [stdout]   35:     0x634f2dedf4db - core::ops::function::FnOnce::call_once::h22c3ba5715e93f05
[INFO] [stdout]                                at /rustc/df4ca44d3fbc9301ee17f30f4d474e6ae4b05252/library/core/src/ops/function.rs:250:5
[INFO] [stdout]   36:     0x634f2dedf4db - test::__rust_begin_short_backtrace::h8e82d8113d0da17f
[INFO] [stdout]                                at /rustc/df4ca44d3fbc9301ee17f30f4d474e6ae4b05252/library/test/src/lib.rs:621:18
[INFO] [stdout]   37:     0x634f2dedee57 - test::run_test_in_process::{{closure}}::h33235f4f20b7b7c7
[INFO] [stdout]                                at /rustc/df4ca44d3fbc9301ee17f30f4d474e6ae4b05252/library/test/src/lib.rs:644:60
[INFO] [stdout]   38:     0x634f2dedee57 - <core::panic::unwind_safe::AssertUnwindSafe<F> as core::ops::function::FnOnce<()>>::call_once::hb5043206310c586f
[INFO] [stdout]                                at /rustc/df4ca44d3fbc9301ee17f30f4d474e6ae4b05252/library/core/src/panic/unwind_safe.rs:272:9
[INFO] [stdout]   39:     0x634f2dedee57 - std::panicking::try::do_call::h9ad4731a60ab23e2
[INFO] [stdout]                                at /rustc/df4ca44d3fbc9301ee17f30f4d474e6ae4b05252/library/std/src/panicking.rs:557:40
[INFO] [stdout]   40:     0x634f2dedee57 - std::panicking::try::h3824d23db772a716
[INFO] [stdout]                                at /rustc/df4ca44d3fbc9301ee17f30f4d474e6ae4b05252/library/std/src/panicking.rs:520:19
[INFO] [stdout]   41:     0x634f2dedee57 - std::panic::catch_unwind::h5afd514605fde46b
[INFO] [stdout]                                at /rustc/df4ca44d3fbc9301ee17f30f4d474e6ae4b05252/library/std/src/panic.rs:358:14
[INFO] [stdout]   42:     0x634f2dedee57 - test::run_test_in_process::h0d5cbfa7067d1720
[INFO] [stdout]                                at /rustc/df4ca44d3fbc9301ee17f30f4d474e6ae4b05252/library/test/src/lib.rs:644:27
[INFO] [stdout]   43:     0x634f2dedee57 - test::run_test::{{closure}}::h708eb8872708115d
[INFO] [stdout]                                at /rustc/df4ca44d3fbc9301ee17f30f4d474e6ae4b05252/library/test/src/lib.rs:565:43
[INFO] [stdout]   44:     0x634f2dea2574 - test::run_test::{{closure}}::h392c51cee94713ab
[INFO] [stdout]                                at /rustc/df4ca44d3fbc9301ee17f30f4d474e6ae4b05252/library/test/src/lib.rs:595:41
[INFO] [stdout]   45:     0x634f2dea2574 - std::sys::backtrace::__rust_begin_short_backtrace::h2f40290710935a8b
[INFO] [stdout]                                at /rustc/df4ca44d3fbc9301ee17f30f4d474e6ae4b05252/library/std/src/sys/backtrace.rs:154:18
[INFO] [stdout]   46:     0x634f2dea5d1e - std::thread::Builder::spawn_unchecked_::{{closure}}::{{closure}}::h3fd968d89053a903
[INFO] [stdout]                                at /rustc/df4ca44d3fbc9301ee17f30f4d474e6ae4b05252/library/std/src/thread/mod.rs:541:17
[INFO] [stdout]   47:     0x634f2dea5d1e - <core::panic::unwind_safe::AssertUnwindSafe<F> as core::ops::function::FnOnce<()>>::call_once::h743f637ba4229880
[INFO] [stdout]                                at /rustc/df4ca44d3fbc9301ee17f30f4d474e6ae4b05252/library/core/src/panic/unwind_safe.rs:272:9
[INFO] [stdout]   48:     0x634f2dea5d1e - std::panicking::try::do_call::h07440897322525a6
[INFO] [stdout]                                at /rustc/df4ca44d3fbc9301ee17f30f4d474e6ae4b05252/library/std/src/panicking.rs:557:40
[INFO] [stdout]   49:     0x634f2dea5d1e - std::panicking::try::he5a2e00188156637
[INFO] [stdout]                                at /rustc/df4ca44d3fbc9301ee17f30f4d474e6ae4b05252/library/std/src/panicking.rs:520:19
[INFO] [stdout]   50:     0x634f2dea5d1e - std::panic::catch_unwind::hbaf3cae49b3c6433
[INFO] [stdout]                                at /rustc/df4ca44d3fbc9301ee17f30f4d474e6ae4b05252/library/std/src/panic.rs:358:14
[INFO] [stdout]   51:     0x634f2dea5d1e - std::thread::Builder::spawn_unchecked_::{{closure}}::h8e141ea224820bce
[INFO] [stdout]                                at /rustc/df4ca44d3fbc9301ee17f30f4d474e6ae4b05252/library/std/src/thread/mod.rs:540:30
[INFO] [stdout]   52:     0x634f2dea5d1e - core::ops::function::FnOnce::call_once{{vtable.shim}}::h90d312fedd7b8ea8
[INFO] [stdout]                                at /rustc/df4ca44d3fbc9301ee17f30f4d474e6ae4b05252/library/core/src/ops/function.rs:250:5
[INFO] [stdout]   53:     0x634f2e3ed58b - <alloc::boxed::Box<F,A> as core::ops::function::FnOnce<Args>>::call_once::h69aa08ddb6adb8b6
[INFO] [stdout]                                at /rustc/df4ca44d3fbc9301ee17f30f4d474e6ae4b05252/library/alloc/src/boxed.rs:2454:9
[INFO] [stdout]   54:     0x634f2e3ed58b - <alloc::boxed::Box<F,A> as core::ops::function::FnOnce<Args>>::call_once::h5aa36efdb79c806f
[INFO] [stdout]                                at /rustc/df4ca44d3fbc9301ee17f30f4d474e6ae4b05252/library/alloc/src/boxed.rs:2454:9
[INFO] [stdout]   55:     0x634f2e3ed58b - std::sys::pal::unix::thread::Thread::new::thread_start::h6cd80a1b4be5158d
[INFO] [stdout]                                at /rustc/df4ca44d3fbc9301ee17f30f4d474e6ae4b05252/library/std/src/sys/pal/unix/thread.rs:105:17
[INFO] [stdout]   56:     0x7b6b26d49ac3 - <unknown>
[INFO] [stdout]   57:     0x7b6b26ddaa04 - clone
[INFO] [stdout]   58:                0x0 - <unknown>
[INFO] [stdout] 
[INFO] [stdout] ---- test_get_nft_details stdout ----
[INFO] [stdout] thread 'test_get_nft_details' panicked at src/authentication.rs:791:61:
[INFO] [stdout] called `Result::unwrap()` on an `Err` value: reqwest::Error { kind: Request, url: Url { scheme: "https", cannot_be_a_base: false, username: "", password: None, host: Some(Domain("api-staging.mirrorworld.fun")), port: None, path: "/v1/solana/nft/G1iei3BWgRZsSB3RhrsDwGGjyAjrMzJyFZZZn1t23ymx", query: None, fragment: None }, source: hyper::Error(Connect, ConnectError("dns error", Custom { kind: Uncategorized, error: "failed to lookup address information: Temporary failure in name resolution" })) }
[INFO] [stdout] stack backtrace:
[INFO] [stdout]    0:     0x634f2e3e769a - std::backtrace_rs::backtrace::libunwind::trace::h207520d6e9873551
[INFO] [stdout]                                at /rustc/df4ca44d3fbc9301ee17f30f4d474e6ae4b05252/library/std/src/../../backtrace/src/backtrace/libunwind.rs:116:5
[INFO] [stdout]    1:     0x634f2e3e769a - std::backtrace_rs::backtrace::trace_unsynchronized::h2ed7433f370e3eca
[INFO] [stdout]                                at /rustc/df4ca44d3fbc9301ee17f30f4d474e6ae4b05252/library/std/src/../../backtrace/src/backtrace/mod.rs:66:5
[INFO] [stdout]    2:     0x634f2e3e769a - std::sys::backtrace::_print_fmt::h916fac51166b18d7
[INFO] [stdout]                                at /rustc/df4ca44d3fbc9301ee17f30f4d474e6ae4b05252/library/std/src/sys/backtrace.rs:66:9
[INFO] [stdout]    3:     0x634f2e3e769a - <std::sys::backtrace::BacktraceLock::print::DisplayBacktrace as core::fmt::Display>::fmt::ha0a4c9b8ce3802e6
[INFO] [stdout]                                at /rustc/df4ca44d3fbc9301ee17f30f4d474e6ae4b05252/library/std/src/sys/backtrace.rs:39:26
[INFO] [stdout]    4:     0x634f2e411113 - core::fmt::rt::Argument::fmt::h4cfc8587d52b3eb5
[INFO] [stdout]                                at /rustc/df4ca44d3fbc9301ee17f30f4d474e6ae4b05252/library/core/src/fmt/rt.rs:177:76
[INFO] [stdout]    5:     0x634f2e411113 - core::fmt::write::h522cc39e5b36ae9f
[INFO] [stdout]                                at /rustc/df4ca44d3fbc9301ee17f30f4d474e6ae4b05252/library/core/src/fmt/mod.rs:1190:21
[INFO] [stdout]    6:     0x634f2e3e3623 - std::io::Write::write_fmt::h7d3c26752da97734
[INFO] [stdout]                                at /rustc/df4ca44d3fbc9301ee17f30f4d474e6ae4b05252/library/std/src/io/mod.rs:1839:15
[INFO] [stdout]    7:     0x634f2e3e74e2 - std::sys::backtrace::BacktraceLock::print::h4b9e00b29e9c0942
[INFO] [stdout]                                at /rustc/df4ca44d3fbc9301ee17f30f4d474e6ae4b05252/library/std/src/sys/backtrace.rs:42:9
[INFO] [stdout]    8:     0x634f2e3e8b2a - std::panicking::default_hook::{{closure}}::hb59b88280d0324d9
[INFO] [stdout]                                at /rustc/df4ca44d3fbc9301ee17f30f4d474e6ae4b05252/library/std/src/panicking.rs:268:22
[INFO] [stdout]    9:     0x634f2e3e8934 - std::panicking::default_hook::he1dd496665be4a29
[INFO] [stdout]                                at /rustc/df4ca44d3fbc9301ee17f30f4d474e6ae4b05252/library/std/src/panicking.rs:292:9
[INFO] [stdout]   10:     0x634f2dedac09 - <alloc::boxed::Box<F,A> as core::ops::function::Fn<Args>>::call::h4ff71de18744e1dc
[INFO] [stdout]                                at /rustc/df4ca44d3fbc9301ee17f30f4d474e6ae4b05252/library/alloc/src/boxed.rs:2468:9
[INFO] [stdout]   11:     0x634f2dedac09 - test::test_main::{{closure}}::hcf7c055ce117aa81
[INFO] [stdout]                                at /rustc/df4ca44d3fbc9301ee17f30f4d474e6ae4b05252/library/test/src/lib.rs:133:21
[INFO] [stdout]   12:     0x634f2e3e9228 - <alloc::boxed::Box<F,A> as core::ops::function::Fn<Args>>::call::h1d66c6bbd60c9692
[INFO] [stdout]                                at /rustc/df4ca44d3fbc9301ee17f30f4d474e6ae4b05252/library/alloc/src/boxed.rs:2468:9
[INFO] [stdout]   13:     0x634f2e3e9228 - std::panicking::rust_panic_with_hook::h2ff17fe8f26dfcf8
[INFO] [stdout]                                at /rustc/df4ca44d3fbc9301ee17f30f4d474e6ae4b05252/library/std/src/panicking.rs:809:13
[INFO] [stdout]   14:     0x634f2e3e8fea - std::panicking::begin_panic_handler::{{closure}}::h4fad77951c07e101
[INFO] [stdout]                                at /rustc/df4ca44d3fbc9301ee17f30f4d474e6ae4b05252/library/std/src/panicking.rs:674:13
[INFO] [stdout]   15:     0x634f2e3e7b79 - std::sys::backtrace::__rust_end_short_backtrace::hb1a25b3da5d0ea08
[INFO] [stdout]                                at /rustc/df4ca44d3fbc9301ee17f30f4d474e6ae4b05252/library/std/src/sys/backtrace.rs:170:18
[INFO] [stdout]   16:     0x634f2e3e8c7c - rust_begin_unwind
[INFO] [stdout]                                at /rustc/df4ca44d3fbc9301ee17f30f4d474e6ae4b05252/library/std/src/panicking.rs:665:5
[INFO] [stdout]   17:     0x634f2e40f610 - core::panicking::panic_fmt::ha9db07b529f9b256
[INFO] [stdout]                                at /rustc/df4ca44d3fbc9301ee17f30f4d474e6ae4b05252/library/core/src/panicking.rs:75:14
[INFO] [stdout]   18:     0x634f2e40faf6 - core::result::unwrap_failed::h5e8218e4d4338b8a
[INFO] [stdout]                                at /rustc/df4ca44d3fbc9301ee17f30f4d474e6ae4b05252/library/core/src/result.rs:1698:5
[INFO] [stdout]   19:     0x634f2df3351e - core::result::Result<T,E>::unwrap::h74204bac19cedcf9
[INFO] [stdout]                                at /rustc/df4ca44d3fbc9301ee17f30f4d474e6ae4b05252/library/core/src/result.rs:1103:23
[INFO] [stdout]   20:     0x634f2df3351e - mirrorworld_sdk_rust::authentication::get_nft_details::{{closure}}::h6eeefd0dda41a205
[INFO] [stdout]                                at /opt/rustwide/workdir/src/authentication.rs:791:15
[INFO] [stdout]   21:     0x634f2dfc0e0f - tokio::runtime::park::CachedParkThread::block_on::{{closure}}::h0dfef1c52fc7e172
[INFO] [stdout]                                at /opt/rustwide/cargo-home/registry/src/index.crates.io-6f17d22bba15001f/tokio-1.41.0/src/runtime/park.rs:281:63
[INFO] [stdout]   22:     0x634f2dfbdc82 - tokio::runtime::coop::with_budget::hc57468a166d53a54
[INFO] [stdout]                                at /opt/rustwide/cargo-home/registry/src/index.crates.io-6f17d22bba15001f/tokio-1.41.0/src/runtime/coop.rs:107:5
[INFO] [stdout]   23:     0x634f2dfbdc82 - tokio::runtime::coop::budget::h99566848da0bb747
[INFO] [stdout]                                at /opt/rustwide/cargo-home/registry/src/index.crates.io-6f17d22bba15001f/tokio-1.41.0/src/runtime/coop.rs:73:5
[INFO] [stdout]   24:     0x634f2dfbdc82 - tokio::runtime::park::CachedParkThread::block_on::h92d84153e555b78e
[INFO] [stdout]                                at /opt/rustwide/cargo-home/registry/src/index.crates.io-6f17d22bba15001f/tokio-1.41.0/src/runtime/park.rs:281:31
[INFO] [stdout]   25:     0x634f2df9c646 - tokio::runtime::context::blocking::BlockingRegionGuard::block_on::h1018cc074934013b
[INFO] [stdout]                                at /opt/rustwide/cargo-home/registry/src/index.crates.io-6f17d22bba15001f/tokio-1.41.0/src/runtime/context/blocking.rs:66:9
[INFO] [stdout]   26:     0x634f2dfa7778 - tokio::runtime::scheduler::multi_thread::MultiThread::block_on::{{closure}}::hdd190fcef9730712
[INFO] [stdout]                                at /opt/rustwide/cargo-home/registry/src/index.crates.io-6f17d22bba15001f/tokio-1.41.0/src/runtime/scheduler/multi_thread/mod.rs:87:13
[INFO] [stdout]   27:     0x634f2df69cc1 - tokio::runtime::context::runtime::enter_runtime::h10eda2d6981adf5f
[INFO] [stdout]                                at /opt/rustwide/cargo-home/registry/src/index.crates.io-6f17d22bba15001f/tokio-1.41.0/src/runtime/context/runtime.rs:65:16
[INFO] [stdout]   28:     0x634f2dfa6f41 - tokio::runtime::scheduler::multi_thread::MultiThread::block_on::h775579deaec3bb57
[INFO] [stdout]                                at /opt/rustwide/cargo-home/registry/src/index.crates.io-6f17d22bba15001f/tokio-1.41.0/src/runtime/scheduler/multi_thread/mod.rs:86:9
[INFO] [stdout]   29:     0x634f2df9e33f - tokio::runtime::runtime::Runtime::block_on_inner::h9f31727a2ba7cc1a
[INFO] [stdout]                                at /opt/rustwide/cargo-home/registry/src/index.crates.io-6f17d22bba15001f/tokio-1.41.0/src/runtime/runtime.rs:370:45
[INFO] [stdout]   30:     0x634f2df9eec9 - tokio::runtime::runtime::Runtime::block_on::h5385a64e562facd1
[INFO] [stdout]                                at /opt/rustwide/cargo-home/registry/src/index.crates.io-6f17d22bba15001f/tokio-1.41.0/src/runtime/runtime.rs:342:13
[INFO] [stdout]   31:     0x634f2df329f4 - mirrorworld_sdk_rust::authentication::get_nft_details::hb60b2f3edbf2dec1
[INFO] [stdout]                                at /opt/rustwide/workdir/src/authentication.rs:794:5
[INFO] [stdout]   32:     0x634f2dea0a4a - authentication::test_get_nft_details::h1eeb5d9367b255d6
[INFO] [stdout]                                at /opt/rustwide/workdir/tests/authentication.rs:146:18
[INFO] [stdout]   33:     0x634f2dea09e7 - authentication::test_get_nft_details::{{closure}}::h925f694483390786
[INFO] [stdout]                                at /opt/rustwide/workdir/tests/authentication.rs:141:26
[INFO] [stdout]   34:     0x634f2de9f326 - core::ops::function::FnOnce::call_once::h977ceae879d83967
[INFO] [stdout]                                at /rustc/df4ca44d3fbc9301ee17f30f4d474e6ae4b05252/library/core/src/ops/function.rs:250:5
[INFO] [stdout]   35:     0x634f2dedf4db - core::ops::function::FnOnce::call_once::h22c3ba5715e93f05
[INFO] [stdout]                                at /rustc/df4ca44d3fbc9301ee17f30f4d474e6ae4b05252/library/core/src/ops/function.rs:250:5
[INFO] [stdout]   36:     0x634f2dedf4db - test::__rust_begin_short_backtrace::h8e82d8113d0da17f
[INFO] [stdout]                                at /rustc/df4ca44d3fbc9301ee17f30f4d474e6ae4b05252/library/test/src/lib.rs:621:18
[INFO] [stdout]   37:     0x634f2dedee57 - test::run_test_in_process::{{closure}}::h33235f4f20b7b7c7
[INFO] [stdout]                                at /rustc/df4ca44d3fbc9301ee17f30f4d474e6ae4b05252/library/test/src/lib.rs:644:60
[INFO] [stdout]   38:     0x634f2dedee57 - <core::panic::unwind_safe::AssertUnwindSafe<F> as core::ops::function::FnOnce<()>>::call_once::hb5043206310c586f
[INFO] [stdout]                                at /rustc/df4ca44d3fbc9301ee17f30f4d474e6ae4b05252/library/core/src/panic/unwind_safe.rs:272:9
[INFO] [stdout]   39:     0x634f2dedee57 - std::panicking::try::do_call::h9ad4731a60ab23e2
[INFO] [stdout]                                at /rustc/df4ca44d3fbc9301ee17f30f4d474e6ae4b05252/library/std/src/panicking.rs:557:40
[INFO] [stdout]   40:     0x634f2dedee57 - std::panicking::try::h3824d23db772a716
[INFO] [stdout]                                at /rustc/df4ca44d3fbc9301ee17f30f4d474e6ae4b05252/library/std/src/panicking.rs:520:19
[INFO] [stdout]   41:     0x634f2dedee57 - std::panic::catch_unwind::h5afd514605fde46b
[INFO] [stdout]                                at /rustc/df4ca44d3fbc9301ee17f30f4d474e6ae4b05252/library/std/src/panic.rs:358:14
[INFO] [stdout]   42:     0x634f2dedee57 - test::run_test_in_process::h0d5cbfa7067d1720
[INFO] [stdout]                                at /rustc/df4ca44d3fbc9301ee17f30f4d474e6ae4b05252/library/test/src/lib.rs:644:27
[INFO] [stdout]   43:     0x634f2dedee57 - test::run_test::{{closure}}::h708eb8872708115d
[INFO] [stdout]                                at /rustc/df4ca44d3fbc9301ee17f30f4d474e6ae4b05252/library/test/src/lib.rs:565:43
[INFO] [stdout]   44:     0x634f2dea2574 - test::run_test::{{closure}}::h392c51cee94713ab
[INFO] [stdout]                                at /rustc/df4ca44d3fbc9301ee17f30f4d474e6ae4b05252/library/test/src/lib.rs:595:41
[INFO] [stdout]   45:     0x634f2dea2574 - std::sys::backtrace::__rust_begin_short_backtrace::h2f40290710935a8b
[INFO] [stdout]                                at /rustc/df4ca44d3fbc9301ee17f30f4d474e6ae4b05252/library/std/src/sys/backtrace.rs:154:18
[INFO] [stdout]   46:     0x634f2dea5d1e - std::thread::Builder::spawn_unchecked_::{{closure}}::{{closure}}::h3fd968d89053a903
[INFO] [stdout]                                at /rustc/df4ca44d3fbc9301ee17f30f4d474e6ae4b05252/library/std/src/thread/mod.rs:541:17
[INFO] [stdout]   47:     0x634f2dea5d1e - <core::panic::unwind_safe::AssertUnwindSafe<F> as core::ops::function::FnOnce<()>>::call_once::h743f637ba4229880
[INFO] [stdout]                                at /rustc/df4ca44d3fbc9301ee17f30f4d474e6ae4b05252/library/core/src/panic/unwind_safe.rs:272:9
[INFO] [stdout]   48:     0x634f2dea5d1e - std::panicking::try::do_call::h07440897322525a6
[INFO] [stdout]                                at /rustc/df4ca44d3fbc9301ee17f30f4d474e6ae4b05252/library/std/src/panicking.rs:557:40
[INFO] [stdout]   49:     0x634f2dea5d1e - std::panicking::try::he5a2e00188156637
[INFO] [stdout]                                at /rustc/df4ca44d3fbc9301ee17f30f4d474e6ae4b05252/library/std/src/panicking.rs:520:19
[INFO] [stdout]   50:     0x634f2dea5d1e - std::panic::catch_unwind::hbaf3cae49b3c6433
[INFO] [stdout]                                at /rustc/df4ca44d3fbc9301ee17f30f4d474e6ae4b05252/library/std/src/panic.rs:358:14
[INFO] [stdout]   51:     0x634f2dea5d1e - std::thread::Builder::spawn_unchecked_::{{closure}}::h8e141ea224820bce
[INFO] [stdout]                                at /rustc/df4ca44d3fbc9301ee17f30f4d474e6ae4b05252/library/std/src/thread/mod.rs:540:30
[INFO] [stdout]   52:     0x634f2dea5d1e - core::ops::function::FnOnce::call_once{{vtable.shim}}::h90d312fedd7b8ea8
[INFO] [stdout]                                at /rustc/df4ca44d3fbc9301ee17f30f4d474e6ae4b05252/library/core/src/ops/function.rs:250:5
[INFO] [stdout]   53:     0x634f2e3ed58b - <alloc::boxed::Box<F,A> as core::ops::function::FnOnce<Args>>::call_once::h69aa08ddb6adb8b6
[INFO] [stdout]                                at /rustc/df4ca44d3fbc9301ee17f30f4d474e6ae4b05252/library/alloc/src/boxed.rs:2454:9
[INFO] [stdout]   54:     0x634f2e3ed58b - <alloc::boxed::Box<F,A> as core::ops::function::FnOnce<Args>>::call_once::h5aa36efdb79c806f
[INFO] [stdout]                                at /rustc/df4ca44d3fbc9301ee17f30f4d474e6ae4b05252/library/alloc/src/boxed.rs:2454:9
[INFO] [stdout]   55:     0x634f2e3ed58b - std::sys::pal::unix::thread::Thread::new::thread_start::h6cd80a1b4be5158d
[INFO] [stdout]                                at /rustc/df4ca44d3fbc9301ee17f30f4d474e6ae4b05252/library/std/src/sys/pal/unix/thread.rs:105:17
[INFO] [stdout]   56:     0x7b6b26d49ac3 - <unknown>
[INFO] [stdout]   57:     0x7b6b26ddaa04 - clone
[INFO] [stdout]   58:                0x0 - <unknown>
[INFO] [stdout] 
[INFO] [stdout] ---- test_signup_email stdout ----
[INFO] [stdout] thread 'test_signup_email' panicked at src/authentication.rs:102:10:
[INFO] [stdout] called `Result::unwrap()` on an `Err` value: reqwest::Error { kind: Request, url: Url { scheme: "https", cannot_be_a_base: false, username: "", password: None, host: Some(Domain("api-staging.mirrorworld.fun")), port: None, path: "/v1/auth/signup", query: None, fragment: None }, source: hyper::Error(Connect, ConnectError("dns error", Custom { kind: Uncategorized, error: "failed to lookup address information: Temporary failure in name resolution" })) }
[INFO] [stdout] stack backtrace:
[INFO] [stdout]    0:     0x634f2e3e769a - std::backtrace_rs::backtrace::libunwind::trace::h207520d6e9873551
[INFO] [stdout]                                at /rustc/df4ca44d3fbc9301ee17f30f4d474e6ae4b05252/library/std/src/../../backtrace/src/backtrace/libunwind.rs:116:5
[INFO] [stdout]    1:     0x634f2e3e769a - std::backtrace_rs::backtrace::trace_unsynchronized::h2ed7433f370e3eca
[INFO] [stdout]                                at /rustc/df4ca44d3fbc9301ee17f30f4d474e6ae4b05252/library/std/src/../../backtrace/src/backtrace/mod.rs:66:5
[INFO] [stdout]    2:     0x634f2e3e769a - std::sys::backtrace::_print_fmt::h916fac51166b18d7
[INFO] [stdout]                                at /rustc/df4ca44d3fbc9301ee17f30f4d474e6ae4b05252/library/std/src/sys/backtrace.rs:66:9
[INFO] [stdout]    3:     0x634f2e3e769a - <std::sys::backtrace::BacktraceLock::print::DisplayBacktrace as core::fmt::Display>::fmt::ha0a4c9b8ce3802e6
[INFO] [stdout]                                at /rustc/df4ca44d3fbc9301ee17f30f4d474e6ae4b05252/library/std/src/sys/backtrace.rs:39:26
[INFO] [stdout]    4:     0x634f2e411113 - core::fmt::rt::Argument::fmt::h4cfc8587d52b3eb5
[INFO] [stdout]                                at /rustc/df4ca44d3fbc9301ee17f30f4d474e6ae4b05252/library/core/src/fmt/rt.rs:177:76
[INFO] [stdout]    5:     0x634f2e411113 - core::fmt::write::h522cc39e5b36ae9f
[INFO] [stdout]                                at /rustc/df4ca44d3fbc9301ee17f30f4d474e6ae4b05252/library/core/src/fmt/mod.rs:1190:21
[INFO] [stdout]    6:     0x634f2e3e3623 - std::io::Write::write_fmt::h7d3c26752da97734
[INFO] [stdout]                                at /rustc/df4ca44d3fbc9301ee17f30f4d474e6ae4b05252/library/std/src/io/mod.rs:1839:15
[INFO] [stdout]    7:     0x634f2e3e74e2 - std::sys::backtrace::BacktraceLock::print::h4b9e00b29e9c0942
[INFO] [stdout]                                at /rustc/df4ca44d3fbc9301ee17f30f4d474e6ae4b05252/library/std/src/sys/backtrace.rs:42:9
[INFO] [stdout]    8:     0x634f2e3e8b2a - std::panicking::default_hook::{{closure}}::hb59b88280d0324d9
[INFO] [stdout]                                at /rustc/df4ca44d3fbc9301ee17f30f4d474e6ae4b05252/library/std/src/panicking.rs:268:22
[INFO] [stdout]    9:     0x634f2e3e8934 - std::panicking::default_hook::he1dd496665be4a29
[INFO] [stdout]                                at /rustc/df4ca44d3fbc9301ee17f30f4d474e6ae4b05252/library/std/src/panicking.rs:292:9
[INFO] [stdout]   10:     0x634f2dedac09 - <alloc::boxed::Box<F,A> as core::ops::function::Fn<Args>>::call::h4ff71de18744e1dc
[INFO] [stdout]                                at /rustc/df4ca44d3fbc9301ee17f30f4d474e6ae4b05252/library/alloc/src/boxed.rs:2468:9
[INFO] [stdout]   11:     0x634f2dedac09 - test::test_main::{{closure}}::hcf7c055ce117aa81
[INFO] [stdout]                                at /rustc/df4ca44d3fbc9301ee17f30f4d474e6ae4b05252/library/test/src/lib.rs:133:21
[INFO] [stdout]   12:     0x634f2e3e9228 - <alloc::boxed::Box<F,A> as core::ops::function::Fn<Args>>::call::h1d66c6bbd60c9692
[INFO] [stdout]                                at /rustc/df4ca44d3fbc9301ee17f30f4d474e6ae4b05252/library/alloc/src/boxed.rs:2468:9
[INFO] [stdout]   13:     0x634f2e3e9228 - std::panicking::rust_panic_with_hook::h2ff17fe8f26dfcf8
[INFO] [stdout]                                at /rustc/df4ca44d3fbc9301ee17f30f4d474e6ae4b05252/library/std/src/panicking.rs:809:13
[INFO] [stdout]   14:     0x634f2e3e8fea - std::panicking::begin_panic_handler::{{closure}}::h4fad77951c07e101
[INFO] [stdout]                                at /rustc/df4ca44d3fbc9301ee17f30f4d474e6ae4b05252/library/std/src/panicking.rs:674:13
[INFO] [stdout]   15:     0x634f2e3e7b79 - std::sys::backtrace::__rust_end_short_backtrace::hb1a25b3da5d0ea08
[INFO] [stdout]                                at /rustc/df4ca44d3fbc9301ee17f30f4d474e6ae4b05252/library/std/src/sys/backtrace.rs:170:18
[INFO] [stdout]   16:     0x634f2e3e8c7c - rust_begin_unwind
[INFO] [stdout]                                at /rustc/df4ca44d3fbc9301ee17f30f4d474e6ae4b05252/library/std/src/panicking.rs:665:5
[INFO] [stdout]   17:     0x634f2e40f610 - core::panicking::panic_fmt::ha9db07b529f9b256
[INFO] [stdout]                                at /rustc/df4ca44d3fbc9301ee17f30f4d474e6ae4b05252/library/core/src/panicking.rs:75:14
[INFO] [stdout]   18:     0x634f2e40faf6 - core::result::unwrap_failed::h5e8218e4d4338b8a
[INFO] [stdout]                                at /rustc/df4ca44d3fbc9301ee17f30f4d474e6ae4b05252/library/core/src/result.rs:1698:5
[INFO] [stdout]   19:     0x634f2def6bb0 - core::result::Result<T,E>::unwrap::h74204bac19cedcf9
[INFO] [stdout]                                at /rustc/df4ca44d3fbc9301ee17f30f4d474e6ae4b05252/library/core/src/result.rs:1103:23
[INFO] [stdout]   20:     0x634f2def6bb0 - mirrorworld_sdk_rust::authentication::signup_email::{{closure}}::h7caf0a918bf5941b
[INFO] [stdout]                                at /opt/rustwide/workdir/src/authentication.rs:96:15
[INFO] [stdout]   21:     0x634f2dfc11cf - tokio::runtime::park::CachedParkThread::block_on::{{closure}}::h7b7936ef45ee2149
[INFO] [stdout]                                at /opt/rustwide/cargo-home/registry/src/index.crates.io-6f17d22bba15001f/tokio-1.41.0/src/runtime/park.rs:281:63
[INFO] [stdout]   22:     0x634f2dfbc032 - tokio::runtime::coop::with_budget::hd4734a4dacbac0e1
[INFO] [stdout]                                at /opt/rustwide/cargo-home/registry/src/index.crates.io-6f17d22bba15001f/tokio-1.41.0/src/runtime/coop.rs:107:5
[INFO] [stdout]   23:     0x634f2dfbc032 - tokio::runtime::coop::budget::h86eaaa777905a36c
[INFO] [stdout]                                at /opt/rustwide/cargo-home/registry/src/index.crates.io-6f17d22bba15001f/tokio-1.41.0/src/runtime/coop.rs:73:5
[INFO] [stdout]   24:     0x634f2dfbc032 - tokio::runtime::park::CachedParkThread::block_on::h655529aea17d3b51
[INFO] [stdout]                                at /opt/rustwide/cargo-home/registry/src/index.crates.io-6f17d22bba15001f/tokio-1.41.0/src/runtime/park.rs:281:31
[INFO] [stdout]   25:     0x634f2df9ca96 - tokio::runtime::context::blocking::BlockingRegionGuard::block_on::h6f860c9803a49adb
[INFO] [stdout]                                at /opt/rustwide/cargo-home/registry/src/index.crates.io-6f17d22bba15001f/tokio-1.41.0/src/runtime/context/blocking.rs:66:9
[INFO] [stdout]   26:     0x634f2dfa74a6 - tokio::runtime::scheduler::multi_thread::MultiThread::block_on::{{closure}}::h74b1e4e6173b67f1
[INFO] [stdout]                                at /opt/rustwide/cargo-home/registry/src/index.crates.io-6f17d22bba15001f/tokio-1.41.0/src/runtime/scheduler/multi_thread/mod.rs:87:13
[INFO] [stdout]   27:     0x634f2df6c181 - tokio::runtime::context::runtime::enter_runtime::hdb5966893484b4f9
[INFO] [stdout]                                at /opt/rustwide/cargo-home/registry/src/index.crates.io-6f17d22bba15001f/tokio-1.41.0/src/runtime/context/runtime.rs:65:16
[INFO] [stdout]   28:     0x634f2dfa6e81 - tokio::runtime::scheduler::multi_thread::MultiThread::block_on::h61b898c634cbbbbc
[INFO] [stdout]                                at /opt/rustwide/cargo-home/registry/src/index.crates.io-6f17d22bba15001f/tokio-1.41.0/src/runtime/scheduler/multi_thread/mod.rs:86:9
[INFO] [stdout]   29:     0x634f2df9e16f - tokio::runtime::runtime::Runtime::block_on_inner::h937db7c7af16b537
[INFO] [stdout]                                at /opt/rustwide/cargo-home/registry/src/index.crates.io-6f17d22bba15001f/tokio-1.41.0/src/runtime/runtime.rs:370:45
[INFO] [stdout]   30:     0x634f2df9f989 - tokio::runtime::runtime::Runtime::block_on::hcad1f5ae81b40416
[INFO] [stdout]                                at /opt/rustwide/cargo-home/registry/src/index.crates.io-6f17d22bba15001f/tokio-1.41.0/src/runtime/runtime.rs:342:13
[INFO] [stdout]   31:     0x634f2def6024 - mirrorworld_sdk_rust::authentication::signup_email::h9a217aaa8fa34e1d
[INFO] [stdout]                                at /opt/rustwide/workdir/src/authentication.rs:105:5
[INFO] [stdout]   32:     0x634f2de9fa0e - authentication::test_signup_email::haa2cf8054c3b02a1
[INFO] [stdout]                                at /opt/rustwide/workdir/tests/authentication.rs:44:15
[INFO] [stdout]   33:     0x634f2de9f9b7 - authentication::test_signup_email::{{closure}}::h5ab06079792a9370
[INFO] [stdout]                                at /opt/rustwide/workdir/tests/authentication.rs:42:23
[INFO] [stdout]   34:     0x634f2de9f2a6 - core::ops::function::FnOnce::call_once::h81c60a971d58ad9b
[INFO] [stdout]                                at /rustc/df4ca44d3fbc9301ee17f30f4d474e6ae4b05252/library/core/src/ops/function.rs:250:5
[INFO] [stdout]   35:     0x634f2dedf4db - core::ops::function::FnOnce::call_once::h22c3ba5715e93f05
[INFO] [stdout]                                at /rustc/df4ca44d3fbc9301ee17f30f4d474e6ae4b05252/library/core/src/ops/function.rs:250:5
[INFO] [stdout]   36:     0x634f2dedf4db - test::__rust_begin_short_backtrace::h8e82d8113d0da17f
[INFO] [stdout]                                at /rustc/df4ca44d3fbc9301ee17f30f4d474e6ae4b05252/library/test/src/lib.rs:621:18
[INFO] [stdout]   37:     0x634f2dedee57 - test::run_test_in_process::{{closure}}::h33235f4f20b7b7c7
[INFO] [stdout]                                at /rustc/df4ca44d3fbc9301ee17f30f4d474e6ae4b05252/library/test/src/lib.rs:644:60
[INFO] [stdout]   38:     0x634f2dedee57 - <core::panic::unwind_safe::AssertUnwindSafe<F> as core::ops::function::FnOnce<()>>::call_once::hb5043206310c586f
[INFO] [stdout]                                at /rustc/df4ca44d3fbc9301ee17f30f4d474e6ae4b05252/library/core/src/panic/unwind_safe.rs:272:9
[INFO] [stdout]   39:     0x634f2dedee57 - std::panicking::try::do_call::h9ad4731a60ab23e2
[INFO] [stdout]                                at /rustc/df4ca44d3fbc9301ee17f30f4d474e6ae4b05252/library/std/src/panicking.rs:557:40
[INFO] [stdout]   40:     0x634f2dedee57 - std::panicking::try::h3824d23db772a716
[INFO] [stdout]                                at /rustc/df4ca44d3fbc9301ee17f30f4d474e6ae4b05252/library/std/src/panicking.rs:520:19
[INFO] [stdout]   41:     0x634f2dedee57 - std::panic::catch_unwind::h5afd514605fde46b
[INFO] [stdout]                                at /rustc/df4ca44d3fbc9301ee17f30f4d474e6ae4b05252/library/std/src/panic.rs:358:14
[INFO] [stdout]   42:     0x634f2dedee57 - test::run_test_in_process::h0d5cbfa7067d1720
[INFO] [stdout]                                at /rustc/df4ca44d3fbc9301ee17f30f4d474e6ae4b05252/library/test/src/lib.rs:644:27
[INFO] [stdout]   43:     0x634f2dedee57 - test::run_test::{{closure}}::h708eb8872708115d
[INFO] [stdout]                                at /rustc/df4ca44d3fbc9301ee17f30f4d474e6ae4b05252/library/test/src/lib.rs:565:43
[INFO] [stdout]   44:     0x634f2dea2574 - test::run_test::{{closure}}::h392c51cee94713ab
[INFO] [stdout]                                at /rustc/df4ca44d3fbc9301ee17f30f4d474e6ae4b05252/library/test/src/lib.rs:595:41
[INFO] [stdout]   45:     0x634f2dea2574 - std::sys::backtrace::__rust_begin_short_backtrace::h2f40290710935a8b
[INFO] [stdout]                                at /rustc/df4ca44d3fbc9301ee17f30f4d474e6ae4b05252/library/std/src/sys/backtrace.rs:154:18
[INFO] [stdout]   46:     0x634f2dea5d1e - std::thread::Builder::spawn_unchecked_::{{closure}}::{{closure}}::h3fd968d89053a903
[INFO] [stdout]                                at /rustc/df4ca44d3fbc9301ee17f30f4d474e6ae4b05252/library/std/src/thread/mod.rs:541:17
[INFO] [stdout]   47:     0x634f2dea5d1e - <core::panic::unwind_safe::AssertUnwindSafe<F> as core::ops::function::FnOnce<()>>::call_once::h743f637ba4229880
[INFO] [stdout]                                at /rustc/df4ca44d3fbc9301ee17f30f4d474e6ae4b05252/library/core/src/panic/unwind_safe.rs:272:9
[INFO] [stdout]   48:     0x634f2dea5d1e - std::panicking::try::do_call::h07440897322525a6
[INFO] [stdout]                                at /rustc/df4ca44d3fbc9301ee17f30f4d474e6ae4b05252/library/std/src/panicking.rs:557:40
[INFO] [stdout]   49:     0x634f2dea5d1e - std::panicking::try::he5a2e00188156637
[INFO] [stdout]                                at /rustc/df4ca44d3fbc9301ee17f30f4d474e6ae4b05252/library/std/src/panicking.rs:520:19
[INFO] [stdout]   50:     0x634f2dea5d1e - std::panic::catch_unwind::hbaf3cae49b3c6433
[INFO] [stdout]                                at /rustc/df4ca44d3fbc9301ee17f30f4d474e6ae4b05252/library/std/src/panic.rs:358:14
[INFO] [stdout]   51:     0x634f2dea5d1e - std::thread::Builder::spawn_unchecked_::{{closure}}::h8e141ea224820bce
[INFO] [stdout]                                at /rustc/df4ca44d3fbc9301ee17f30f4d474e6ae4b05252/library/std/src/thread/mod.rs:540:30
[INFO] [stdout]   52:     0x634f2dea5d1e - core::ops::function::FnOnce::call_once{{vtable.shim}}::h90d312fedd7b8ea8
[INFO] [stdout]                                at /rustc/df4ca44d3fbc9301ee17f30f4d474e6ae4b05252/library/core/src/ops/function.rs:250:5
[INFO] [stdout]   53:     0x634f2e3ed58b - <alloc::boxed::Box<F,A> as core::ops::function::FnOnce<Args>>::call_once::h69aa08ddb6adb8b6
[INFO] [stdout]                                at /rustc/df4ca44d3fbc9301ee17f30f4d474e6ae4b05252/library/alloc/src/boxed.rs:2454:9
[INFO] [stdout]   54:     0x634f2e3ed58b - <alloc::boxed::Box<F,A> as core::ops::function::FnOnce<Args>>::call_once::h5aa36efdb79c806f
[INFO] [stdout]                                at /rustc/df4ca44d3fbc9301ee17f30f4d474e6ae4b05252/library/alloc/src/boxed.rs:2454:9
[INFO] [stdout]   55:     0x634f2e3ed58b - std::sys::pal::unix::thread::Thread::new::thread_start::h6cd80a1b4be5158d
[INFO] [stdout]                                at /rustc/df4ca44d3fbc9301ee17f30f4d474e6ae4b05252/library/std/src/sys/pal/unix/thread.rs:105:17
[INFO] [stdout]   56:     0x7b6b26d49ac3 - <unknown>
[INFO] [stdout]   57:     0x7b6b26ddaa04 - clone
[INFO] [stdout]   58:                0x0 - <unknown>
[INFO] [stdout] 
[INFO] [stdout] ---- test_fetch_user stdout ----
[INFO] [stdout] thread 'test_fetch_user' panicked at src/authentication.rs:190:61:
[INFO] [stdout] called `Result::unwrap()` on an `Err` value: reqwest::Error { kind: Request, url: Url { scheme: "https", cannot_be_a_base: false, username: "", password: None, host: Some(Domain("api-staging.mirrorworld.fun")), port: None, path: "/v1/auth/me", query: None, fragment: None }, source: hyper::Error(Connect, ConnectError("dns error", Custom { kind: Uncategorized, error: "failed to lookup address information: Temporary failure in name resolution" })) }
[INFO] [stdout] stack backtrace:
[INFO] [stdout]    0:     0x634f2e3e769a - std::backtrace_rs::backtrace::libunwind::trace::h207520d6e9873551
[INFO] [stdout]                                at /rustc/df4ca44d3fbc9301ee17f30f4d474e6ae4b05252/library/std/src/../../backtrace/src/backtrace/libunwind.rs:116:5
[INFO] [stdout]    1:     0x634f2e3e769a - std::backtrace_rs::backtrace::trace_unsynchronized::h2ed7433f370e3eca
[INFO] [stdout]                                at /rustc/df4ca44d3fbc9301ee17f30f4d474e6ae4b05252/library/std/src/../../backtrace/src/backtrace/mod.rs:66:5
[INFO] [stdout]    2:     0x634f2e3e769a - std::sys::backtrace::_print_fmt::h916fac51166b18d7
[INFO] [stdout]                                at /rustc/df4ca44d3fbc9301ee17f30f4d474e6ae4b05252/library/std/src/sys/backtrace.rs:66:9
[INFO] [stdout]    3:     0x634f2e3e769a - <std::sys::backtrace::BacktraceLock::print::DisplayBacktrace as core::fmt::Display>::fmt::ha0a4c9b8ce3802e6
[INFO] [stdout]                                at /rustc/df4ca44d3fbc9301ee17f30f4d474e6ae4b05252/library/std/src/sys/backtrace.rs:39:26
[INFO] [stdout]    4:     0x634f2e411113 - core::fmt::rt::Argument::fmt::h4cfc8587d52b3eb5
[INFO] [stdout]                                at /rustc/df4ca44d3fbc9301ee17f30f4d474e6ae4b05252/library/core/src/fmt/rt.rs:177:76
[INFO] [stdout]    5:     0x634f2e411113 - core::fmt::write::h522cc39e5b36ae9f
[INFO] [stdout]                                at /rustc/df4ca44d3fbc9301ee17f30f4d474e6ae4b05252/library/core/src/fmt/mod.rs:1190:21
[INFO] [stdout]    6:     0x634f2e3e3623 - std::io::Write::write_fmt::h7d3c26752da97734
[INFO] [stdout]                                at /rustc/df4ca44d3fbc9301ee17f30f4d474e6ae4b05252/library/std/src/io/mod.rs:1839:15
[INFO] [stdout]    7:     0x634f2e3e74e2 - std::sys::backtrace::BacktraceLock::print::h4b9e00b29e9c0942
[INFO] [stdout]                                at /rustc/df4ca44d3fbc9301ee17f30f4d474e6ae4b05252/library/std/src/sys/backtrace.rs:42:9
[INFO] [stdout]    8:     0x634f2e3e8b2a - std::panicking::default_hook::{{closure}}::hb59b88280d0324d9
[INFO] [stdout]                                at /rustc/df4ca44d3fbc9301ee17f30f4d474e6ae4b05252/library/std/src/panicking.rs:268:22
[INFO] [stdout]    9:     0x634f2e3e8934 - std::panicking::default_hook::he1dd496665be4a29
[INFO] [stdout]                                at /rustc/df4ca44d3fbc9301ee17f30f4d474e6ae4b05252/library/std/src/panicking.rs:292:9
[INFO] [stdout]   10:     0x634f2dedac09 - <alloc::boxed::Box<F,A> as core::ops::function::Fn<Args>>::call::h4ff71de18744e1dc
[INFO] [stdout]                                at /rustc/df4ca44d3fbc9301ee17f30f4d474e6ae4b05252/library/alloc/src/boxed.rs:2468:9
[INFO] [stdout]   11:     0x634f2dedac09 - test::test_main::{{closure}}::hcf7c055ce117aa81
[INFO] [stdout]                                at /rustc/df4ca44d3fbc9301ee17f30f4d474e6ae4b05252/library/test/src/lib.rs:133:21
[INFO] [stdout]   12:     0x634f2e3e9228 - <alloc::boxed::Box<F,A> as core::ops::function::Fn<Args>>::call::h1d66c6bbd60c9692
[INFO] [stdout]                                at /rustc/df4ca44d3fbc9301ee17f30f4d474e6ae4b05252/library/alloc/src/boxed.rs:2468:9
[INFO] [stdout]   13:     0x634f2e3e9228 - std::panicking::rust_panic_with_hook::h2ff17fe8f26dfcf8
[INFO] [stdout]                                at /rustc/df4ca44d3fbc9301ee17f30f4d474e6ae4b05252/library/std/src/panicking.rs:809:13
[INFO] [stdout]   14:     0x634f2e3e8fea - std::panicking::begin_panic_handler::{{closure}}::h4fad77951c07e101
[INFO] [stdout]                                at /rustc/df4ca44d3fbc9301ee17f30f4d474e6ae4b05252/library/std/src/panicking.rs:674:13
[INFO] [stdout]   15:     0x634f2e3e7b79 - std::sys::backtrace::__rust_end_short_backtrace::hb1a25b3da5d0ea08
[INFO] [stdout]                                at /rustc/df4ca44d3fbc9301ee17f30f4d474e6ae4b05252/library/std/src/sys/backtrace.rs:170:18
[INFO] [stdout]   16:     0x634f2e3e8c7c - rust_begin_unwind
[INFO] [stdout]                                at /rustc/df4ca44d3fbc9301ee17f30f4d474e6ae4b05252/library/std/src/panicking.rs:665:5
[INFO] [stdout]   17:     0x634f2e40f610 - core::panicking::panic_fmt::ha9db07b529f9b256
[INFO] [stdout]                                at /rustc/df4ca44d3fbc9301ee17f30f4d474e6ae4b05252/library/core/src/panicking.rs:75:14
[INFO] [stdout]   18:     0x634f2e40faf6 - core::result::unwrap_failed::h5e8218e4d4338b8a
[INFO] [stdout]                                at /rustc/df4ca44d3fbc9301ee17f30f4d474e6ae4b05252/library/core/src/result.rs:1698:5
[INFO] [stdout]   19:     0x634f2defc6ba - core::result::Result<T,E>::unwrap::h74204bac19cedcf9
[INFO] [stdout]                                at /rustc/df4ca44d3fbc9301ee17f30f4d474e6ae4b05252/library/core/src/result.rs:1103:23
[INFO] [stdout]   20:     0x634f2defc6ba - mirrorworld_sdk_rust::authentication::fetch_user::{{closure}}::hc6b27a9ae2c86c11
[INFO] [stdout]                                at /opt/rustwide/workdir/src/authentication.rs:190:15
[INFO] [stdout]   21:     0x634f2dfc149f - tokio::runtime::park::CachedParkThread::block_on::{{closure}}::hf479f0081a6a1cb9
[INFO] [stdout]                                at /opt/rustwide/cargo-home/registry/src/index.crates.io-6f17d22bba15001f/tokio-1.41.0/src/runtime/park.rs:281:63
[INFO] [stdout]   22:     0x634f2dfb9f82 - tokio::runtime::coop::with_budget::h336c3485920b33c8
[INFO] [stdout]                                at /opt/rustwide/cargo-home/registry/src/index.crates.io-6f17d22bba15001f/tokio-1.41.0/src/runtime/coop.rs:107:5
[INFO] [stdout]   23:     0x634f2dfb9f82 - tokio::runtime::coop::budget::h9ac080336157332f
[INFO] [stdout]                                at /opt/rustwide/cargo-home/registry/src/index.crates.io-6f17d22bba15001f/tokio-1.41.0/src/runtime/coop.rs:73:5
[INFO] [stdout]   24:     0x634f2dfb9f82 - tokio::runtime::park::CachedParkThread::block_on::h422853d8abefb1cb
[INFO] [stdout]                                at /opt/rustwide/cargo-home/registry/src/index.crates.io-6f17d22bba15001f/tokio-1.41.0/src/runtime/park.rs:281:31
[INFO] [stdout]   25:     0x634f2df9d246 - tokio::runtime::context::blocking::BlockingRegionGuard::block_on::hda350b2eb46a3faa
[INFO] [stdout]                                at /opt/rustwide/cargo-home/registry/src/index.crates.io-6f17d22bba15001f/tokio-1.41.0/src/runtime/context/blocking.rs:66:9
[INFO] [stdout]   26:     0x634f2dfa7426 - tokio::runtime::scheduler::multi_thread::MultiThread::block_on::{{closure}}::h68ca9cec48f1967f
[INFO] [stdout]                                at /opt/rustwide/cargo-home/registry/src/index.crates.io-6f17d22bba15001f/tokio-1.41.0/src/runtime/scheduler/multi_thread/mod.rs:87:13
[INFO] [stdout]   27:     0x634f2df6a891 - tokio::runtime::context::runtime::enter_runtime::h5a611f893a7ed43f
[INFO] [stdout]                                at /opt/rustwide/cargo-home/registry/src/index.crates.io-6f17d22bba15001f/tokio-1.41.0/src/runtime/context/runtime.rs:65:16
[INFO] [stdout]   28:     0x634f2dfa7071 - tokio::runtime::scheduler::multi_thread::MultiThread::block_on::h90008dac5b925ab1
[INFO] [stdout]                                at /opt/rustwide/cargo-home/registry/src/index.crates.io-6f17d22bba15001f/tokio-1.41.0/src/runtime/scheduler/multi_thread/mod.rs:86:9
[INFO] [stdout]   29:     0x634f2df9d69f - tokio::runtime::runtime::Runtime::block_on_inner::h0f33b3ec88588bf7
[INFO] [stdout]                                at /opt/rustwide/cargo-home/registry/src/index.crates.io-6f17d22bba15001f/tokio-1.41.0/src/runtime/runtime.rs:370:45
[INFO] [stdout]   30:     0x634f2df9fc39 - tokio::runtime::runtime::Runtime::block_on::he07006a2bdb68483
[INFO] [stdout]                                at /opt/rustwide/cargo-home/registry/src/index.crates.io-6f17d22bba15001f/tokio-1.41.0/src/runtime/runtime.rs:342:13
[INFO] [stdout]   31:     0x634f2defbbd4 - mirrorworld_sdk_rust::authentication::fetch_user::h6059710505338668
[INFO] [stdout]                                at /opt/rustwide/workdir/src/authentication.rs:192:5
[INFO] [stdout]   32:     0x634f2dea0098 - authentication::test_fetch_user::h9d48c51dc589f57f
[INFO] [stdout]                                at /opt/rustwide/workdir/tests/authentication.rs:86:18
[INFO] [stdout]   33:     0x634f2dea0037 - authentication::test_fetch_user::{{closure}}::hfe165973da5ecd20
[INFO] [stdout]                                at /opt/rustwide/workdir/tests/authentication.rs:81:21
[INFO] [stdout]   34:     0x634f2de9f3e6 - core::ops::function::FnOnce::call_once::hfb1b8b4cf80596fd
[INFO] [stdout]                                at /rustc/df4ca44d3fbc9301ee17f30f4d474e6ae4b05252/library/core/src/ops/function.rs:250:5
[INFO] [stdout]   35:     0x634f2dedf4db - core::ops::function::FnOnce::call_once::h22c3ba5715e93f05
[INFO] [stdout]                                at /rustc/df4ca44d3fbc9301ee17f30f4d474e6ae4b05252/library/core/src/ops/function.rs:250:5
[INFO] [stdout]   36:     0x634f2dedf4db - test::__rust_begin_short_backtrace::h8e82d8113d0da17f
[INFO] [stdout]                                at /rustc/df4ca44d3fbc9301ee17f30f4d474e6ae4b05252/library/test/src/lib.rs:621:18
[INFO] [stdout]   37:     0x634f2dedee57 - test::run_test_in_process::{{closure}}::h33235f4f20b7b7c7
[INFO] [stdout]                                at /rustc/df4ca44d3fbc9301ee17f30f4d474e6ae4b05252/library/test/src/lib.rs:644:60
[INFO] [stdout]   38:     0x634f2dedee57 - <core::panic::unwind_safe::AssertUnwindSafe<F> as core::ops::function::FnOnce<()>>::call_once::hb5043206310c586f
[INFO] [stdout]                                at /rustc/df4ca44d3fbc9301ee17f30f4d474e6ae4b05252/library/core/src/panic/unwind_safe.rs:272:9
[INFO] [stdout]   39:     0x634f2dedee57 - std::panicking::try::do_call::h9ad4731a60ab23e2
[INFO] [stdout]                                at /rustc/df4ca44d3fbc9301ee17f30f4d474e6ae4b05252/library/std/src/panicking.rs:557:40
[INFO] [stdout]   40:     0x634f2dedee57 - std::panicking::try::h3824d23db772a716
[INFO] [stdout]                                at /rustc/df4ca44d3fbc9301ee17f30f4d474e6ae4b05252/library/std/src/panicking.rs:520:19
[INFO] [stdout]   41:     0x634f2dedee57 - std::panic::catch_unwind::h5afd514605fde46b
[INFO] [stdout]                                at /rustc/df4ca44d3fbc9301ee17f30f4d474e6ae4b05252/library/std/src/panic.rs:358:14
[INFO] [stdout]   42:     0x634f2dedee57 - test::run_test_in_process::h0d5cbfa7067d1720
[INFO] [stdout]                                at /rustc/df4ca44d3fbc9301ee17f30f4d474e6ae4b05252/library/test/src/lib.rs:644:27
[INFO] [stdout]   43:     0x634f2dedee57 - test::run_test::{{closure}}::h708eb8872708115d
[INFO] [stdout]                                at /rustc/df4ca44d3fbc9301ee17f30f4d474e6ae4b05252/library/test/src/lib.rs:565:43
[INFO] [stdout]   44:     0x634f2dea2574 - test::run_test::{{closure}}::h392c51cee94713ab
[INFO] [stdout]                                at /rustc/df4ca44d3fbc9301ee17f30f4d474e6ae4b05252/library/test/src/lib.rs:595:41
[INFO] [stdout]   45:     0x634f2dea2574 - std::sys::backtrace::__rust_begin_short_backtrace::h2f40290710935a8b
[INFO] [stdout]                                at /rustc/df4ca44d3fbc9301ee17f30f4d474e6ae4b05252/library/std/src/sys/backtrace.rs:154:18
[INFO] [stdout]   46:     0x634f2dea5d1e - std::thread::Builder::spawn_unchecked_::{{closure}}::{{closure}}::h3fd968d89053a903
[INFO] [stdout]                                at /rustc/df4ca44d3fbc9301ee17f30f4d474e6ae4b05252/library/std/src/thread/mod.rs:541:17
[INFO] [stdout]   47:     0x634f2dea5d1e - <core::panic::unwind_safe::AssertUnwindSafe<F> as core::ops::function::FnOnce<()>>::call_once::h743f637ba4229880
[INFO] [stdout]                                at /rustc/df4ca44d3fbc9301ee17f30f4d474e6ae4b05252/library/core/src/panic/unwind_safe.rs:272:9
[INFO] [stdout]   48:     0x634f2dea5d1e - std::panicking::try::do_call::h07440897322525a6
[INFO] [stdout]                                at /rustc/df4ca44d3fbc9301ee17f30f4d474e6ae4b05252/library/std/src/panicking.rs:557:40
[INFO] [stdout]   49:     0x634f2dea5d1e - std::panicking::try::he5a2e00188156637
[INFO] [stdout]                                at /rustc/df4ca44d3fbc9301ee17f30f4d474e6ae4b05252/library/std/src/panicking.rs:520:19
[INFO] [stdout]   50:     0x634f2dea5d1e - std::panic::catch_unwind::hbaf3cae49b3c6433
[INFO] [stdout]                                at /rustc/df4ca44d3fbc9301ee17f30f4d474e6ae4b05252/library/std/src/panic.rs:358:14
[INFO] [stdout]   51:     0x634f2dea5d1e - std::thread::Builder::spawn_unchecked_::{{closure}}::h8e141ea224820bce
[INFO] [stdout]                                at /rustc/df4ca44d3fbc9301ee17f30f4d474e6ae4b05252/library/std/src/thread/mod.rs:540:30
[INFO] [stdout]   52:     0x634f2dea5d1e - core::ops::function::FnOnce::call_once{{vtable.shim}}::h90d312fedd7b8ea8
[INFO] [stdout]                                at /rustc/df4ca44d3fbc9301ee17f30f4d474e6ae4b05252/library/core/src/ops/function.rs:250:5
[INFO] [stdout]   53:     0x634f2e3ed58b - <alloc::boxed::Box<F,A> as core::ops::function::FnOnce<Args>>::call_once::h69aa08ddb6adb8b6
[INFO] [stdout]                                at /rustc/df4ca44d3fbc9301ee17f30f4d474e6ae4b05252/library/alloc/src/boxed.rs:2454:9
[INFO] [stdout]   54:     0x634f2e3ed58b - <alloc::boxed::Box<F,A> as core::ops::function::FnOnce<Args>>::call_once::h5aa36efdb79c806f
[INFO] [stdout]                                at /rustc/df4ca44d3fbc9301ee17f30f4d474e6ae4b05252/library/alloc/src/boxed.rs:2454:9
[INFO] [stdout]   55:     0x634f2e3ed58b - std::sys::pal::unix::thread::Thread::new::thread_start::h6cd80a1b4be5158d
[INFO] [stdout]                                at /rustc/df4ca44d3fbc9301ee17f30f4d474e6ae4b05252/library/std/src/sys/pal/unix/thread.rs:105:17
[INFO] [stdout]   56:     0x7b6b26d49ac3 - <unknown>
[INFO] [stdout]   57:     0x7b6b26ddaa04 - clone
[INFO] [stdout]   58:                0x0 - <unknown>
[INFO] [stdout] 
[INFO] [stdout] 
[INFO] [stdout] failures:
[INFO] [stdout]     test_fetch_user
[INFO] [stdout]     test_get_nft_details
[INFO] [stdout]     test_get_token
[INFO] [stdout]     test_get_transactions
[INFO] [stdout]     test_login_with_email
[INFO] [stdout]     test_signup
[INFO] [stdout]     test_signup_email
[INFO] [stdout] 
[INFO] [stdout] test result: FAILED. 0 passed; 7 failed; 0 ignored; 0 measured; 0 filtered out; finished in 0.26s
[INFO] [stdout] 
[INFO] running `Command { std: "docker" "inspect" "07c5aedc8987da3cd14a32c0c67c1c23e493c7d95d3df9d3cbcfd3fa887253b4", kill_on_drop: false }`
[INFO] running `Command { std: "docker" "rm" "-f" "07c5aedc8987da3cd14a32c0c67c1c23e493c7d95d3df9d3cbcfd3fa887253b4", kill_on_drop: false }`
[INFO] [stdout] 07c5aedc8987da3cd14a32c0c67c1c23e493c7d95d3df9d3cbcfd3fa887253b4
