[INFO] fetching crate minknow-api-rust 0.3.0...
[INFO] testing minknow-api-rust-0.3.0 against nightly-2024-10-28 for randomize-layout
[INFO] extracting crate minknow-api-rust 0.3.0 into /workspace/builds/worker-6-tc1/source
[INFO] validating manifest of crates.io crate minknow-api-rust 0.3.0 on toolchain nightly-2024-10-28
[INFO] running `Command { std: CARGO_HOME="/workspace/cargo-home" RUSTUP_HOME="/workspace/rustup-home" "/workspace/cargo-home/bin/cargo" "+nightly-2024-10-28" "metadata" "--manifest-path" "Cargo.toml" "--no-deps", kill_on_drop: false }`
[INFO] started tweaking crates.io crate minknow-api-rust 0.3.0
[INFO] finished tweaking crates.io crate minknow-api-rust 0.3.0
[INFO] tweaked toml for crates.io crate minknow-api-rust 0.3.0 written to /workspace/builds/worker-6-tc1/source/Cargo.toml
[INFO] running `Command { std: CARGO_HOME="/workspace/cargo-home" RUSTUP_HOME="/workspace/rustup-home" "/workspace/cargo-home/bin/cargo" "+nightly-2024-10-28" "generate-lockfile" "--manifest-path" "Cargo.toml", kill_on_drop: false }`
[INFO] [stderr]     Updating crates.io index
[INFO] [stderr]      Locking 191 packages to latest compatible versions
[INFO] [stderr]       Adding hyper v0.14.31 (available: v1.5.0)
[INFO] [stderr]       Adding hyper-openssl v0.9.2 (available: v0.10.2)
[INFO] [stderr]       Adding prost v0.11.9 (available: v0.13.3)
[INFO] [stderr]       Adding prost-types v0.11.9 (available: v0.13.3)
[INFO] [stderr]       Adding rand v0.7.3 (available: v0.8.5)
[INFO] [stderr]       Adding tonic v0.8.3 (available: v0.12.3)
[INFO] [stderr]       Adding tonic-build v0.8.4 (available: v0.12.3)
[INFO] [stderr]       Adding tower v0.4.13 (available: v0.5.1)
[INFO] running `Command { std: CARGO_HOME="/workspace/cargo-home" RUSTUP_HOME="/workspace/rustup-home" "/workspace/cargo-home/bin/cargo" "+nightly-2024-10-28" "fetch" "--manifest-path" "Cargo.toml", kill_on_drop: false }`
[INFO] [stderr]  Downloading crates ...
[INFO] [stderr]   Downloaded hyper-openssl v0.9.2
[INFO] [stderr]   Downloaded tonic-openssl v0.2.0
[INFO] [stderr]   Downloaded tokio-openssl v0.6.5
[INFO] [stderr]   Downloaded tonic v0.7.2
[INFO] [stderr]   Downloaded prost v0.10.4
[INFO] [stderr]   Downloaded prost-derive v0.10.1
[INFO] running `Command { std: "docker" "create" "-v" "/var/lib/crater-agent-workspace/builds/worker-6-tc1/target:/opt/rustwide/target:rw,Z" "-v" "/var/lib/crater-agent-workspace/builds/worker-6-tc1/source:/opt/rustwide/workdir:ro,Z" "-v" "/var/lib/crater-agent-workspace/cargo-home:/opt/rustwide/cargo-home:ro,Z" "-v" "/var/lib/crater-agent-workspace/rustup-home:/opt/rustwide/rustup-home:ro,Z" "-e" "SOURCE_DIR=/opt/rustwide/workdir" "-e" "CARGO_TARGET_DIR=/opt/rustwide/target" "-e" "CARGO_HOME=/opt/rustwide/cargo-home" "-e" "RUSTUP_HOME=/opt/rustwide/rustup-home" "-w" "/opt/rustwide/workdir" "-m" "1610612736" "--user" "0:0" "--network" "none" "ghcr.io/rust-lang/crates-build-env/linux@sha256:4a844ea9eb2546a2d2c7022eacef16ef2e8229c7fbb2c7d4d55a9ceca922f72d" "/opt/rustwide/cargo-home/bin/cargo" "+nightly-2024-10-28" "metadata" "--no-deps" "--format-version=1", kill_on_drop: false }`
[INFO] [stdout] 5ca2c8e14f7500fdf96c35a7f953036e34ac80a66d02c2be3c97520326cb83ad
[INFO] running `Command { std: "docker" "start" "-a" "5ca2c8e14f7500fdf96c35a7f953036e34ac80a66d02c2be3c97520326cb83ad", kill_on_drop: false }`
[INFO] running `Command { std: "docker" "inspect" "5ca2c8e14f7500fdf96c35a7f953036e34ac80a66d02c2be3c97520326cb83ad", kill_on_drop: false }`
[INFO] running `Command { std: "docker" "rm" "-f" "5ca2c8e14f7500fdf96c35a7f953036e34ac80a66d02c2be3c97520326cb83ad", kill_on_drop: false }`
[INFO] [stdout] 5ca2c8e14f7500fdf96c35a7f953036e34ac80a66d02c2be3c97520326cb83ad
[INFO] running `Command { std: "docker" "create" "-v" "/var/lib/crater-agent-workspace/builds/worker-6-tc1/target:/opt/rustwide/target:rw,Z" "-v" "/var/lib/crater-agent-workspace/builds/worker-6-tc1/source:/opt/rustwide/workdir:ro,Z" "-v" "/var/lib/crater-agent-workspace/cargo-home:/opt/rustwide/cargo-home:ro,Z" "-v" "/var/lib/crater-agent-workspace/rustup-home:/opt/rustwide/rustup-home:ro,Z" "-e" "SOURCE_DIR=/opt/rustwide/workdir" "-e" "CARGO_TARGET_DIR=/opt/rustwide/target" "-e" "CARGO_INCREMENTAL=0" "-e" "RUST_BACKTRACE=full" "-e" "RUSTFLAGS=--cap-lints=forbid" "-e" "RUSTDOCFLAGS=--cap-lints=forbid" "-e" "CARGO_HOME=/opt/rustwide/cargo-home" "-e" "RUSTUP_HOME=/opt/rustwide/rustup-home" "-w" "/opt/rustwide/workdir" "-m" "1610612736" "--user" "0:0" "--network" "none" "ghcr.io/rust-lang/crates-build-env/linux@sha256:4a844ea9eb2546a2d2c7022eacef16ef2e8229c7fbb2c7d4d55a9ceca922f72d" "/opt/rustwide/cargo-home/bin/cargo" "+nightly-2024-10-28" "build" "--frozen" "--message-format=json", kill_on_drop: false }`
[INFO] [stdout] 9000013c7c6cabb73d8644d46fd9a8efac9946247d9bb1ff6b217782a3a0e104
[INFO] running `Command { std: "docker" "start" "-a" "9000013c7c6cabb73d8644d46fd9a8efac9946247d9bb1ff6b217782a3a0e104", kill_on_drop: false }`
[INFO] [stderr]    Compiling proc-macro2 v1.0.89
[INFO] [stderr]    Compiling unicode-ident v1.0.13
[INFO] [stderr]    Compiling libc v0.2.161
[INFO] [stderr]    Compiling pin-project-lite v0.2.15
[INFO] [stderr]    Compiling autocfg v1.4.0
[INFO] [stderr]    Compiling shlex v1.3.0
[INFO] [stderr]    Compiling bytes v1.8.0
[INFO] [stderr]    Compiling futures-core v0.3.31
[INFO] [stderr]    Compiling once_cell v1.20.2
[INFO] [stderr]    Compiling log v0.4.22
[INFO] [stderr]    Compiling cc v1.1.31
[INFO] [stderr]    Compiling futures-sink v0.3.31
[INFO] [stderr]    Compiling syn v1.0.109
[INFO] [stderr]    Compiling either v1.13.0
[INFO] [stderr]    Compiling anyhow v1.0.92
[INFO] [stderr]    Compiling pin-utils v0.1.0
[INFO] [stderr]    Compiling equivalent v1.0.1
[INFO] [stderr]    Compiling hashbrown v0.15.0
[INFO] [stderr]    Compiling itoa v1.0.11
[INFO] [stderr]    Compiling futures-task v0.3.31
[INFO] [stderr]    Compiling slab v0.4.9
[INFO] [stderr]    Compiling itertools v0.10.5
[INFO] [stderr]    Compiling fnv v1.0.7
[INFO] [stderr]    Compiling http v0.2.12
[INFO] [stderr]    Compiling quote v1.0.37
[INFO] [stderr]    Compiling indexmap v2.6.0
[INFO] [stderr]    Compiling syn v2.0.86
[INFO] [stderr]    Compiling mio v1.0.2
[INFO] [stderr]    Compiling socket2 v0.5.7
[INFO] [stderr]    Compiling getrandom v0.2.15
[INFO] [stderr]    Compiling tracing-core v0.1.32
[INFO] [stderr]    Compiling byteorder v1.5.0
[INFO] [stderr]    Compiling tower-service v0.3.3
[INFO] [stderr]    Compiling http-body v0.4.6
[INFO] [stderr]    Compiling pkg-config v0.3.31
[INFO] [stderr]    Compiling vcpkg v0.2.15
[INFO] [stderr]    Compiling httparse v1.9.5
[INFO] [stderr]    Compiling tower-layer v0.3.3
[INFO] [stderr]    Compiling rand_core v0.6.4
[INFO] [stderr]    Compiling indexmap v1.9.3
[INFO] [stderr]    Compiling futures-channel v0.3.31
[INFO] [stderr]    Compiling rustversion v1.0.18
[INFO] [stderr]    Compiling try-lock v0.2.5
[INFO] [stderr]    Compiling want v0.3.1
[INFO] [stderr]    Compiling ring v0.17.8
[INFO] [stderr]    Compiling hashbrown v0.12.3
[INFO] [stderr]    Compiling rustix v0.38.38
[INFO] [stderr]    Compiling httpdate v1.0.3
[INFO] [stderr]    Compiling openssl-sys v0.9.104
[INFO] [stderr]    Compiling serde v1.0.214
[INFO] [stderr]    Compiling mime v0.3.17
[INFO] [stderr]    Compiling untrusted v0.9.0
[INFO] [stderr]    Compiling spin v0.9.8
[INFO] [stderr]    Compiling bitflags v2.6.0
[INFO] [stderr]    Compiling linux-raw-sys v0.4.14
[INFO] [stderr]    Compiling ring v0.16.20
[INFO] [stderr]    Compiling regex-syntax v0.8.5
[INFO] [stderr]    Compiling memchr v2.7.4
[INFO] [stderr]    Compiling bitflags v1.3.2
[INFO] [stderr]    Compiling prettyplease v0.1.25
[INFO] [stderr]    Compiling foreign-types-shared v0.1.1
[INFO] [stderr]    Compiling sync_wrapper v0.1.2
[INFO] [stderr]    Compiling fastrand v2.1.1
[INFO] [stderr]    Compiling percent-encoding v2.3.1
[INFO] [stderr]    Compiling home v0.5.9
[INFO] [stderr]    Compiling getrandom v0.1.16
[INFO] [stderr]    Compiling openssl v0.10.68
[INFO] [stderr]    Compiling fixedbitset v0.4.2
[INFO] [stderr]    Compiling foreign-types v0.3.2
[INFO] [stderr]    Compiling axum-core v0.3.4
[INFO] [stderr]    Compiling petgraph v0.6.5
[INFO] [stderr]    Compiling regex-automata v0.4.8
[INFO] [stderr]    Compiling tempfile v3.13.0
[INFO] [stderr]    Compiling which v4.4.2
[INFO] [stderr]    Compiling webpki v0.22.4
[INFO] [stderr]    Compiling lock_api v0.4.12
[INFO] [stderr]    Compiling parking_lot_core v0.9.10
[INFO] [stderr]    Compiling tokio-openssl v0.6.5
[INFO] [stderr]    Compiling lazy_static v1.5.0
[INFO] [stderr]    Compiling http-range-header v0.3.1
[INFO] [stderr]    Compiling spin v0.5.2
[INFO] [stderr]    Compiling untrusted v0.7.1
[INFO] [stderr]    Compiling multimap v0.8.3
[INFO] [stderr]    Compiling rustls v0.20.9
[INFO] [stderr]    Compiling sct v0.7.1
[INFO] [stderr]    Compiling axum v0.6.20
[INFO] [stderr]    Compiling base64 v0.21.7
[INFO] [stderr]    Compiling smallvec v1.13.2
[INFO] [stderr]    Compiling matchit v0.5.0
[INFO] [stderr]    Compiling base64 v0.13.1
[INFO] [stderr]    Compiling prost-derive v0.11.9
[INFO] [stderr]    Compiling prost-derive v0.10.1
[INFO] [stderr]    Compiling tokio-macros v2.4.0
[INFO] [stderr]    Compiling futures-macro v0.3.31
[INFO] [stderr]    Compiling tracing-attributes v0.1.27
[INFO] [stderr]    Compiling zerocopy-derive v0.7.35
[INFO] [stderr]    Compiling tokio v1.41.0
[INFO] [stderr]    Compiling zerocopy v0.7.35
[INFO] [stderr]    Compiling futures-util v0.3.31
[INFO] [stderr]    Compiling pin-project-internal v1.1.7
[INFO] [stderr]    Compiling tracing v0.1.40
[INFO] [stderr]    Compiling serde_derive v1.0.214
[INFO] [stderr]    Compiling ppv-lite86 v0.2.20
[INFO] [stderr]    Compiling async-trait v0.1.83
[INFO] [stderr]    Compiling prost v0.11.9
[INFO] [stderr]    Compiling regex v1.11.1
[INFO] [stderr]    Compiling rand_chacha v0.3.1
[INFO] [stderr]    Compiling prost-types v0.11.9
[INFO] [stderr]    Compiling rand v0.8.5
[INFO] [stderr]    Compiling pin-project v1.1.7
[INFO] [stderr]    Compiling openssl-macros v0.1.1
[INFO] [stderr]    Compiling async-stream-impl v0.3.6
[INFO] [stderr]    Compiling tracing-futures v0.2.5
[INFO] [stderr]    Compiling prost v0.10.4
[INFO] [stderr]    Compiling async-stream v0.3.6
[INFO] [stderr]    Compiling rustls-pemfile v1.0.4
[INFO] [stderr]    Compiling rand_core v0.5.1
[INFO] [stderr]    Compiling futures-io v0.3.31
[INFO] [stderr]    Compiling linked-hash-map v0.5.6
[INFO] [stderr]    Compiling hyper-openssl v0.9.2
[INFO] [stderr]    Compiling prost-build v0.11.9
[INFO] [stderr]    Compiling matchit v0.7.3
[INFO] [stderr]    Compiling openssl-probe v0.1.5
[INFO] [stderr]    Compiling serde_json v1.0.132
[INFO] [stderr]    Compiling rustls-native-certs v0.6.3
[INFO] [stderr]    Compiling linked_hash_set v0.1.4
[INFO] [stderr]    Compiling axum-core v0.2.9
[INFO] [stderr]    Compiling tonic-build v0.8.4
[INFO] [stderr]    Compiling futures v0.3.31
[INFO] [stderr]    Compiling rand_chacha v0.2.2
[INFO] [stderr]    Compiling tokio-util v0.7.12
[INFO] [stderr]    Compiling tokio-io-timeout v1.2.0
[INFO] [stderr]    Compiling tokio-stream v0.1.16
[INFO] [stderr]    Compiling h2 v0.3.26
[INFO] [stderr]    Compiling tower v0.4.13
[INFO] [stderr]    Compiling minknow-api-rust v0.3.0 (/opt/rustwide/workdir)
[INFO] [stderr]    Compiling tokio-rustls v0.23.4
[INFO] [stderr]    Compiling tower-http v0.3.5
[INFO] [stderr]    Compiling parking_lot v0.12.3
[INFO] [stderr]    Compiling webpki-roots v0.22.6
[INFO] [stderr]    Compiling ryu v1.0.18
[INFO] [stderr]    Compiling rand v0.7.3
[INFO] [stderr]    Compiling hyper v0.14.31
[INFO] [stderr]    Compiling hyper-timeout v0.4.1
[INFO] [stderr]    Compiling axum v0.5.17
[INFO] [stderr]    Compiling tonic v0.7.2
[INFO] [stderr]    Compiling tonic v0.8.3
[INFO] [stderr]    Compiling tonic-openssl v0.2.0
[INFO] [stdout] warning: unused import: `std::collections::HashMap`
[INFO] [stdout]  --> src/lib.rs:6:5
[INFO] [stdout]   |
[INFO] [stdout] 6 | use std::collections::HashMap;
[INFO] [stdout]   |     ^^^^^^^^^^^^^^^^^^^^^^^^^
[INFO] [stdout]   |
[INFO] [stdout]   = note: `#[warn(unused_imports)]` on by default
[INFO] [stdout] 
[INFO] [stdout] 
[INFO] [stdout] warning: unused imports: `thread` and `time`
[INFO] [stdout]  --> src/lib.rs:7:11
[INFO] [stdout]   |
[INFO] [stdout] 7 | use std::{thread, time};
[INFO] [stdout]   |           ^^^^^^  ^^^^
[INFO] [stdout] 
[INFO] [stdout] 
[INFO] [stdout] warning: unused import: `prost::Message`
[INFO] [stdout]   --> src/lib.rs:21:5
[INFO] [stdout]    |
[INFO] [stdout] 21 | use prost::Message;
[INFO] [stdout]    |     ^^^^^^^^^^^^^^
[INFO] [stdout] 
[INFO] [stdout] 
[INFO] [stdout] warning: unused import: `self as stream`
[INFO] [stdout]   --> src/lib.rs:23:20
[INFO] [stdout]    |
[INFO] [stdout] 23 | use tokio_stream::{self as stream, StreamExt};
[INFO] [stdout]    |                    ^^^^^^^^^^^^^^
[INFO] [stdout] 
[INFO] [stdout] 
[INFO] [stdout] warning: associated type `watch_for_status_changeStream` should have an upper camel case name
[INFO] [stdout]     --> /opt/rustwide/target/debug/build/minknow-api-rust-149ac92fe8a15a3f/out/minknow_api.acquisition.rs:1632:14
[INFO] [stdout]      |
[INFO] [stdout] 1632 |         type watch_for_status_changeStream: futures_core::Stream<
[INFO] [stdout]      |              ^^^^^^^^^^^^^^^^^^^^^^^^^^^^^ help: convert the identifier to upper camel case: `WatchForStatusChangeStream`
[INFO] [stdout]      |
[INFO] [stdout]      = note: `#[warn(non_camel_case_types)]` on by default
[INFO] [stdout] 
[INFO] [stdout] 
[INFO] [stdout] warning: associated type `watch_current_acquisition_runStream` should have an upper camel case name
[INFO] [stdout]     --> /opt/rustwide/target/debug/build/minknow-api-rust-149ac92fe8a15a3f/out/minknow_api.acquisition.rs:1655:14
[INFO] [stdout]      |
[INFO] [stdout] 1655 |         type watch_current_acquisition_runStream: futures_core::Stream<
[INFO] [stdout]      |              ^^^^^^^^^^^^^^^^^^^^^^^^^^^^^^^^^^^ help: convert the identifier to upper camel case: `WatchCurrentAcquisitionRunStream`
[INFO] [stdout] 
[INFO] [stdout] 
[INFO] [stdout] warning: associated type `get_infoStream` should have an upper camel case name
[INFO] [stdout]     --> /opt/rustwide/target/debug/build/minknow-api-rust-149ac92fe8a15a3f/out/minknow_api.basecaller.rs:1044:14
[INFO] [stdout]      |
[INFO] [stdout] 1044 |         type get_infoStream: futures_core::Stream<
[INFO] [stdout]      |              ^^^^^^^^^^^^^^ help: convert the identifier to upper camel case: `GetInfoStream`
[INFO] [stdout] 
[INFO] [stdout] 
[INFO] [stdout] warning: associated type `watchStream` should have an upper camel case name
[INFO] [stdout]     --> /opt/rustwide/target/debug/build/minknow-api-rust-149ac92fe8a15a3f/out/minknow_api.basecaller.rs:1057:14
[INFO] [stdout]      |
[INFO] [stdout] 1057 |         type watchStream: futures_core::Stream<
[INFO] [stdout]      |              ^^^^^^^^^^^ help: convert the identifier to upper camel case (notice the capitalization): `WatchStream`
[INFO] [stdout] 
[INFO] [stdout] 
[INFO] [stdout] warning: associated type `stream_device_stateStream` should have an upper camel case name
[INFO] [stdout]     --> /opt/rustwide/target/debug/build/minknow-api-rust-149ac92fe8a15a3f/out/minknow_api.device.rs:1824:14
[INFO] [stdout]      |
[INFO] [stdout] 1824 |         type stream_device_stateStream: futures_core::Stream<
[INFO] [stdout]      |              ^^^^^^^^^^^^^^^^^^^^^^^^^ help: convert the identifier to upper camel case: `StreamDeviceStateStream`
[INFO] [stdout] 
[INFO] [stdout] 
[INFO] [stdout] warning: associated type `stream_flow_cell_infoStream` should have an upper camel case name
[INFO] [stdout]     --> /opt/rustwide/target/debug/build/minknow-api-rust-149ac92fe8a15a3f/out/minknow_api.device.rs:1845:14
[INFO] [stdout]      |
[INFO] [stdout] 1845 |         type stream_flow_cell_infoStream: futures_core::Stream<
[INFO] [stdout]      |              ^^^^^^^^^^^^^^^^^^^^^^^^^^^ help: convert the identifier to upper camel case: `StreamFlowCellInfoStream`
[INFO] [stdout] 
[INFO] [stdout] 
[INFO] [stdout] warning: associated type `stream_temperatureStream` should have an upper camel case name
[INFO] [stdout]     --> /opt/rustwide/target/debug/build/minknow-api-rust-149ac92fe8a15a3f/out/minknow_api.device.rs:1960:14
[INFO] [stdout]      |
[INFO] [stdout] 1960 |         type stream_temperatureStream: futures_core::Stream<
[INFO] [stdout]      |              ^^^^^^^^^^^^^^^^^^^^^^^^ help: convert the identifier to upper camel case: `StreamTemperatureStream`
[INFO] [stdout] 
[INFO] [stdout] 
[INFO] [stdout] warning: associated type `stream_disk_space_infoStream` should have an upper camel case name
[INFO] [stdout]    --> /opt/rustwide/target/debug/build/minknow-api-rust-149ac92fe8a15a3f/out/minknow_api.instance.rs:754:14
[INFO] [stdout]     |
[INFO] [stdout] 754 |         type stream_disk_space_infoStream: futures_core::Stream<
[INFO] [stdout]     |              ^^^^^^^^^^^^^^^^^^^^^^^^^^^^ help: convert the identifier to upper camel case: `StreamDiskSpaceInfoStream`
[INFO] [stdout] 
[INFO] [stdout] 
[INFO] [stdout] warning: associated type `stream_instance_activityStream` should have an upper camel case name
[INFO] [stdout]    --> /opt/rustwide/target/debug/build/minknow-api-rust-149ac92fe8a15a3f/out/minknow_api.instance.rs:781:14
[INFO] [stdout]     |
[INFO] [stdout] 781 |         type stream_instance_activityStream: futures_core::Stream<
[INFO] [stdout]     |              ^^^^^^^^^^^^^^^^^^^^^^^^^^^^^^ help: convert the identifier to upper camel case: `StreamInstanceActivityStream`
[INFO] [stdout] 
[INFO] [stdout] 
[INFO] [stdout] warning: associated type `flow_cell_positionsStream` should have an upper camel case name
[INFO] [stdout]     --> /opt/rustwide/target/debug/build/minknow-api-rust-149ac92fe8a15a3f/out/minknow_api.manager.rs:2389:14
[INFO] [stdout]      |
[INFO] [stdout] 2389 |         type flow_cell_positionsStream: futures_core::Stream<
[INFO] [stdout]      |              ^^^^^^^^^^^^^^^^^^^^^^^^^ help: convert the identifier to upper camel case: `FlowCellPositionsStream`
[INFO] [stdout] 
[INFO] [stdout] 
[INFO] [stdout] warning: associated type `watch_flow_cell_positionsStream` should have an upper camel case name
[INFO] [stdout]     --> /opt/rustwide/target/debug/build/minknow-api-rust-149ac92fe8a15a3f/out/minknow_api.manager.rs:2408:14
[INFO] [stdout]      |
[INFO] [stdout] 2408 |         type watch_flow_cell_positionsStream: futures_core::Stream<
[INFO] [stdout]      |              ^^^^^^^^^^^^^^^^^^^^^^^^^^^^^^^ help: convert the identifier to upper camel case: `WatchFlowCellPositionsStream`
[INFO] [stdout] 
[INFO] [stdout] 
[INFO] [stdout] warning: associated type `list_protocol_output_dir_filesStream` should have an upper camel case name
[INFO] [stdout]     --> /opt/rustwide/target/debug/build/minknow-api-rust-149ac92fe8a15a3f/out/minknow_api.manager.rs:2476:14
[INFO] [stdout]      |
[INFO] [stdout] 2476 |         type list_protocol_output_dir_filesStream: futures_core::Stream<
[INFO] [stdout]      |              ^^^^^^^^^^^^^^^^^^^^^^^^^^^^^^^^^^^^ help: convert the identifier to upper camel case: `ListProtocolOutputDirFilesStream`
[INFO] [stdout] 
[INFO] [stdout] 
[INFO] [stdout] warning: associated type `stream_disk_space_infoStream` should have an upper camel case name
[INFO] [stdout]     --> /opt/rustwide/target/debug/build/minknow-api-rust-149ac92fe8a15a3f/out/minknow_api.manager.rs:2542:14
[INFO] [stdout]      |
[INFO] [stdout] 2542 |         type stream_disk_space_infoStream: futures_core::Stream<
[INFO] [stdout]      |              ^^^^^^^^^^^^^^^^^^^^^^^^^^^^ help: convert the identifier to upper camel case: `StreamDiskSpaceInfoStream`
[INFO] [stdout] 
[INFO] [stdout] 
[INFO] [stdout] warning: associated type `watch_current_protocol_runStream` should have an upper camel case name
[INFO] [stdout]     --> /opt/rustwide/target/debug/build/minknow-api-rust-149ac92fe8a15a3f/out/minknow_api.protocol.rs:1806:14
[INFO] [stdout]      |
[INFO] [stdout] 1806 |         type watch_current_protocol_runStream: futures_core::Stream<
[INFO] [stdout]      |              ^^^^^^^^^^^^^^^^^^^^^^^^^^^^^^^^ help: convert the identifier to upper camel case: `WatchCurrentProtocolRunStream`
[INFO] [stdout] 
[INFO] [stdout] 
[INFO] [stdout] warning: associated type `protocol_phase_managementStream` should have an upper camel case name
[INFO] [stdout]     --> /opt/rustwide/target/debug/build/minknow-api-rust-149ac92fe8a15a3f/out/minknow_api.protocol.rs:1943:14
[INFO] [stdout]      |
[INFO] [stdout] 1943 |         type protocol_phase_managementStream: futures_core::Stream<
[INFO] [stdout]      |              ^^^^^^^^^^^^^^^^^^^^^^^^^^^^^^^ help: convert the identifier to upper camel case: `ProtocolPhaseManagementStream`
[INFO] [stdout] 
[INFO] [stdout] 
[INFO] [stdout] warning: associated type `generate_run_reportStream` should have an upper camel case name
[INFO] [stdout]     --> /opt/rustwide/target/debug/build/minknow-api-rust-149ac92fe8a15a3f/out/minknow_api.protocol.rs:1967:14
[INFO] [stdout]      |
[INFO] [stdout] 1967 |         type generate_run_reportStream: futures_core::Stream<
[INFO] [stdout]      |              ^^^^^^^^^^^^^^^^^^^^^^^^^ help: convert the identifier to upper camel case: `GenerateRunReportStream`
[INFO] [stdout] 
[INFO] [stdout] 
[INFO] [stdout] warning: associated type `stream_target_criteriaStream` should have an upper camel case name
[INFO] [stdout]    --> /opt/rustwide/target/debug/build/minknow-api-rust-149ac92fe8a15a3f/out/minknow_api.run_until.rs:735:14
[INFO] [stdout]     |
[INFO] [stdout] 735 |         type stream_target_criteriaStream: futures_core::Stream<
[INFO] [stdout]     |              ^^^^^^^^^^^^^^^^^^^^^^^^^^^^ help: convert the identifier to upper camel case: `StreamTargetCriteriaStream`
[INFO] [stdout] 
[INFO] [stdout] 
[INFO] [stdout] warning: associated type `stream_progressStream` should have an upper camel case name
[INFO] [stdout]    --> /opt/rustwide/target/debug/build/minknow-api-rust-149ac92fe8a15a3f/out/minknow_api.run_until.rs:758:14
[INFO] [stdout]     |
[INFO] [stdout] 758 |         type stream_progressStream: futures_core::Stream<
[INFO] [stdout]     |              ^^^^^^^^^^^^^^^^^^^^^ help: convert the identifier to upper camel case: `StreamProgressStream`
[INFO] [stdout] 
[INFO] [stdout] 
[INFO] [stdout] warning: associated type `stream_updatesStream` should have an upper camel case name
[INFO] [stdout]    --> /opt/rustwide/target/debug/build/minknow-api-rust-149ac92fe8a15a3f/out/minknow_api.run_until.rs:789:14
[INFO] [stdout]     |
[INFO] [stdout] 789 |         type stream_updatesStream: futures_core::Stream<
[INFO] [stdout]     |              ^^^^^^^^^^^^^^^^^^^^ help: convert the identifier to upper camel case: `StreamUpdatesStream`
[INFO] [stdout] 
[INFO] [stdout] 
[INFO] [stdout] warning: unused variable: `err`
[INFO] [stdout]    --> src/lib.rs:233:17
[INFO] [stdout]     |
[INFO] [stdout] 233 |             Err(err) => return Err(Status::unavailable("Not available")),
[INFO] [stdout]     |                 ^^^ help: if this is intentional, prefix it with an underscore: `_err`
[INFO] [stdout]     |
[INFO] [stdout]     = note: `#[warn(unused_variables)]` on by default
[INFO] [stdout] 
[INFO] [stdout] 
[INFO] [stdout] warning: unused variable: `err`
[INFO] [stdout]    --> src/lib.rs:255:17
[INFO] [stdout]     |
[INFO] [stdout] 255 |             Err(err) => return Err(Status::unavailable("Not available")),
[INFO] [stdout]     |                 ^^^ help: if this is intentional, prefix it with an underscore: `_err`
[INFO] [stdout] 
[INFO] [stdout] 
[INFO] [stdout] warning: unused variable: `err`
[INFO] [stdout]    --> src/lib.rs:294:17
[INFO] [stdout]     |
[INFO] [stdout] 294 |             Err(err) => return Err(Status::unavailable("Not available")),
[INFO] [stdout]     |                 ^^^ help: if this is intentional, prefix it with an underscore: `_err`
[INFO] [stdout] 
[INFO] [stdout] 
[INFO] [stdout] warning: unused variable: `err`
[INFO] [stdout]    --> src/lib.rs:335:17
[INFO] [stdout]     |
[INFO] [stdout] 335 |             Err(err) => return Err(Status::unavailable("Not available")),
[INFO] [stdout]     |                 ^^^ help: if this is intentional, prefix it with an underscore: `_err`
[INFO] [stdout] 
[INFO] [stdout] 
[INFO] [stdout] warning: unused variable: `err`
[INFO] [stdout]    --> src/lib.rs:351:17
[INFO] [stdout]     |
[INFO] [stdout] 351 |             Err(err) => return Err(Status::unavailable("Not available")),
[INFO] [stdout]     |                 ^^^ help: if this is intentional, prefix it with an underscore: `_err`
[INFO] [stdout] 
[INFO] [stdout] 
[INFO] [stderr]     Finished `dev` profile [unoptimized + debuginfo] target(s) in 1m 20s
[INFO] running `Command { std: "docker" "inspect" "9000013c7c6cabb73d8644d46fd9a8efac9946247d9bb1ff6b217782a3a0e104", kill_on_drop: false }`
[INFO] running `Command { std: "docker" "rm" "-f" "9000013c7c6cabb73d8644d46fd9a8efac9946247d9bb1ff6b217782a3a0e104", kill_on_drop: false }`
[INFO] [stdout] 9000013c7c6cabb73d8644d46fd9a8efac9946247d9bb1ff6b217782a3a0e104
[INFO] running `Command { std: "docker" "create" "-v" "/var/lib/crater-agent-workspace/builds/worker-6-tc1/target:/opt/rustwide/target:rw,Z" "-v" "/var/lib/crater-agent-workspace/builds/worker-6-tc1/source:/opt/rustwide/workdir:ro,Z" "-v" "/var/lib/crater-agent-workspace/cargo-home:/opt/rustwide/cargo-home:ro,Z" "-v" "/var/lib/crater-agent-workspace/rustup-home:/opt/rustwide/rustup-home:ro,Z" "-e" "SOURCE_DIR=/opt/rustwide/workdir" "-e" "CARGO_TARGET_DIR=/opt/rustwide/target" "-e" "CARGO_INCREMENTAL=0" "-e" "RUST_BACKTRACE=full" "-e" "RUSTFLAGS=--cap-lints=forbid" "-e" "RUSTDOCFLAGS=--cap-lints=forbid" "-e" "CARGO_HOME=/opt/rustwide/cargo-home" "-e" "RUSTUP_HOME=/opt/rustwide/rustup-home" "-w" "/opt/rustwide/workdir" "-m" "1610612736" "--user" "0:0" "--network" "none" "ghcr.io/rust-lang/crates-build-env/linux@sha256:4a844ea9eb2546a2d2c7022eacef16ef2e8229c7fbb2c7d4d55a9ceca922f72d" "/opt/rustwide/cargo-home/bin/cargo" "+nightly-2024-10-28" "test" "--frozen" "--no-run" "--message-format=json", kill_on_drop: false }`
[INFO] [stdout] 97007b6a23a48dd292a6700f38d7afa72f89109b323ed74f5abcf1325c3e433a
[INFO] running `Command { std: "docker" "start" "-a" "97007b6a23a48dd292a6700f38d7afa72f89109b323ed74f5abcf1325c3e433a", kill_on_drop: false }`
[INFO] [stderr]    Compiling minknow-api-rust v0.3.0 (/opt/rustwide/workdir)
[INFO] [stdout] warning: unused import: `self as stream`
[INFO] [stdout]   --> src/lib.rs:23:20
[INFO] [stdout]    |
[INFO] [stdout] 23 | use tokio_stream::{self as stream, StreamExt};
[INFO] [stdout]    |                    ^^^^^^^^^^^^^^
[INFO] [stdout]    |
[INFO] [stdout]    = note: `#[warn(unused_imports)]` on by default
[INFO] [stdout] 
[INFO] [stdout] 
[INFO] [stdout] warning: associated type `watch_for_status_changeStream` should have an upper camel case name
[INFO] [stdout]     --> /opt/rustwide/target/debug/build/minknow-api-rust-149ac92fe8a15a3f/out/minknow_api.acquisition.rs:1632:14
[INFO] [stdout]      |
[INFO] [stdout] 1632 |         type watch_for_status_changeStream: futures_core::Stream<
[INFO] [stdout]      |              ^^^^^^^^^^^^^^^^^^^^^^^^^^^^^ help: convert the identifier to upper camel case: `WatchForStatusChangeStream`
[INFO] [stdout]      |
[INFO] [stdout]      = note: `#[warn(non_camel_case_types)]` on by default
[INFO] [stdout] 
[INFO] [stdout] 
[INFO] [stdout] warning: associated type `watch_current_acquisition_runStream` should have an upper camel case name
[INFO] [stdout]     --> /opt/rustwide/target/debug/build/minknow-api-rust-149ac92fe8a15a3f/out/minknow_api.acquisition.rs:1655:14
[INFO] [stdout]      |
[INFO] [stdout] 1655 |         type watch_current_acquisition_runStream: futures_core::Stream<
[INFO] [stdout]      |              ^^^^^^^^^^^^^^^^^^^^^^^^^^^^^^^^^^^ help: convert the identifier to upper camel case: `WatchCurrentAcquisitionRunStream`
[INFO] [stdout] 
[INFO] [stdout] 
[INFO] [stdout] warning: associated type `get_infoStream` should have an upper camel case name
[INFO] [stdout]     --> /opt/rustwide/target/debug/build/minknow-api-rust-149ac92fe8a15a3f/out/minknow_api.basecaller.rs:1044:14
[INFO] [stdout]      |
[INFO] [stdout] 1044 |         type get_infoStream: futures_core::Stream<
[INFO] [stdout]      |              ^^^^^^^^^^^^^^ help: convert the identifier to upper camel case: `GetInfoStream`
[INFO] [stdout] 
[INFO] [stdout] 
[INFO] [stdout] warning: associated type `watchStream` should have an upper camel case name
[INFO] [stdout]     --> /opt/rustwide/target/debug/build/minknow-api-rust-149ac92fe8a15a3f/out/minknow_api.basecaller.rs:1057:14
[INFO] [stdout]      |
[INFO] [stdout] 1057 |         type watchStream: futures_core::Stream<
[INFO] [stdout]      |              ^^^^^^^^^^^ help: convert the identifier to upper camel case (notice the capitalization): `WatchStream`
[INFO] [stdout] 
[INFO] [stdout] 
[INFO] [stdout] warning: associated type `stream_device_stateStream` should have an upper camel case name
[INFO] [stdout]     --> /opt/rustwide/target/debug/build/minknow-api-rust-149ac92fe8a15a3f/out/minknow_api.device.rs:1824:14
[INFO] [stdout]      |
[INFO] [stdout] 1824 |         type stream_device_stateStream: futures_core::Stream<
[INFO] [stdout]      |              ^^^^^^^^^^^^^^^^^^^^^^^^^ help: convert the identifier to upper camel case: `StreamDeviceStateStream`
[INFO] [stdout] 
[INFO] [stdout] 
[INFO] [stdout] warning: associated type `stream_flow_cell_infoStream` should have an upper camel case name
[INFO] [stdout]     --> /opt/rustwide/target/debug/build/minknow-api-rust-149ac92fe8a15a3f/out/minknow_api.device.rs:1845:14
[INFO] [stdout]      |
[INFO] [stdout] 1845 |         type stream_flow_cell_infoStream: futures_core::Stream<
[INFO] [stdout]      |              ^^^^^^^^^^^^^^^^^^^^^^^^^^^ help: convert the identifier to upper camel case: `StreamFlowCellInfoStream`
[INFO] [stdout] 
[INFO] [stdout] 
[INFO] [stdout] warning: associated type `stream_temperatureStream` should have an upper camel case name
[INFO] [stdout]     --> /opt/rustwide/target/debug/build/minknow-api-rust-149ac92fe8a15a3f/out/minknow_api.device.rs:1960:14
[INFO] [stdout]      |
[INFO] [stdout] 1960 |         type stream_temperatureStream: futures_core::Stream<
[INFO] [stdout]      |              ^^^^^^^^^^^^^^^^^^^^^^^^ help: convert the identifier to upper camel case: `StreamTemperatureStream`
[INFO] [stdout] 
[INFO] [stdout] 
[INFO] [stdout] warning: associated type `stream_disk_space_infoStream` should have an upper camel case name
[INFO] [stdout]    --> /opt/rustwide/target/debug/build/minknow-api-rust-149ac92fe8a15a3f/out/minknow_api.instance.rs:754:14
[INFO] [stdout]     |
[INFO] [stdout] 754 |         type stream_disk_space_infoStream: futures_core::Stream<
[INFO] [stdout]     |              ^^^^^^^^^^^^^^^^^^^^^^^^^^^^ help: convert the identifier to upper camel case: `StreamDiskSpaceInfoStream`
[INFO] [stdout] 
[INFO] [stdout] 
[INFO] [stdout] warning: associated type `stream_instance_activityStream` should have an upper camel case name
[INFO] [stdout]    --> /opt/rustwide/target/debug/build/minknow-api-rust-149ac92fe8a15a3f/out/minknow_api.instance.rs:781:14
[INFO] [stdout]     |
[INFO] [stdout] 781 |         type stream_instance_activityStream: futures_core::Stream<
[INFO] [stdout]     |              ^^^^^^^^^^^^^^^^^^^^^^^^^^^^^^ help: convert the identifier to upper camel case: `StreamInstanceActivityStream`
[INFO] [stdout] 
[INFO] [stdout] 
[INFO] [stdout] warning: associated type `flow_cell_positionsStream` should have an upper camel case name
[INFO] [stdout]     --> /opt/rustwide/target/debug/build/minknow-api-rust-149ac92fe8a15a3f/out/minknow_api.manager.rs:2389:14
[INFO] [stdout]      |
[INFO] [stdout] 2389 |         type flow_cell_positionsStream: futures_core::Stream<
[INFO] [stdout]      |              ^^^^^^^^^^^^^^^^^^^^^^^^^ help: convert the identifier to upper camel case: `FlowCellPositionsStream`
[INFO] [stdout] 
[INFO] [stdout] 
[INFO] [stdout] warning: associated type `watch_flow_cell_positionsStream` should have an upper camel case name
[INFO] [stdout]     --> /opt/rustwide/target/debug/build/minknow-api-rust-149ac92fe8a15a3f/out/minknow_api.manager.rs:2408:14
[INFO] [stdout]      |
[INFO] [stdout] 2408 |         type watch_flow_cell_positionsStream: futures_core::Stream<
[INFO] [stdout]      |              ^^^^^^^^^^^^^^^^^^^^^^^^^^^^^^^ help: convert the identifier to upper camel case: `WatchFlowCellPositionsStream`
[INFO] [stdout] 
[INFO] [stdout] 
[INFO] [stdout] warning: associated type `list_protocol_output_dir_filesStream` should have an upper camel case name
[INFO] [stdout]     --> /opt/rustwide/target/debug/build/minknow-api-rust-149ac92fe8a15a3f/out/minknow_api.manager.rs:2476:14
[INFO] [stdout]      |
[INFO] [stdout] 2476 |         type list_protocol_output_dir_filesStream: futures_core::Stream<
[INFO] [stdout]      |              ^^^^^^^^^^^^^^^^^^^^^^^^^^^^^^^^^^^^ help: convert the identifier to upper camel case: `ListProtocolOutputDirFilesStream`
[INFO] [stdout] 
[INFO] [stdout] 
[INFO] [stdout] warning: associated type `stream_disk_space_infoStream` should have an upper camel case name
[INFO] [stdout]     --> /opt/rustwide/target/debug/build/minknow-api-rust-149ac92fe8a15a3f/out/minknow_api.manager.rs:2542:14
[INFO] [stdout]      |
[INFO] [stdout] 2542 |         type stream_disk_space_infoStream: futures_core::Stream<
[INFO] [stdout]      |              ^^^^^^^^^^^^^^^^^^^^^^^^^^^^ help: convert the identifier to upper camel case: `StreamDiskSpaceInfoStream`
[INFO] [stdout] 
[INFO] [stdout] 
[INFO] [stdout] warning: associated type `watch_current_protocol_runStream` should have an upper camel case name
[INFO] [stdout]     --> /opt/rustwide/target/debug/build/minknow-api-rust-149ac92fe8a15a3f/out/minknow_api.protocol.rs:1806:14
[INFO] [stdout]      |
[INFO] [stdout] 1806 |         type watch_current_protocol_runStream: futures_core::Stream<
[INFO] [stdout]      |              ^^^^^^^^^^^^^^^^^^^^^^^^^^^^^^^^ help: convert the identifier to upper camel case: `WatchCurrentProtocolRunStream`
[INFO] [stdout] 
[INFO] [stdout] 
[INFO] [stdout] warning: associated type `protocol_phase_managementStream` should have an upper camel case name
[INFO] [stdout]     --> /opt/rustwide/target/debug/build/minknow-api-rust-149ac92fe8a15a3f/out/minknow_api.protocol.rs:1943:14
[INFO] [stdout]      |
[INFO] [stdout] 1943 |         type protocol_phase_managementStream: futures_core::Stream<
[INFO] [stdout]      |              ^^^^^^^^^^^^^^^^^^^^^^^^^^^^^^^ help: convert the identifier to upper camel case: `ProtocolPhaseManagementStream`
[INFO] [stdout] 
[INFO] [stdout] 
[INFO] [stdout] warning: associated type `generate_run_reportStream` should have an upper camel case name
[INFO] [stdout]     --> /opt/rustwide/target/debug/build/minknow-api-rust-149ac92fe8a15a3f/out/minknow_api.protocol.rs:1967:14
[INFO] [stdout]      |
[INFO] [stdout] 1967 |         type generate_run_reportStream: futures_core::Stream<
[INFO] [stdout]      |              ^^^^^^^^^^^^^^^^^^^^^^^^^ help: convert the identifier to upper camel case: `GenerateRunReportStream`
[INFO] [stdout] 
[INFO] [stdout] 
[INFO] [stdout] warning: associated type `stream_target_criteriaStream` should have an upper camel case name
[INFO] [stdout]    --> /opt/rustwide/target/debug/build/minknow-api-rust-149ac92fe8a15a3f/out/minknow_api.run_until.rs:735:14
[INFO] [stdout]     |
[INFO] [stdout] 735 |         type stream_target_criteriaStream: futures_core::Stream<
[INFO] [stdout]     |              ^^^^^^^^^^^^^^^^^^^^^^^^^^^^ help: convert the identifier to upper camel case: `StreamTargetCriteriaStream`
[INFO] [stdout] 
[INFO] [stdout] 
[INFO] [stdout] warning: associated type `stream_progressStream` should have an upper camel case name
[INFO] [stdout]    --> /opt/rustwide/target/debug/build/minknow-api-rust-149ac92fe8a15a3f/out/minknow_api.run_until.rs:758:14
[INFO] [stdout]     |
[INFO] [stdout] 758 |         type stream_progressStream: futures_core::Stream<
[INFO] [stdout]     |              ^^^^^^^^^^^^^^^^^^^^^ help: convert the identifier to upper camel case: `StreamProgressStream`
[INFO] [stdout] 
[INFO] [stdout] 
[INFO] [stdout] warning: associated type `stream_updatesStream` should have an upper camel case name
[INFO] [stdout]    --> /opt/rustwide/target/debug/build/minknow-api-rust-149ac92fe8a15a3f/out/minknow_api.run_until.rs:789:14
[INFO] [stdout]     |
[INFO] [stdout] 789 |         type stream_updatesStream: futures_core::Stream<
[INFO] [stdout]     |              ^^^^^^^^^^^^^^^^^^^^ help: convert the identifier to upper camel case: `StreamUpdatesStream`
[INFO] [stdout] 
[INFO] [stdout] 
[INFO] [stdout] warning: unused variable: `err`
[INFO] [stdout]    --> src/lib.rs:233:17
[INFO] [stdout]     |
[INFO] [stdout] 233 |             Err(err) => return Err(Status::unavailable("Not available")),
[INFO] [stdout]     |                 ^^^ help: if this is intentional, prefix it with an underscore: `_err`
[INFO] [stdout]     |
[INFO] [stdout]     = note: `#[warn(unused_variables)]` on by default
[INFO] [stdout] 
[INFO] [stdout] 
[INFO] [stdout] warning: unused variable: `err`
[INFO] [stdout]    --> src/lib.rs:255:17
[INFO] [stdout]     |
[INFO] [stdout] 255 |             Err(err) => return Err(Status::unavailable("Not available")),
[INFO] [stdout]     |                 ^^^ help: if this is intentional, prefix it with an underscore: `_err`
[INFO] [stdout] 
[INFO] [stdout] 
[INFO] [stdout] warning: unused variable: `err`
[INFO] [stdout]    --> src/lib.rs:294:17
[INFO] [stdout]     |
[INFO] [stdout] 294 |             Err(err) => return Err(Status::unavailable("Not available")),
[INFO] [stdout]     |                 ^^^ help: if this is intentional, prefix it with an underscore: `_err`
[INFO] [stdout] 
[INFO] [stdout] 
[INFO] [stdout] warning: unused variable: `err`
[INFO] [stdout]    --> src/lib.rs:335:17
[INFO] [stdout]     |
[INFO] [stdout] 335 |             Err(err) => return Err(Status::unavailable("Not available")),
[INFO] [stdout]     |                 ^^^ help: if this is intentional, prefix it with an underscore: `_err`
[INFO] [stdout] 
[INFO] [stdout] 
[INFO] [stdout] warning: unused variable: `err`
[INFO] [stdout]    --> src/lib.rs:351:17
[INFO] [stdout]     |
[INFO] [stdout] 351 |             Err(err) => return Err(Status::unavailable("Not available")),
[INFO] [stdout]     |                 ^^^ help: if this is intentional, prefix it with an underscore: `_err`
[INFO] [stdout] 
[INFO] [stdout] 
[INFO] [stderr]     Finished `test` profile [unoptimized + debuginfo] target(s) in 10.54s
[INFO] running `Command { std: "docker" "inspect" "97007b6a23a48dd292a6700f38d7afa72f89109b323ed74f5abcf1325c3e433a", kill_on_drop: false }`
[INFO] running `Command { std: "docker" "rm" "-f" "97007b6a23a48dd292a6700f38d7afa72f89109b323ed74f5abcf1325c3e433a", kill_on_drop: false }`
[INFO] [stdout] 97007b6a23a48dd292a6700f38d7afa72f89109b323ed74f5abcf1325c3e433a
[INFO] running `Command { std: "docker" "create" "-v" "/var/lib/crater-agent-workspace/builds/worker-6-tc1/target:/opt/rustwide/target:rw,Z" "-v" "/var/lib/crater-agent-workspace/builds/worker-6-tc1/source:/opt/rustwide/workdir:ro,Z" "-v" "/var/lib/crater-agent-workspace/cargo-home:/opt/rustwide/cargo-home:ro,Z" "-v" "/var/lib/crater-agent-workspace/rustup-home:/opt/rustwide/rustup-home:ro,Z" "-e" "SOURCE_DIR=/opt/rustwide/workdir" "-e" "CARGO_TARGET_DIR=/opt/rustwide/target" "-e" "CARGO_INCREMENTAL=0" "-e" "RUST_BACKTRACE=full" "-e" "RUSTFLAGS=--cap-lints=forbid" "-e" "RUSTDOCFLAGS=--cap-lints=forbid" "-e" "CARGO_HOME=/opt/rustwide/cargo-home" "-e" "RUSTUP_HOME=/opt/rustwide/rustup-home" "-w" "/opt/rustwide/workdir" "-m" "1610612736" "--user" "0:0" "--network" "none" "ghcr.io/rust-lang/crates-build-env/linux@sha256:4a844ea9eb2546a2d2c7022eacef16ef2e8229c7fbb2c7d4d55a9ceca922f72d" "/opt/rustwide/cargo-home/bin/cargo" "+nightly-2024-10-28" "test" "--frozen", kill_on_drop: false }`
[INFO] [stdout] d10e5907ba459bbf332c0f4e8d5fab93bd575349348ea5e4346b8487636f3d40
[INFO] running `Command { std: "docker" "start" "-a" "d10e5907ba459bbf332c0f4e8d5fab93bd575349348ea5e4346b8487636f3d40", kill_on_drop: false }`
[INFO] [stderr] warning: unused import: `self as stream`
[INFO] [stderr]   --> src/lib.rs:23:20
[INFO] [stderr]    |
[INFO] [stderr] 23 | use tokio_stream::{self as stream, StreamExt};
[INFO] [stderr]    |                    ^^^^^^^^^^^^^^
[INFO] [stderr]    |
[INFO] [stderr]    = note: `#[warn(unused_imports)]` on by default
[INFO] [stderr] 
[INFO] [stderr] warning: associated type `watch_for_status_changeStream` should have an upper camel case name
[INFO] [stderr]     --> /opt/rustwide/target/debug/build/minknow-api-rust-149ac92fe8a15a3f/out/minknow_api.acquisition.rs:1632:14
[INFO] [stderr]      |
[INFO] [stderr] 1632 |         type watch_for_status_changeStream: futures_core::Stream<
[INFO] [stderr]      |              ^^^^^^^^^^^^^^^^^^^^^^^^^^^^^ help: convert the identifier to upper camel case: `WatchForStatusChangeStream`
[INFO] [stderr]      |
[INFO] [stderr]      = note: `#[warn(non_camel_case_types)]` on by default
[INFO] [stderr] 
[INFO] [stderr] warning: associated type `watch_current_acquisition_runStream` should have an upper camel case name
[INFO] [stderr]     --> /opt/rustwide/target/debug/build/minknow-api-rust-149ac92fe8a15a3f/out/minknow_api.acquisition.rs:1655:14
[INFO] [stderr]      |
[INFO] [stderr] 1655 |         type watch_current_acquisition_runStream: futures_core::Stream<
[INFO] [stderr]      |              ^^^^^^^^^^^^^^^^^^^^^^^^^^^^^^^^^^^ help: convert the identifier to upper camel case: `WatchCurrentAcquisitionRunStream`
[INFO] [stderr] 
[INFO] [stderr] warning: associated type `get_infoStream` should have an upper camel case name
[INFO] [stderr]     --> /opt/rustwide/target/debug/build/minknow-api-rust-149ac92fe8a15a3f/out/minknow_api.basecaller.rs:1044:14
[INFO] [stderr]      |
[INFO] [stderr] 1044 |         type get_infoStream: futures_core::Stream<
[INFO] [stderr]      |              ^^^^^^^^^^^^^^ help: convert the identifier to upper camel case: `GetInfoStream`
[INFO] [stderr] 
[INFO] [stderr] warning: associated type `watchStream` should have an upper camel case name
[INFO] [stderr]     --> /opt/rustwide/target/debug/build/minknow-api-rust-149ac92fe8a15a3f/out/minknow_api.basecaller.rs:1057:14
[INFO] [stderr]      |
[INFO] [stderr] 1057 |         type watchStream: futures_core::Stream<
[INFO] [stderr]      |              ^^^^^^^^^^^ help: convert the identifier to upper camel case (notice the capitalization): `WatchStream`
[INFO] [stderr] 
[INFO] [stderr] warning: associated type `stream_device_stateStream` should have an upper camel case name
[INFO] [stderr]     --> /opt/rustwide/target/debug/build/minknow-api-rust-149ac92fe8a15a3f/out/minknow_api.device.rs:1824:14
[INFO] [stderr]      |
[INFO] [stderr] 1824 |         type stream_device_stateStream: futures_core::Stream<
[INFO] [stderr]      |              ^^^^^^^^^^^^^^^^^^^^^^^^^ help: convert the identifier to upper camel case: `StreamDeviceStateStream`
[INFO] [stderr] 
[INFO] [stderr] warning: associated type `stream_flow_cell_infoStream` should have an upper camel case name
[INFO] [stderr]     --> /opt/rustwide/target/debug/build/minknow-api-rust-149ac92fe8a15a3f/out/minknow_api.device.rs:1845:14
[INFO] [stderr]      |
[INFO] [stderr] 1845 |         type stream_flow_cell_infoStream: futures_core::Stream<
[INFO] [stderr]      |              ^^^^^^^^^^^^^^^^^^^^^^^^^^^ help: convert the identifier to upper camel case: `StreamFlowCellInfoStream`
[INFO] [stderr] 
[INFO] [stderr] warning: associated type `stream_temperatureStream` should have an upper camel case name
[INFO] [stderr]     --> /opt/rustwide/target/debug/build/minknow-api-rust-149ac92fe8a15a3f/out/minknow_api.device.rs:1960:14
[INFO] [stderr]      |
[INFO] [stderr] 1960 |         type stream_temperatureStream: futures_core::Stream<
[INFO] [stderr]      |              ^^^^^^^^^^^^^^^^^^^^^^^^ help: convert the identifier to upper camel case: `StreamTemperatureStream`
[INFO] [stderr] 
[INFO] [stderr] warning: associated type `stream_disk_space_infoStream` should have an upper camel case name
[INFO] [stderr]    --> /opt/rustwide/target/debug/build/minknow-api-rust-149ac92fe8a15a3f/out/minknow_api.instance.rs:754:14
[INFO] [stderr]     |
[INFO] [stderr] 754 |         type stream_disk_space_infoStream: futures_core::Stream<
[INFO] [stderr]     |              ^^^^^^^^^^^^^^^^^^^^^^^^^^^^ help: convert the identifier to upper camel case: `StreamDiskSpaceInfoStream`
[INFO] [stderr] 
[INFO] [stderr] warning: associated type `stream_instance_activityStream` should have an upper camel case name
[INFO] [stderr]    --> /opt/rustwide/target/debug/build/minknow-api-rust-149ac92fe8a15a3f/out/minknow_api.instance.rs:781:14
[INFO] [stderr]     |
[INFO] [stderr] 781 |         type stream_instance_activityStream: futures_core::Stream<
[INFO] [stderr]     |              ^^^^^^^^^^^^^^^^^^^^^^^^^^^^^^ help: convert the identifier to upper camel case: `StreamInstanceActivityStream`
[INFO] [stderr] 
[INFO] [stderr] warning: associated type `flow_cell_positionsStream` should have an upper camel case name
[INFO] [stderr]     --> /opt/rustwide/target/debug/build/minknow-api-rust-149ac92fe8a15a3f/out/minknow_api.manager.rs:2389:14
[INFO] [stderr]      |
[INFO] [stderr] 2389 |         type flow_cell_positionsStream: futures_core::Stream<
[INFO] [stderr]      |              ^^^^^^^^^^^^^^^^^^^^^^^^^ help: convert the identifier to upper camel case: `FlowCellPositionsStream`
[INFO] [stderr] 
[INFO] [stderr] warning: associated type `watch_flow_cell_positionsStream` should have an upper camel case name
[INFO] [stderr]     --> /opt/rustwide/target/debug/build/minknow-api-rust-149ac92fe8a15a3f/out/minknow_api.manager.rs:2408:14
[INFO] [stderr]      |
[INFO] [stderr] 2408 |         type watch_flow_cell_positionsStream: futures_core::Stream<
[INFO] [stderr]      |              ^^^^^^^^^^^^^^^^^^^^^^^^^^^^^^^ help: convert the identifier to upper camel case: `WatchFlowCellPositionsStream`
[INFO] [stderr] 
[INFO] [stderr] warning: associated type `list_protocol_output_dir_filesStream` should have an upper camel case name
[INFO] [stderr]     --> /opt/rustwide/target/debug/build/minknow-api-rust-149ac92fe8a15a3f/out/minknow_api.manager.rs:2476:14
[INFO] [stderr]      |
[INFO] [stderr] 2476 |         type list_protocol_output_dir_filesStream: futures_core::Stream<
[INFO] [stderr]      |              ^^^^^^^^^^^^^^^^^^^^^^^^^^^^^^^^^^^^ help: convert the identifier to upper camel case: `ListProtocolOutputDirFilesStream`
[INFO] [stderr] 
[INFO] [stderr] warning: associated type `stream_disk_space_infoStream` should have an upper camel case name
[INFO] [stderr]     --> /opt/rustwide/target/debug/build/minknow-api-rust-149ac92fe8a15a3f/out/minknow_api.manager.rs:2542:14
[INFO] [stderr]      |
[INFO] [stderr] 2542 |         type stream_disk_space_infoStream: futures_core::Stream<
[INFO] [stderr]      |              ^^^^^^^^^^^^^^^^^^^^^^^^^^^^ help: convert the identifier to upper camel case: `StreamDiskSpaceInfoStream`
[INFO] [stderr] 
[INFO] [stderr] warning: associated type `watch_current_protocol_runStream` should have an upper camel case name
[INFO] [stderr]     --> /opt/rustwide/target/debug/build/minknow-api-rust-149ac92fe8a15a3f/out/minknow_api.protocol.rs:1806:14
[INFO] [stderr]      |
[INFO] [stderr] 1806 |         type watch_current_protocol_runStream: futures_core::Stream<
[INFO] [stderr]      |              ^^^^^^^^^^^^^^^^^^^^^^^^^^^^^^^^ help: convert the identifier to upper camel case: `WatchCurrentProtocolRunStream`
[INFO] [stderr] 
[INFO] [stderr] warning: associated type `protocol_phase_managementStream` should have an upper camel case name
[INFO] [stderr]     --> /opt/rustwide/target/debug/build/minknow-api-rust-149ac92fe8a15a3f/out/minknow_api.protocol.rs:1943:14
[INFO] [stderr]      |
[INFO] [stderr] 1943 |         type protocol_phase_managementStream: futures_core::Stream<
[INFO] [stderr]      |              ^^^^^^^^^^^^^^^^^^^^^^^^^^^^^^^ help: convert the identifier to upper camel case: `ProtocolPhaseManagementStream`
[INFO] [stderr] 
[INFO] [stderr] warning: associated type `generate_run_reportStream` should have an upper camel case name
[INFO] [stderr]     --> /opt/rustwide/target/debug/build/minknow-api-rust-149ac92fe8a15a3f/out/minknow_api.protocol.rs:1967:14
[INFO] [stderr]      |
[INFO] [stderr] 1967 |         type generate_run_reportStream: futures_core::Stream<
[INFO] [stderr]      |              ^^^^^^^^^^^^^^^^^^^^^^^^^ help: convert the identifier to upper camel case: `GenerateRunReportStream`
[INFO] [stderr] 
[INFO] [stderr] warning: associated type `stream_target_criteriaStream` should have an upper camel case name
[INFO] [stderr]    --> /opt/rustwide/target/debug/build/minknow-api-rust-149ac92fe8a15a3f/out/minknow_api.run_until.rs:735:14
[INFO] [stderr]     |
[INFO] [stderr] 735 |         type stream_target_criteriaStream: futures_core::Stream<
[INFO] [stderr]     |              ^^^^^^^^^^^^^^^^^^^^^^^^^^^^ help: convert the identifier to upper camel case: `StreamTargetCriteriaStream`
[INFO] [stderr] 
[INFO] [stderr] warning: associated type `stream_progressStream` should have an upper camel case name
[INFO] [stderr]    --> /opt/rustwide/target/debug/build/minknow-api-rust-149ac92fe8a15a3f/out/minknow_api.run_until.rs:758:14
[INFO] [stderr]     |
[INFO] [stderr] 758 |         type stream_progressStream: futures_core::Stream<
[INFO] [stderr]     |              ^^^^^^^^^^^^^^^^^^^^^ help: convert the identifier to upper camel case: `StreamProgressStream`
[INFO] [stderr] 
[INFO] [stderr] warning: associated type `stream_updatesStream` should have an upper camel case name
[INFO] [stderr]    --> /opt/rustwide/target/debug/build/minknow-api-rust-149ac92fe8a15a3f/out/minknow_api.run_until.rs:789:14
[INFO] [stderr]     |
[INFO] [stderr] 789 |         type stream_updatesStream: futures_core::Stream<
[INFO] [stderr]     |              ^^^^^^^^^^^^^^^^^^^^ help: convert the identifier to upper camel case: `StreamUpdatesStream`
[INFO] [stderr] 
[INFO] [stderr] warning: unused variable: `err`
[INFO] [stderr]    --> src/lib.rs:233:17
[INFO] [stderr]     |
[INFO] [stderr] 233 |             Err(err) => return Err(Status::unavailable("Not available")),
[INFO] [stderr]     |                 ^^^ help: if this is intentional, prefix it with an underscore: `_err`
[INFO] [stderr]     |
[INFO] [stderr]     = note: `#[warn(unused_variables)]` on by default
[INFO] [stderr] 
[INFO] [stderr] warning: unused variable: `err`
[INFO] [stderr]    --> src/lib.rs:255:17
[INFO] [stderr]     |
[INFO] [stderr] 255 |             Err(err) => return Err(Status::unavailable("Not available")),
[INFO] [stderr]     |                 ^^^ help: if this is intentional, prefix it with an underscore: `_err`
[INFO] [stderr] 
[INFO] [stderr] warning: unused variable: `err`
[INFO] [stderr]    --> src/lib.rs:294:17
[INFO] [stderr]     |
[INFO] [stderr] 294 |             Err(err) => return Err(Status::unavailable("Not available")),
[INFO] [stderr]     |                 ^^^ help: if this is intentional, prefix it with an underscore: `_err`
[INFO] [stderr] 
[INFO] [stderr] warning: unused variable: `err`
[INFO] [stderr]    --> src/lib.rs:335:17
[INFO] [stderr]     |
[INFO] [stderr] 335 |             Err(err) => return Err(Status::unavailable("Not available")),
[INFO] [stderr]     |                 ^^^ help: if this is intentional, prefix it with an underscore: `_err`
[INFO] [stderr] 
[INFO] [stderr] warning: unused variable: `err`
[INFO] [stderr]    --> src/lib.rs:351:17
[INFO] [stderr]     |
[INFO] [stderr] 351 |             Err(err) => return Err(Status::unavailable("Not available")),
[INFO] [stderr]     |                 ^^^ help: if this is intentional, prefix it with an underscore: `_err`
[INFO] [stderr] 
[INFO] [stderr] warning: `minknow-api-rust` (lib test) generated 25 warnings (run `cargo fix --lib -p minknow-api-rust --tests` to apply 1 suggestion)
[INFO] [stderr]     Finished `test` profile [unoptimized + debuginfo] target(s) in 0.18s
[INFO] [stderr]      Running unittests src/lib.rs (/opt/rustwide/target/debug/deps/minknow_api_rust-a413d36c1ec0460f)
[INFO] [stdout] 
[INFO] [stdout] running 5 tests
[INFO] [stdout] test tests::test_simulated_minion_e2e ... FAILED
[INFO] [stdout] test tests::test_describe_host ... FAILED
[INFO] [stdout] test tests::test_developer_api_token_management ... FAILED
[INFO] [stdout] test tests::test_simulated_promethion_e2e ... FAILED
[INFO] [stdout] test tests::test_find_protocols ... FAILED
[INFO] [stdout] 
[INFO] [stdout] failures:
[INFO] [stdout] 
[INFO] [stdout] ---- tests::test_simulated_minion_e2e stdout ----
[INFO] [stdout] thread 'tests::test_simulated_minion_e2e' panicked at src/lib.rs:318:61:
[INFO] [stdout] called `Option::unwrap()` on a `None` value
[INFO] [stdout] stack backtrace:
[INFO] [stdout]    0:     0x63e94c0df1aa - std::backtrace_rs::backtrace::libunwind::trace::h207520d6e9873551
[INFO] [stdout]                                at /rustc/df4ca44d3fbc9301ee17f30f4d474e6ae4b05252/library/std/src/../../backtrace/src/backtrace/libunwind.rs:116:5
[INFO] [stdout]    1:     0x63e94c0df1aa - std::backtrace_rs::backtrace::trace_unsynchronized::h2ed7433f370e3eca
[INFO] [stdout]                                at /rustc/df4ca44d3fbc9301ee17f30f4d474e6ae4b05252/library/std/src/../../backtrace/src/backtrace/mod.rs:66:5
[INFO] [stdout]    2:     0x63e94c0df1aa - std::sys::backtrace::_print_fmt::h916fac51166b18d7
[INFO] [stdout]                                at /rustc/df4ca44d3fbc9301ee17f30f4d474e6ae4b05252/library/std/src/sys/backtrace.rs:66:9
[INFO] [stdout]    3:     0x63e94c0df1aa - <std::sys::backtrace::BacktraceLock::print::DisplayBacktrace as core::fmt::Display>::fmt::ha0a4c9b8ce3802e6
[INFO] [stdout]                                at /rustc/df4ca44d3fbc9301ee17f30f4d474e6ae4b05252/library/std/src/sys/backtrace.rs:39:26
[INFO] [stdout]    4:     0x63e94c109543 - core::fmt::rt::Argument::fmt::h4cfc8587d52b3eb5
[INFO] [stdout]                                at /rustc/df4ca44d3fbc9301ee17f30f4d474e6ae4b05252/library/core/src/fmt/rt.rs:177:76
[INFO] [stdout]    5:     0x63e94c109543 - core::fmt::write::h522cc39e5b36ae9f
[INFO] [stdout]                                at /rustc/df4ca44d3fbc9301ee17f30f4d474e6ae4b05252/library/core/src/fmt/mod.rs:1190:21
[INFO] [stdout]    6:     0x63e94c0db403 - std::io::Write::write_fmt::h7d3c26752da97734
[INFO] [stdout]                                at /rustc/df4ca44d3fbc9301ee17f30f4d474e6ae4b05252/library/std/src/io/mod.rs:1839:15
[INFO] [stdout]    7:     0x63e94c0deff2 - std::sys::backtrace::BacktraceLock::print::h4b9e00b29e9c0942
[INFO] [stdout]                                at /rustc/df4ca44d3fbc9301ee17f30f4d474e6ae4b05252/library/std/src/sys/backtrace.rs:42:9
[INFO] [stdout]    8:     0x63e94c0e063a - std::panicking::default_hook::{{closure}}::hb59b88280d0324d9
[INFO] [stdout]                                at /rustc/df4ca44d3fbc9301ee17f30f4d474e6ae4b05252/library/std/src/panicking.rs:268:22
[INFO] [stdout]    9:     0x63e94c0e0444 - std::panicking::default_hook::he1dd496665be4a29
[INFO] [stdout]                                at /rustc/df4ca44d3fbc9301ee17f30f4d474e6ae4b05252/library/std/src/panicking.rs:292:9
[INFO] [stdout]   10:     0x63e94bd80159 - <alloc::boxed::Box<F,A> as core::ops::function::Fn<Args>>::call::h4ff71de18744e1dc
[INFO] [stdout]                                at /rustc/df4ca44d3fbc9301ee17f30f4d474e6ae4b05252/library/alloc/src/boxed.rs:2468:9
[INFO] [stdout]   11:     0x63e94bd80159 - test::test_main::{{closure}}::hcf7c055ce117aa81
[INFO] [stdout]                                at /rustc/df4ca44d3fbc9301ee17f30f4d474e6ae4b05252/library/test/src/lib.rs:133:21
[INFO] [stdout]   12:     0x63e94c0e0d38 - <alloc::boxed::Box<F,A> as core::ops::function::Fn<Args>>::call::h1d66c6bbd60c9692
[INFO] [stdout]                                at /rustc/df4ca44d3fbc9301ee17f30f4d474e6ae4b05252/library/alloc/src/boxed.rs:2468:9
[INFO] [stdout]   13:     0x63e94c0e0d38 - std::panicking::rust_panic_with_hook::h2ff17fe8f26dfcf8
[INFO] [stdout]                                at /rustc/df4ca44d3fbc9301ee17f30f4d474e6ae4b05252/library/std/src/panicking.rs:809:13
[INFO] [stdout]   14:     0x63e94c0e0ac6 - std::panicking::begin_panic_handler::{{closure}}::h4fad77951c07e101
[INFO] [stdout]                                at /rustc/df4ca44d3fbc9301ee17f30f4d474e6ae4b05252/library/std/src/panicking.rs:667:13
[INFO] [stdout]   15:     0x63e94c0df689 - std::sys::backtrace::__rust_end_short_backtrace::hb1a25b3da5d0ea08
[INFO] [stdout]                                at /rustc/df4ca44d3fbc9301ee17f30f4d474e6ae4b05252/library/std/src/sys/backtrace.rs:170:18
[INFO] [stdout]   16:     0x63e94c0e078c - rust_begin_unwind
[INFO] [stdout]                                at /rustc/df4ca44d3fbc9301ee17f30f4d474e6ae4b05252/library/std/src/panicking.rs:665:5
[INFO] [stdout]   17:     0x63e94c106ec0 - core::panicking::panic_fmt::ha9db07b529f9b256
[INFO] [stdout]                                at /rustc/df4ca44d3fbc9301ee17f30f4d474e6ae4b05252/library/core/src/panicking.rs:75:14
[INFO] [stdout]   18:     0x63e94c106f4c - core::panicking::panic::h993086813d94accc
[INFO] [stdout]                                at /rustc/df4ca44d3fbc9301ee17f30f4d474e6ae4b05252/library/core/src/panicking.rs:152:5
[INFO] [stdout]   19:     0x63e94c106e39 - core::option::unwrap_failed::h7d84639b8a1a5da9
[INFO] [stdout]                                at /rustc/df4ca44d3fbc9301ee17f30f4d474e6ae4b05252/library/core/src/option.rs:2008:5
[INFO] [stdout]   20:     0x63e94bcf64ef - core::option::Option<T>::unwrap::ha775d5ed53822b93
[INFO] [stdout]                                at /rustc/df4ca44d3fbc9301ee17f30f4d474e6ae4b05252/library/core/src/option.rs:971:21
[INFO] [stdout]   21:     0x63e94bcf64ef - minknow_api_rust::Manager::new::{{closure}}::h28b105717dac25d9
[INFO] [stdout]                                at /opt/rustwide/workdir/src/lib.rs:318:25
[INFO] [stdout]   22:     0x63e94bc9500f - minknow_api_rust::tests::test_simulated_minion_e2e::{{closure}}::hcec2a8a4002b0d94
[INFO] [stdout]                                at /opt/rustwide/workdir/src/lib.rs:594:71
[INFO] [stdout]   23:     0x63e94bbbcb72 - <core::pin::Pin<P> as core::future::future::Future>::poll::hdc2c1fa8698a3219
[INFO] [stdout]                                at /rustc/df4ca44d3fbc9301ee17f30f4d474e6ae4b05252/library/core/src/future/future.rs:123:9
[INFO] [stdout]   24:     0x63e94bbbc9ad - <core::pin::Pin<P> as core::future::future::Future>::poll::h81ce8837a0298ce9
[INFO] [stdout]                                at /rustc/df4ca44d3fbc9301ee17f30f4d474e6ae4b05252/library/core/src/future/future.rs:123:9
[INFO] [stdout]   25:     0x63e94bc01d8f - tokio::runtime::scheduler::current_thread::CoreGuard::block_on::{{closure}}::{{closure}}::{{closure}}::heb2fdb1582663c69
[INFO] [stdout]                                at /opt/rustwide/cargo-home/registry/src/index.crates.io-6f17d22bba15001f/tokio-1.41.0/src/runtime/scheduler/current_thread/mod.rs:729:57
[INFO] [stdout]   26:     0x63e94bc01b15 - tokio::runtime::coop::with_budget::hf506ce998ccb6d61
[INFO] [stdout]                                at /opt/rustwide/cargo-home/registry/src/index.crates.io-6f17d22bba15001f/tokio-1.41.0/src/runtime/coop.rs:107:5
[INFO] [stdout]   27:     0x63e94bc01b15 - tokio::runtime::coop::budget::h5b60b41b501d778a
[INFO] [stdout]                                at /opt/rustwide/cargo-home/registry/src/index.crates.io-6f17d22bba15001f/tokio-1.41.0/src/runtime/coop.rs:73:5
[INFO] [stdout]   28:     0x63e94bc01b15 - tokio::runtime::scheduler::current_thread::CoreGuard::block_on::{{closure}}::{{closure}}::h2dd3168fedc40343
[INFO] [stdout]                                at /opt/rustwide/cargo-home/registry/src/index.crates.io-6f17d22bba15001f/tokio-1.41.0/src/runtime/scheduler/current_thread/mod.rs:729:25
[INFO] [stdout]   29:     0x63e94bbff060 - tokio::runtime::scheduler::current_thread::Context::enter::h6621449697a3833a
[INFO] [stdout]                                at /opt/rustwide/cargo-home/registry/src/index.crates.io-6f17d22bba15001f/tokio-1.41.0/src/runtime/scheduler/current_thread/mod.rs:428:19
[INFO] [stdout]   30:     0x63e94bc00b1b - tokio::runtime::scheduler::current_thread::CoreGuard::block_on::{{closure}}::h0b824d200b526a27
[INFO] [stdout]                                at /opt/rustwide/cargo-home/registry/src/index.crates.io-6f17d22bba15001f/tokio-1.41.0/src/runtime/scheduler/current_thread/mod.rs:728:36
[INFO] [stdout]   31:     0x63e94bc00834 - tokio::runtime::scheduler::current_thread::CoreGuard::enter::{{closure}}::hdd7ed7e5eafc7cad
[INFO] [stdout]                                at /opt/rustwide/cargo-home/registry/src/index.crates.io-6f17d22bba15001f/tokio-1.41.0/src/runtime/scheduler/current_thread/mod.rs:807:68
[INFO] [stdout]   32:     0x63e94bc3ed9b - tokio::runtime::context::scoped::Scoped<T>::set::h164034faabcc39cf
[INFO] [stdout]                                at /opt/rustwide/cargo-home/registry/src/index.crates.io-6f17d22bba15001f/tokio-1.41.0/src/runtime/context/scoped.rs:40:9
[INFO] [stdout]   33:     0x63e94bd3c029 - tokio::runtime::context::set_scheduler::{{closure}}::hbb499f3e09393652
[INFO] [stdout]                                at /opt/rustwide/cargo-home/registry/src/index.crates.io-6f17d22bba15001f/tokio-1.41.0/src/runtime/context.rs:180:26
[INFO] [stdout]   34:     0x63e94bd2aa2d - std::thread::local::LocalKey<T>::try_with::h19c89897a873249a
[INFO] [stdout]                                at /rustc/df4ca44d3fbc9301ee17f30f4d474e6ae4b05252/library/std/src/thread/local.rs:283:12
[INFO] [stdout]   35:     0x63e94bd2a81a - std::thread::local::LocalKey<T>::with::h95e442f91a2fa944
[INFO] [stdout]                                at /rustc/df4ca44d3fbc9301ee17f30f4d474e6ae4b05252/library/std/src/thread/local.rs:260:9
[INFO] [stdout]   36:     0x63e94bd3bf5d - tokio::runtime::context::set_scheduler::h879d4d0568839610
[INFO] [stdout]                                at /opt/rustwide/cargo-home/registry/src/index.crates.io-6f17d22bba15001f/tokio-1.41.0/src/runtime/context.rs:180:9
[INFO] [stdout]   37:     0x63e94bc005c0 - tokio::runtime::scheduler::current_thread::CoreGuard::enter::h9270d73241e52ebc
[INFO] [stdout]                                at /opt/rustwide/cargo-home/registry/src/index.crates.io-6f17d22bba15001f/tokio-1.41.0/src/runtime/scheduler/current_thread/mod.rs:807:27
[INFO] [stdout]   38:     0x63e94bc008b3 - tokio::runtime::scheduler::current_thread::CoreGuard::block_on::hd1c235624df2e79f
[INFO] [stdout]                                at /opt/rustwide/cargo-home/registry/src/index.crates.io-6f17d22bba15001f/tokio-1.41.0/src/runtime/scheduler/current_thread/mod.rs:716:19
[INFO] [stdout]   39:     0x63e94bbfc73f - tokio::runtime::scheduler::current_thread::CurrentThread::block_on::{{closure}}::h95933b6f014d9117
[INFO] [stdout]                                at /opt/rustwide/cargo-home/registry/src/index.crates.io-6f17d22bba15001f/tokio-1.41.0/src/runtime/scheduler/current_thread/mod.rs:196:28
[INFO] [stdout]   40:     0x63e94bcdab66 - tokio::runtime::context::runtime::enter_runtime::h252f0fdbc79f5c03
[INFO] [stdout]                                at /opt/rustwide/cargo-home/registry/src/index.crates.io-6f17d22bba15001f/tokio-1.41.0/src/runtime/context/runtime.rs:65:16
[INFO] [stdout]   41:     0x63e94bbfbf81 - tokio::runtime::scheduler::current_thread::CurrentThread::block_on::h503f46658f150a59
[INFO] [stdout]                                at /opt/rustwide/cargo-home/registry/src/index.crates.io-6f17d22bba15001f/tokio-1.41.0/src/runtime/scheduler/current_thread/mod.rs:184:9
[INFO] [stdout]   42:     0x63e94bc8f233 - tokio::runtime::runtime::Runtime::block_on_inner::hafdd197bc766b5e1
[INFO] [stdout]                                at /opt/rustwide/cargo-home/registry/src/index.crates.io-6f17d22bba15001f/tokio-1.41.0/src/runtime/runtime.rs:368:47
[INFO] [stdout]   43:     0x63e94bc8f427 - tokio::runtime::runtime::Runtime::block_on::h1257903ebd609ac1
[INFO] [stdout]                                at /opt/rustwide/cargo-home/registry/src/index.crates.io-6f17d22bba15001f/tokio-1.41.0/src/runtime/runtime.rs:342:13
[INFO] [stdout]   44:     0x63e94bc94c2e - minknow_api_rust::tests::test_simulated_minion_e2e::hfc46382a61ed974d
[INFO] [stdout]                                at /opt/rustwide/workdir/src/lib.rs:664:9
[INFO] [stdout]   45:     0x63e94bc94aa7 - minknow_api_rust::tests::test_simulated_minion_e2e::{{closure}}::h1009270daf01ad40
[INFO] [stdout]                                at /opt/rustwide/workdir/src/lib.rs:592:41
[INFO] [stdout]   46:     0x63e94bb8e0b6 - core::ops::function::FnOnce::call_once::h82d4814c3863be86
[INFO] [stdout]                                at /rustc/df4ca44d3fbc9301ee17f30f4d474e6ae4b05252/library/core/src/ops/function.rs:250:5
[INFO] [stdout]   47:     0x63e94bd84a2b - core::ops::function::FnOnce::call_once::h22c3ba5715e93f05
[INFO] [stdout]                                at /rustc/df4ca44d3fbc9301ee17f30f4d474e6ae4b05252/library/core/src/ops/function.rs:250:5
[INFO] [stdout]   48:     0x63e94bd84a2b - test::__rust_begin_short_backtrace::h8e82d8113d0da17f
[INFO] [stdout]                                at /rustc/df4ca44d3fbc9301ee17f30f4d474e6ae4b05252/library/test/src/lib.rs:621:18
[INFO] [stdout]   49:     0x63e94bd843a7 - test::run_test_in_process::{{closure}}::h33235f4f20b7b7c7
[INFO] [stdout]                                at /rustc/df4ca44d3fbc9301ee17f30f4d474e6ae4b05252/library/test/src/lib.rs:644:60
[INFO] [stdout]   50:     0x63e94bd843a7 - <core::panic::unwind_safe::AssertUnwindSafe<F> as core::ops::function::FnOnce<()>>::call_once::hb5043206310c586f
[INFO] [stdout]                                at /rustc/df4ca44d3fbc9301ee17f30f4d474e6ae4b05252/library/core/src/panic/unwind_safe.rs:272:9
[INFO] [stdout]   51:     0x63e94bd843a7 - std::panicking::try::do_call::h9ad4731a60ab23e2
[INFO] [stdout]                                at /rustc/df4ca44d3fbc9301ee17f30f4d474e6ae4b05252/library/std/src/panicking.rs:557:40
[INFO] [stdout]   52:     0x63e94bd843a7 - std::panicking::try::h3824d23db772a716
[INFO] [stdout]                                at /rustc/df4ca44d3fbc9301ee17f30f4d474e6ae4b05252/library/std/src/panicking.rs:520:19
[INFO] [stdout]   53:     0x63e94bd843a7 - std::panic::catch_unwind::h5afd514605fde46b
[INFO] [stdout]                                at /rustc/df4ca44d3fbc9301ee17f30f4d474e6ae4b05252/library/std/src/panic.rs:358:14
[INFO] [stdout]   54:     0x63e94bd843a7 - test::run_test_in_process::h0d5cbfa7067d1720
[INFO] [stdout]                                at /rustc/df4ca44d3fbc9301ee17f30f4d474e6ae4b05252/library/test/src/lib.rs:644:27
[INFO] [stdout]   55:     0x63e94bd843a7 - test::run_test::{{closure}}::h708eb8872708115d
[INFO] [stdout]                                at /rustc/df4ca44d3fbc9301ee17f30f4d474e6ae4b05252/library/test/src/lib.rs:565:43
[INFO] [stdout]   56:     0x63e94bd47ac4 - test::run_test::{{closure}}::h392c51cee94713ab
[INFO] [stdout]                                at /rustc/df4ca44d3fbc9301ee17f30f4d474e6ae4b05252/library/test/src/lib.rs:595:41
[INFO] [stdout]   57:     0x63e94bd47ac4 - std::sys::backtrace::__rust_begin_short_backtrace::h2f40290710935a8b
[INFO] [stdout]                                at /rustc/df4ca44d3fbc9301ee17f30f4d474e6ae4b05252/library/std/src/sys/backtrace.rs:154:18
[INFO] [stdout]   58:     0x63e94bd4b26e - std::thread::Builder::spawn_unchecked_::{{closure}}::{{closure}}::h3fd968d89053a903
[INFO] [stdout]                                at /rustc/df4ca44d3fbc9301ee17f30f4d474e6ae4b05252/library/std/src/thread/mod.rs:541:17
[INFO] [stdout]   59:     0x63e94bd4b26e - <core::panic::unwind_safe::AssertUnwindSafe<F> as core::ops::function::FnOnce<()>>::call_once::h743f637ba4229880
[INFO] [stdout]                                at /rustc/df4ca44d3fbc9301ee17f30f4d474e6ae4b05252/library/core/src/panic/unwind_safe.rs:272:9
[INFO] [stdout]   60:     0x63e94bd4b26e - std::panicking::try::do_call::h07440897322525a6
[INFO] [stdout]                                at /rustc/df4ca44d3fbc9301ee17f30f4d474e6ae4b05252/library/std/src/panicking.rs:557:40
[INFO] [stdout]   61:     0x63e94bd4b26e - std::panicking::try::he5a2e00188156637
[INFO] [stdout]                                at /rustc/df4ca44d3fbc9301ee17f30f4d474e6ae4b05252/library/std/src/panicking.rs:520:19
[INFO] [stdout]   62:     0x63e94bd4b26e - std::panic::catch_unwind::hbaf3cae49b3c6433
[INFO] [stdout]                                at /rustc/df4ca44d3fbc9301ee17f30f4d474e6ae4b05252/library/std/src/panic.rs:358:14
[INFO] [stdout]   63:     0x63e94bd4b26e - std::thread::Builder::spawn_unchecked_::{{closure}}::h8e141ea224820bce
[INFO] [stdout]                                at /rustc/df4ca44d3fbc9301ee17f30f4d474e6ae4b05252/library/std/src/thread/mod.rs:540:30
[INFO] [stdout]   64:     0x63e94bd4b26e - core::ops::function::FnOnce::call_once{{vtable.shim}}::h90d312fedd7b8ea8
[INFO] [stdout]                                at /rustc/df4ca44d3fbc9301ee17f30f4d474e6ae4b05252/library/core/src/ops/function.rs:250:5
[INFO] [stdout]   65:     0x63e94c0e4d1b - <alloc::boxed::Box<F,A> as core::ops::function::FnOnce<Args>>::call_once::h69aa08ddb6adb8b6
[INFO] [stdout]                                at /rustc/df4ca44d3fbc9301ee17f30f4d474e6ae4b05252/library/alloc/src/boxed.rs:2454:9
[INFO] [stdout]   66:     0x63e94c0e4d1b - <alloc::boxed::Box<F,A> as core::ops::function::FnOnce<Args>>::call_once::h5aa36efdb79c806f
[INFO] [stdout]                                at /rustc/df4ca44d3fbc9301ee17f30f4d474e6ae4b05252/library/alloc/src/boxed.rs:2454:9
[INFO] [stdout]   67:     0x63e94c0e4d1b - std::sys::pal::unix::thread::Thread::new::thread_start::h6cd80a1b4be5158d
[INFO] [stdout]                                at /rustc/df4ca44d3fbc9301ee17f30f4d474e6ae4b05252/library/std/src/sys/pal/unix/thread.rs:105:17
[INFO] [stdout]   68:     0x738762426ac3 - <unknown>
[INFO] [stdout]   69:     0x7387624b7a04 - clone
[INFO] [stdout]   70:                0x0 - <unknown>
[INFO] [stdout] 
[INFO] [stdout] ---- tests::test_describe_host stdout ----
[INFO] [stdout] thread 'tests::test_describe_host' panicked at src/lib.rs:318:61:
[INFO] [stdout] called `Option::unwrap()` on a `None` value
[INFO] [stdout] stack backtrace:
[INFO] [stdout]    0:     0x63e94c0df1aa - std::backtrace_rs::backtrace::libunwind::trace::h207520d6e9873551
[INFO] [stdout]                                at /rustc/df4ca44d3fbc9301ee17f30f4d474e6ae4b05252/library/std/src/../../backtrace/src/backtrace/libunwind.rs:116:5
[INFO] [stdout]    1:     0x63e94c0df1aa - std::backtrace_rs::backtrace::trace_unsynchronized::h2ed7433f370e3eca
[INFO] [stdout]                                at /rustc/df4ca44d3fbc9301ee17f30f4d474e6ae4b05252/library/std/src/../../backtrace/src/backtrace/mod.rs:66:5
[INFO] [stdout]    2:     0x63e94c0df1aa - std::sys::backtrace::_print_fmt::h916fac51166b18d7
[INFO] [stdout]                                at /rustc/df4ca44d3fbc9301ee17f30f4d474e6ae4b05252/library/std/src/sys/backtrace.rs:66:9
[INFO] [stdout]    3:     0x63e94c0df1aa - <std::sys::backtrace::BacktraceLock::print::DisplayBacktrace as core::fmt::Display>::fmt::ha0a4c9b8ce3802e6
[INFO] [stdout]                                at /rustc/df4ca44d3fbc9301ee17f30f4d474e6ae4b05252/library/std/src/sys/backtrace.rs:39:26
[INFO] [stdout]    4:     0x63e94c109543 - core::fmt::rt::Argument::fmt::h4cfc8587d52b3eb5
[INFO] [stdout]                                at /rustc/df4ca44d3fbc9301ee17f30f4d474e6ae4b05252/library/core/src/fmt/rt.rs:177:76
[INFO] [stdout]    5:     0x63e94c109543 - core::fmt::write::h522cc39e5b36ae9f
[INFO] [stdout]                                at /rustc/df4ca44d3fbc9301ee17f30f4d474e6ae4b05252/library/core/src/fmt/mod.rs:1190:21
[INFO] [stdout]    6:     0x63e94c0db403 - std::io::Write::write_fmt::h7d3c26752da97734
[INFO] [stdout]                                at /rustc/df4ca44d3fbc9301ee17f30f4d474e6ae4b05252/library/std/src/io/mod.rs:1839:15
[INFO] [stdout]    7:     0x63e94c0deff2 - std::sys::backtrace::BacktraceLock::print::h4b9e00b29e9c0942
[INFO] [stdout]                                at /rustc/df4ca44d3fbc9301ee17f30f4d474e6ae4b05252/library/std/src/sys/backtrace.rs:42:9
[INFO] [stdout]    8:     0x63e94c0e063a - std::panicking::default_hook::{{closure}}::hb59b88280d0324d9
[INFO] [stdout]                                at /rustc/df4ca44d3fbc9301ee17f30f4d474e6ae4b05252/library/std/src/panicking.rs:268:22
[INFO] [stdout]    9:     0x63e94c0e0444 - std::panicking::default_hook::he1dd496665be4a29
[INFO] [stdout]                                at /rustc/df4ca44d3fbc9301ee17f30f4d474e6ae4b05252/library/std/src/panicking.rs:292:9
[INFO] [stdout]   10:     0x63e94bd80159 - <alloc::boxed::Box<F,A> as core::ops::function::Fn<Args>>::call::h4ff71de18744e1dc
[INFO] [stdout]                                at /rustc/df4ca44d3fbc9301ee17f30f4d474e6ae4b05252/library/alloc/src/boxed.rs:2468:9
[INFO] [stdout]   11:     0x63e94bd80159 - test::test_main::{{closure}}::hcf7c055ce117aa81
[INFO] [stdout]                                at /rustc/df4ca44d3fbc9301ee17f30f4d474e6ae4b05252/library/test/src/lib.rs:133:21
[INFO] [stdout]   12:     0x63e94c0e0d38 - <alloc::boxed::Box<F,A> as core::ops::function::Fn<Args>>::call::h1d66c6bbd60c9692
[INFO] [stdout]                                at /rustc/df4ca44d3fbc9301ee17f30f4d474e6ae4b05252/library/alloc/src/boxed.rs:2468:9
[INFO] [stdout]   13:     0x63e94c0e0d38 - std::panicking::rust_panic_with_hook::h2ff17fe8f26dfcf8
[INFO] [stdout]                                at /rustc/df4ca44d3fbc9301ee17f30f4d474e6ae4b05252/library/std/src/panicking.rs:809:13
[INFO] [stdout]   14:     0x63e94c0e0ac6 - std::panicking::begin_panic_handler::{{closure}}::h4fad77951c07e101
[INFO] [stdout]                                at /rustc/df4ca44d3fbc9301ee17f30f4d474e6ae4b05252/library/std/src/panicking.rs:667:13
[INFO] [stdout]   15:     0x63e94c0df689 - std::sys::backtrace::__rust_end_short_backtrace::hb1a25b3da5d0ea08
[INFO] [stdout]                                at /rustc/df4ca44d3fbc9301ee17f30f4d474e6ae4b05252/library/std/src/sys/backtrace.rs:170:18
[INFO] [stdout]   16:     0x63e94c0e078c - rust_begin_unwind
[INFO] [stdout]                                at /rustc/df4ca44d3fbc9301ee17f30f4d474e6ae4b05252/library/std/src/panicking.rs:665:5
[INFO] [stdout]   17:     0x63e94c106ec0 - core::panicking::panic_fmt::ha9db07b529f9b256
[INFO] [stdout]                                at /rustc/df4ca44d3fbc9301ee17f30f4d474e6ae4b05252/library/core/src/panicking.rs:75:14
[INFO] [stdout]   18:     0x63e94c106f4c - core::panicking::panic::h993086813d94accc
[INFO] [stdout]                                at /rustc/df4ca44d3fbc9301ee17f30f4d474e6ae4b05252/library/core/src/panicking.rs:152:5
[INFO] [stdout]   19:     0x63e94c106e39 - core::option::unwrap_failed::h7d84639b8a1a5da9
[INFO] [stdout]                                at /rustc/df4ca44d3fbc9301ee17f30f4d474e6ae4b05252/library/core/src/option.rs:2008:5
[INFO] [stdout]   20:     0x63e94bcf64ef - core::option::Option<T>::unwrap::ha775d5ed53822b93
[INFO] [stdout]                                at /rustc/df4ca44d3fbc9301ee17f30f4d474e6ae4b05252/library/core/src/option.rs:971:21
[INFO] [stdout]   21:     0x63e94bcf64ef - minknow_api_rust::Manager::new::{{closure}}::h28b105717dac25d9
[INFO] [stdout]                                at /opt/rustwide/workdir/src/lib.rs:318:25
[INFO] [stdout]   22:     0x63e94bc92f9c - minknow_api_rust::tests::test_describe_host::{{closure}}::h1adad22d4fdf0602
[INFO] [stdout]                                at /opt/rustwide/workdir/src/lib.rs:546:67
[INFO] [stdout]   23:     0x63e94bbbcb72 - <core::pin::Pin<P> as core::future::future::Future>::poll::hdc2c1fa8698a3219
[INFO] [stdout]                                at /rustc/df4ca44d3fbc9301ee17f30f4d474e6ae4b05252/library/core/src/future/future.rs:123:9
[INFO] [stdout]   24:     0x63e94bbbc9ad - <core::pin::Pin<P> as core::future::future::Future>::poll::h81ce8837a0298ce9
[INFO] [stdout]                                at /rustc/df4ca44d3fbc9301ee17f30f4d474e6ae4b05252/library/core/src/future/future.rs:123:9
[INFO] [stdout]   25:     0x63e94bc01d8f - tokio::runtime::scheduler::current_thread::CoreGuard::block_on::{{closure}}::{{closure}}::{{closure}}::heb2fdb1582663c69
[INFO] [stdout]                                at /opt/rustwide/cargo-home/registry/src/index.crates.io-6f17d22bba15001f/tokio-1.41.0/src/runtime/scheduler/current_thread/mod.rs:729:57
[INFO] [stdout]   26:     0x63e94bc01b15 - tokio::runtime::coop::with_budget::hf506ce998ccb6d61
[INFO] [stdout]                                at /opt/rustwide/cargo-home/registry/src/index.crates.io-6f17d22bba15001f/tokio-1.41.0/src/runtime/coop.rs:107:5
[INFO] [stdout]   27:     0x63e94bc01b15 - tokio::runtime::coop::budget::h5b60b41b501d778a
[INFO] [stdout]                                at /opt/rustwide/cargo-home/registry/src/index.crates.io-6f17d22bba15001f/tokio-1.41.0/src/runtime/coop.rs:73:5
[INFO] [stdout]   28:     0x63e94bc01b15 - tokio::runtime::scheduler::current_thread::CoreGuard::block_on::{{closure}}::{{closure}}::h2dd3168fedc40343
[INFO] [stdout]                                at /opt/rustwide/cargo-home/registry/src/index.crates.io-6f17d22bba15001f/tokio-1.41.0/src/runtime/scheduler/current_thread/mod.rs:729:25
[INFO] [stdout]   29:     0x63e94bbff060 - tokio::runtime::scheduler::current_thread::Context::enter::h6621449697a3833a
[INFO] [stdout]                                at /opt/rustwide/cargo-home/registry/src/index.crates.io-6f17d22bba15001f/tokio-1.41.0/src/runtime/scheduler/current_thread/mod.rs:428:19
[INFO] [stdout]   30:     0x63e94bc00b1b - tokio::runtime::scheduler::current_thread::CoreGuard::block_on::{{closure}}::h0b824d200b526a27
[INFO] [stdout]                                at /opt/rustwide/cargo-home/registry/src/index.crates.io-6f17d22bba15001f/tokio-1.41.0/src/runtime/scheduler/current_thread/mod.rs:728:36
[INFO] [stdout]   31:     0x63e94bc00834 - tokio::runtime::scheduler::current_thread::CoreGuard::enter::{{closure}}::hdd7ed7e5eafc7cad
[INFO] [stdout]                                at /opt/rustwide/cargo-home/registry/src/index.crates.io-6f17d22bba15001f/tokio-1.41.0/src/runtime/scheduler/current_thread/mod.rs:807:68
[INFO] [stdout]   32:     0x63e94bc3ed9b - tokio::runtime::context::scoped::Scoped<T>::set::h164034faabcc39cf
[INFO] [stdout]                                at /opt/rustwide/cargo-home/registry/src/index.crates.io-6f17d22bba15001f/tokio-1.41.0/src/runtime/context/scoped.rs:40:9
[INFO] [stdout]   33:     0x63e94bd3c029 - tokio::runtime::context::set_scheduler::{{closure}}::hbb499f3e09393652
[INFO] [stdout]                                at /opt/rustwide/cargo-home/registry/src/index.crates.io-6f17d22bba15001f/tokio-1.41.0/src/runtime/context.rs:180:26
[INFO] [stdout]   34:     0x63e94bd2aa2d - std::thread::local::LocalKey<T>::try_with::h19c89897a873249a
[INFO] [stdout]                                at /rustc/df4ca44d3fbc9301ee17f30f4d474e6ae4b05252/library/std/src/thread/local.rs:283:12
[INFO] [stdout]   35:     0x63e94bd2a81a - std::thread::local::LocalKey<T>::with::h95e442f91a2fa944
[INFO] [stdout]                                at /rustc/df4ca44d3fbc9301ee17f30f4d474e6ae4b05252/library/std/src/thread/local.rs:260:9
[INFO] [stdout]   36:     0x63e94bd3bf5d - tokio::runtime::context::set_scheduler::h879d4d0568839610
[INFO] [stdout]                                at /opt/rustwide/cargo-home/registry/src/index.crates.io-6f17d22bba15001f/tokio-1.41.0/src/runtime/context.rs:180:9
[INFO] [stdout]   37:     0x63e94bc005c0 - tokio::runtime::scheduler::current_thread::CoreGuard::enter::h9270d73241e52ebc
[INFO] [stdout]                                at /opt/rustwide/cargo-home/registry/src/index.crates.io-6f17d22bba15001f/tokio-1.41.0/src/runtime/scheduler/current_thread/mod.rs:807:27
[INFO] [stdout]   38:     0x63e94bc008b3 - tokio::runtime::scheduler::current_thread::CoreGuard::block_on::hd1c235624df2e79f
[INFO] [stdout]                                at /opt/rustwide/cargo-home/registry/src/index.crates.io-6f17d22bba15001f/tokio-1.41.0/src/runtime/scheduler/current_thread/mod.rs:716:19
[INFO] [stdout]   39:     0x63e94bbfc73f - tokio::runtime::scheduler::current_thread::CurrentThread::block_on::{{closure}}::h95933b6f014d9117
[INFO] [stdout]                                at /opt/rustwide/cargo-home/registry/src/index.crates.io-6f17d22bba15001f/tokio-1.41.0/src/runtime/scheduler/current_thread/mod.rs:196:28
[INFO] [stdout]   40:     0x63e94bcdab66 - tokio::runtime::context::runtime::enter_runtime::h252f0fdbc79f5c03
[INFO] [stdout]                                at /opt/rustwide/cargo-home/registry/src/index.crates.io-6f17d22bba15001f/tokio-1.41.0/src/runtime/context/runtime.rs:65:16
[INFO] [stdout]   41:     0x63e94bbfbf81 - tokio::runtime::scheduler::current_thread::CurrentThread::block_on::h503f46658f150a59
[INFO] [stdout]                                at /opt/rustwide/cargo-home/registry/src/index.crates.io-6f17d22bba15001f/tokio-1.41.0/src/runtime/scheduler/current_thread/mod.rs:184:9
[INFO] [stdout]   42:     0x63e94bc8f233 - tokio::runtime::runtime::Runtime::block_on_inner::hafdd197bc766b5e1
[INFO] [stdout]                                at /opt/rustwide/cargo-home/registry/src/index.crates.io-6f17d22bba15001f/tokio-1.41.0/src/runtime/runtime.rs:368:47
[INFO] [stdout]   43:     0x63e94bc8f427 - tokio::runtime::runtime::Runtime::block_on::h1257903ebd609ac1
[INFO] [stdout]                                at /opt/rustwide/cargo-home/registry/src/index.crates.io-6f17d22bba15001f/tokio-1.41.0/src/runtime/runtime.rs:342:13
[INFO] [stdout]   44:     0x63e94bc92d71 - minknow_api_rust::tests::test_describe_host::had5cd46692d2129b
[INFO] [stdout]                                at /opt/rustwide/workdir/src/lib.rs:549:9
[INFO] [stdout]   45:     0x63e94bc92c17 - minknow_api_rust::tests::test_describe_host::{{closure}}::h3f7a4f4026921335
[INFO] [stdout]                                at /opt/rustwide/workdir/src/lib.rs:545:34
[INFO] [stdout]   46:     0x63e94bb8f656 - core::ops::function::FnOnce::call_once::hf4f9dc2cb13c5d94
[INFO] [stdout]                                at /rustc/df4ca44d3fbc9301ee17f30f4d474e6ae4b05252/library/core/src/ops/function.rs:250:5
[INFO] [stdout]   47:     0x63e94bd84a2b - core::ops::function::FnOnce::call_once::h22c3ba5715e93f05
[INFO] [stdout]                                at /rustc/df4ca44d3fbc9301ee17f30f4d474e6ae4b05252/library/core/src/ops/function.rs:250:5
[INFO] [stdout]   48:     0x63e94bd84a2b - test::__rust_begin_short_backtrace::h8e82d8113d0da17f
[INFO] [stdout]                                at /rustc/df4ca44d3fbc9301ee17f30f4d474e6ae4b05252/library/test/src/lib.rs:621:18
[INFO] [stdout]   49:     0x63e94bd843a7 - test::run_test_in_process::{{closure}}::h33235f4f20b7b7c7
[INFO] [stdout]                                at /rustc/df4ca44d3fbc9301ee17f30f4d474e6ae4b05252/library/test/src/lib.rs:644:60
[INFO] [stdout]   50:     0x63e94bd843a7 - <core::panic::unwind_safe::AssertUnwindSafe<F> as core::ops::function::FnOnce<()>>::call_once::hb5043206310c586f
[INFO] [stdout]                                at /rustc/df4ca44d3fbc9301ee17f30f4d474e6ae4b05252/library/core/src/panic/unwind_safe.rs:272:9
[INFO] [stdout]   51:     0x63e94bd843a7 - std::panicking::try::do_call::h9ad4731a60ab23e2
[INFO] [stdout]                                at /rustc/df4ca44d3fbc9301ee17f30f4d474e6ae4b05252/library/std/src/panicking.rs:557:40
[INFO] [stdout]   52:     0x63e94bd843a7 - std::panicking::try::h3824d23db772a716
[INFO] [stdout]                                at /rustc/df4ca44d3fbc9301ee17f30f4d474e6ae4b05252/library/std/src/panicking.rs:520:19
[INFO] [stdout]   53:     0x63e94bd843a7 - std::panic::catch_unwind::h5afd514605fde46b
[INFO] [stdout]                                at /rustc/df4ca44d3fbc9301ee17f30f4d474e6ae4b05252/library/std/src/panic.rs:358:14
[INFO] [stdout]   54:     0x63e94bd843a7 - test::run_test_in_process::h0d5cbfa7067d1720
[INFO] [stdout]                                at /rustc/df4ca44d3fbc9301ee17f30f4d474e6ae4b05252/library/test/src/lib.rs:644:27
[INFO] [stdout]   55:     0x63e94bd843a7 - test::run_test::{{closure}}::h708eb8872708115d
[INFO] [stdout]                                at /rustc/df4ca44d3fbc9301ee17f30f4d474e6ae4b05252/library/test/src/lib.rs:565:43
[INFO] [stdout]   56:     0x63e94bd47ac4 - test::run_test::{{closure}}::h392c51cee94713ab
[INFO] [stdout]                                at /rustc/df4ca44d3fbc9301ee17f30f4d474e6ae4b05252/library/test/src/lib.rs:595:41
[INFO] [stdout]   57:     0x63e94bd47ac4 - std::sys::backtrace::__rust_begin_short_backtrace::h2f40290710935a8b
[INFO] [stdout]                                at /rustc/df4ca44d3fbc9301ee17f30f4d474e6ae4b05252/library/std/src/sys/backtrace.rs:154:18
[INFO] [stdout]   58:     0x63e94bd4b26e - std::thread::Builder::spawn_unchecked_::{{closure}}::{{closure}}::h3fd968d89053a903
[INFO] [stdout]                                at /rustc/df4ca44d3fbc9301ee17f30f4d474e6ae4b05252/library/std/src/thread/mod.rs:541:17
[INFO] [stdout]   59:     0x63e94bd4b26e - <core::panic::unwind_safe::AssertUnwindSafe<F> as core::ops::function::FnOnce<()>>::call_once::h743f637ba4229880
[INFO] [stdout]                                at /rustc/df4ca44d3fbc9301ee17f30f4d474e6ae4b05252/library/core/src/panic/unwind_safe.rs:272:9
[INFO] [stdout]   60:     0x63e94bd4b26e - std::panicking::try::do_call::h07440897322525a6
[INFO] [stdout]                                at /rustc/df4ca44d3fbc9301ee17f30f4d474e6ae4b05252/library/std/src/panicking.rs:557:40
[INFO] [stdout]   61:     0x63e94bd4b26e - std::panicking::try::he5a2e00188156637
[INFO] [stdout]                                at /rustc/df4ca44d3fbc9301ee17f30f4d474e6ae4b05252/library/std/src/panicking.rs:520:19
[INFO] [stdout]   62:     0x63e94bd4b26e - std::panic::catch_unwind::hbaf3cae49b3c6433
[INFO] [stdout]                                at /rustc/df4ca44d3fbc9301ee17f30f4d474e6ae4b05252/library/std/src/panic.rs:358:14
[INFO] [stdout]   63:     0x63e94bd4b26e - std::thread::Builder::spawn_unchecked_::{{closure}}::h8e141ea224820bce
[INFO] [stdout]                                at /rustc/df4ca44d3fbc9301ee17f30f4d474e6ae4b05252/library/std/src/thread/mod.rs:540:30
[INFO] [stdout]   64:     0x63e94bd4b26e - core::ops::function::FnOnce::call_once{{vtable.shim}}::h90d312fedd7b8ea8
[INFO] [stdout]                                at /rustc/df4ca44d3fbc9301ee17f30f4d474e6ae4b05252/library/core/src/ops/function.rs:250:5
[INFO] [stdout]   65:     0x63e94c0e4d1b - <alloc::boxed::Box<F,A> as core::ops::function::FnOnce<Args>>::call_once::h69aa08ddb6adb8b6
[INFO] [stdout]                                at /rustc/df4ca44d3fbc9301ee17f30f4d474e6ae4b05252/library/alloc/src/boxed.rs:2454:9
[INFO] [stdout]   66:     0x63e94c0e4d1b - <alloc::boxed::Box<F,A> as core::ops::function::FnOnce<Args>>::call_once::h5aa36efdb79c806f
[INFO] [stdout]                                at /rustc/df4ca44d3fbc9301ee17f30f4d474e6ae4b05252/library/alloc/src/boxed.rs:2454:9
[INFO] [stdout]   67:     0x63e94c0e4d1b - std::sys::pal::unix::thread::Thread::new::thread_start::h6cd80a1b4be5158d
[INFO] [stdout]                                at /rustc/df4ca44d3fbc9301ee17f30f4d474e6ae4b05252/library/std/src/sys/pal/unix/thread.rs:105:17
[INFO] [stdout]   68:     0x738762426ac3 - <unknown>
[INFO] [stdout]   69:     0x7387624b7a04 - clone
[INFO] [stdout]   70:                0x0 - <unknown>
[INFO] [stdout] 
[INFO] [stdout] ---- tests::test_developer_api_token_management stdout ----
[INFO] [stdout] thread 'tests::test_developer_api_token_management' panicked at src/lib.rs:318:61:
[INFO] [stdout] called `Option::unwrap()` on a `None` value
[INFO] [stdout] stack backtrace:
[INFO] [stdout]    0:     0x63e94c0df1aa - std::backtrace_rs::backtrace::libunwind::trace::h207520d6e9873551
[INFO] [stdout]                                at /rustc/df4ca44d3fbc9301ee17f30f4d474e6ae4b05252/library/std/src/../../backtrace/src/backtrace/libunwind.rs:116:5
[INFO] [stdout]    1:     0x63e94c0df1aa - std::backtrace_rs::backtrace::trace_unsynchronized::h2ed7433f370e3eca
[INFO] [stdout]                                at /rustc/df4ca44d3fbc9301ee17f30f4d474e6ae4b05252/library/std/src/../../backtrace/src/backtrace/mod.rs:66:5
[INFO] [stdout]    2:     0x63e94c0df1aa - std::sys::backtrace::_print_fmt::h916fac51166b18d7
[INFO] [stdout]                                at /rustc/df4ca44d3fbc9301ee17f30f4d474e6ae4b05252/library/std/src/sys/backtrace.rs:66:9
[INFO] [stdout]    3:     0x63e94c0df1aa - <std::sys::backtrace::BacktraceLock::print::DisplayBacktrace as core::fmt::Display>::fmt::ha0a4c9b8ce3802e6
[INFO] [stdout]                                at /rustc/df4ca44d3fbc9301ee17f30f4d474e6ae4b05252/library/std/src/sys/backtrace.rs:39:26
[INFO] [stdout]    4:     0x63e94c109543 - core::fmt::rt::Argument::fmt::h4cfc8587d52b3eb5
[INFO] [stdout]                                at /rustc/df4ca44d3fbc9301ee17f30f4d474e6ae4b05252/library/core/src/fmt/rt.rs:177:76
[INFO] [stdout]    5:     0x63e94c109543 - core::fmt::write::h522cc39e5b36ae9f
[INFO] [stdout]                                at /rustc/df4ca44d3fbc9301ee17f30f4d474e6ae4b05252/library/core/src/fmt/mod.rs:1190:21
[INFO] [stdout]    6:     0x63e94c0db403 - std::io::Write::write_fmt::h7d3c26752da97734
[INFO] [stdout]                                at /rustc/df4ca44d3fbc9301ee17f30f4d474e6ae4b05252/library/std/src/io/mod.rs:1839:15
[INFO] [stdout]    7:     0x63e94c0deff2 - std::sys::backtrace::BacktraceLock::print::h4b9e00b29e9c0942
[INFO] [stdout]                                at /rustc/df4ca44d3fbc9301ee17f30f4d474e6ae4b05252/library/std/src/sys/backtrace.rs:42:9
[INFO] [stdout]    8:     0x63e94c0e063a - std::panicking::default_hook::{{closure}}::hb59b88280d0324d9
[INFO] [stdout]                                at /rustc/df4ca44d3fbc9301ee17f30f4d474e6ae4b05252/library/std/src/panicking.rs:268:22
[INFO] [stdout]    9:     0x63e94c0e0444 - std::panicking::default_hook::he1dd496665be4a29
[INFO] [stdout]                                at /rustc/df4ca44d3fbc9301ee17f30f4d474e6ae4b05252/library/std/src/panicking.rs:292:9
[INFO] [stdout]   10:     0x63e94bd80159 - <alloc::boxed::Box<F,A> as core::ops::function::Fn<Args>>::call::h4ff71de18744e1dc
[INFO] [stdout]                                at /rustc/df4ca44d3fbc9301ee17f30f4d474e6ae4b05252/library/alloc/src/boxed.rs:2468:9
[INFO] [stdout]   11:     0x63e94bd80159 - test::test_main::{{closure}}::hcf7c055ce117aa81
[INFO] [stdout]                                at /rustc/df4ca44d3fbc9301ee17f30f4d474e6ae4b05252/library/test/src/lib.rs:133:21
[INFO] [stdout]   12:     0x63e94c0e0d38 - <alloc::boxed::Box<F,A> as core::ops::function::Fn<Args>>::call::h1d66c6bbd60c9692
[INFO] [stdout]                                at /rustc/df4ca44d3fbc9301ee17f30f4d474e6ae4b05252/library/alloc/src/boxed.rs:2468:9
[INFO] [stdout]   13:     0x63e94c0e0d38 - std::panicking::rust_panic_with_hook::h2ff17fe8f26dfcf8
[INFO] [stdout]                                at /rustc/df4ca44d3fbc9301ee17f30f4d474e6ae4b05252/library/std/src/panicking.rs:809:13
[INFO] [stdout]   14:     0x63e94c0e0ac6 - std::panicking::begin_panic_handler::{{closure}}::h4fad77951c07e101
[INFO] [stdout]                                at /rustc/df4ca44d3fbc9301ee17f30f4d474e6ae4b05252/library/std/src/panicking.rs:667:13
[INFO] [stdout]   15:     0x63e94c0df689 - std::sys::backtrace::__rust_end_short_backtrace::hb1a25b3da5d0ea08
[INFO] [stdout]                                at /rustc/df4ca44d3fbc9301ee17f30f4d474e6ae4b05252/library/std/src/sys/backtrace.rs:170:18
[INFO] [stdout]   16:     0x63e94c0e078c - rust_begin_unwind
[INFO] [stdout]                                at /rustc/df4ca44d3fbc9301ee17f30f4d474e6ae4b05252/library/std/src/panicking.rs:665:5
[INFO] [stdout]   17:     0x63e94c106ec0 - core::panicking::panic_fmt::ha9db07b529f9b256
[INFO] [stdout]                                at /rustc/df4ca44d3fbc9301ee17f30f4d474e6ae4b05252/library/core/src/panicking.rs:75:14
[INFO] [stdout]   18:     0x63e94c106f4c - core::panicking::panic::h993086813d94accc
[INFO] [stdout]                                at /rustc/df4ca44d3fbc9301ee17f30f4d474e6ae4b05252/library/core/src/panicking.rs:152:5
[INFO] [stdout]   19:     0x63e94c106e39 - core::option::unwrap_failed::h7d84639b8a1a5da9
[INFO] [stdout]                                at /rustc/df4ca44d3fbc9301ee17f30f4d474e6ae4b05252/library/core/src/option.rs:2008:5
[INFO] [stdout]   20:     0x63e94bcf64ef - core::option::Option<T>::unwrap::ha775d5ed53822b93
[INFO] [stdout]                                at /rustc/df4ca44d3fbc9301ee17f30f4d474e6ae4b05252/library/core/src/option.rs:971:21
[INFO] [stdout]   21:     0x63e94bcf64ef - minknow_api_rust::Manager::new::{{closure}}::h28b105717dac25d9
[INFO] [stdout]                                at /opt/rustwide/workdir/src/lib.rs:318:25
[INFO] [stdout]   22:     0x63e94bc93676 - minknow_api_rust::tests::test_developer_api_token_management::{{closure}}::h9040098c22468884
[INFO] [stdout]                                at /opt/rustwide/workdir/src/lib.rs:554:71
[INFO] [stdout]   23:     0x63e94bbbcb72 - <core::pin::Pin<P> as core::future::future::Future>::poll::hdc2c1fa8698a3219
[INFO] [stdout]                                at /rustc/df4ca44d3fbc9301ee17f30f4d474e6ae4b05252/library/core/src/future/future.rs:123:9
[INFO] [stdout]   24:     0x63e94bbbc9ad - <core::pin::Pin<P> as core::future::future::Future>::poll::h81ce8837a0298ce9
[INFO] [stdout]                                at /rustc/df4ca44d3fbc9301ee17f30f4d474e6ae4b05252/library/core/src/future/future.rs:123:9
[INFO] [stdout]   25:     0x63e94bc01d8f - tokio::runtime::scheduler::current_thread::CoreGuard::block_on::{{closure}}::{{closure}}::{{closure}}::heb2fdb1582663c69
[INFO] [stdout]                                at /opt/rustwide/cargo-home/registry/src/index.crates.io-6f17d22bba15001f/tokio-1.41.0/src/runtime/scheduler/current_thread/mod.rs:729:57
[INFO] [stdout]   26:     0x63e94bc01b15 - tokio::runtime::coop::with_budget::hf506ce998ccb6d61
[INFO] [stdout]                                at /opt/rustwide/cargo-home/registry/src/index.crates.io-6f17d22bba15001f/tokio-1.41.0/src/runtime/coop.rs:107:5
[INFO] [stdout]   27:     0x63e94bc01b15 - tokio::runtime::coop::budget::h5b60b41b501d778a
[INFO] [stdout]                                at /opt/rustwide/cargo-home/registry/src/index.crates.io-6f17d22bba15001f/tokio-1.41.0/src/runtime/coop.rs:73:5
[INFO] [stdout]   28:     0x63e94bc01b15 - tokio::runtime::scheduler::current_thread::CoreGuard::block_on::{{closure}}::{{closure}}::h2dd3168fedc40343
[INFO] [stdout]                                at /opt/rustwide/cargo-home/registry/src/index.crates.io-6f17d22bba15001f/tokio-1.41.0/src/runtime/scheduler/current_thread/mod.rs:729:25
[INFO] [stdout]   29:     0x63e94bbff060 - tokio::runtime::scheduler::current_thread::Context::enter::h6621449697a3833a
[INFO] [stdout]                                at /opt/rustwide/cargo-home/registry/src/index.crates.io-6f17d22bba15001f/tokio-1.41.0/src/runtime/scheduler/current_thread/mod.rs:428:19
[INFO] [stdout]   30:     0x63e94bc00b1b - tokio::runtime::scheduler::current_thread::CoreGuard::block_on::{{closure}}::h0b824d200b526a27
[INFO] [stdout]                                at /opt/rustwide/cargo-home/registry/src/index.crates.io-6f17d22bba15001f/tokio-1.41.0/src/runtime/scheduler/current_thread/mod.rs:728:36
[INFO] [stdout]   31:     0x63e94bc00834 - tokio::runtime::scheduler::current_thread::CoreGuard::enter::{{closure}}::hdd7ed7e5eafc7cad
[INFO] [stdout]                                at /opt/rustwide/cargo-home/registry/src/index.crates.io-6f17d22bba15001f/tokio-1.41.0/src/runtime/scheduler/current_thread/mod.rs:807:68
[INFO] [stdout]   32:     0x63e94bc3ed9b - tokio::runtime::context::scoped::Scoped<T>::set::h164034faabcc39cf
[INFO] [stdout]                                at /opt/rustwide/cargo-home/registry/src/index.crates.io-6f17d22bba15001f/tokio-1.41.0/src/runtime/context/scoped.rs:40:9
[INFO] [stdout]   33:     0x63e94bd3c029 - tokio::runtime::context::set_scheduler::{{closure}}::hbb499f3e09393652
[INFO] [stdout]                                at /opt/rustwide/cargo-home/registry/src/index.crates.io-6f17d22bba15001f/tokio-1.41.0/src/runtime/context.rs:180:26
[INFO] [stdout]   34:     0x63e94bd2aa2d - std::thread::local::LocalKey<T>::try_with::h19c89897a873249a
[INFO] [stdout]                                at /rustc/df4ca44d3fbc9301ee17f30f4d474e6ae4b05252/library/std/src/thread/local.rs:283:12
[INFO] [stdout]   35:     0x63e94bd2a81a - std::thread::local::LocalKey<T>::with::h95e442f91a2fa944
[INFO] [stdout]                                at /rustc/df4ca44d3fbc9301ee17f30f4d474e6ae4b05252/library/std/src/thread/local.rs:260:9
[INFO] [stdout]   36:     0x63e94bd3bf5d - tokio::runtime::context::set_scheduler::h879d4d0568839610
[INFO] [stdout]                                at /opt/rustwide/cargo-home/registry/src/index.crates.io-6f17d22bba15001f/tokio-1.41.0/src/runtime/context.rs:180:9
[INFO] [stdout]   37:     0x63e94bc005c0 - tokio::runtime::scheduler::current_thread::CoreGuard::enter::h9270d73241e52ebc
[INFO] [stdout]                                at /opt/rustwide/cargo-home/registry/src/index.crates.io-6f17d22bba15001f/tokio-1.41.0/src/runtime/scheduler/current_thread/mod.rs:807:27
[INFO] [stdout]   38:     0x63e94bc008b3 - tokio::runtime::scheduler::current_thread::CoreGuard::block_on::hd1c235624df2e79f
[INFO] [stdout]                                at /opt/rustwide/cargo-home/registry/src/index.crates.io-6f17d22bba15001f/tokio-1.41.0/src/runtime/scheduler/current_thread/mod.rs:716:19
[INFO] [stdout]   39:     0x63e94bbfc73f - tokio::runtime::scheduler::current_thread::CurrentThread::block_on::{{closure}}::h95933b6f014d9117
[INFO] [stdout]                                at /opt/rustwide/cargo-home/registry/src/index.crates.io-6f17d22bba15001f/tokio-1.41.0/src/runtime/scheduler/current_thread/mod.rs:196:28
[INFO] [stdout]   40:     0x63e94bcdab66 - tokio::runtime::context::runtime::enter_runtime::h252f0fdbc79f5c03
[INFO] [stdout]                                at /opt/rustwide/cargo-home/registry/src/index.crates.io-6f17d22bba15001f/tokio-1.41.0/src/runtime/context/runtime.rs:65:16
[INFO] [stdout]   41:     0x63e94bbfbf81 - tokio::runtime::scheduler::current_thread::CurrentThread::block_on::h503f46658f150a59
[INFO] [stdout]                                at /opt/rustwide/cargo-home/registry/src/index.crates.io-6f17d22bba15001f/tokio-1.41.0/src/runtime/scheduler/current_thread/mod.rs:184:9
[INFO] [stdout]   42:     0x63e94bc8f233 - tokio::runtime::runtime::Runtime::block_on_inner::hafdd197bc766b5e1
[INFO] [stdout]                                at /opt/rustwide/cargo-home/registry/src/index.crates.io-6f17d22bba15001f/tokio-1.41.0/src/runtime/runtime.rs:368:47
[INFO] [stdout]   43:     0x63e94bc8f427 - tokio::runtime::runtime::Runtime::block_on::h1257903ebd609ac1
[INFO] [stdout]                                at /opt/rustwide/cargo-home/registry/src/index.crates.io-6f17d22bba15001f/tokio-1.41.0/src/runtime/runtime.rs:342:13
[INFO] [stdout]   44:     0x63e94bc933c0 - minknow_api_rust::tests::test_developer_api_token_management::h6fc3af2d4cfb4cbd
[INFO] [stdout]                                at /opt/rustwide/workdir/src/lib.rs:572:9
[INFO] [stdout]   45:     0x63e94bc93257 - minknow_api_rust::tests::test_developer_api_token_management::{{closure}}::h98603a0d4db9b5aa
[INFO] [stdout]                                at /opt/rustwide/workdir/src/lib.rs:553:51
[INFO] [stdout]   46:     0x63e94bb8e1f6 - core::ops::function::FnOnce::call_once::h87aa03bd9614d965
[INFO] [stdout]                                at /rustc/df4ca44d3fbc9301ee17f30f4d474e6ae4b05252/library/core/src/ops/function.rs:250:5
[INFO] [stdout]   47:     0x63e94bd84a2b - core::ops::function::FnOnce::call_once::h22c3ba5715e93f05
[INFO] [stdout]                                at /rustc/df4ca44d3fbc9301ee17f30f4d474e6ae4b05252/library/core/src/ops/function.rs:250:5
[INFO] [stdout]   48:     0x63e94bd84a2b - test::__rust_begin_short_backtrace::h8e82d8113d0da17f
[INFO] [stdout]                                at /rustc/df4ca44d3fbc9301ee17f30f4d474e6ae4b05252/library/test/src/lib.rs:621:18
[INFO] [stdout]   49:     0x63e94bd843a7 - test::run_test_in_process::{{closure}}::h33235f4f20b7b7c7
[INFO] [stdout]                                at /rustc/df4ca44d3fbc9301ee17f30f4d474e6ae4b05252/library/test/src/lib.rs:644:60
[INFO] [stdout]   50:     0x63e94bd843a7 - <core::panic::unwind_safe::AssertUnwindSafe<F> as core::ops::function::FnOnce<()>>::call_once::hb5043206310c586f
[INFO] [stdout]                                at /rustc/df4ca44d3fbc9301ee17f30f4d474e6ae4b05252/library/core/src/panic/unwind_safe.rs:272:9
[INFO] [stdout]   51:     0x63e94bd843a7 - std::panicking::try::do_call::h9ad4731a60ab23e2
[INFO] [stdout]                                at /rustc/df4ca44d3fbc9301ee17f30f4d474e6ae4b05252/library/std/src/panicking.rs:557:40
[INFO] [stdout]   52:     0x63e94bd843a7 - std::panicking::try::h3824d23db772a716
[INFO] [stdout]                                at /rustc/df4ca44d3fbc9301ee17f30f4d474e6ae4b05252/library/std/src/panicking.rs:520:19
[INFO] [stdout]   53:     0x63e94bd843a7 - std::panic::catch_unwind::h5afd514605fde46b
[INFO] [stdout]                                at /rustc/df4ca44d3fbc9301ee17f30f4d474e6ae4b05252/library/std/src/panic.rs:358:14
[INFO] [stdout]   54:     0x63e94bd843a7 - test::run_test_in_process::h0d5cbfa7067d1720
[INFO] [stdout]                                at /rustc/df4ca44d3fbc9301ee17f30f4d474e6ae4b05252/library/test/src/lib.rs:644:27
[INFO] [stdout]   55:     0x63e94bd843a7 - test::run_test::{{closure}}::h708eb8872708115d
[INFO] [stdout]                                at /rustc/df4ca44d3fbc9301ee17f30f4d474e6ae4b05252/library/test/src/lib.rs:565:43
[INFO] [stdout]   56:     0x63e94bd47ac4 - test::run_test::{{closure}}::h392c51cee94713ab
[INFO] [stdout]                                at /rustc/df4ca44d3fbc9301ee17f30f4d474e6ae4b05252/library/test/src/lib.rs:595:41
[INFO] [stdout]   57:     0x63e94bd47ac4 - std::sys::backtrace::__rust_begin_short_backtrace::h2f40290710935a8b
[INFO] [stdout]                                at /rustc/df4ca44d3fbc9301ee17f30f4d474e6ae4b05252/library/std/src/sys/backtrace.rs:154:18
[INFO] [stdout]   58:     0x63e94bd4b26e - std::thread::Builder::spawn_unchecked_::{{closure}}::{{closure}}::h3fd968d89053a903
[INFO] [stdout]                                at /rustc/df4ca44d3fbc9301ee17f30f4d474e6ae4b05252/library/std/src/thread/mod.rs:541:17
[INFO] [stdout]   59:     0x63e94bd4b26e - <core::panic::unwind_safe::AssertUnwindSafe<F> as core::ops::function::FnOnce<()>>::call_once::h743f637ba4229880
[INFO] [stdout]                                at /rustc/df4ca44d3fbc9301ee17f30f4d474e6ae4b05252/library/core/src/panic/unwind_safe.rs:272:9
[INFO] [stdout]   60:     0x63e94bd4b26e - std::panicking::try::do_call::h07440897322525a6
[INFO] [stdout]                                at /rustc/df4ca44d3fbc9301ee17f30f4d474e6ae4b05252/library/std/src/panicking.rs:557:40
[INFO] [stdout]   61:     0x63e94bd4b26e - std::panicking::try::he5a2e00188156637
[INFO] [stdout]                                at /rustc/df4ca44d3fbc9301ee17f30f4d474e6ae4b05252/library/std/src/panicking.rs:520:19
[INFO] [stdout]   62:     0x63e94bd4b26e - std::panic::catch_unwind::hbaf3cae49b3c6433
[INFO] [stdout]                                at /rustc/df4ca44d3fbc9301ee17f30f4d474e6ae4b05252/library/std/src/panic.rs:358:14
[INFO] [stdout]   63:     0x63e94bd4b26e - std::thread::Builder::spawn_unchecked_::{{closure}}::h8e141ea224820bce
[INFO] [stdout]                                at /rustc/df4ca44d3fbc9301ee17f30f4d474e6ae4b05252/library/std/src/thread/mod.rs:540:30
[INFO] [stdout]   64:     0x63e94bd4b26e - core::ops::function::FnOnce::call_once{{vtable.shim}}::h90d312fedd7b8ea8
[INFO] [stdout]                                at /rustc/df4ca44d3fbc9301ee17f30f4d474e6ae4b05252/library/core/src/ops/function.rs:250:5
[INFO] [stdout]   65:     0x63e94c0e4d1b - <alloc::boxed::Box<F,A> as core::ops::function::FnOnce<Args>>::call_once::h69aa08ddb6adb8b6
[INFO] [stdout]                                at /rustc/df4ca44d3fbc9301ee17f30f4d474e6ae4b05252/library/alloc/src/boxed.rs:2454:9
[INFO] [stdout]   66:     0x63e94c0e4d1b - <alloc::boxed::Box<F,A> as core::ops::function::FnOnce<Args>>::call_once::h5aa36efdb79c806f
[INFO] [stdout]                                at /rustc/df4ca44d3fbc9301ee17f30f4d474e6ae4b05252/library/alloc/src/boxed.rs:2454:9
[INFO] [stdout]   67:     0x63e94c0e4d1b - std::sys::pal::unix::thread::Thread::new::thread_start::h6cd80a1b4be5158d
[INFO] [stdout]                                at /rustc/df4ca44d3fbc9301ee17f30f4d474e6ae4b05252/library/std/src/sys/pal/unix/thread.rs:105:17
[INFO] [stdout]   68:     0x738762426ac3 - <unknown>
[INFO] [stdout]   69:     0x7387624b7a04 - clone
[INFO] [stdout]   70:                0x0 - <unknown>
[INFO] [stdout] 
[INFO] [stdout] ---- tests::test_simulated_promethion_e2e stdout ----
[INFO] [stdout] thread 'tests::test_simulated_promethion_e2e' panicked at src/lib.rs:318:61:
[INFO] [stdout] called `Option::unwrap()` on a `None` value
[INFO] [stdout] stack backtrace:
[INFO] [stdout]    0:     0x63e94c0df1aa - std::backtrace_rs::backtrace::libunwind::trace::h207520d6e9873551
[INFO] [stdout]                                at /rustc/df4ca44d3fbc9301ee17f30f4d474e6ae4b05252/library/std/src/../../backtrace/src/backtrace/libunwind.rs:116:5
[INFO] [stdout]    1:     0x63e94c0df1aa - std::backtrace_rs::backtrace::trace_unsynchronized::h2ed7433f370e3eca
[INFO] [stdout]                                at /rustc/df4ca44d3fbc9301ee17f30f4d474e6ae4b05252/library/std/src/../../backtrace/src/backtrace/mod.rs:66:5
[INFO] [stdout]    2:     0x63e94c0df1aa - std::sys::backtrace::_print_fmt::h916fac51166b18d7
[INFO] [stdout]                                at /rustc/df4ca44d3fbc9301ee17f30f4d474e6ae4b05252/library/std/src/sys/backtrace.rs:66:9
[INFO] [stdout]    3:     0x63e94c0df1aa - <std::sys::backtrace::BacktraceLock::print::DisplayBacktrace as core::fmt::Display>::fmt::ha0a4c9b8ce3802e6
[INFO] [stdout]                                at /rustc/df4ca44d3fbc9301ee17f30f4d474e6ae4b05252/library/std/src/sys/backtrace.rs:39:26
[INFO] [stdout]    4:     0x63e94c109543 - core::fmt::rt::Argument::fmt::h4cfc8587d52b3eb5
[INFO] [stdout]                                at /rustc/df4ca44d3fbc9301ee17f30f4d474e6ae4b05252/library/core/src/fmt/rt.rs:177:76
[INFO] [stdout]    5:     0x63e94c109543 - core::fmt::write::h522cc39e5b36ae9f
[INFO] [stdout]                                at /rustc/df4ca44d3fbc9301ee17f30f4d474e6ae4b05252/library/core/src/fmt/mod.rs:1190:21
[INFO] [stdout]    6:     0x63e94c0db403 - std::io::Write::write_fmt::h7d3c26752da97734
[INFO] [stdout]                                at /rustc/df4ca44d3fbc9301ee17f30f4d474e6ae4b05252/library/std/src/io/mod.rs:1839:15
[INFO] [stdout]    7:     0x63e94c0deff2 - std::sys::backtrace::BacktraceLock::print::h4b9e00b29e9c0942
[INFO] [stdout]                                at /rustc/df4ca44d3fbc9301ee17f30f4d474e6ae4b05252/library/std/src/sys/backtrace.rs:42:9
[INFO] [stdout]    8:     0x63e94c0e063a - std::panicking::default_hook::{{closure}}::hb59b88280d0324d9
[INFO] [stdout]                                at /rustc/df4ca44d3fbc9301ee17f30f4d474e6ae4b05252/library/std/src/panicking.rs:268:22
[INFO] [stdout]    9:     0x63e94c0e0444 - std::panicking::default_hook::he1dd496665be4a29
[INFO] [stdout]                                at /rustc/df4ca44d3fbc9301ee17f30f4d474e6ae4b05252/library/std/src/panicking.rs:292:9
[INFO] [stdout]   10:     0x63e94bd80159 - <alloc::boxed::Box<F,A> as core::ops::function::Fn<Args>>::call::h4ff71de18744e1dc
[INFO] [stdout]                                at /rustc/df4ca44d3fbc9301ee17f30f4d474e6ae4b05252/library/alloc/src/boxed.rs:2468:9
[INFO] [stdout]   11:     0x63e94bd80159 - test::test_main::{{closure}}::hcf7c055ce117aa81
[INFO] [stdout]                                at /rustc/df4ca44d3fbc9301ee17f30f4d474e6ae4b05252/library/test/src/lib.rs:133:21
[INFO] [stdout]   12:     0x63e94c0e0d38 - <alloc::boxed::Box<F,A> as core::ops::function::Fn<Args>>::call::h1d66c6bbd60c9692
[INFO] [stdout]                                at /rustc/df4ca44d3fbc9301ee17f30f4d474e6ae4b05252/library/alloc/src/boxed.rs:2468:9
[INFO] [stdout]   13:     0x63e94c0e0d38 - std::panicking::rust_panic_with_hook::h2ff17fe8f26dfcf8
[INFO] [stdout]                                at /rustc/df4ca44d3fbc9301ee17f30f4d474e6ae4b05252/library/std/src/panicking.rs:809:13
[INFO] [stdout]   14:     0x63e94c0e0ac6 - std::panicking::begin_panic_handler::{{closure}}::h4fad77951c07e101
[INFO] [stdout]                                at /rustc/df4ca44d3fbc9301ee17f30f4d474e6ae4b05252/library/std/src/panicking.rs:667:13
[INFO] [stdout]   15:     0x63e94c0df689 - std::sys::backtrace::__rust_end_short_backtrace::hb1a25b3da5d0ea08
[INFO] [stdout]                                at /rustc/df4ca44d3fbc9301ee17f30f4d474e6ae4b05252/library/std/src/sys/backtrace.rs:170:18
[INFO] [stdout]   16:     0x63e94c0e078c - rust_begin_unwind
[INFO] [stdout]                                at /rustc/df4ca44d3fbc9301ee17f30f4d474e6ae4b05252/library/std/src/panicking.rs:665:5
[INFO] [stdout]   17:     0x63e94c106ec0 - core::panicking::panic_fmt::ha9db07b529f9b256
[INFO] [stdout]                                at /rustc/df4ca44d3fbc9301ee17f30f4d474e6ae4b05252/library/core/src/panicking.rs:75:14
[INFO] [stdout]   18:     0x63e94c106f4c - core::panicking::panic::h993086813d94accc
[INFO] [stdout]                                at /rustc/df4ca44d3fbc9301ee17f30f4d474e6ae4b05252/library/core/src/panicking.rs:152:5
[INFO] [stdout]   19:     0x63e94c106e39 - core::option::unwrap_failed::h7d84639b8a1a5da9
[INFO] [stdout]                                at /rustc/df4ca44d3fbc9301ee17f30f4d474e6ae4b05252/library/core/src/option.rs:2008:5
[INFO] [stdout]   20:     0x63e94bcf64ef - core::option::Option<T>::unwrap::ha775d5ed53822b93
[INFO] [stdout]                                at /rustc/df4ca44d3fbc9301ee17f30f4d474e6ae4b05252/library/core/src/option.rs:971:21
[INFO] [stdout]   21:     0x63e94bcf64ef - minknow_api_rust::Manager::new::{{closure}}::h28b105717dac25d9
[INFO] [stdout]                                at /opt/rustwide/workdir/src/lib.rs:318:25
[INFO] [stdout]   22:     0x63e94bc97723 - minknow_api_rust::tests::test_simulated_promethion_e2e::{{closure}}::h6f65e2f76adea239
[INFO] [stdout]                                at /opt/rustwide/workdir/src/lib.rs:671:71
[INFO] [stdout]   23:     0x63e94bbbcb72 - <core::pin::Pin<P> as core::future::future::Future>::poll::hdc2c1fa8698a3219
[INFO] [stdout]                                at /rustc/df4ca44d3fbc9301ee17f30f4d474e6ae4b05252/library/core/src/future/future.rs:123:9
[INFO] [stdout]   24:     0x63e94bbbc9ad - <core::pin::Pin<P> as core::future::future::Future>::poll::h81ce8837a0298ce9
[INFO] [stdout]                                at /rustc/df4ca44d3fbc9301ee17f30f4d474e6ae4b05252/library/core/src/future/future.rs:123:9
[INFO] [stdout]   25:     0x63e94bc01d8f - tokio::runtime::scheduler::current_thread::CoreGuard::block_on::{{closure}}::{{closure}}::{{closure}}::heb2fdb1582663c69
[INFO] [stdout]                                at /opt/rustwide/cargo-home/registry/src/index.crates.io-6f17d22bba15001f/tokio-1.41.0/src/runtime/scheduler/current_thread/mod.rs:729:57
[INFO] [stdout]   26:     0x63e94bc01b15 - tokio::runtime::coop::with_budget::hf506ce998ccb6d61
[INFO] [stdout]                                at /opt/rustwide/cargo-home/registry/src/index.crates.io-6f17d22bba15001f/tokio-1.41.0/src/runtime/coop.rs:107:5
[INFO] [stdout]   27:     0x63e94bc01b15 - tokio::runtime::coop::budget::h5b60b41b501d778a
[INFO] [stdout]                                at /opt/rustwide/cargo-home/registry/src/index.crates.io-6f17d22bba15001f/tokio-1.41.0/src/runtime/coop.rs:73:5
[INFO] [stdout]   28:     0x63e94bc01b15 - tokio::runtime::scheduler::current_thread::CoreGuard::block_on::{{closure}}::{{closure}}::h2dd3168fedc40343
[INFO] [stdout]                                at /opt/rustwide/cargo-home/registry/src/index.crates.io-6f17d22bba15001f/tokio-1.41.0/src/runtime/scheduler/current_thread/mod.rs:729:25
[INFO] [stdout]   29:     0x63e94bbff060 - tokio::runtime::scheduler::current_thread::Context::enter::h6621449697a3833a
[INFO] [stdout]                                at /opt/rustwide/cargo-home/registry/src/index.crates.io-6f17d22bba15001f/tokio-1.41.0/src/runtime/scheduler/current_thread/mod.rs:428:19
[INFO] [stdout]   30:     0x63e94bc00b1b - tokio::runtime::scheduler::current_thread::CoreGuard::block_on::{{closure}}::h0b824d200b526a27
[INFO] [stdout]                                at /opt/rustwide/cargo-home/registry/src/index.crates.io-6f17d22bba15001f/tokio-1.41.0/src/runtime/scheduler/current_thread/mod.rs:728:36
[INFO] [stdout]   31:     0x63e94bc00834 - tokio::runtime::scheduler::current_thread::CoreGuard::enter::{{closure}}::hdd7ed7e5eafc7cad
[INFO] [stdout]                                at /opt/rustwide/cargo-home/registry/src/index.crates.io-6f17d22bba15001f/tokio-1.41.0/src/runtime/scheduler/current_thread/mod.rs:807:68
[INFO] [stdout]   32:     0x63e94bc3ed9b - tokio::runtime::context::scoped::Scoped<T>::set::h164034faabcc39cf
[INFO] [stdout]                                at /opt/rustwide/cargo-home/registry/src/index.crates.io-6f17d22bba15001f/tokio-1.41.0/src/runtime/context/scoped.rs:40:9
[INFO] [stdout]   33:     0x63e94bd3c029 - tokio::runtime::context::set_scheduler::{{closure}}::hbb499f3e09393652
[INFO] [stdout]                                at /opt/rustwide/cargo-home/registry/src/index.crates.io-6f17d22bba15001f/tokio-1.41.0/src/runtime/context.rs:180:26
[INFO] [stdout]   34:     0x63e94bd2aa2d - std::thread::local::LocalKey<T>::try_with::h19c89897a873249a
[INFO] [stdout]                                at /rustc/df4ca44d3fbc9301ee17f30f4d474e6ae4b05252/library/std/src/thread/local.rs:283:12
[INFO] [stdout]   35:     0x63e94bd2a81a - std::thread::local::LocalKey<T>::with::h95e442f91a2fa944
[INFO] [stdout]                                at /rustc/df4ca44d3fbc9301ee17f30f4d474e6ae4b05252/library/std/src/thread/local.rs:260:9
[INFO] [stdout]   36:     0x63e94bd3bf5d - tokio::runtime::context::set_scheduler::h879d4d0568839610
[INFO] [stdout]                                at /opt/rustwide/cargo-home/registry/src/index.crates.io-6f17d22bba15001f/tokio-1.41.0/src/runtime/context.rs:180:9
[INFO] [stdout]   37:     0x63e94bc005c0 - tokio::runtime::scheduler::current_thread::CoreGuard::enter::h9270d73241e52ebc
[INFO] [stdout]                                at /opt/rustwide/cargo-home/registry/src/index.crates.io-6f17d22bba15001f/tokio-1.41.0/src/runtime/scheduler/current_thread/mod.rs:807:27
[INFO] [stdout]   38:     0x63e94bc008b3 - tokio::runtime::scheduler::current_thread::CoreGuard::block_on::hd1c235624df2e79f
[INFO] [stdout]                                at /opt/rustwide/cargo-home/registry/src/index.crates.io-6f17d22bba15001f/tokio-1.41.0/src/runtime/scheduler/current_thread/mod.rs:716:19
[INFO] [stdout]   39:     0x63e94bbfc73f - tokio::runtime::scheduler::current_thread::CurrentThread::block_on::{{closure}}::h95933b6f014d9117
[INFO] [stdout]                                at /opt/rustwide/cargo-home/registry/src/index.crates.io-6f17d22bba15001f/tokio-1.41.0/src/runtime/scheduler/current_thread/mod.rs:196:28
[INFO] [stdout]   40:     0x63e94bcdab66 - tokio::runtime::context::runtime::enter_runtime::h252f0fdbc79f5c03
[INFO] [stdout]                                at /opt/rustwide/cargo-home/registry/src/index.crates.io-6f17d22bba15001f/tokio-1.41.0/src/runtime/context/runtime.rs:65:16
[INFO] [stdout]   41:     0x63e94bbfbf81 - tokio::runtime::scheduler::current_thread::CurrentThread::block_on::h503f46658f150a59
[INFO] [stdout]                                at /opt/rustwide/cargo-home/registry/src/index.crates.io-6f17d22bba15001f/tokio-1.41.0/src/runtime/scheduler/current_thread/mod.rs:184:9
[INFO] [stdout]   42:     0x63e94bc8f233 - tokio::runtime::runtime::Runtime::block_on_inner::hafdd197bc766b5e1
[INFO] [stdout]                                at /opt/rustwide/cargo-home/registry/src/index.crates.io-6f17d22bba15001f/tokio-1.41.0/src/runtime/runtime.rs:368:47
[INFO] [stdout]   43:     0x63e94bc8f427 - tokio::runtime::runtime::Runtime::block_on::h1257903ebd609ac1
[INFO] [stdout]                                at /opt/rustwide/cargo-home/registry/src/index.crates.io-6f17d22bba15001f/tokio-1.41.0/src/runtime/runtime.rs:342:13
[INFO] [stdout]   44:     0x63e94bc9730e - minknow_api_rust::tests::test_simulated_promethion_e2e::h8cc95a7f9d95f353
[INFO] [stdout]                                at /opt/rustwide/workdir/src/lib.rs:772:9
[INFO] [stdout]   45:     0x63e94bc97187 - minknow_api_rust::tests::test_simulated_promethion_e2e::{{closure}}::h4635ac9680002dbd
[INFO] [stdout]                                at /opt/rustwide/workdir/src/lib.rs:668:45
[INFO] [stdout]   46:     0x63e94bb8d686 - core::ops::function::FnOnce::call_once::h4bfa4d0a9c7f6b0b
[INFO] [stdout]                                at /rustc/df4ca44d3fbc9301ee17f30f4d474e6ae4b05252/library/core/src/ops/function.rs:250:5
[INFO] [stdout]   47:     0x63e94bd84a2b - core::ops::function::FnOnce::call_once::h22c3ba5715e93f05
[INFO] [stdout]                                at /rustc/df4ca44d3fbc9301ee17f30f4d474e6ae4b05252/library/core/src/ops/function.rs:250:5
[INFO] [stdout]   48:     0x63e94bd84a2b - test::__rust_begin_short_backtrace::h8e82d8113d0da17f
[INFO] [stdout]                                at /rustc/df4ca44d3fbc9301ee17f30f4d474e6ae4b05252/library/test/src/lib.rs:621:18
[INFO] [stdout]   49:     0x63e94bd843a7 - test::run_test_in_process::{{closure}}::h33235f4f20b7b7c7
[INFO] [stdout]                                at /rustc/df4ca44d3fbc9301ee17f30f4d474e6ae4b05252/library/test/src/lib.rs:644:60
[INFO] [stdout]   50:     0x63e94bd843a7 - <core::panic::unwind_safe::AssertUnwindSafe<F> as core::ops::function::FnOnce<()>>::call_once::hb5043206310c586f
[INFO] [stdout]                                at /rustc/df4ca44d3fbc9301ee17f30f4d474e6ae4b05252/library/core/src/panic/unwind_safe.rs:272:9
[INFO] [stdout]   51:     0x63e94bd843a7 - std::panicking::try::do_call::h9ad4731a60ab23e2
[INFO] [stdout]                                at /rustc/df4ca44d3fbc9301ee17f30f4d474e6ae4b05252/library/std/src/panicking.rs:557:40
[INFO] [stdout]   52:     0x63e94bd843a7 - std::panicking::try::h3824d23db772a716
[INFO] [stdout]                                at /rustc/df4ca44d3fbc9301ee17f30f4d474e6ae4b05252/library/std/src/panicking.rs:520:19
[INFO] [stdout]   53:     0x63e94bd843a7 - std::panic::catch_unwind::h5afd514605fde46b
[INFO] [stdout]                                at /rustc/df4ca44d3fbc9301ee17f30f4d474e6ae4b05252/library/std/src/panic.rs:358:14
[INFO] [stdout]   54:     0x63e94bd843a7 - test::run_test_in_process::h0d5cbfa7067d1720
[INFO] [stdout]                                at /rustc/df4ca44d3fbc9301ee17f30f4d474e6ae4b05252/library/test/src/lib.rs:644:27
[INFO] [stdout]   55:     0x63e94bd843a7 - test::run_test::{{closure}}::h708eb8872708115d
[INFO] [stdout]                                at /rustc/df4ca44d3fbc9301ee17f30f4d474e6ae4b05252/library/test/src/lib.rs:565:43
[INFO] [stdout]   56:     0x63e94bd47ac4 - test::run_test::{{closure}}::h392c51cee94713ab
[INFO] [stdout]                                at /rustc/df4ca44d3fbc9301ee17f30f4d474e6ae4b05252/library/test/src/lib.rs:595:41
[INFO] [stdout]   57:     0x63e94bd47ac4 - std::sys::backtrace::__rust_begin_short_backtrace::h2f40290710935a8b
[INFO] [stdout]                                at /rustc/df4ca44d3fbc9301ee17f30f4d474e6ae4b05252/library/std/src/sys/backtrace.rs:154:18
[INFO] [stdout]   58:     0x63e94bd4b26e - std::thread::Builder::spawn_unchecked_::{{closure}}::{{closure}}::h3fd968d89053a903
[INFO] [stdout]                                at /rustc/df4ca44d3fbc9301ee17f30f4d474e6ae4b05252/library/std/src/thread/mod.rs:541:17
[INFO] [stdout]   59:     0x63e94bd4b26e - <core::panic::unwind_safe::AssertUnwindSafe<F> as core::ops::function::FnOnce<()>>::call_once::h743f637ba4229880
[INFO] [stdout]                                at /rustc/df4ca44d3fbc9301ee17f30f4d474e6ae4b05252/library/core/src/panic/unwind_safe.rs:272:9
[INFO] [stdout]   60:     0x63e94bd4b26e - std::panicking::try::do_call::h07440897322525a6
[INFO] [stdout]                                at /rustc/df4ca44d3fbc9301ee17f30f4d474e6ae4b05252/library/std/src/panicking.rs:557:40
[INFO] [stdout]   61:     0x63e94bd4b26e - std::panicking::try::he5a2e00188156637
[INFO] [stdout]                                at /rustc/df4ca44d3fbc9301ee17f30f4d474e6ae4b05252/library/std/src/panicking.rs:520:19
[INFO] [stdout]   62:     0x63e94bd4b26e - std::panic::catch_unwind::hbaf3cae49b3c6433
[INFO] [stdout]                                at /rustc/df4ca44d3fbc9301ee17f30f4d474e6ae4b05252/library/std/src/panic.rs:358:14
[INFO] [stdout]   63:     0x63e94bd4b26e - std::thread::Builder::spawn_unchecked_::{{closure}}::h8e141ea224820bce
[INFO] [stdout]                                at /rustc/df4ca44d3fbc9301ee17f30f4d474e6ae4b05252/library/std/src/thread/mod.rs:540:30
[INFO] [stdout]   64:     0x63e94bd4b26e - core::ops::function::FnOnce::call_once{{vtable.shim}}::h90d312fedd7b8ea8
[INFO] [stdout]                                at /rustc/df4ca44d3fbc9301ee17f30f4d474e6ae4b05252/library/core/src/ops/function.rs:250:5
[INFO] [stdout]   65:     0x63e94c0e4d1b - <alloc::boxed::Box<F,A> as core::ops::function::FnOnce<Args>>::call_once::h69aa08ddb6adb8b6
[INFO] [stdout]                                at /rustc/df4ca44d3fbc9301ee17f30f4d474e6ae4b05252/library/alloc/src/boxed.rs:2454:9
[INFO] [stdout]   66:     0x63e94c0e4d1b - <alloc::boxed::Box<F,A> as core::ops::function::FnOnce<Args>>::call_once::h5aa36efdb79c806f
[INFO] [stdout]                                at /rustc/df4ca44d3fbc9301ee17f30f4d474e6ae4b05252/library/alloc/src/boxed.rs:2454:9
[INFO] [stdout]   67:     0x63e94c0e4d1b - std::sys::pal::unix::thread::Thread::new::thread_start::h6cd80a1b4be5158d
[INFO] [stdout]                                at /rustc/df4ca44d3fbc9301ee17f30f4d474e6ae4b05252/library/std/src/sys/pal/unix/thread.rs:105:17
[INFO] [stdout]   68:     0x738762426ac3 - <unknown>
[INFO] [stdout]   69:     0x7387624b7a04 - clone
[INFO] [stdout]   70:                0x0 - <unknown>
[INFO] [stdout] 
[INFO] [stdout] ---- tests::test_find_protocols stdout ----
[INFO] [stdout] thread 'tests::test_find_protocols' panicked at src/lib.rs:318:61:
[INFO] [stdout] called `Option::unwrap()` on a `None` value
[INFO] [stdout] stack backtrace:
[INFO] [stdout]    0:     0x63e94c0df1aa - std::backtrace_rs::backtrace::libunwind::trace::h207520d6e9873551
[INFO] [stdout]                                at /rustc/df4ca44d3fbc9301ee17f30f4d474e6ae4b05252/library/std/src/../../backtrace/src/backtrace/libunwind.rs:116:5
[INFO] [stdout]    1:     0x63e94c0df1aa - std::backtrace_rs::backtrace::trace_unsynchronized::h2ed7433f370e3eca
[INFO] [stdout]                                at /rustc/df4ca44d3fbc9301ee17f30f4d474e6ae4b05252/library/std/src/../../backtrace/src/backtrace/mod.rs:66:5
[INFO] [stdout]    2:     0x63e94c0df1aa - std::sys::backtrace::_print_fmt::h916fac51166b18d7
[INFO] [stdout]                                at /rustc/df4ca44d3fbc9301ee17f30f4d474e6ae4b05252/library/std/src/sys/backtrace.rs:66:9
[INFO] [stdout]    3:     0x63e94c0df1aa - <std::sys::backtrace::BacktraceLock::print::DisplayBacktrace as core::fmt::Display>::fmt::ha0a4c9b8ce3802e6
[INFO] [stdout]                                at /rustc/df4ca44d3fbc9301ee17f30f4d474e6ae4b05252/library/std/src/sys/backtrace.rs:39:26
[INFO] [stdout]    4:     0x63e94c109543 - core::fmt::rt::Argument::fmt::h4cfc8587d52b3eb5
[INFO] [stdout]                                at /rustc/df4ca44d3fbc9301ee17f30f4d474e6ae4b05252/library/core/src/fmt/rt.rs:177:76
[INFO] [stdout]    5:     0x63e94c109543 - core::fmt::write::h522cc39e5b36ae9f
[INFO] [stdout]                                at /rustc/df4ca44d3fbc9301ee17f30f4d474e6ae4b05252/library/core/src/fmt/mod.rs:1190:21
[INFO] [stdout]    6:     0x63e94c0db403 - std::io::Write::write_fmt::h7d3c26752da97734
[INFO] [stdout]                                at /rustc/df4ca44d3fbc9301ee17f30f4d474e6ae4b05252/library/std/src/io/mod.rs:1839:15
[INFO] [stdout]    7:     0x63e94c0deff2 - std::sys::backtrace::BacktraceLock::print::h4b9e00b29e9c0942
[INFO] [stdout]                                at /rustc/df4ca44d3fbc9301ee17f30f4d474e6ae4b05252/library/std/src/sys/backtrace.rs:42:9
[INFO] [stdout]    8:     0x63e94c0e063a - std::panicking::default_hook::{{closure}}::hb59b88280d0324d9
[INFO] [stdout]                                at /rustc/df4ca44d3fbc9301ee17f30f4d474e6ae4b05252/library/std/src/panicking.rs:268:22
[INFO] [stdout]    9:     0x63e94c0e0444 - std::panicking::default_hook::he1dd496665be4a29
[INFO] [stdout]                                at /rustc/df4ca44d3fbc9301ee17f30f4d474e6ae4b05252/library/std/src/panicking.rs:292:9
[INFO] [stdout]   10:     0x63e94bd80159 - <alloc::boxed::Box<F,A> as core::ops::function::Fn<Args>>::call::h4ff71de18744e1dc
[INFO] [stdout]                                at /rustc/df4ca44d3fbc9301ee17f30f4d474e6ae4b05252/library/alloc/src/boxed.rs:2468:9
[INFO] [stdout]   11:     0x63e94bd80159 - test::test_main::{{closure}}::hcf7c055ce117aa81
[INFO] [stdout]                                at /rustc/df4ca44d3fbc9301ee17f30f4d474e6ae4b05252/library/test/src/lib.rs:133:21
[INFO] [stdout]   12:     0x63e94c0e0d38 - <alloc::boxed::Box<F,A> as core::ops::function::Fn<Args>>::call::h1d66c6bbd60c9692
[INFO] [stdout]                                at /rustc/df4ca44d3fbc9301ee17f30f4d474e6ae4b05252/library/alloc/src/boxed.rs:2468:9
[INFO] [stdout]   13:     0x63e94c0e0d38 - std::panicking::rust_panic_with_hook::h2ff17fe8f26dfcf8
[INFO] [stdout]                                at /rustc/df4ca44d3fbc9301ee17f30f4d474e6ae4b05252/library/std/src/panicking.rs:809:13
[INFO] [stdout]   14:     0x63e94c0e0ac6 - std::panicking::begin_panic_handler::{{closure}}::h4fad77951c07e101
[INFO] [stdout]                                at /rustc/df4ca44d3fbc9301ee17f30f4d474e6ae4b05252/library/std/src/panicking.rs:667:13
[INFO] [stdout]   15:     0x63e94c0df689 - std::sys::backtrace::__rust_end_short_backtrace::hb1a25b3da5d0ea08
[INFO] [stdout]                                at /rustc/df4ca44d3fbc9301ee17f30f4d474e6ae4b05252/library/std/src/sys/backtrace.rs:170:18
[INFO] [stdout]   16:     0x63e94c0e078c - rust_begin_unwind
[INFO] [stdout]                                at /rustc/df4ca44d3fbc9301ee17f30f4d474e6ae4b05252/library/std/src/panicking.rs:665:5
[INFO] [stdout]   17:     0x63e94c106ec0 - core::panicking::panic_fmt::ha9db07b529f9b256
[INFO] [stdout]                                at /rustc/df4ca44d3fbc9301ee17f30f4d474e6ae4b05252/library/core/src/panicking.rs:75:14
[INFO] [stdout]   18:     0x63e94c106f4c - core::panicking::panic::h993086813d94accc
[INFO] [stdout]                                at /rustc/df4ca44d3fbc9301ee17f30f4d474e6ae4b05252/library/core/src/panicking.rs:152:5
[INFO] [stdout]   19:     0x63e94c106e39 - core::option::unwrap_failed::h7d84639b8a1a5da9
[INFO] [stdout]                                at /rustc/df4ca44d3fbc9301ee17f30f4d474e6ae4b05252/library/core/src/option.rs:2008:5
[INFO] [stdout]   20:     0x63e94bcf64ef - core::option::Option<T>::unwrap::ha775d5ed53822b93
[INFO] [stdout]                                at /rustc/df4ca44d3fbc9301ee17f30f4d474e6ae4b05252/library/core/src/option.rs:971:21
[INFO] [stdout]   21:     0x63e94bcf64ef - minknow_api_rust::Manager::new::{{closure}}::h28b105717dac25d9
[INFO] [stdout]                                at /opt/rustwide/workdir/src/lib.rs:318:25
[INFO] [stdout]   22:     0x63e94bc9448a - minknow_api_rust::tests::test_find_protocols::{{closure}}::hac69ea4257941332
[INFO] [stdout]                                at /opt/rustwide/workdir/src/lib.rs:577:71
[INFO] [stdout]   23:     0x63e94bbbcb72 - <core::pin::Pin<P> as core::future::future::Future>::poll::hdc2c1fa8698a3219
[INFO] [stdout]                                at /rustc/df4ca44d3fbc9301ee17f30f4d474e6ae4b05252/library/core/src/future/future.rs:123:9
[INFO] [stdout]   24:     0x63e94bbbc9ad - <core::pin::Pin<P> as core::future::future::Future>::poll::h81ce8837a0298ce9
[INFO] [stdout]                                at /rustc/df4ca44d3fbc9301ee17f30f4d474e6ae4b05252/library/core/src/future/future.rs:123:9
[INFO] [stdout]   25:     0x63e94bc01d8f - tokio::runtime::scheduler::current_thread::CoreGuard::block_on::{{closure}}::{{closure}}::{{closure}}::heb2fdb1582663c69
[INFO] [stdout]                                at /opt/rustwide/cargo-home/registry/src/index.crates.io-6f17d22bba15001f/tokio-1.41.0/src/runtime/scheduler/current_thread/mod.rs:729:57
[INFO] [stdout]   26:     0x63e94bc01b15 - tokio::runtime::coop::with_budget::hf506ce998ccb6d61
[INFO] [stdout]                                at /opt/rustwide/cargo-home/registry/src/index.crates.io-6f17d22bba15001f/tokio-1.41.0/src/runtime/coop.rs:107:5
[INFO] [stdout]   27:     0x63e94bc01b15 - tokio::runtime::coop::budget::h5b60b41b501d778a
[INFO] [stdout]                                at /opt/rustwide/cargo-home/registry/src/index.crates.io-6f17d22bba15001f/tokio-1.41.0/src/runtime/coop.rs:73:5
[INFO] [stdout]   28:     0x63e94bc01b15 - tokio::runtime::scheduler::current_thread::CoreGuard::block_on::{{closure}}::{{closure}}::h2dd3168fedc40343
[INFO] [stdout]                                at /opt/rustwide/cargo-home/registry/src/index.crates.io-6f17d22bba15001f/tokio-1.41.0/src/runtime/scheduler/current_thread/mod.rs:729:25
[INFO] [stdout]   29:     0x63e94bbff060 - tokio::runtime::scheduler::current_thread::Context::enter::h6621449697a3833a
[INFO] [stdout]                                at /opt/rustwide/cargo-home/registry/src/index.crates.io-6f17d22bba15001f/tokio-1.41.0/src/runtime/scheduler/current_thread/mod.rs:428:19
[INFO] [stdout]   30:     0x63e94bc00b1b - tokio::runtime::scheduler::current_thread::CoreGuard::block_on::{{closure}}::h0b824d200b526a27
[INFO] [stdout]                                at /opt/rustwide/cargo-home/registry/src/index.crates.io-6f17d22bba15001f/tokio-1.41.0/src/runtime/scheduler/current_thread/mod.rs:728:36
[INFO] [stdout]   31:     0x63e94bc00834 - tokio::runtime::scheduler::current_thread::CoreGuard::enter::{{closure}}::hdd7ed7e5eafc7cad
[INFO] [stdout]                                at /opt/rustwide/cargo-home/registry/src/index.crates.io-6f17d22bba15001f/tokio-1.41.0/src/runtime/scheduler/current_thread/mod.rs:807:68
[INFO] [stdout]   32:     0x63e94bc3ed9b - tokio::runtime::context::scoped::Scoped<T>::set::h164034faabcc39cf
[INFO] [stdout]                                at /opt/rustwide/cargo-home/registry/src/index.crates.io-6f17d22bba15001f/tokio-1.41.0/src/runtime/context/scoped.rs:40:9
[INFO] [stdout]   33:     0x63e94bd3c029 - tokio::runtime::context::set_scheduler::{{closure}}::hbb499f3e09393652
[INFO] [stdout]                                at /opt/rustwide/cargo-home/registry/src/index.crates.io-6f17d22bba15001f/tokio-1.41.0/src/runtime/context.rs:180:26
[INFO] [stdout]   34:     0x63e94bd2aa2d - std::thread::local::LocalKey<T>::try_with::h19c89897a873249a
[INFO] [stdout]                                at /rustc/df4ca44d3fbc9301ee17f30f4d474e6ae4b05252/library/std/src/thread/local.rs:283:12
[INFO] [stdout]   35:     0x63e94bd2a81a - std::thread::local::LocalKey<T>::with::h95e442f91a2fa944
[INFO] [stdout]                                at /rustc/df4ca44d3fbc9301ee17f30f4d474e6ae4b05252/library/std/src/thread/local.rs:260:9
[INFO] [stdout]   36:     0x63e94bd3bf5d - tokio::runtime::context::set_scheduler::h879d4d0568839610
[INFO] [stdout]                                at /opt/rustwide/cargo-home/registry/src/index.crates.io-6f17d22bba15001f/tokio-1.41.0/src/runtime/context.rs:180:9
[INFO] [stdout]   37:     0x63e94bc005c0 - tokio::runtime::scheduler::current_thread::CoreGuard::enter::h9270d73241e52ebc
[INFO] [stdout]                                at /opt/rustwide/cargo-home/registry/src/index.crates.io-6f17d22bba15001f/tokio-1.41.0/src/runtime/scheduler/current_thread/mod.rs:807:27
[INFO] [stdout]   38:     0x63e94bc008b3 - tokio::runtime::scheduler::current_thread::CoreGuard::block_on::hd1c235624df2e79f
[INFO] [stdout]                                at /opt/rustwide/cargo-home/registry/src/index.crates.io-6f17d22bba15001f/tokio-1.41.0/src/runtime/scheduler/current_thread/mod.rs:716:19
[INFO] [stdout]   39:     0x63e94bbfc73f - tokio::runtime::scheduler::current_thread::CurrentThread::block_on::{{closure}}::h95933b6f014d9117
[INFO] [stdout]                                at /opt/rustwide/cargo-home/registry/src/index.crates.io-6f17d22bba15001f/tokio-1.41.0/src/runtime/scheduler/current_thread/mod.rs:196:28
[INFO] [stdout]   40:     0x63e94bcdab66 - tokio::runtime::context::runtime::enter_runtime::h252f0fdbc79f5c03
[INFO] [stdout]                                at /opt/rustwide/cargo-home/registry/src/index.crates.io-6f17d22bba15001f/tokio-1.41.0/src/runtime/context/runtime.rs:65:16
[INFO] [stdout]   41:     0x63e94bbfbf81 - tokio::runtime::scheduler::current_thread::CurrentThread::block_on::h503f46658f150a59
[INFO] [stdout]                                at /opt/rustwide/cargo-home/registry/src/index.crates.io-6f17d22bba15001f/tokio-1.41.0/src/runtime/scheduler/current_thread/mod.rs:184:9
[INFO] [stdout]   42:     0x63e94bc8f233 - tokio::runtime::runtime::Runtime::block_on_inner::hafdd197bc766b5e1
[INFO] [stdout]                                at /opt/rustwide/cargo-home/registry/src/index.crates.io-6f17d22bba15001f/tokio-1.41.0/src/runtime/runtime.rs:368:47
[INFO] [stdout]   43:     0x63e94bc8f427 - tokio::runtime::runtime::Runtime::block_on::h1257903ebd609ac1
[INFO] [stdout]                                at /opt/rustwide/cargo-home/registry/src/index.crates.io-6f17d22bba15001f/tokio-1.41.0/src/runtime/runtime.rs:342:13
[INFO] [stdout]   44:     0x63e94bc94250 - minknow_api_rust::tests::test_find_protocols::h5f451d50a8e60bdf
[INFO] [stdout]                                at /opt/rustwide/workdir/src/lib.rs:588:9
[INFO] [stdout]   45:     0x63e94bc940e7 - minknow_api_rust::tests::test_find_protocols::{{closure}}::hded9c984b54f1195
[INFO] [stdout]                                at /opt/rustwide/workdir/src/lib.rs:576:35
[INFO] [stdout]   46:     0x63e94bb8ec86 - core::ops::function::FnOnce::call_once::hc8e5f103c02997b7
[INFO] [stdout]                                at /rustc/df4ca44d3fbc9301ee17f30f4d474e6ae4b05252/library/core/src/ops/function.rs:250:5
[INFO] [stdout]   47:     0x63e94bd84a2b - core::ops::function::FnOnce::call_once::h22c3ba5715e93f05
[INFO] [stdout]                                at /rustc/df4ca44d3fbc9301ee17f30f4d474e6ae4b05252/library/core/src/ops/function.rs:250:5
[INFO] [stdout]   48:     0x63e94bd84a2b - test::__rust_begin_short_backtrace::h8e82d8113d0da17f
[INFO] [stdout]                                at /rustc/df4ca44d3fbc9301ee17f30f4d474e6ae4b05252/library/test/src/lib.rs:621:18
[INFO] [stdout]   49:     0x63e94bd843a7 - test::run_test_in_process::{{closure}}::h33235f4f20b7b7c7
[INFO] [stdout]                                at /rustc/df4ca44d3fbc9301ee17f30f4d474e6ae4b05252/library/test/src/lib.rs:644:60
[INFO] [stdout]   50:     0x63e94bd843a7 - <core::panic::unwind_safe::AssertUnwindSafe<F> as core::ops::function::FnOnce<()>>::call_once::hb5043206310c586f
[INFO] [stdout]                                at /rustc/df4ca44d3fbc9301ee17f30f4d474e6ae4b05252/library/core/src/panic/unwind_safe.rs:272:9
[INFO] [stdout]   51:     0x63e94bd843a7 - std::panicking::try::do_call::h9ad4731a60ab23e2
[INFO] [stdout]                                at /rustc/df4ca44d3fbc9301ee17f30f4d474e6ae4b05252/library/std/src/panicking.rs:557:40
[INFO] [stdout]   52:     0x63e94bd843a7 - std::panicking::try::h3824d23db772a716
[INFO] [stdout]                                at /rustc/df4ca44d3fbc9301ee17f30f4d474e6ae4b05252/library/std/src/panicking.rs:520:19
[INFO] [stdout]   53:     0x63e94bd843a7 - std::panic::catch_unwind::h5afd514605fde46b
[INFO] [stdout]                                at /rustc/df4ca44d3fbc9301ee17f30f4d474e6ae4b05252/library/std/src/panic.rs:358:14
[INFO] [stdout]   54:     0x63e94bd843a7 - test::run_test_in_process::h0d5cbfa7067d1720
[INFO] [stdout]                                at /rustc/df4ca44d3fbc9301ee17f30f4d474e6ae4b05252/library/test/src/lib.rs:644:27
[INFO] [stdout]   55:     0x63e94bd843a7 - test::run_test::{{closure}}::h708eb8872708115d
[INFO] [stdout]                                at /rustc/df4ca44d3fbc9301ee17f30f4d474e6ae4b05252/library/test/src/lib.rs:565:43
[INFO] [stdout]   56:     0x63e94bd47ac4 - test::run_test::{{closure}}::h392c51cee94713ab
[INFO] [stdout]                                at /rustc/df4ca44d3fbc9301ee17f30f4d474e6ae4b05252/library/test/src/lib.rs:595:41
[INFO] [stdout]   57:     0x63e94bd47ac4 - std::sys::backtrace::__rust_begin_short_backtrace::h2f40290710935a8b
[INFO] [stdout]                                at /rustc/df4ca44d3fbc9301ee17f30f4d474e6ae4b05252/library/std/src/sys/backtrace.rs:154:18
[INFO] [stdout]   58:     0x63e94bd4b26e - std::thread::Builder::spawn_unchecked_::{{closure}}::{{closure}}::h3fd968d89053a903
[INFO] [stdout]                                at /rustc/df4ca44d3fbc9301ee17f30f4d474e6ae4b05252/library/std/src/thread/mod.rs:541:17
[INFO] [stdout]   59:     0x63e94bd4b26e - <core::panic::unwind_safe::AssertUnwindSafe<F> as core::ops::function::FnOnce<()>>::call_once::h743f637ba4229880
[INFO] [stdout]                                at /rustc/df4ca44d3fbc9301ee17f30f4d474e6ae4b05252/library/core/src/panic/unwind_safe.rs:272:9
[INFO] [stdout]   60:     0x63e94bd4b26e - std::panicking::try::do_call::h07440897322525a6
[INFO] [stdout]                                at /rustc/df4ca44d3fbc9301ee17f30f4d474e6ae4b05252/library/std/src/panicking.rs:557:40
[INFO] [stdout]   61:     0x63e94bd4b26e - std::panicking::try::he5a2e00188156637
[INFO] [stdout]                                at /rustc/df4ca44d3fbc9301ee17f30f4d474e6ae4b05252/library/std/src/panicking.rs:520:19
[INFO] [stdout]   62:     0x63e94bd4b26e - std::panic::catch_unwind::hbaf3cae49b3c6433
[INFO] [stdout]                                at /rustc/df4ca44d3fbc9301ee17f30f4d474e6ae4b05252/library/std/src/panic.rs:358:14
[INFO] [stdout]   63:     0x63e94bd4b26e - std::thread::Builder::spawn_unchecked_::{{closure}}::h8e141ea224820bce
[INFO] [stdout]                                at /rustc/df4ca44d3fbc9301ee17f30f4d474e6ae4b05252/library/std/src/thread/mod.rs:540:30
[INFO] [stdout]   64:     0x63e94bd4b26e - core::ops::function::FnOnce::call_once{{vtable.shim}}::h90d312fedd7b8ea8
[INFO] [stdout]                                at /rustc/df4ca44d3fbc9301ee17f30f4d474e6ae4b05252/library/core/src/ops/function.rs:250:5
[INFO] [stdout]   65:     0x63e94c0e4d1b - <alloc::boxed::Box<F,A> as core::ops::function::FnOnce<Args>>::call_once::h69aa08ddb6adb8b6
[INFO] [stdout]                                at /rustc/df4ca44d3fbc9301ee17f30f4d474e6ae4b05252/library/alloc/src/boxed.rs:2454:9
[INFO] [stdout]   66:     0x63e94c0e4d1b - <alloc::boxed::Box<F,A> as core::ops::function::FnOnce<Args>>::call_once::h5aa36efdb79c806f
[INFO] [stdout]                                at /rustc/df4ca44d3fbc9301ee17f30f4d474e6ae4b05252/library/alloc/src/boxed.rs:2454:9
[INFO] [stdout]   67:     0x63e94c0e4d1b - std::sys::pal::unix::thread::Thread::new::thread_start::h6cd80a1b4be5158d
[INFO] [stdout]                                at /rustc/df4ca44d3fbc9301ee17f30f4d474e6ae4b05252/library/std/src/sys/pal/unix/thread.rs:105:17
[INFO] [stdout]   68:     0x738762426ac3 - <unknown>
[INFO] [stdout]   69:     0x7387624b7a04 - clone
[INFO] [stdout]   70:                0x0 - <unknown>
[INFO] [stdout] 
[INFO] [stdout] 
[INFO] [stdout] failures:
[INFO] [stdout]     tests::test_describe_host
[INFO] [stdout]     tests::test_developer_api_token_management
[INFO] [stdout]     tests::test_find_protocols
[INFO] [stdout]     tests::test_simulated_minion_e2e
[INFO] [stdout]     tests::test_simulated_promethion_e2e
[INFO] [stdout] 
[INFO] [stdout] test result: FAILED. 0 passed; 5 failed; 0 ignored; 0 measured; 0 filtered out; finished in 0.08s
[INFO] [stdout] 
[INFO] [stderr] error: test failed, to rerun pass `--lib`
[INFO] running `Command { std: "docker" "inspect" "d10e5907ba459bbf332c0f4e8d5fab93bd575349348ea5e4346b8487636f3d40", kill_on_drop: false }`
[INFO] running `Command { std: "docker" "rm" "-f" "d10e5907ba459bbf332c0f4e8d5fab93bd575349348ea5e4346b8487636f3d40", kill_on_drop: false }`
[INFO] [stdout] d10e5907ba459bbf332c0f4e8d5fab93bd575349348ea5e4346b8487636f3d40
