[INFO] fetching crate minipng 0.1.1...
[INFO] testing minipng-0.1.1 against nightly-2024-10-28 for randomize-layout
[INFO] extracting crate minipng 0.1.1 into /workspace/builds/worker-5-tc1/source
[INFO] validating manifest of crates.io crate minipng 0.1.1 on toolchain nightly-2024-10-28
[INFO] running `Command { std: CARGO_HOME="/workspace/cargo-home" RUSTUP_HOME="/workspace/rustup-home" "/workspace/cargo-home/bin/cargo" "+nightly-2024-10-28" "metadata" "--manifest-path" "Cargo.toml" "--no-deps", kill_on_drop: false }`
[INFO] removed /workspace/builds/worker-5-tc1/source/.cargo/config.toml
[INFO] started tweaking crates.io crate minipng 0.1.1
[INFO] finished tweaking crates.io crate minipng 0.1.1
[INFO] tweaked toml for crates.io crate minipng 0.1.1 written to /workspace/builds/worker-5-tc1/source/Cargo.toml
[INFO] crate crates.io crate minipng 0.1.1 already has a lockfile, it will not be regenerated
[INFO] running `Command { std: CARGO_HOME="/workspace/cargo-home" RUSTUP_HOME="/workspace/rustup-home" "/workspace/cargo-home/bin/cargo" "+nightly-2024-10-28" "fetch" "--manifest-path" "Cargo.toml", kill_on_drop: false }`
[INFO] [stderr]     Updating crates.io index
[INFO] [stderr]  Downloading crates ...
[INFO] [stderr]   Downloaded png-decoder v0.1.1
[INFO] [stderr]   Downloaded clap_builder v4.4.4
[INFO] [stderr]   Downloaded clap v4.4.4
[INFO] running `Command { std: "docker" "create" "-v" "/var/lib/crater-agent-workspace/builds/worker-5-tc1/target:/opt/rustwide/target:rw,Z" "-v" "/var/lib/crater-agent-workspace/builds/worker-5-tc1/source:/opt/rustwide/workdir:ro,Z" "-v" "/var/lib/crater-agent-workspace/cargo-home:/opt/rustwide/cargo-home:ro,Z" "-v" "/var/lib/crater-agent-workspace/rustup-home:/opt/rustwide/rustup-home:ro,Z" "-e" "SOURCE_DIR=/opt/rustwide/workdir" "-e" "CARGO_TARGET_DIR=/opt/rustwide/target" "-e" "CARGO_HOME=/opt/rustwide/cargo-home" "-e" "RUSTUP_HOME=/opt/rustwide/rustup-home" "-w" "/opt/rustwide/workdir" "-m" "1610612736" "--user" "0:0" "--network" "none" "ghcr.io/rust-lang/crates-build-env/linux@sha256:4a844ea9eb2546a2d2c7022eacef16ef2e8229c7fbb2c7d4d55a9ceca922f72d" "/opt/rustwide/cargo-home/bin/cargo" "+nightly-2024-10-28" "metadata" "--no-deps" "--format-version=1", kill_on_drop: false }`
[INFO] [stdout] b7f7ca035f61f257da697e2c73d15dc170fb25ef1760ef37286a5e71ad05f04e
[INFO] running `Command { std: "docker" "start" "-a" "b7f7ca035f61f257da697e2c73d15dc170fb25ef1760ef37286a5e71ad05f04e", kill_on_drop: false }`
[INFO] running `Command { std: "docker" "inspect" "b7f7ca035f61f257da697e2c73d15dc170fb25ef1760ef37286a5e71ad05f04e", kill_on_drop: false }`
[INFO] running `Command { std: "docker" "rm" "-f" "b7f7ca035f61f257da697e2c73d15dc170fb25ef1760ef37286a5e71ad05f04e", kill_on_drop: false }`
[INFO] [stdout] b7f7ca035f61f257da697e2c73d15dc170fb25ef1760ef37286a5e71ad05f04e
[INFO] running `Command { std: "docker" "create" "-v" "/var/lib/crater-agent-workspace/builds/worker-5-tc1/target:/opt/rustwide/target:rw,Z" "-v" "/var/lib/crater-agent-workspace/builds/worker-5-tc1/source:/opt/rustwide/workdir:ro,Z" "-v" "/var/lib/crater-agent-workspace/cargo-home:/opt/rustwide/cargo-home:ro,Z" "-v" "/var/lib/crater-agent-workspace/rustup-home:/opt/rustwide/rustup-home:ro,Z" "-e" "SOURCE_DIR=/opt/rustwide/workdir" "-e" "CARGO_TARGET_DIR=/opt/rustwide/target" "-e" "CARGO_INCREMENTAL=0" "-e" "RUST_BACKTRACE=full" "-e" "RUSTFLAGS=--cap-lints=forbid" "-e" "RUSTDOCFLAGS=--cap-lints=forbid" "-e" "CARGO_HOME=/opt/rustwide/cargo-home" "-e" "RUSTUP_HOME=/opt/rustwide/rustup-home" "-w" "/opt/rustwide/workdir" "-m" "1610612736" "--user" "0:0" "--network" "none" "ghcr.io/rust-lang/crates-build-env/linux@sha256:4a844ea9eb2546a2d2c7022eacef16ef2e8229c7fbb2c7d4d55a9ceca922f72d" "/opt/rustwide/cargo-home/bin/cargo" "+nightly-2024-10-28" "build" "--frozen" "--message-format=json", kill_on_drop: false }`
[INFO] [stdout] 24778eb24d7aba8e69cfb752958b17175a2c2a8a1830b89eb26f8e48f99d2319
[INFO] running `Command { std: "docker" "start" "-a" "24778eb24d7aba8e69cfb752958b17175a2c2a8a1830b89eb26f8e48f99d2319", kill_on_drop: false }`
[INFO] [stderr]    Compiling minipng v0.1.1 (/opt/rustwide/workdir)
[INFO] [stderr]     Finished `dev` profile [unoptimized + debuginfo] target(s) in 0.27s
[INFO] running `Command { std: "docker" "inspect" "24778eb24d7aba8e69cfb752958b17175a2c2a8a1830b89eb26f8e48f99d2319", kill_on_drop: false }`
[INFO] running `Command { std: "docker" "rm" "-f" "24778eb24d7aba8e69cfb752958b17175a2c2a8a1830b89eb26f8e48f99d2319", kill_on_drop: false }`
[INFO] [stdout] 24778eb24d7aba8e69cfb752958b17175a2c2a8a1830b89eb26f8e48f99d2319
[INFO] running `Command { std: "docker" "create" "-v" "/var/lib/crater-agent-workspace/builds/worker-5-tc1/target:/opt/rustwide/target:rw,Z" "-v" "/var/lib/crater-agent-workspace/builds/worker-5-tc1/source:/opt/rustwide/workdir:ro,Z" "-v" "/var/lib/crater-agent-workspace/cargo-home:/opt/rustwide/cargo-home:ro,Z" "-v" "/var/lib/crater-agent-workspace/rustup-home:/opt/rustwide/rustup-home:ro,Z" "-e" "SOURCE_DIR=/opt/rustwide/workdir" "-e" "CARGO_TARGET_DIR=/opt/rustwide/target" "-e" "CARGO_INCREMENTAL=0" "-e" "RUST_BACKTRACE=full" "-e" "RUSTFLAGS=--cap-lints=forbid" "-e" "RUSTDOCFLAGS=--cap-lints=forbid" "-e" "CARGO_HOME=/opt/rustwide/cargo-home" "-e" "RUSTUP_HOME=/opt/rustwide/rustup-home" "-w" "/opt/rustwide/workdir" "-m" "1610612736" "--user" "0:0" "--network" "none" "ghcr.io/rust-lang/crates-build-env/linux@sha256:4a844ea9eb2546a2d2c7022eacef16ef2e8229c7fbb2c7d4d55a9ceca922f72d" "/opt/rustwide/cargo-home/bin/cargo" "+nightly-2024-10-28" "test" "--frozen" "--no-run" "--message-format=json", kill_on_drop: false }`
[INFO] [stdout] 7fa793bb0cff0cf24d337e27451c83ab1b6f87df9ddf20491138e84873744c9c
[INFO] running `Command { std: "docker" "start" "-a" "7fa793bb0cff0cf24d337e27451c83ab1b6f87df9ddf20491138e84873744c9c", kill_on_drop: false }`
[INFO] [stderr]    Compiling autocfg v1.1.0
[INFO] [stderr]    Compiling proc-macro2 v1.0.67
[INFO] [stderr]    Compiling crossbeam-utils v0.8.16
[INFO] [stderr]    Compiling serde v1.0.188
[INFO] [stderr]    Compiling adler v1.0.2
[INFO] [stderr]    Compiling crc32fast v1.3.2
[INFO] [stderr]    Compiling simd-adler32 v0.3.7
[INFO] [stderr]    Compiling rayon-core v1.12.0
[INFO] [stderr]    Compiling serde_json v1.0.107
[INFO] [stderr]    Compiling either v1.9.0
[INFO] [stderr]    Compiling rustix v0.38.14
[INFO] [stderr]    Compiling plotters-backend v0.3.5
[INFO] [stderr]    Compiling itoa v1.0.9
[INFO] [stderr]    Compiling linux-raw-sys v0.4.7
[INFO] [stderr]    Compiling regex-syntax v0.7.5
[INFO] [stderr]    Compiling bitflags v2.4.0
[INFO] [stderr]    Compiling half v1.8.2
[INFO] [stderr]    Compiling ciborium-io v0.2.1
[INFO] [stderr]    Compiling ryu v1.0.15
[INFO] [stderr]    Compiling anstyle v1.0.3
[INFO] [stderr]    Compiling clap_lex v0.5.1
[INFO] [stderr]    Compiling itertools v0.10.5
[INFO] [stderr]    Compiling miniz_oxide v0.7.1
[INFO] [stderr]    Compiling cast v0.3.0
[INFO] [stderr]    Compiling plotters-svg v0.3.5
[INFO] [stderr]    Compiling walkdir v2.4.0
[INFO] [stderr]    Compiling memoffset v0.9.0
[INFO] [stderr]    Compiling crossbeam-epoch v0.9.15
[INFO] [stderr]    Compiling num-traits v0.2.16
[INFO] [stderr]    Compiling miniz_oxide v0.4.4
[INFO] [stderr]    Compiling ciborium-ll v0.2.1
[INFO] [stderr]    Compiling clap_builder v4.4.4
[INFO] [stderr]    Compiling fdeflate v0.3.0
[INFO] [stderr]    Compiling once_cell v1.18.0
[INFO] [stderr]    Compiling oorandom v11.1.3
[INFO] [stderr]    Compiling anes v0.1.6
[INFO] [stderr]    Compiling flate2 v1.0.27
[INFO] [stderr]    Compiling quote v1.0.33
[INFO] [stderr]    Compiling crossbeam-deque v0.8.3
[INFO] [stderr]    Compiling syn v2.0.37
[INFO] [stderr]    Compiling syn v1.0.109
[INFO] [stderr]    Compiling png v0.17.10
[INFO] [stderr]    Compiling is-terminal v0.4.9
[INFO] [stderr]    Compiling regex-automata v0.3.8
[INFO] [stderr]    Compiling rayon v1.8.0
[INFO] [stderr]    Compiling criterion-plot v0.5.0
[INFO] [stderr]    Compiling plotters v0.3.5
[INFO] [stderr]    Compiling clap v4.4.4
[INFO] [stderr]    Compiling serde_derive v1.0.188
[INFO] [stderr]    Compiling num_enum_derive v0.5.11
[INFO] [stderr]    Compiling regex v1.9.5
[INFO] [stderr]    Compiling num_enum v0.5.11
[INFO] [stderr]    Compiling png-decoder v0.1.1
[INFO] [stderr]    Compiling ciborium v0.2.1
[INFO] [stderr]    Compiling tinytemplate v1.2.1
[INFO] [stderr]    Compiling criterion v0.5.1
[INFO] [stderr]    Compiling minipng v0.1.1 (/opt/rustwide/workdir)
[INFO] [stderr]     Finished `test` profile [unoptimized + debuginfo] target(s) in 10.75s
[INFO] running `Command { std: "docker" "inspect" "7fa793bb0cff0cf24d337e27451c83ab1b6f87df9ddf20491138e84873744c9c", kill_on_drop: false }`
[INFO] running `Command { std: "docker" "rm" "-f" "7fa793bb0cff0cf24d337e27451c83ab1b6f87df9ddf20491138e84873744c9c", kill_on_drop: false }`
[INFO] [stdout] 7fa793bb0cff0cf24d337e27451c83ab1b6f87df9ddf20491138e84873744c9c
[INFO] running `Command { std: "docker" "create" "-v" "/var/lib/crater-agent-workspace/builds/worker-5-tc1/target:/opt/rustwide/target:rw,Z" "-v" "/var/lib/crater-agent-workspace/builds/worker-5-tc1/source:/opt/rustwide/workdir:ro,Z" "-v" "/var/lib/crater-agent-workspace/cargo-home:/opt/rustwide/cargo-home:ro,Z" "-v" "/var/lib/crater-agent-workspace/rustup-home:/opt/rustwide/rustup-home:ro,Z" "-e" "SOURCE_DIR=/opt/rustwide/workdir" "-e" "CARGO_TARGET_DIR=/opt/rustwide/target" "-e" "CARGO_INCREMENTAL=0" "-e" "RUST_BACKTRACE=full" "-e" "RUSTFLAGS=--cap-lints=forbid" "-e" "RUSTDOCFLAGS=--cap-lints=forbid" "-e" "CARGO_HOME=/opt/rustwide/cargo-home" "-e" "RUSTUP_HOME=/opt/rustwide/rustup-home" "-w" "/opt/rustwide/workdir" "-m" "1610612736" "--user" "0:0" "--network" "none" "ghcr.io/rust-lang/crates-build-env/linux@sha256:4a844ea9eb2546a2d2c7022eacef16ef2e8229c7fbb2c7d4d55a9ceca922f72d" "/opt/rustwide/cargo-home/bin/cargo" "+nightly-2024-10-28" "test" "--frozen", kill_on_drop: false }`
[INFO] [stdout] 9f3104258b4ed2854b72d9c8aa6d5ec8080905d777551a8f431131809b3f728e
[INFO] running `Command { std: "docker" "start" "-a" "9f3104258b4ed2854b72d9c8aa6d5ec8080905d777551a8f431131809b3f728e", kill_on_drop: false }`
[INFO] [stderr]     Finished `test` profile [unoptimized + debuginfo] target(s) in 0.06s
[INFO] [stderr]      Running unittests src/lib.rs (/opt/rustwide/target/debug/deps/minipng-750c39ac77db2b26)
[INFO] [stdout] 
[INFO] [stdout] running 3 tests
[INFO] [stdout] test test::test_bad_png ... ok
[INFO] [stdout] test test::test_buffer_too_small ... ok
[INFO] [stdout] test test::test_images ... ok
[INFO] [stdout] 
[INFO] [stdout] test result: ok. 3 passed; 0 failed; 0 ignored; 0 measured; 0 filtered out; finished in 4.82s
[INFO] [stdout] 
[INFO] [stderr]    Doc-tests minipng
[INFO] [stdout] 
[INFO] [stdout] running 2 tests
[INFO] [stdout] test src/../README.md - (line 43) ... FAILED
[INFO] [stdout] test src/../README.md - (line 31) ... FAILED
[INFO] [stdout] 
[INFO] [stdout] failures:
[INFO] [stdout] 
[INFO] [stdout] ---- src/../README.md - (line 43) stdout ----
[INFO] [stdout] error: couldn't read `src/../../examples/image.png`: No such file or directory (os error 2)
[INFO] [stdout]  --> src/../README.md:45:12
[INFO] [stdout]   |
[INFO] [stdout] 5 | let png = &include_bytes!("../examples/image.png")[..];
[INFO] [stdout]   |            ^^^^^^^^^^^^^^^^^^^^^^^^^^^^^^^^^^^^^^^
[INFO] [stdout]   |
[INFO] [stdout]   = note: this error originates in the macro `include_bytes` (in Nightly builds, run with -Z macro-backtrace for more info)
[INFO] [stdout] help: there is a file with the same name in a different directory
[INFO] [stdout]   |
[INFO] [stdout] 5 | let png = &include_bytes!("examples/image.png")[..];
[INFO] [stdout]   |                           ~~~~~~~~~~~~~~~~~~~~
[INFO] [stdout] 
[INFO] [stdout] error: aborting due to 1 previous error
[INFO] [stdout] 
[INFO] [stdout] Couldn't compile the test.
[INFO] [stdout] ---- src/../README.md - (line 31) stdout ----
[INFO] [stdout] error: couldn't read `src/../../examples/image.png`: No such file or directory (os error 2)
[INFO] [stdout]  --> src/../README.md:34:12
[INFO] [stdout]   |
[INFO] [stdout] 6 | let png = &include_bytes!("../examples/image.png")[..];
[INFO] [stdout]   |            ^^^^^^^^^^^^^^^^^^^^^^^^^^^^^^^^^^^^^^^
[INFO] [stdout]   |
[INFO] [stdout]   = note: this error originates in the macro `include_bytes` (in Nightly builds, run with -Z macro-backtrace for more info)
[INFO] [stdout] help: there is a file with the same name in a different directory
[INFO] [stdout]   |
[INFO] [stdout] 6 | let png = &include_bytes!("examples/image.png")[..];
[INFO] [stdout]   |                           ~~~~~~~~~~~~~~~~~~~~
[INFO] [stdout] 
[INFO] [stdout] error: aborting due to 1 previous error
[INFO] [stdout] 
[INFO] [stdout] Couldn't compile the test.
[INFO] [stdout] 
[INFO] [stdout] failures:
[INFO] [stdout]     src/../README.md - (line 31)
[INFO] [stdout]     src/../README.md - (line 43)
[INFO] [stdout] 
[INFO] [stdout] test result: FAILED. 0 passed; 2 failed; 0 ignored; 0 measured; 0 filtered out; finished in 0.05s
[INFO] [stdout] 
[INFO] [stderr] error: doctest failed, to rerun pass `--doc`
[INFO] running `Command { std: "docker" "inspect" "9f3104258b4ed2854b72d9c8aa6d5ec8080905d777551a8f431131809b3f728e", kill_on_drop: false }`
[INFO] running `Command { std: "docker" "rm" "-f" "9f3104258b4ed2854b72d9c8aa6d5ec8080905d777551a8f431131809b3f728e", kill_on_drop: false }`
[INFO] [stdout] 9f3104258b4ed2854b72d9c8aa6d5ec8080905d777551a8f431131809b3f728e
