[INFO] fetching crate minimax-alpha-beta 0.2.0...
[INFO] testing minimax-alpha-beta-0.2.0 against nightly-2024-10-28 for randomize-layout
[INFO] extracting crate minimax-alpha-beta 0.2.0 into /workspace/builds/worker-3-tc1/source
[INFO] validating manifest of crates.io crate minimax-alpha-beta 0.2.0 on toolchain nightly-2024-10-28
[INFO] running `Command { std: CARGO_HOME="/workspace/cargo-home" RUSTUP_HOME="/workspace/rustup-home" "/workspace/cargo-home/bin/cargo" "+nightly-2024-10-28" "metadata" "--manifest-path" "Cargo.toml" "--no-deps", kill_on_drop: false }`
[INFO] started tweaking crates.io crate minimax-alpha-beta 0.2.0
[INFO] finished tweaking crates.io crate minimax-alpha-beta 0.2.0
[INFO] tweaked toml for crates.io crate minimax-alpha-beta 0.2.0 written to /workspace/builds/worker-3-tc1/source/Cargo.toml
[INFO] crate crates.io crate minimax-alpha-beta 0.2.0 already has a lockfile, it will not be regenerated
[INFO] running `Command { std: CARGO_HOME="/workspace/cargo-home" RUSTUP_HOME="/workspace/rustup-home" "/workspace/cargo-home/bin/cargo" "+nightly-2024-10-28" "fetch" "--manifest-path" "Cargo.toml", kill_on_drop: false }`
[INFO] [stderr]  Downloading crates ...
[INFO] [stderr]   Downloaded btoi v0.4.2
[INFO] [stderr]   Downloaded shakmaty v0.21.3
[INFO] running `Command { std: "docker" "create" "-v" "/var/lib/crater-agent-workspace/builds/worker-3-tc1/target:/opt/rustwide/target:rw,Z" "-v" "/var/lib/crater-agent-workspace/builds/worker-3-tc1/source:/opt/rustwide/workdir:ro,Z" "-v" "/var/lib/crater-agent-workspace/cargo-home:/opt/rustwide/cargo-home:ro,Z" "-v" "/var/lib/crater-agent-workspace/rustup-home:/opt/rustwide/rustup-home:ro,Z" "-e" "SOURCE_DIR=/opt/rustwide/workdir" "-e" "CARGO_TARGET_DIR=/opt/rustwide/target" "-e" "CARGO_HOME=/opt/rustwide/cargo-home" "-e" "RUSTUP_HOME=/opt/rustwide/rustup-home" "-w" "/opt/rustwide/workdir" "-m" "1610612736" "--user" "0:0" "--network" "none" "ghcr.io/rust-lang/crates-build-env/linux@sha256:4a844ea9eb2546a2d2c7022eacef16ef2e8229c7fbb2c7d4d55a9ceca922f72d" "/opt/rustwide/cargo-home/bin/cargo" "+nightly-2024-10-28" "metadata" "--no-deps" "--format-version=1", kill_on_drop: false }`
[INFO] [stdout] 898ea7470cc8808637be0ef0f007e969ede3607e72eaf304cc08d963840ee289
[INFO] running `Command { std: "docker" "start" "-a" "898ea7470cc8808637be0ef0f007e969ede3607e72eaf304cc08d963840ee289", kill_on_drop: false }`
[INFO] running `Command { std: "docker" "inspect" "898ea7470cc8808637be0ef0f007e969ede3607e72eaf304cc08d963840ee289", kill_on_drop: false }`
[INFO] running `Command { std: "docker" "rm" "-f" "898ea7470cc8808637be0ef0f007e969ede3607e72eaf304cc08d963840ee289", kill_on_drop: false }`
[INFO] [stdout] 898ea7470cc8808637be0ef0f007e969ede3607e72eaf304cc08d963840ee289
[INFO] running `Command { std: "docker" "create" "-v" "/var/lib/crater-agent-workspace/builds/worker-3-tc1/target:/opt/rustwide/target:rw,Z" "-v" "/var/lib/crater-agent-workspace/builds/worker-3-tc1/source:/opt/rustwide/workdir:ro,Z" "-v" "/var/lib/crater-agent-workspace/cargo-home:/opt/rustwide/cargo-home:ro,Z" "-v" "/var/lib/crater-agent-workspace/rustup-home:/opt/rustwide/rustup-home:ro,Z" "-e" "SOURCE_DIR=/opt/rustwide/workdir" "-e" "CARGO_TARGET_DIR=/opt/rustwide/target" "-e" "CARGO_INCREMENTAL=0" "-e" "RUST_BACKTRACE=full" "-e" "RUSTFLAGS=--cap-lints=forbid" "-e" "RUSTDOCFLAGS=--cap-lints=forbid" "-e" "CARGO_HOME=/opt/rustwide/cargo-home" "-e" "RUSTUP_HOME=/opt/rustwide/rustup-home" "-w" "/opt/rustwide/workdir" "-m" "1610612736" "--user" "0:0" "--network" "none" "ghcr.io/rust-lang/crates-build-env/linux@sha256:4a844ea9eb2546a2d2c7022eacef16ef2e8229c7fbb2c7d4d55a9ceca922f72d" "/opt/rustwide/cargo-home/bin/cargo" "+nightly-2024-10-28" "build" "--frozen" "--message-format=json", kill_on_drop: false }`
[INFO] [stdout] fa1f475e9ce7cdc2f09ff0564a2d445486d2ad0a4c69254a18ba68953513a189
[INFO] running `Command { std: "docker" "start" "-a" "fa1f475e9ce7cdc2f09ff0564a2d445486d2ad0a4c69254a18ba68953513a189", kill_on_drop: false }`
[INFO] [stderr]    Compiling version_check v0.9.4
[INFO] [stderr]    Compiling proc-macro2 v1.0.42
[INFO] [stderr]    Compiling quote v1.0.20
[INFO] [stderr]    Compiling unicode-ident v1.0.2
[INFO] [stderr]    Compiling syn v1.0.98
[INFO] [stderr]    Compiling libc v0.2.126
[INFO] [stderr]    Compiling autocfg v1.1.0
[INFO] [stderr]    Compiling os_str_bytes v6.2.0
[INFO] [stderr]    Compiling hashbrown v0.12.3
[INFO] [stderr]    Compiling heck v0.4.0
[INFO] [stderr]    Compiling anyhow v1.0.59
[INFO] [stderr]    Compiling clap_lex v0.2.4
[INFO] [stderr]    Compiling proc-macro-error-attr v1.0.4
[INFO] [stderr]    Compiling proc-macro-error v1.0.4
[INFO] [stderr]    Compiling indexmap v1.9.1
[INFO] [stderr]    Compiling termcolor v1.1.3
[INFO] [stderr]    Compiling strsim v0.10.0
[INFO] [stderr]    Compiling textwrap v0.15.0
[INFO] [stderr]    Compiling once_cell v1.13.0
[INFO] [stderr]    Compiling atty v0.2.14
[INFO] [stderr]    Compiling clap_derive v3.2.15
[INFO] [stderr]    Compiling clap v3.2.16
[INFO] [stderr]    Compiling minimax-alpha-beta v0.2.0 (/opt/rustwide/workdir)
[INFO] [stderr]     Finished `dev` profile [unoptimized + debuginfo] target(s) in 6.67s
[INFO] running `Command { std: "docker" "inspect" "fa1f475e9ce7cdc2f09ff0564a2d445486d2ad0a4c69254a18ba68953513a189", kill_on_drop: false }`
[INFO] running `Command { std: "docker" "rm" "-f" "fa1f475e9ce7cdc2f09ff0564a2d445486d2ad0a4c69254a18ba68953513a189", kill_on_drop: false }`
[INFO] [stdout] fa1f475e9ce7cdc2f09ff0564a2d445486d2ad0a4c69254a18ba68953513a189
[INFO] running `Command { std: "docker" "create" "-v" "/var/lib/crater-agent-workspace/builds/worker-3-tc1/target:/opt/rustwide/target:rw,Z" "-v" "/var/lib/crater-agent-workspace/builds/worker-3-tc1/source:/opt/rustwide/workdir:ro,Z" "-v" "/var/lib/crater-agent-workspace/cargo-home:/opt/rustwide/cargo-home:ro,Z" "-v" "/var/lib/crater-agent-workspace/rustup-home:/opt/rustwide/rustup-home:ro,Z" "-e" "SOURCE_DIR=/opt/rustwide/workdir" "-e" "CARGO_TARGET_DIR=/opt/rustwide/target" "-e" "CARGO_INCREMENTAL=0" "-e" "RUST_BACKTRACE=full" "-e" "RUSTFLAGS=--cap-lints=forbid" "-e" "RUSTDOCFLAGS=--cap-lints=forbid" "-e" "CARGO_HOME=/opt/rustwide/cargo-home" "-e" "RUSTUP_HOME=/opt/rustwide/rustup-home" "-w" "/opt/rustwide/workdir" "-m" "1610612736" "--user" "0:0" "--network" "none" "ghcr.io/rust-lang/crates-build-env/linux@sha256:4a844ea9eb2546a2d2c7022eacef16ef2e8229c7fbb2c7d4d55a9ceca922f72d" "/opt/rustwide/cargo-home/bin/cargo" "+nightly-2024-10-28" "test" "--frozen" "--no-run" "--message-format=json", kill_on_drop: false }`
[INFO] [stdout] 11f8b505f9a3ec4ccaf01dfabf12dfc1e5c129b26959bd43dc4e47444e31cd50
[INFO] running `Command { std: "docker" "start" "-a" "11f8b505f9a3ec4ccaf01dfabf12dfc1e5c129b26959bd43dc4e47444e31cd50", kill_on_drop: false }`
[INFO] [stderr]    Compiling minimax-alpha-beta v0.2.0 (/opt/rustwide/workdir)
[INFO] [stderr]     Finished `test` profile [unoptimized + debuginfo] target(s) in 0.40s
[INFO] running `Command { std: "docker" "inspect" "11f8b505f9a3ec4ccaf01dfabf12dfc1e5c129b26959bd43dc4e47444e31cd50", kill_on_drop: false }`
[INFO] running `Command { std: "docker" "rm" "-f" "11f8b505f9a3ec4ccaf01dfabf12dfc1e5c129b26959bd43dc4e47444e31cd50", kill_on_drop: false }`
[INFO] [stdout] 11f8b505f9a3ec4ccaf01dfabf12dfc1e5c129b26959bd43dc4e47444e31cd50
[INFO] running `Command { std: "docker" "create" "-v" "/var/lib/crater-agent-workspace/builds/worker-3-tc1/target:/opt/rustwide/target:rw,Z" "-v" "/var/lib/crater-agent-workspace/builds/worker-3-tc1/source:/opt/rustwide/workdir:ro,Z" "-v" "/var/lib/crater-agent-workspace/cargo-home:/opt/rustwide/cargo-home:ro,Z" "-v" "/var/lib/crater-agent-workspace/rustup-home:/opt/rustwide/rustup-home:ro,Z" "-e" "SOURCE_DIR=/opt/rustwide/workdir" "-e" "CARGO_TARGET_DIR=/opt/rustwide/target" "-e" "CARGO_INCREMENTAL=0" "-e" "RUST_BACKTRACE=full" "-e" "RUSTFLAGS=--cap-lints=forbid" "-e" "RUSTDOCFLAGS=--cap-lints=forbid" "-e" "CARGO_HOME=/opt/rustwide/cargo-home" "-e" "RUSTUP_HOME=/opt/rustwide/rustup-home" "-w" "/opt/rustwide/workdir" "-m" "1610612736" "--user" "0:0" "--network" "none" "ghcr.io/rust-lang/crates-build-env/linux@sha256:4a844ea9eb2546a2d2c7022eacef16ef2e8229c7fbb2c7d4d55a9ceca922f72d" "/opt/rustwide/cargo-home/bin/cargo" "+nightly-2024-10-28" "test" "--frozen", kill_on_drop: false }`
[INFO] [stdout] d7956b3cae018f05da5fbb1907680c6fc9b85e5a72e6642ed98cb91cf534b6ea
[INFO] running `Command { std: "docker" "start" "-a" "d7956b3cae018f05da5fbb1907680c6fc9b85e5a72e6642ed98cb91cf534b6ea", kill_on_drop: false }`
[INFO] [stderr]     Finished `test` profile [unoptimized + debuginfo] target(s) in 0.05s
[INFO] [stderr]      Running unittests src/lib.rs (/opt/rustwide/target/debug/deps/minimax_alpha_beta-b98715f920eed730)
[INFO] [stdout] 
[INFO] [stdout] running 2 tests
[INFO] [stdout] test games::tic_tac_toe::tests::best_move_in_given_3_by_3 ... ok
[INFO] [stdout] test games::tic_tac_toe::tests::test_should_always_tie_a_3_by_3_after_9_moves_at_depth_9 ... ok
[INFO] [stdout] 
[INFO] [stdout] test result: ok. 2 passed; 0 failed; 0 ignored; 0 measured; 0 filtered out; finished in 0.09s
[INFO] [stdout] 
[INFO] [stderr]      Running unittests src/main.rs (/opt/rustwide/target/debug/deps/tic_tac_toe-8a93dfb48c2fb6f4)
[INFO] [stdout] 
[INFO] [stdout] running 0 tests
[INFO] [stdout] 
[INFO] [stdout] test result: ok. 0 passed; 0 failed; 0 ignored; 0 measured; 0 filtered out; finished in 0.00s
[INFO] [stdout] 
[INFO] [stderr]    Doc-tests minimax_alpha_beta
[INFO] [stdout] 
[INFO] [stdout] running 1 test
[INFO] [stdout] test src/lib.rs - games (line 16) ... FAILED
[INFO] [stdout] 
[INFO] [stdout] failures:
[INFO] [stdout] 
[INFO] [stdout] ---- src/lib.rs - games (line 16) stdout ----
[INFO] [stdout] error[E0432]: unresolved import `minimax_alpha_beta::tictactoe`
[INFO] [stdout]  --> src/lib.rs:18:25
[INFO] [stdout]   |
[INFO] [stdout] 5 | use minimax_alpha_beta::tictactoe::TicTacToe;
[INFO] [stdout]   |                         ^^^^^^^^^ could not find `tictactoe` in `minimax_alpha_beta`
[INFO] [stdout] 
[INFO] [stdout] error: aborting due to 1 previous error
[INFO] [stdout] 
[INFO] [stdout] For more information about this error, try `rustc --explain E0432`.
[INFO] [stdout] Couldn't compile the test.
[INFO] [stdout] 
[INFO] [stdout] failures:
[INFO] [stdout]     src/lib.rs - games (line 16)
[INFO] [stdout] 
[INFO] [stdout] test result: FAILED. 0 passed; 1 failed; 0 ignored; 0 measured; 0 filtered out; finished in 0.08s
[INFO] [stdout] 
[INFO] [stderr] error: doctest failed, to rerun pass `--doc`
[INFO] running `Command { std: "docker" "inspect" "d7956b3cae018f05da5fbb1907680c6fc9b85e5a72e6642ed98cb91cf534b6ea", kill_on_drop: false }`
[INFO] running `Command { std: "docker" "rm" "-f" "d7956b3cae018f05da5fbb1907680c6fc9b85e5a72e6642ed98cb91cf534b6ea", kill_on_drop: false }`
[INFO] [stdout] d7956b3cae018f05da5fbb1907680c6fc9b85e5a72e6642ed98cb91cf534b6ea
