[INFO] fetching crate minigrepyuqing 0.1.0...
[INFO] testing minigrepyuqing-0.1.0 against nightly-2024-10-28 for randomize-layout
[INFO] extracting crate minigrepyuqing 0.1.0 into /workspace/builds/worker-3-tc1/source
[INFO] validating manifest of crates.io crate minigrepyuqing 0.1.0 on toolchain nightly-2024-10-28
[INFO] running `Command { std: CARGO_HOME="/workspace/cargo-home" RUSTUP_HOME="/workspace/rustup-home" "/workspace/cargo-home/bin/cargo" "+nightly-2024-10-28" "metadata" "--manifest-path" "Cargo.toml" "--no-deps", kill_on_drop: false }`
[INFO] started tweaking crates.io crate minigrepyuqing 0.1.0
[INFO] finished tweaking crates.io crate minigrepyuqing 0.1.0
[INFO] tweaked toml for crates.io crate minigrepyuqing 0.1.0 written to /workspace/builds/worker-3-tc1/source/Cargo.toml
[INFO] crate crates.io crate minigrepyuqing 0.1.0 already has a lockfile, it will not be regenerated
[INFO] running `Command { std: CARGO_HOME="/workspace/cargo-home" RUSTUP_HOME="/workspace/rustup-home" "/workspace/cargo-home/bin/cargo" "+nightly-2024-10-28" "fetch" "--manifest-path" "Cargo.toml", kill_on_drop: false }`
[INFO] running `Command { std: "docker" "create" "-v" "/var/lib/crater-agent-workspace/builds/worker-3-tc1/target:/opt/rustwide/target:rw,Z" "-v" "/var/lib/crater-agent-workspace/builds/worker-3-tc1/source:/opt/rustwide/workdir:ro,Z" "-v" "/var/lib/crater-agent-workspace/cargo-home:/opt/rustwide/cargo-home:ro,Z" "-v" "/var/lib/crater-agent-workspace/rustup-home:/opt/rustwide/rustup-home:ro,Z" "-e" "SOURCE_DIR=/opt/rustwide/workdir" "-e" "CARGO_TARGET_DIR=/opt/rustwide/target" "-e" "CARGO_HOME=/opt/rustwide/cargo-home" "-e" "RUSTUP_HOME=/opt/rustwide/rustup-home" "-w" "/opt/rustwide/workdir" "-m" "1610612736" "--user" "0:0" "--network" "none" "ghcr.io/rust-lang/crates-build-env/linux@sha256:4a844ea9eb2546a2d2c7022eacef16ef2e8229c7fbb2c7d4d55a9ceca922f72d" "/opt/rustwide/cargo-home/bin/cargo" "+nightly-2024-10-28" "metadata" "--no-deps" "--format-version=1", kill_on_drop: false }`
[INFO] [stdout] f62c81373a6a47cd116fcba0f9d61668838bb7da5591b88f3aba0de01305245d
[INFO] running `Command { std: "docker" "start" "-a" "f62c81373a6a47cd116fcba0f9d61668838bb7da5591b88f3aba0de01305245d", kill_on_drop: false }`
[INFO] running `Command { std: "docker" "inspect" "f62c81373a6a47cd116fcba0f9d61668838bb7da5591b88f3aba0de01305245d", kill_on_drop: false }`
[INFO] running `Command { std: "docker" "rm" "-f" "f62c81373a6a47cd116fcba0f9d61668838bb7da5591b88f3aba0de01305245d", kill_on_drop: false }`
[INFO] [stdout] f62c81373a6a47cd116fcba0f9d61668838bb7da5591b88f3aba0de01305245d
[INFO] running `Command { std: "docker" "create" "-v" "/var/lib/crater-agent-workspace/builds/worker-3-tc1/target:/opt/rustwide/target:rw,Z" "-v" "/var/lib/crater-agent-workspace/builds/worker-3-tc1/source:/opt/rustwide/workdir:ro,Z" "-v" "/var/lib/crater-agent-workspace/cargo-home:/opt/rustwide/cargo-home:ro,Z" "-v" "/var/lib/crater-agent-workspace/rustup-home:/opt/rustwide/rustup-home:ro,Z" "-e" "SOURCE_DIR=/opt/rustwide/workdir" "-e" "CARGO_TARGET_DIR=/opt/rustwide/target" "-e" "CARGO_INCREMENTAL=0" "-e" "RUST_BACKTRACE=full" "-e" "RUSTFLAGS=--cap-lints=forbid" "-e" "RUSTDOCFLAGS=--cap-lints=forbid" "-e" "CARGO_HOME=/opt/rustwide/cargo-home" "-e" "RUSTUP_HOME=/opt/rustwide/rustup-home" "-w" "/opt/rustwide/workdir" "-m" "1610612736" "--user" "0:0" "--network" "none" "ghcr.io/rust-lang/crates-build-env/linux@sha256:4a844ea9eb2546a2d2c7022eacef16ef2e8229c7fbb2c7d4d55a9ceca922f72d" "/opt/rustwide/cargo-home/bin/cargo" "+nightly-2024-10-28" "build" "--frozen" "--message-format=json", kill_on_drop: false }`
[INFO] [stdout] 441427fabdfe2a15e92174d0b8ac24f5d638d0e0fa5616ea326aac80fda77a33
[INFO] running `Command { std: "docker" "start" "-a" "441427fabdfe2a15e92174d0b8ac24f5d638d0e0fa5616ea326aac80fda77a33", kill_on_drop: false }`
[INFO] [stderr]    Compiling minigrepyuqing v0.1.0 (/opt/rustwide/workdir)
[INFO] [stderr]     Finished `dev` profile [unoptimized + debuginfo] target(s) in 0.30s
[INFO] running `Command { std: "docker" "inspect" "441427fabdfe2a15e92174d0b8ac24f5d638d0e0fa5616ea326aac80fda77a33", kill_on_drop: false }`
[INFO] running `Command { std: "docker" "rm" "-f" "441427fabdfe2a15e92174d0b8ac24f5d638d0e0fa5616ea326aac80fda77a33", kill_on_drop: false }`
[INFO] [stdout] 441427fabdfe2a15e92174d0b8ac24f5d638d0e0fa5616ea326aac80fda77a33
[INFO] running `Command { std: "docker" "create" "-v" "/var/lib/crater-agent-workspace/builds/worker-3-tc1/target:/opt/rustwide/target:rw,Z" "-v" "/var/lib/crater-agent-workspace/builds/worker-3-tc1/source:/opt/rustwide/workdir:ro,Z" "-v" "/var/lib/crater-agent-workspace/cargo-home:/opt/rustwide/cargo-home:ro,Z" "-v" "/var/lib/crater-agent-workspace/rustup-home:/opt/rustwide/rustup-home:ro,Z" "-e" "SOURCE_DIR=/opt/rustwide/workdir" "-e" "CARGO_TARGET_DIR=/opt/rustwide/target" "-e" "CARGO_INCREMENTAL=0" "-e" "RUST_BACKTRACE=full" "-e" "RUSTFLAGS=--cap-lints=forbid" "-e" "RUSTDOCFLAGS=--cap-lints=forbid" "-e" "CARGO_HOME=/opt/rustwide/cargo-home" "-e" "RUSTUP_HOME=/opt/rustwide/rustup-home" "-w" "/opt/rustwide/workdir" "-m" "1610612736" "--user" "0:0" "--network" "none" "ghcr.io/rust-lang/crates-build-env/linux@sha256:4a844ea9eb2546a2d2c7022eacef16ef2e8229c7fbb2c7d4d55a9ceca922f72d" "/opt/rustwide/cargo-home/bin/cargo" "+nightly-2024-10-28" "test" "--frozen" "--no-run" "--message-format=json", kill_on_drop: false }`
[INFO] [stdout] a22a3b839f79e5bcb0e7536545e74610f38cdfa16534ac7ed77c09c9d7baec5f
[INFO] running `Command { std: "docker" "start" "-a" "a22a3b839f79e5bcb0e7536545e74610f38cdfa16534ac7ed77c09c9d7baec5f", kill_on_drop: false }`
[INFO] [stderr]    Compiling minigrepyuqing v0.1.0 (/opt/rustwide/workdir)
[INFO] [stderr]     Finished `test` profile [unoptimized + debuginfo] target(s) in 0.30s
[INFO] running `Command { std: "docker" "inspect" "a22a3b839f79e5bcb0e7536545e74610f38cdfa16534ac7ed77c09c9d7baec5f", kill_on_drop: false }`
[INFO] running `Command { std: "docker" "rm" "-f" "a22a3b839f79e5bcb0e7536545e74610f38cdfa16534ac7ed77c09c9d7baec5f", kill_on_drop: false }`
[INFO] [stdout] a22a3b839f79e5bcb0e7536545e74610f38cdfa16534ac7ed77c09c9d7baec5f
[INFO] running `Command { std: "docker" "create" "-v" "/var/lib/crater-agent-workspace/builds/worker-3-tc1/target:/opt/rustwide/target:rw,Z" "-v" "/var/lib/crater-agent-workspace/builds/worker-3-tc1/source:/opt/rustwide/workdir:ro,Z" "-v" "/var/lib/crater-agent-workspace/cargo-home:/opt/rustwide/cargo-home:ro,Z" "-v" "/var/lib/crater-agent-workspace/rustup-home:/opt/rustwide/rustup-home:ro,Z" "-e" "SOURCE_DIR=/opt/rustwide/workdir" "-e" "CARGO_TARGET_DIR=/opt/rustwide/target" "-e" "CARGO_INCREMENTAL=0" "-e" "RUST_BACKTRACE=full" "-e" "RUSTFLAGS=--cap-lints=forbid" "-e" "RUSTDOCFLAGS=--cap-lints=forbid" "-e" "CARGO_HOME=/opt/rustwide/cargo-home" "-e" "RUSTUP_HOME=/opt/rustwide/rustup-home" "-w" "/opt/rustwide/workdir" "-m" "1610612736" "--user" "0:0" "--network" "none" "ghcr.io/rust-lang/crates-build-env/linux@sha256:4a844ea9eb2546a2d2c7022eacef16ef2e8229c7fbb2c7d4d55a9ceca922f72d" "/opt/rustwide/cargo-home/bin/cargo" "+nightly-2024-10-28" "test" "--frozen", kill_on_drop: false }`
[INFO] [stdout] affb9535f1167bb8bbcc63186fe3b6dc1717fd946754a0d9db72e1959ba4a63c
[INFO] running `Command { std: "docker" "start" "-a" "affb9535f1167bb8bbcc63186fe3b6dc1717fd946754a0d9db72e1959ba4a63c", kill_on_drop: false }`
[INFO] [stderr]     Finished `test` profile [unoptimized + debuginfo] target(s) in 0.01s
[INFO] [stderr]      Running unittests src/lib.rs (/opt/rustwide/target/debug/deps/minigrepyuqing-4982ef3b4e7242f4)
[INFO] [stdout] 
[INFO] [stdout] running 2 tests
[INFO] [stdout] test tests::one_result ... ok
[INFO] [stderr]      Running unittests src/main.rs (/opt/rustwide/target/debug/deps/minigrepyuqing-8a202979e6f84a50)
[INFO] [stdout] test tests::case_insensitive ... ok
[INFO] [stdout] 
[INFO] [stdout] test result: ok. 2 passed; 0 failed; 0 ignored; 0 measured; 0 filtered out; finished in 0.00s
[INFO] [stdout] 
[INFO] [stdout] 
[INFO] [stdout] running 0 tests
[INFO] [stdout] 
[INFO] [stdout] test result: ok. 0 passed; 0 failed; 0 ignored; 0 measured; 0 filtered out; finished in 0.00s
[INFO] [stdout] 
[INFO] [stderr]    Doc-tests minigrepyuqing
[INFO] [stdout] 
[INFO] [stdout] running 2 tests
[INFO] [stdout] test src/lib.rs - search (line 79) ... FAILED
[INFO] [stdout] test src/lib.rs - search_case_insensitive (line 102) ... FAILED
[INFO] [stdout] 
[INFO] [stdout] failures:
[INFO] [stdout] 
[INFO] [stdout] ---- src/lib.rs - search (line 79) stdout ----
[INFO] [stdout] error[E0432]: unresolved import `minigrep`
[INFO] [stdout]  --> src/lib.rs:80:5
[INFO] [stdout]   |
[INFO] [stdout] 3 | use minigrep::search;
[INFO] [stdout]   |     ^^^^^^^^ use of undeclared crate or module `minigrep`
[INFO] [stdout] 
[INFO] [stdout] error: aborting due to 1 previous error
[INFO] [stdout] 
[INFO] [stdout] For more information about this error, try `rustc --explain E0432`.
[INFO] [stdout] Couldn't compile the test.
[INFO] [stdout] ---- src/lib.rs - search_case_insensitive (line 102) stdout ----
[INFO] [stdout] error[E0425]: cannot find function `search_case_insensitive` in this scope
[INFO] [stdout]  --> src/lib.rs:104:1
[INFO] [stdout]   |
[INFO] [stdout] 4 | search_case_insensitive()
[INFO] [stdout]   | ^^^^^^^^^^^^^^^^^^^^^^^ not found in this scope
[INFO] [stdout]   |
[INFO] [stdout] help: consider importing this function
[INFO] [stdout]   |
[INFO] [stdout] 2 + use minigrepyuqing::search_case_insensitive;
[INFO] [stdout]   |
[INFO] [stdout] 
[INFO] [stdout] error: aborting due to 1 previous error
[INFO] [stdout] 
[INFO] [stdout] For more information about this error, try `rustc --explain E0425`.
[INFO] [stdout] Couldn't compile the test.
[INFO] [stdout] 
[INFO] [stdout] failures:
[INFO] [stdout]     src/lib.rs - search (line 79)
[INFO] [stdout]     src/lib.rs - search_case_insensitive (line 102)
[INFO] [stdout] 
[INFO] [stdout] test result: FAILED. 0 passed; 2 failed; 0 ignored; 0 measured; 0 filtered out; finished in 0.06s
[INFO] [stdout] 
[INFO] [stderr] error: doctest failed, to rerun pass `--doc`
[INFO] running `Command { std: "docker" "inspect" "affb9535f1167bb8bbcc63186fe3b6dc1717fd946754a0d9db72e1959ba4a63c", kill_on_drop: false }`
[INFO] running `Command { std: "docker" "rm" "-f" "affb9535f1167bb8bbcc63186fe3b6dc1717fd946754a0d9db72e1959ba4a63c", kill_on_drop: false }`
[INFO] [stdout] affb9535f1167bb8bbcc63186fe3b6dc1717fd946754a0d9db72e1959ba4a63c
