[INFO] fetching crate minigrep_xiaoai 0.1.1...
[INFO] testing minigrep_xiaoai-0.1.1 against nightly-2024-10-28 for randomize-layout
[INFO] extracting crate minigrep_xiaoai 0.1.1 into /workspace/builds/worker-0-tc1/source
[INFO] validating manifest of crates.io crate minigrep_xiaoai 0.1.1 on toolchain nightly-2024-10-28
[INFO] running `Command { std: CARGO_HOME="/workspace/cargo-home" RUSTUP_HOME="/workspace/rustup-home" "/workspace/cargo-home/bin/cargo" "+nightly-2024-10-28" "metadata" "--manifest-path" "Cargo.toml" "--no-deps", kill_on_drop: false }`
[INFO] started tweaking crates.io crate minigrep_xiaoai 0.1.1
[INFO] finished tweaking crates.io crate minigrep_xiaoai 0.1.1
[INFO] tweaked toml for crates.io crate minigrep_xiaoai 0.1.1 written to /workspace/builds/worker-0-tc1/source/Cargo.toml
[INFO] crate crates.io crate minigrep_xiaoai 0.1.1 already has a lockfile, it will not be regenerated
[INFO] running `Command { std: CARGO_HOME="/workspace/cargo-home" RUSTUP_HOME="/workspace/rustup-home" "/workspace/cargo-home/bin/cargo" "+nightly-2024-10-28" "fetch" "--manifest-path" "Cargo.toml", kill_on_drop: false }`
[INFO] running `Command { std: "docker" "create" "-v" "/var/lib/crater-agent-workspace/builds/worker-0-tc1/target:/opt/rustwide/target:rw,Z" "-v" "/var/lib/crater-agent-workspace/builds/worker-0-tc1/source:/opt/rustwide/workdir:ro,Z" "-v" "/var/lib/crater-agent-workspace/cargo-home:/opt/rustwide/cargo-home:ro,Z" "-v" "/var/lib/crater-agent-workspace/rustup-home:/opt/rustwide/rustup-home:ro,Z" "-e" "SOURCE_DIR=/opt/rustwide/workdir" "-e" "CARGO_TARGET_DIR=/opt/rustwide/target" "-e" "CARGO_HOME=/opt/rustwide/cargo-home" "-e" "RUSTUP_HOME=/opt/rustwide/rustup-home" "-w" "/opt/rustwide/workdir" "-m" "1610612736" "--user" "0:0" "--network" "none" "ghcr.io/rust-lang/crates-build-env/linux@sha256:4a844ea9eb2546a2d2c7022eacef16ef2e8229c7fbb2c7d4d55a9ceca922f72d" "/opt/rustwide/cargo-home/bin/cargo" "+nightly-2024-10-28" "metadata" "--no-deps" "--format-version=1", kill_on_drop: false }`
[INFO] [stdout] d5da9f95416033dae0d082bc7820356da70c1d117637da08980d8e54cd88cdd9
[INFO] running `Command { std: "docker" "start" "-a" "d5da9f95416033dae0d082bc7820356da70c1d117637da08980d8e54cd88cdd9", kill_on_drop: false }`
[INFO] running `Command { std: "docker" "inspect" "d5da9f95416033dae0d082bc7820356da70c1d117637da08980d8e54cd88cdd9", kill_on_drop: false }`
[INFO] running `Command { std: "docker" "rm" "-f" "d5da9f95416033dae0d082bc7820356da70c1d117637da08980d8e54cd88cdd9", kill_on_drop: false }`
[INFO] [stdout] d5da9f95416033dae0d082bc7820356da70c1d117637da08980d8e54cd88cdd9
[INFO] running `Command { std: "docker" "create" "-v" "/var/lib/crater-agent-workspace/builds/worker-0-tc1/target:/opt/rustwide/target:rw,Z" "-v" "/var/lib/crater-agent-workspace/builds/worker-0-tc1/source:/opt/rustwide/workdir:ro,Z" "-v" "/var/lib/crater-agent-workspace/cargo-home:/opt/rustwide/cargo-home:ro,Z" "-v" "/var/lib/crater-agent-workspace/rustup-home:/opt/rustwide/rustup-home:ro,Z" "-e" "SOURCE_DIR=/opt/rustwide/workdir" "-e" "CARGO_TARGET_DIR=/opt/rustwide/target" "-e" "CARGO_INCREMENTAL=0" "-e" "RUST_BACKTRACE=full" "-e" "RUSTFLAGS=--cap-lints=forbid" "-e" "RUSTDOCFLAGS=--cap-lints=forbid" "-e" "CARGO_HOME=/opt/rustwide/cargo-home" "-e" "RUSTUP_HOME=/opt/rustwide/rustup-home" "-w" "/opt/rustwide/workdir" "-m" "1610612736" "--user" "0:0" "--network" "none" "ghcr.io/rust-lang/crates-build-env/linux@sha256:4a844ea9eb2546a2d2c7022eacef16ef2e8229c7fbb2c7d4d55a9ceca922f72d" "/opt/rustwide/cargo-home/bin/cargo" "+nightly-2024-10-28" "build" "--frozen" "--message-format=json", kill_on_drop: false }`
[INFO] [stdout] 32d51ef49c3ee154f8131ac052ddb084bb0025baa862362f7687ff36cf1f12ff
[INFO] running `Command { std: "docker" "start" "-a" "32d51ef49c3ee154f8131ac052ddb084bb0025baa862362f7687ff36cf1f12ff", kill_on_drop: false }`
[INFO] [stderr]    Compiling minigrep_xiaoai v0.1.1 (/opt/rustwide/workdir)
[INFO] [stderr]     Finished `dev` profile [unoptimized + debuginfo] target(s) in 0.21s
[INFO] running `Command { std: "docker" "inspect" "32d51ef49c3ee154f8131ac052ddb084bb0025baa862362f7687ff36cf1f12ff", kill_on_drop: false }`
[INFO] running `Command { std: "docker" "rm" "-f" "32d51ef49c3ee154f8131ac052ddb084bb0025baa862362f7687ff36cf1f12ff", kill_on_drop: false }`
[INFO] [stdout] 32d51ef49c3ee154f8131ac052ddb084bb0025baa862362f7687ff36cf1f12ff
[INFO] running `Command { std: "docker" "create" "-v" "/var/lib/crater-agent-workspace/builds/worker-0-tc1/target:/opt/rustwide/target:rw,Z" "-v" "/var/lib/crater-agent-workspace/builds/worker-0-tc1/source:/opt/rustwide/workdir:ro,Z" "-v" "/var/lib/crater-agent-workspace/cargo-home:/opt/rustwide/cargo-home:ro,Z" "-v" "/var/lib/crater-agent-workspace/rustup-home:/opt/rustwide/rustup-home:ro,Z" "-e" "SOURCE_DIR=/opt/rustwide/workdir" "-e" "CARGO_TARGET_DIR=/opt/rustwide/target" "-e" "CARGO_INCREMENTAL=0" "-e" "RUST_BACKTRACE=full" "-e" "RUSTFLAGS=--cap-lints=forbid" "-e" "RUSTDOCFLAGS=--cap-lints=forbid" "-e" "CARGO_HOME=/opt/rustwide/cargo-home" "-e" "RUSTUP_HOME=/opt/rustwide/rustup-home" "-w" "/opt/rustwide/workdir" "-m" "1610612736" "--user" "0:0" "--network" "none" "ghcr.io/rust-lang/crates-build-env/linux@sha256:4a844ea9eb2546a2d2c7022eacef16ef2e8229c7fbb2c7d4d55a9ceca922f72d" "/opt/rustwide/cargo-home/bin/cargo" "+nightly-2024-10-28" "test" "--frozen" "--no-run" "--message-format=json", kill_on_drop: false }`
[INFO] [stdout] 8774778d429d435accdd620389e2368d57851ad2d7f3b9f0a9b041ad925fc5ee
[INFO] running `Command { std: "docker" "start" "-a" "8774778d429d435accdd620389e2368d57851ad2d7f3b9f0a9b041ad925fc5ee", kill_on_drop: false }`
[INFO] [stderr]    Compiling minigrep_xiaoai v0.1.1 (/opt/rustwide/workdir)
[INFO] [stderr]     Finished `test` profile [unoptimized + debuginfo] target(s) in 0.17s
[INFO] running `Command { std: "docker" "inspect" "8774778d429d435accdd620389e2368d57851ad2d7f3b9f0a9b041ad925fc5ee", kill_on_drop: false }`
[INFO] running `Command { std: "docker" "rm" "-f" "8774778d429d435accdd620389e2368d57851ad2d7f3b9f0a9b041ad925fc5ee", kill_on_drop: false }`
[INFO] [stdout] 8774778d429d435accdd620389e2368d57851ad2d7f3b9f0a9b041ad925fc5ee
[INFO] running `Command { std: "docker" "create" "-v" "/var/lib/crater-agent-workspace/builds/worker-0-tc1/target:/opt/rustwide/target:rw,Z" "-v" "/var/lib/crater-agent-workspace/builds/worker-0-tc1/source:/opt/rustwide/workdir:ro,Z" "-v" "/var/lib/crater-agent-workspace/cargo-home:/opt/rustwide/cargo-home:ro,Z" "-v" "/var/lib/crater-agent-workspace/rustup-home:/opt/rustwide/rustup-home:ro,Z" "-e" "SOURCE_DIR=/opt/rustwide/workdir" "-e" "CARGO_TARGET_DIR=/opt/rustwide/target" "-e" "CARGO_INCREMENTAL=0" "-e" "RUST_BACKTRACE=full" "-e" "RUSTFLAGS=--cap-lints=forbid" "-e" "RUSTDOCFLAGS=--cap-lints=forbid" "-e" "CARGO_HOME=/opt/rustwide/cargo-home" "-e" "RUSTUP_HOME=/opt/rustwide/rustup-home" "-w" "/opt/rustwide/workdir" "-m" "1610612736" "--user" "0:0" "--network" "none" "ghcr.io/rust-lang/crates-build-env/linux@sha256:4a844ea9eb2546a2d2c7022eacef16ef2e8229c7fbb2c7d4d55a9ceca922f72d" "/opt/rustwide/cargo-home/bin/cargo" "+nightly-2024-10-28" "test" "--frozen", kill_on_drop: false }`
[INFO] [stdout] e86632ef501453537339b102eb0b04df280594e42907ce9adc8e7c482b657f91
[INFO] running `Command { std: "docker" "start" "-a" "e86632ef501453537339b102eb0b04df280594e42907ce9adc8e7c482b657f91", kill_on_drop: false }`
[INFO] [stderr]     Finished `test` profile [unoptimized + debuginfo] target(s) in 0.00s
[INFO] [stderr]      Running unittests src/lib.rs (/opt/rustwide/target/debug/deps/minigrep_xiaoai-1be408a6699f3f78)
[INFO] [stdout] 
[INFO] [stdout] running 2 tests
[INFO] [stdout] test tests::case_insensitive ... ok
[INFO] [stdout] test tests::case_sensitive ... ok
[INFO] [stdout] 
[INFO] [stdout] test result: ok. 2 passed; 0 failed; 0 ignored; 0 measured; 0 filtered out; finished in 0.00s
[INFO] [stdout] 
[INFO] [stderr]      Running unittests src/main.rs (/opt/rustwide/target/debug/deps/minigrep_xiaoai-c9bce79efe0c59a7)
[INFO] [stdout] 
[INFO] [stdout] running 0 tests
[INFO] [stdout] 
[INFO] [stdout] test result: ok. 0 passed; 0 failed; 0 ignored; 0 measured; 0 filtered out; finished in 0.00s
[INFO] [stdout] 
[INFO] [stderr]    Doc-tests minigrep_xiaoai
[INFO] [stdout] 
[INFO] [stdout] running 3 tests
[INFO] [stdout] test src/lib.rs - search_case_insensitive (line 116) ... FAILED
[INFO] [stdout] test src/lib.rs - (line 7) ... FAILED
[INFO] [stdout] test src/lib.rs - search (line 95) ... FAILED
[INFO] [stdout] 
[INFO] [stdout] failures:
[INFO] [stdout] 
[INFO] [stdout] ---- src/lib.rs - search_case_insensitive (line 116) stdout ----
[INFO] [stdout] error[E0433]: failed to resolve: use of undeclared crate or module `minigrep`
[INFO] [stdout]   --> src/lib.rs:126:3
[INFO] [stdout]    |
[INFO] [stdout] 12 |   minigrep::search_case_insensitive(query, contents)
[INFO] [stdout]    |   ^^^^^^^^ use of undeclared crate or module `minigrep`
[INFO] [stdout] 
[INFO] [stdout] error: aborting due to 1 previous error
[INFO] [stdout] 
[INFO] [stdout] For more information about this error, try `rustc --explain E0433`.
[INFO] [stdout] Couldn't compile the test.
[INFO] [stdout] ---- src/lib.rs - (line 7) stdout ----
[INFO] [stdout] error[E0433]: failed to resolve: use of undeclared crate or module `minigrep`
[INFO] [stdout]   --> src/lib.rs:15:45
[INFO] [stdout]    |
[INFO] [stdout] 10 | assert_eq!(vec!["safe, fast, productive."], minigrep::search(query, contents));
[INFO] [stdout]    |                                             ^^^^^^^^ use of undeclared crate or module `minigrep`
[INFO] [stdout] 
[INFO] [stdout] error: aborting due to 1 previous error
[INFO] [stdout] 
[INFO] [stdout] For more information about this error, try `rustc --explain E0433`.
[INFO] [stdout] Couldn't compile the test.
[INFO] [stdout] ---- src/lib.rs - search (line 95) stdout ----
[INFO] [stdout] error[E0433]: failed to resolve: use of undeclared crate or module `minigrep`
[INFO] [stdout]   --> src/lib.rs:103:45
[INFO] [stdout]    |
[INFO] [stdout] 10 | assert_eq!(vec!["safe, fast, productive."], minigrep::search(query, contents));
[INFO] [stdout]    |                                             ^^^^^^^^ use of undeclared crate or module `minigrep`
[INFO] [stdout] 
[INFO] [stdout] error: aborting due to 1 previous error
[INFO] [stdout] 
[INFO] [stdout] For more information about this error, try `rustc --explain E0433`.
[INFO] [stdout] Couldn't compile the test.
[INFO] [stdout] 
[INFO] [stdout] failures:
[INFO] [stdout]     src/lib.rs - (line 7)
[INFO] [stdout]     src/lib.rs - search (line 95)
[INFO] [stdout]     src/lib.rs - search_case_insensitive (line 116)
[INFO] [stdout] 
[INFO] [stdout] test result: FAILED. 0 passed; 3 failed; 0 ignored; 0 measured; 0 filtered out; finished in 0.04s
[INFO] [stdout] 
[INFO] [stderr] error: doctest failed, to rerun pass `--doc`
[INFO] running `Command { std: "docker" "inspect" "e86632ef501453537339b102eb0b04df280594e42907ce9adc8e7c482b657f91", kill_on_drop: false }`
[INFO] running `Command { std: "docker" "rm" "-f" "e86632ef501453537339b102eb0b04df280594e42907ce9adc8e7c482b657f91", kill_on_drop: false }`
[INFO] [stdout] e86632ef501453537339b102eb0b04df280594e42907ce9adc8e7c482b657f91
