[INFO] fetching crate minigrep_v1 0.1.0...
[INFO] testing minigrep_v1-0.1.0 against nightly-2024-10-28 for randomize-layout
[INFO] extracting crate minigrep_v1 0.1.0 into /workspace/builds/worker-2-tc1/source
[INFO] validating manifest of crates.io crate minigrep_v1 0.1.0 on toolchain nightly-2024-10-28
[INFO] running `Command { std: CARGO_HOME="/workspace/cargo-home" RUSTUP_HOME="/workspace/rustup-home" "/workspace/cargo-home/bin/cargo" "+nightly-2024-10-28" "metadata" "--manifest-path" "Cargo.toml" "--no-deps", kill_on_drop: false }`
[INFO] started tweaking crates.io crate minigrep_v1 0.1.0
[INFO] finished tweaking crates.io crate minigrep_v1 0.1.0
[INFO] tweaked toml for crates.io crate minigrep_v1 0.1.0 written to /workspace/builds/worker-2-tc1/source/Cargo.toml
[INFO] crate crates.io crate minigrep_v1 0.1.0 already has a lockfile, it will not be regenerated
[INFO] running `Command { std: CARGO_HOME="/workspace/cargo-home" RUSTUP_HOME="/workspace/rustup-home" "/workspace/cargo-home/bin/cargo" "+nightly-2024-10-28" "fetch" "--manifest-path" "Cargo.toml", kill_on_drop: false }`
[INFO] running `Command { std: "docker" "create" "-v" "/var/lib/crater-agent-workspace/builds/worker-2-tc1/target:/opt/rustwide/target:rw,Z" "-v" "/var/lib/crater-agent-workspace/builds/worker-2-tc1/source:/opt/rustwide/workdir:ro,Z" "-v" "/var/lib/crater-agent-workspace/cargo-home:/opt/rustwide/cargo-home:ro,Z" "-v" "/var/lib/crater-agent-workspace/rustup-home:/opt/rustwide/rustup-home:ro,Z" "-e" "SOURCE_DIR=/opt/rustwide/workdir" "-e" "CARGO_TARGET_DIR=/opt/rustwide/target" "-e" "CARGO_HOME=/opt/rustwide/cargo-home" "-e" "RUSTUP_HOME=/opt/rustwide/rustup-home" "-w" "/opt/rustwide/workdir" "-m" "1610612736" "--user" "0:0" "--network" "none" "ghcr.io/rust-lang/crates-build-env/linux@sha256:4a844ea9eb2546a2d2c7022eacef16ef2e8229c7fbb2c7d4d55a9ceca922f72d" "/opt/rustwide/cargo-home/bin/cargo" "+nightly-2024-10-28" "metadata" "--no-deps" "--format-version=1", kill_on_drop: false }`
[INFO] [stdout] 4d61bdc2795ef41ba800e3fbaa2df6354f83eb01b88b69f2c97d3d5af4937c28
[INFO] running `Command { std: "docker" "start" "-a" "4d61bdc2795ef41ba800e3fbaa2df6354f83eb01b88b69f2c97d3d5af4937c28", kill_on_drop: false }`
[INFO] running `Command { std: "docker" "inspect" "4d61bdc2795ef41ba800e3fbaa2df6354f83eb01b88b69f2c97d3d5af4937c28", kill_on_drop: false }`
[INFO] running `Command { std: "docker" "rm" "-f" "4d61bdc2795ef41ba800e3fbaa2df6354f83eb01b88b69f2c97d3d5af4937c28", kill_on_drop: false }`
[INFO] [stdout] 4d61bdc2795ef41ba800e3fbaa2df6354f83eb01b88b69f2c97d3d5af4937c28
[INFO] running `Command { std: "docker" "create" "-v" "/var/lib/crater-agent-workspace/builds/worker-2-tc1/target:/opt/rustwide/target:rw,Z" "-v" "/var/lib/crater-agent-workspace/builds/worker-2-tc1/source:/opt/rustwide/workdir:ro,Z" "-v" "/var/lib/crater-agent-workspace/cargo-home:/opt/rustwide/cargo-home:ro,Z" "-v" "/var/lib/crater-agent-workspace/rustup-home:/opt/rustwide/rustup-home:ro,Z" "-e" "SOURCE_DIR=/opt/rustwide/workdir" "-e" "CARGO_TARGET_DIR=/opt/rustwide/target" "-e" "CARGO_INCREMENTAL=0" "-e" "RUST_BACKTRACE=full" "-e" "RUSTFLAGS=--cap-lints=forbid" "-e" "RUSTDOCFLAGS=--cap-lints=forbid" "-e" "CARGO_HOME=/opt/rustwide/cargo-home" "-e" "RUSTUP_HOME=/opt/rustwide/rustup-home" "-w" "/opt/rustwide/workdir" "-m" "1610612736" "--user" "0:0" "--network" "none" "ghcr.io/rust-lang/crates-build-env/linux@sha256:4a844ea9eb2546a2d2c7022eacef16ef2e8229c7fbb2c7d4d55a9ceca922f72d" "/opt/rustwide/cargo-home/bin/cargo" "+nightly-2024-10-28" "build" "--frozen" "--message-format=json", kill_on_drop: false }`
[INFO] [stdout] 0e65c580192b2fdf60be364b43ec7591d533d0a1dbae0c08dc8ca189dacd1258
[INFO] running `Command { std: "docker" "start" "-a" "0e65c580192b2fdf60be364b43ec7591d533d0a1dbae0c08dc8ca189dacd1258", kill_on_drop: false }`
[INFO] [stderr]    Compiling minigrep_v1 v0.1.0 (/opt/rustwide/workdir)
[INFO] [stdout] warning: unused imports: `error::Error` and `fs`
[INFO] [stdout]  --> src/main.rs:1:16
[INFO] [stdout]   |
[INFO] [stdout] 1 | use std::{env, error::Error, fs, process};
[INFO] [stdout]   |                ^^^^^^^^^^^^  ^^
[INFO] [stdout]   |
[INFO] [stdout]   = note: `#[warn(unused_imports)]` on by default
[INFO] [stdout] 
[INFO] [stdout] 
[INFO] [stdout] warning: unused variable: `args`
[INFO] [stdout]  --> src/main.rs:6:9
[INFO] [stdout]   |
[INFO] [stdout] 6 |     let args: Vec<String> = env::args().collect();
[INFO] [stdout]   |         ^^^^ help: if this is intentional, prefix it with an underscore: `_args`
[INFO] [stdout]   |
[INFO] [stdout]   = note: `#[warn(unused_variables)]` on by default
[INFO] [stdout] 
[INFO] [stdout] 
[INFO] [stderr]     Finished `dev` profile [unoptimized + debuginfo] target(s) in 0.21s
[INFO] running `Command { std: "docker" "inspect" "0e65c580192b2fdf60be364b43ec7591d533d0a1dbae0c08dc8ca189dacd1258", kill_on_drop: false }`
[INFO] running `Command { std: "docker" "rm" "-f" "0e65c580192b2fdf60be364b43ec7591d533d0a1dbae0c08dc8ca189dacd1258", kill_on_drop: false }`
[INFO] [stdout] 0e65c580192b2fdf60be364b43ec7591d533d0a1dbae0c08dc8ca189dacd1258
[INFO] running `Command { std: "docker" "create" "-v" "/var/lib/crater-agent-workspace/builds/worker-2-tc1/target:/opt/rustwide/target:rw,Z" "-v" "/var/lib/crater-agent-workspace/builds/worker-2-tc1/source:/opt/rustwide/workdir:ro,Z" "-v" "/var/lib/crater-agent-workspace/cargo-home:/opt/rustwide/cargo-home:ro,Z" "-v" "/var/lib/crater-agent-workspace/rustup-home:/opt/rustwide/rustup-home:ro,Z" "-e" "SOURCE_DIR=/opt/rustwide/workdir" "-e" "CARGO_TARGET_DIR=/opt/rustwide/target" "-e" "CARGO_INCREMENTAL=0" "-e" "RUST_BACKTRACE=full" "-e" "RUSTFLAGS=--cap-lints=forbid" "-e" "RUSTDOCFLAGS=--cap-lints=forbid" "-e" "CARGO_HOME=/opt/rustwide/cargo-home" "-e" "RUSTUP_HOME=/opt/rustwide/rustup-home" "-w" "/opt/rustwide/workdir" "-m" "1610612736" "--user" "0:0" "--network" "none" "ghcr.io/rust-lang/crates-build-env/linux@sha256:4a844ea9eb2546a2d2c7022eacef16ef2e8229c7fbb2c7d4d55a9ceca922f72d" "/opt/rustwide/cargo-home/bin/cargo" "+nightly-2024-10-28" "test" "--frozen" "--no-run" "--message-format=json", kill_on_drop: false }`
[INFO] [stdout] a38c490da9e458c77132de380cbe5cb3359bacde00f81e0407fd0d68075450ea
[INFO] running `Command { std: "docker" "start" "-a" "a38c490da9e458c77132de380cbe5cb3359bacde00f81e0407fd0d68075450ea", kill_on_drop: false }`
[INFO] [stderr]    Compiling minigrep_v1 v0.1.0 (/opt/rustwide/workdir)
[INFO] [stdout] warning: unused imports: `error::Error` and `fs`
[INFO] [stdout]  --> src/main.rs:1:16
[INFO] [stdout]   |
[INFO] [stdout] 1 | use std::{env, error::Error, fs, process};
[INFO] [stdout]   |                ^^^^^^^^^^^^  ^^
[INFO] [stdout]   |
[INFO] [stdout]   = note: `#[warn(unused_imports)]` on by default
[INFO] [stdout] 
[INFO] [stdout] 
[INFO] [stdout] warning: unused variable: `args`
[INFO] [stdout]  --> src/main.rs:6:9
[INFO] [stdout]   |
[INFO] [stdout] 6 |     let args: Vec<String> = env::args().collect();
[INFO] [stdout]   |         ^^^^ help: if this is intentional, prefix it with an underscore: `_args`
[INFO] [stdout]   |
[INFO] [stdout]   = note: `#[warn(unused_variables)]` on by default
[INFO] [stdout] 
[INFO] [stdout] 
[INFO] [stderr]     Finished `test` profile [unoptimized + debuginfo] target(s) in 0.16s
[INFO] running `Command { std: "docker" "inspect" "a38c490da9e458c77132de380cbe5cb3359bacde00f81e0407fd0d68075450ea", kill_on_drop: false }`
[INFO] running `Command { std: "docker" "rm" "-f" "a38c490da9e458c77132de380cbe5cb3359bacde00f81e0407fd0d68075450ea", kill_on_drop: false }`
[INFO] [stdout] a38c490da9e458c77132de380cbe5cb3359bacde00f81e0407fd0d68075450ea
[INFO] running `Command { std: "docker" "create" "-v" "/var/lib/crater-agent-workspace/builds/worker-2-tc1/target:/opt/rustwide/target:rw,Z" "-v" "/var/lib/crater-agent-workspace/builds/worker-2-tc1/source:/opt/rustwide/workdir:ro,Z" "-v" "/var/lib/crater-agent-workspace/cargo-home:/opt/rustwide/cargo-home:ro,Z" "-v" "/var/lib/crater-agent-workspace/rustup-home:/opt/rustwide/rustup-home:ro,Z" "-e" "SOURCE_DIR=/opt/rustwide/workdir" "-e" "CARGO_TARGET_DIR=/opt/rustwide/target" "-e" "CARGO_INCREMENTAL=0" "-e" "RUST_BACKTRACE=full" "-e" "RUSTFLAGS=--cap-lints=forbid" "-e" "RUSTDOCFLAGS=--cap-lints=forbid" "-e" "CARGO_HOME=/opt/rustwide/cargo-home" "-e" "RUSTUP_HOME=/opt/rustwide/rustup-home" "-w" "/opt/rustwide/workdir" "-m" "1610612736" "--user" "0:0" "--network" "none" "ghcr.io/rust-lang/crates-build-env/linux@sha256:4a844ea9eb2546a2d2c7022eacef16ef2e8229c7fbb2c7d4d55a9ceca922f72d" "/opt/rustwide/cargo-home/bin/cargo" "+nightly-2024-10-28" "test" "--frozen", kill_on_drop: false }`
[INFO] [stdout] 638786f137d0de3de768ed49e40fb77971b47003faba25a46995ee29cc0ba1ee
[INFO] running `Command { std: "docker" "start" "-a" "638786f137d0de3de768ed49e40fb77971b47003faba25a46995ee29cc0ba1ee", kill_on_drop: false }`
[INFO] [stderr] warning: unused imports: `error::Error` and `fs`
[INFO] [stderr]  --> src/main.rs:1:16
[INFO] [stderr]   |
[INFO] [stderr] 1 | use std::{env, error::Error, fs, process};
[INFO] [stderr]   |                ^^^^^^^^^^^^  ^^
[INFO] [stderr]   |
[INFO] [stderr]   = note: `#[warn(unused_imports)]` on by default
[INFO] [stderr] 
[INFO] [stderr] warning: unused variable: `args`
[INFO] [stderr]  --> src/main.rs:6:9
[INFO] [stderr]   |
[INFO] [stderr] 6 |     let args: Vec<String> = env::args().collect();
[INFO] [stderr]   |         ^^^^ help: if this is intentional, prefix it with an underscore: `_args`
[INFO] [stderr]   |
[INFO] [stderr]   = note: `#[warn(unused_variables)]` on by default
[INFO] [stderr] 
[INFO] [stderr] warning: `minigrep_v1` (bin "minigrep_v1" test) generated 2 warnings (run `cargo fix --bin "minigrep_v1" --tests` to apply 1 suggestion)
[INFO] [stderr]     Finished `test` profile [unoptimized + debuginfo] target(s) in 0.00s
[INFO] [stderr]      Running unittests src/lib.rs (/opt/rustwide/target/debug/deps/minigrep_v1-38c15d3de4518151)
[INFO] [stdout] 
[INFO] [stdout] running 2 tests
[INFO] [stdout] test tests::case_insensitive ... ok
[INFO] [stdout] test tests::one_result ... ok
[INFO] [stdout] 
[INFO] [stdout] test result: ok. 2 passed; 0 failed; 0 ignored; 0 measured; 0 filtered out; finished in 0.00s
[INFO] [stdout] 
[INFO] [stderr]      Running unittests src/main.rs (/opt/rustwide/target/debug/deps/minigrep_v1-eff55a3431e0091c)
[INFO] [stdout] 
[INFO] [stdout] running 0 tests
[INFO] [stdout] 
[INFO] [stdout] test result: ok. 0 passed; 0 failed; 0 ignored; 0 measured; 0 filtered out; finished in 0.00s
[INFO] [stdout] 
[INFO] [stderr]    Doc-tests minigrep_v1
[INFO] [stdout] 
[INFO] [stdout] running 1 test
[INFO] [stdout] test src/lib.rs - add_one (line 8) ... FAILED
[INFO] [stdout] 
[INFO] [stdout] failures:
[INFO] [stdout] 
[INFO] [stdout] ---- src/lib.rs - add_one (line 8) stdout ----
[INFO] [stdout] error[E0433]: failed to resolve: use of undeclared crate or module `my_crate`
[INFO] [stdout]  --> src/lib.rs:10:14
[INFO] [stdout]   |
[INFO] [stdout] 4 | let answer = my_crate::add_one(arg);
[INFO] [stdout]   |              ^^^^^^^^ use of undeclared crate or module `my_crate`
[INFO] [stdout] 
[INFO] [stdout] error: aborting due to 1 previous error
[INFO] [stdout] 
[INFO] [stdout] For more information about this error, try `rustc --explain E0433`.
[INFO] [stdout] Couldn't compile the test.
[INFO] [stdout] 
[INFO] [stdout] failures:
[INFO] [stdout]     src/lib.rs - add_one (line 8)
[INFO] [stdout] 
[INFO] [stdout] test result: FAILED. 0 passed; 1 failed; 0 ignored; 0 measured; 0 filtered out; finished in 0.05s
[INFO] [stdout] 
[INFO] [stderr] error: doctest failed, to rerun pass `--doc`
[INFO] running `Command { std: "docker" "inspect" "638786f137d0de3de768ed49e40fb77971b47003faba25a46995ee29cc0ba1ee", kill_on_drop: false }`
[INFO] running `Command { std: "docker" "rm" "-f" "638786f137d0de3de768ed49e40fb77971b47003faba25a46995ee29cc0ba1ee", kill_on_drop: false }`
[INFO] [stdout] 638786f137d0de3de768ed49e40fb77971b47003faba25a46995ee29cc0ba1ee
