[INFO] fetching crate minigrep_sopesto 0.1.1...
[INFO] testing minigrep_sopesto-0.1.1 against nightly-2024-10-28 for randomize-layout
[INFO] extracting crate minigrep_sopesto 0.1.1 into /workspace/builds/worker-7-tc1/source
[INFO] validating manifest of crates.io crate minigrep_sopesto 0.1.1 on toolchain nightly-2024-10-28
[INFO] running `Command { std: CARGO_HOME="/workspace/cargo-home" RUSTUP_HOME="/workspace/rustup-home" "/workspace/cargo-home/bin/cargo" "+nightly-2024-10-28" "metadata" "--manifest-path" "Cargo.toml" "--no-deps", kill_on_drop: false }`
[INFO] started tweaking crates.io crate minigrep_sopesto 0.1.1
[INFO] finished tweaking crates.io crate minigrep_sopesto 0.1.1
[INFO] tweaked toml for crates.io crate minigrep_sopesto 0.1.1 written to /workspace/builds/worker-7-tc1/source/Cargo.toml
[INFO] crate crates.io crate minigrep_sopesto 0.1.1 already has a lockfile, it will not be regenerated
[INFO] running `Command { std: CARGO_HOME="/workspace/cargo-home" RUSTUP_HOME="/workspace/rustup-home" "/workspace/cargo-home/bin/cargo" "+nightly-2024-10-28" "fetch" "--manifest-path" "Cargo.toml", kill_on_drop: false }`
[INFO] running `Command { std: "docker" "create" "-v" "/var/lib/crater-agent-workspace/builds/worker-7-tc1/target:/opt/rustwide/target:rw,Z" "-v" "/var/lib/crater-agent-workspace/builds/worker-7-tc1/source:/opt/rustwide/workdir:ro,Z" "-v" "/var/lib/crater-agent-workspace/cargo-home:/opt/rustwide/cargo-home:ro,Z" "-v" "/var/lib/crater-agent-workspace/rustup-home:/opt/rustwide/rustup-home:ro,Z" "-e" "SOURCE_DIR=/opt/rustwide/workdir" "-e" "CARGO_TARGET_DIR=/opt/rustwide/target" "-e" "CARGO_HOME=/opt/rustwide/cargo-home" "-e" "RUSTUP_HOME=/opt/rustwide/rustup-home" "-w" "/opt/rustwide/workdir" "-m" "1610612736" "--user" "0:0" "--network" "none" "ghcr.io/rust-lang/crates-build-env/linux@sha256:4a844ea9eb2546a2d2c7022eacef16ef2e8229c7fbb2c7d4d55a9ceca922f72d" "/opt/rustwide/cargo-home/bin/cargo" "+nightly-2024-10-28" "metadata" "--no-deps" "--format-version=1", kill_on_drop: false }`
[INFO] [stdout] 1e4791cca1def672146366a112e5ffd0bfec11349b5a47f54bf02b40c76ac7db
[INFO] running `Command { std: "docker" "start" "-a" "1e4791cca1def672146366a112e5ffd0bfec11349b5a47f54bf02b40c76ac7db", kill_on_drop: false }`
[INFO] running `Command { std: "docker" "inspect" "1e4791cca1def672146366a112e5ffd0bfec11349b5a47f54bf02b40c76ac7db", kill_on_drop: false }`
[INFO] running `Command { std: "docker" "rm" "-f" "1e4791cca1def672146366a112e5ffd0bfec11349b5a47f54bf02b40c76ac7db", kill_on_drop: false }`
[INFO] [stdout] 1e4791cca1def672146366a112e5ffd0bfec11349b5a47f54bf02b40c76ac7db
[INFO] running `Command { std: "docker" "create" "-v" "/var/lib/crater-agent-workspace/builds/worker-7-tc1/target:/opt/rustwide/target:rw,Z" "-v" "/var/lib/crater-agent-workspace/builds/worker-7-tc1/source:/opt/rustwide/workdir:ro,Z" "-v" "/var/lib/crater-agent-workspace/cargo-home:/opt/rustwide/cargo-home:ro,Z" "-v" "/var/lib/crater-agent-workspace/rustup-home:/opt/rustwide/rustup-home:ro,Z" "-e" "SOURCE_DIR=/opt/rustwide/workdir" "-e" "CARGO_TARGET_DIR=/opt/rustwide/target" "-e" "CARGO_INCREMENTAL=0" "-e" "RUST_BACKTRACE=full" "-e" "RUSTFLAGS=--cap-lints=forbid" "-e" "RUSTDOCFLAGS=--cap-lints=forbid" "-e" "CARGO_HOME=/opt/rustwide/cargo-home" "-e" "RUSTUP_HOME=/opt/rustwide/rustup-home" "-w" "/opt/rustwide/workdir" "-m" "1610612736" "--user" "0:0" "--network" "none" "ghcr.io/rust-lang/crates-build-env/linux@sha256:4a844ea9eb2546a2d2c7022eacef16ef2e8229c7fbb2c7d4d55a9ceca922f72d" "/opt/rustwide/cargo-home/bin/cargo" "+nightly-2024-10-28" "build" "--frozen" "--message-format=json", kill_on_drop: false }`
[INFO] [stdout] 5ef8025f6e0774a6dc96b8d32d69b16ec7714d765ee8028c41e35ae92ff6b28b
[INFO] running `Command { std: "docker" "start" "-a" "5ef8025f6e0774a6dc96b8d32d69b16ec7714d765ee8028c41e35ae92ff6b28b", kill_on_drop: false }`
[INFO] [stderr]    Compiling minigrep_sopesto v0.1.1 (/opt/rustwide/workdir)
[INFO] [stderr]     Finished `dev` profile [unoptimized + debuginfo] target(s) in 0.18s
[INFO] running `Command { std: "docker" "inspect" "5ef8025f6e0774a6dc96b8d32d69b16ec7714d765ee8028c41e35ae92ff6b28b", kill_on_drop: false }`
[INFO] running `Command { std: "docker" "rm" "-f" "5ef8025f6e0774a6dc96b8d32d69b16ec7714d765ee8028c41e35ae92ff6b28b", kill_on_drop: false }`
[INFO] [stdout] 5ef8025f6e0774a6dc96b8d32d69b16ec7714d765ee8028c41e35ae92ff6b28b
[INFO] running `Command { std: "docker" "create" "-v" "/var/lib/crater-agent-workspace/builds/worker-7-tc1/target:/opt/rustwide/target:rw,Z" "-v" "/var/lib/crater-agent-workspace/builds/worker-7-tc1/source:/opt/rustwide/workdir:ro,Z" "-v" "/var/lib/crater-agent-workspace/cargo-home:/opt/rustwide/cargo-home:ro,Z" "-v" "/var/lib/crater-agent-workspace/rustup-home:/opt/rustwide/rustup-home:ro,Z" "-e" "SOURCE_DIR=/opt/rustwide/workdir" "-e" "CARGO_TARGET_DIR=/opt/rustwide/target" "-e" "CARGO_INCREMENTAL=0" "-e" "RUST_BACKTRACE=full" "-e" "RUSTFLAGS=--cap-lints=forbid" "-e" "RUSTDOCFLAGS=--cap-lints=forbid" "-e" "CARGO_HOME=/opt/rustwide/cargo-home" "-e" "RUSTUP_HOME=/opt/rustwide/rustup-home" "-w" "/opt/rustwide/workdir" "-m" "1610612736" "--user" "0:0" "--network" "none" "ghcr.io/rust-lang/crates-build-env/linux@sha256:4a844ea9eb2546a2d2c7022eacef16ef2e8229c7fbb2c7d4d55a9ceca922f72d" "/opt/rustwide/cargo-home/bin/cargo" "+nightly-2024-10-28" "test" "--frozen" "--no-run" "--message-format=json", kill_on_drop: false }`
[INFO] [stdout] b961c1b4f84e1307680999fdd07d7da29e168a2b2195de2e322f8d968a72ccf8
[INFO] running `Command { std: "docker" "start" "-a" "b961c1b4f84e1307680999fdd07d7da29e168a2b2195de2e322f8d968a72ccf8", kill_on_drop: false }`
[INFO] [stderr]    Compiling minigrep_sopesto v0.1.1 (/opt/rustwide/workdir)
[INFO] [stderr]     Finished `test` profile [unoptimized + debuginfo] target(s) in 0.13s
[INFO] running `Command { std: "docker" "inspect" "b961c1b4f84e1307680999fdd07d7da29e168a2b2195de2e322f8d968a72ccf8", kill_on_drop: false }`
[INFO] running `Command { std: "docker" "rm" "-f" "b961c1b4f84e1307680999fdd07d7da29e168a2b2195de2e322f8d968a72ccf8", kill_on_drop: false }`
[INFO] [stdout] b961c1b4f84e1307680999fdd07d7da29e168a2b2195de2e322f8d968a72ccf8
[INFO] running `Command { std: "docker" "create" "-v" "/var/lib/crater-agent-workspace/builds/worker-7-tc1/target:/opt/rustwide/target:rw,Z" "-v" "/var/lib/crater-agent-workspace/builds/worker-7-tc1/source:/opt/rustwide/workdir:ro,Z" "-v" "/var/lib/crater-agent-workspace/cargo-home:/opt/rustwide/cargo-home:ro,Z" "-v" "/var/lib/crater-agent-workspace/rustup-home:/opt/rustwide/rustup-home:ro,Z" "-e" "SOURCE_DIR=/opt/rustwide/workdir" "-e" "CARGO_TARGET_DIR=/opt/rustwide/target" "-e" "CARGO_INCREMENTAL=0" "-e" "RUST_BACKTRACE=full" "-e" "RUSTFLAGS=--cap-lints=forbid" "-e" "RUSTDOCFLAGS=--cap-lints=forbid" "-e" "CARGO_HOME=/opt/rustwide/cargo-home" "-e" "RUSTUP_HOME=/opt/rustwide/rustup-home" "-w" "/opt/rustwide/workdir" "-m" "1610612736" "--user" "0:0" "--network" "none" "ghcr.io/rust-lang/crates-build-env/linux@sha256:4a844ea9eb2546a2d2c7022eacef16ef2e8229c7fbb2c7d4d55a9ceca922f72d" "/opt/rustwide/cargo-home/bin/cargo" "+nightly-2024-10-28" "test" "--frozen", kill_on_drop: false }`
[INFO] [stdout] 6001e44d2b292dbe4d00ce43c968a57ca72a1500ddcb24d4362d32aba7ffccfa
[INFO] running `Command { std: "docker" "start" "-a" "6001e44d2b292dbe4d00ce43c968a57ca72a1500ddcb24d4362d32aba7ffccfa", kill_on_drop: false }`
[INFO] [stderr]     Finished `test` profile [unoptimized + debuginfo] target(s) in 0.00s
[INFO] [stderr]      Running unittests src/lib.rs (/opt/rustwide/target/debug/deps/minigrep_sopesto-4f9488a012309e43)
[INFO] [stdout] 
[INFO] [stdout] running 3 tests
[INFO] [stdout] test test::distinguido ... ok
[INFO] [stdout] test test::un_resultado ... ok
[INFO] [stdout] test test::no_distinguido ... ok
[INFO] [stdout] 
[INFO] [stdout] test result: ok. 3 passed; 0 failed; 0 ignored; 0 measured; 0 filtered out; finished in 0.00s
[INFO] [stdout] 
[INFO] [stderr]      Running unittests src/main.rs (/opt/rustwide/target/debug/deps/minigrep_sopesto-0433c955de02d0e3)
[INFO] [stdout] 
[INFO] [stdout] running 0 tests
[INFO] [stdout] 
[INFO] [stdout] test result: ok. 0 passed; 0 failed; 0 ignored; 0 measured; 0 filtered out; finished in 0.00s
[INFO] [stdout] 
[INFO] [stderr]    Doc-tests minigrep_sopesto
[INFO] [stdout] 
[INFO] [stdout] running 3 tests
[INFO] [stdout] test src/lib.rs - Config::build (line 25) ... FAILED
[INFO] [stdout] test src/lib.rs - run (line 55) ... FAILED
[INFO] [stdout] test src/lib.rs - Config (line 9) ... ok
[INFO] [stdout] 
[INFO] [stdout] failures:
[INFO] [stdout] 
[INFO] [stdout] ---- src/lib.rs - Config::build (line 25) stdout ----
[INFO] [stdout] error[E0432]: unresolved import `minigrip`
[INFO] [stdout]  --> src/lib.rs:28:5
[INFO] [stdout]   |
[INFO] [stdout] 5 | use minigrip::Config;
[INFO] [stdout]   |     ^^^^^^^^ use of undeclared crate or module `minigrip`
[INFO] [stdout] 
[INFO] [stdout] error: aborting due to 1 previous error
[INFO] [stdout] 
[INFO] [stdout] For more information about this error, try `rustc --explain E0432`.
[INFO] [stdout] Couldn't compile the test.
[INFO] [stdout] ---- src/lib.rs - run (line 55) stdout ----
[INFO] [stdout] error[E0432]: unresolved import `minigrip`
[INFO] [stdout]  --> src/lib.rs:58:5
[INFO] [stdout]   |
[INFO] [stdout] 5 | use minigrip::Config;
[INFO] [stdout]   |     ^^^^^^^^ use of undeclared crate or module `minigrip`
[INFO] [stdout] 
[INFO] [stdout] error[E0433]: failed to resolve: use of undeclared crate or module `minigrep`
[INFO] [stdout]   --> src/lib.rs:64:17
[INFO] [stdout]    |
[INFO] [stdout] 11 | if let Err(e) = minigrep::run(config) {
[INFO] [stdout]    |                 ^^^^^^^^ use of undeclared crate or module `minigrep`
[INFO] [stdout] 
[INFO] [stdout] error: aborting due to 2 previous errors
[INFO] [stdout] 
[INFO] [stdout] Some errors have detailed explanations: E0432, E0433.
[INFO] [stdout] For more information about an error, try `rustc --explain E0432`.
[INFO] [stdout] Couldn't compile the test.
[INFO] [stdout] 
[INFO] [stdout] failures:
[INFO] [stdout]     src/lib.rs - Config::build (line 25)
[INFO] [stdout]     src/lib.rs - run (line 55)
[INFO] [stdout] 
[INFO] [stdout] test result: FAILED. 1 passed; 2 failed; 0 ignored; 0 measured; 0 filtered out; finished in 0.06s
[INFO] [stdout] 
[INFO] [stderr] error: doctest failed, to rerun pass `--doc`
[INFO] running `Command { std: "docker" "inspect" "6001e44d2b292dbe4d00ce43c968a57ca72a1500ddcb24d4362d32aba7ffccfa", kill_on_drop: false }`
[INFO] running `Command { std: "docker" "rm" "-f" "6001e44d2b292dbe4d00ce43c968a57ca72a1500ddcb24d4362d32aba7ffccfa", kill_on_drop: false }`
[INFO] [stdout] 6001e44d2b292dbe4d00ce43c968a57ca72a1500ddcb24d4362d32aba7ffccfa
