[INFO] fetching crate minicbor-serde 0.3.2...
[INFO] testing minicbor-serde-0.3.2 against nightly-2024-10-28 for randomize-layout
[INFO] extracting crate minicbor-serde 0.3.2 into /workspace/builds/worker-0-tc1/source
[INFO] validating manifest of crates.io crate minicbor-serde 0.3.2 on toolchain nightly-2024-10-28
[INFO] running `Command { std: CARGO_HOME="/workspace/cargo-home" RUSTUP_HOME="/workspace/rustup-home" "/workspace/cargo-home/bin/cargo" "+nightly-2024-10-28" "metadata" "--manifest-path" "Cargo.toml" "--no-deps", kill_on_drop: false }`
[INFO] started tweaking crates.io crate minicbor-serde 0.3.2
[INFO] finished tweaking crates.io crate minicbor-serde 0.3.2
[INFO] tweaked toml for crates.io crate minicbor-serde 0.3.2 written to /workspace/builds/worker-0-tc1/source/Cargo.toml
[INFO] running `Command { std: CARGO_HOME="/workspace/cargo-home" RUSTUP_HOME="/workspace/rustup-home" "/workspace/cargo-home/bin/cargo" "+nightly-2024-10-28" "generate-lockfile" "--manifest-path" "Cargo.toml", kill_on_drop: false }`
[INFO] [stderr]     Updating crates.io index
[INFO] [stderr]      Locking 11 packages to latest compatible versions
[INFO] running `Command { std: CARGO_HOME="/workspace/cargo-home" RUSTUP_HOME="/workspace/rustup-home" "/workspace/cargo-home/bin/cargo" "+nightly-2024-10-28" "fetch" "--manifest-path" "Cargo.toml", kill_on_drop: false }`
[INFO] [stderr]  Downloading crates ...
[INFO] [stderr]   Downloaded minicbor v0.25.1
[INFO] [stderr]   Downloaded minicbor-derive v0.15.3
[INFO] running `Command { std: "docker" "create" "-v" "/var/lib/crater-agent-workspace/builds/worker-0-tc1/target:/opt/rustwide/target:rw,Z" "-v" "/var/lib/crater-agent-workspace/builds/worker-0-tc1/source:/opt/rustwide/workdir:ro,Z" "-v" "/var/lib/crater-agent-workspace/cargo-home:/opt/rustwide/cargo-home:ro,Z" "-v" "/var/lib/crater-agent-workspace/rustup-home:/opt/rustwide/rustup-home:ro,Z" "-e" "SOURCE_DIR=/opt/rustwide/workdir" "-e" "CARGO_TARGET_DIR=/opt/rustwide/target" "-e" "CARGO_HOME=/opt/rustwide/cargo-home" "-e" "RUSTUP_HOME=/opt/rustwide/rustup-home" "-w" "/opt/rustwide/workdir" "-m" "1610612736" "--user" "0:0" "--network" "none" "ghcr.io/rust-lang/crates-build-env/linux@sha256:4a844ea9eb2546a2d2c7022eacef16ef2e8229c7fbb2c7d4d55a9ceca922f72d" "/opt/rustwide/cargo-home/bin/cargo" "+nightly-2024-10-28" "metadata" "--no-deps" "--format-version=1", kill_on_drop: false }`
[INFO] [stdout] a195642a55a06beb1eef3810a79a107dd9cd3cdcb5605405fae1417838d8b5a2
[INFO] running `Command { std: "docker" "start" "-a" "a195642a55a06beb1eef3810a79a107dd9cd3cdcb5605405fae1417838d8b5a2", kill_on_drop: false }`
[INFO] running `Command { std: "docker" "inspect" "a195642a55a06beb1eef3810a79a107dd9cd3cdcb5605405fae1417838d8b5a2", kill_on_drop: false }`
[INFO] running `Command { std: "docker" "rm" "-f" "a195642a55a06beb1eef3810a79a107dd9cd3cdcb5605405fae1417838d8b5a2", kill_on_drop: false }`
[INFO] [stdout] a195642a55a06beb1eef3810a79a107dd9cd3cdcb5605405fae1417838d8b5a2
[INFO] running `Command { std: "docker" "create" "-v" "/var/lib/crater-agent-workspace/builds/worker-0-tc1/target:/opt/rustwide/target:rw,Z" "-v" "/var/lib/crater-agent-workspace/builds/worker-0-tc1/source:/opt/rustwide/workdir:ro,Z" "-v" "/var/lib/crater-agent-workspace/cargo-home:/opt/rustwide/cargo-home:ro,Z" "-v" "/var/lib/crater-agent-workspace/rustup-home:/opt/rustwide/rustup-home:ro,Z" "-e" "SOURCE_DIR=/opt/rustwide/workdir" "-e" "CARGO_TARGET_DIR=/opt/rustwide/target" "-e" "CARGO_INCREMENTAL=0" "-e" "RUST_BACKTRACE=full" "-e" "RUSTFLAGS=--cap-lints=forbid" "-e" "RUSTDOCFLAGS=--cap-lints=forbid" "-e" "CARGO_HOME=/opt/rustwide/cargo-home" "-e" "RUSTUP_HOME=/opt/rustwide/rustup-home" "-w" "/opt/rustwide/workdir" "-m" "1610612736" "--user" "0:0" "--network" "none" "ghcr.io/rust-lang/crates-build-env/linux@sha256:4a844ea9eb2546a2d2c7022eacef16ef2e8229c7fbb2c7d4d55a9ceca922f72d" "/opt/rustwide/cargo-home/bin/cargo" "+nightly-2024-10-28" "build" "--frozen" "--message-format=json", kill_on_drop: false }`
[INFO] [stdout] 28f539038e6b336ac72bf2e8ee3843c5e84b83648e86b3f6717bdc2e23234638
[INFO] running `Command { std: "docker" "start" "-a" "28f539038e6b336ac72bf2e8ee3843c5e84b83648e86b3f6717bdc2e23234638", kill_on_drop: false }`
[INFO] [stderr]    Compiling serde v1.0.214
[INFO] [stderr]    Compiling minicbor v0.25.1
[INFO] [stderr]    Compiling minicbor-serde v0.3.2 (/opt/rustwide/workdir)
[INFO] [stderr]     Finished `dev` profile [unoptimized + debuginfo] target(s) in 1.80s
[INFO] running `Command { std: "docker" "inspect" "28f539038e6b336ac72bf2e8ee3843c5e84b83648e86b3f6717bdc2e23234638", kill_on_drop: false }`
[INFO] running `Command { std: "docker" "rm" "-f" "28f539038e6b336ac72bf2e8ee3843c5e84b83648e86b3f6717bdc2e23234638", kill_on_drop: false }`
[INFO] [stdout] 28f539038e6b336ac72bf2e8ee3843c5e84b83648e86b3f6717bdc2e23234638
[INFO] running `Command { std: "docker" "create" "-v" "/var/lib/crater-agent-workspace/builds/worker-0-tc1/target:/opt/rustwide/target:rw,Z" "-v" "/var/lib/crater-agent-workspace/builds/worker-0-tc1/source:/opt/rustwide/workdir:ro,Z" "-v" "/var/lib/crater-agent-workspace/cargo-home:/opt/rustwide/cargo-home:ro,Z" "-v" "/var/lib/crater-agent-workspace/rustup-home:/opt/rustwide/rustup-home:ro,Z" "-e" "SOURCE_DIR=/opt/rustwide/workdir" "-e" "CARGO_TARGET_DIR=/opt/rustwide/target" "-e" "CARGO_INCREMENTAL=0" "-e" "RUST_BACKTRACE=full" "-e" "RUSTFLAGS=--cap-lints=forbid" "-e" "RUSTDOCFLAGS=--cap-lints=forbid" "-e" "CARGO_HOME=/opt/rustwide/cargo-home" "-e" "RUSTUP_HOME=/opt/rustwide/rustup-home" "-w" "/opt/rustwide/workdir" "-m" "1610612736" "--user" "0:0" "--network" "none" "ghcr.io/rust-lang/crates-build-env/linux@sha256:4a844ea9eb2546a2d2c7022eacef16ef2e8229c7fbb2c7d4d55a9ceca922f72d" "/opt/rustwide/cargo-home/bin/cargo" "+nightly-2024-10-28" "test" "--frozen" "--no-run" "--message-format=json", kill_on_drop: false }`
[INFO] [stdout] ad3585756ec331d469f3cb7ba9ff64aadbe450f0e96afc712d5ec407b468a617
[INFO] running `Command { std: "docker" "start" "-a" "ad3585756ec331d469f3cb7ba9ff64aadbe450f0e96afc712d5ec407b468a617", kill_on_drop: false }`
[INFO] [stderr]    Compiling proc-macro2 v1.0.89
[INFO] [stderr]    Compiling unicode-ident v1.0.13
[INFO] [stderr]    Compiling serde v1.0.214
[INFO] [stderr]    Compiling quote v1.0.37
[INFO] [stderr]    Compiling syn v2.0.86
[INFO] [stderr]    Compiling serde_derive v1.0.214
[INFO] [stderr]    Compiling minicbor-serde v0.3.2 (/opt/rustwide/workdir)
[INFO] [stderr]     Finished `test` profile [unoptimized + debuginfo] target(s) in 4.91s
[INFO] running `Command { std: "docker" "inspect" "ad3585756ec331d469f3cb7ba9ff64aadbe450f0e96afc712d5ec407b468a617", kill_on_drop: false }`
[INFO] running `Command { std: "docker" "rm" "-f" "ad3585756ec331d469f3cb7ba9ff64aadbe450f0e96afc712d5ec407b468a617", kill_on_drop: false }`
[INFO] [stdout] ad3585756ec331d469f3cb7ba9ff64aadbe450f0e96afc712d5ec407b468a617
[INFO] running `Command { std: "docker" "create" "-v" "/var/lib/crater-agent-workspace/builds/worker-0-tc1/target:/opt/rustwide/target:rw,Z" "-v" "/var/lib/crater-agent-workspace/builds/worker-0-tc1/source:/opt/rustwide/workdir:ro,Z" "-v" "/var/lib/crater-agent-workspace/cargo-home:/opt/rustwide/cargo-home:ro,Z" "-v" "/var/lib/crater-agent-workspace/rustup-home:/opt/rustwide/rustup-home:ro,Z" "-e" "SOURCE_DIR=/opt/rustwide/workdir" "-e" "CARGO_TARGET_DIR=/opt/rustwide/target" "-e" "CARGO_INCREMENTAL=0" "-e" "RUST_BACKTRACE=full" "-e" "RUSTFLAGS=--cap-lints=forbid" "-e" "RUSTDOCFLAGS=--cap-lints=forbid" "-e" "CARGO_HOME=/opt/rustwide/cargo-home" "-e" "RUSTUP_HOME=/opt/rustwide/rustup-home" "-w" "/opt/rustwide/workdir" "-m" "1610612736" "--user" "0:0" "--network" "none" "ghcr.io/rust-lang/crates-build-env/linux@sha256:4a844ea9eb2546a2d2c7022eacef16ef2e8229c7fbb2c7d4d55a9ceca922f72d" "/opt/rustwide/cargo-home/bin/cargo" "+nightly-2024-10-28" "test" "--frozen", kill_on_drop: false }`
[INFO] [stdout] f06be3ceee362eb74b2123c3fcb69f1451118537508b865cf3b12d39b6c54830
[INFO] running `Command { std: "docker" "start" "-a" "f06be3ceee362eb74b2123c3fcb69f1451118537508b865cf3b12d39b6c54830", kill_on_drop: false }`
[INFO] [stderr]     Finished `test` profile [unoptimized + debuginfo] target(s) in 0.01s
[INFO] [stderr]      Running unittests src/lib.rs (/opt/rustwide/target/debug/deps/minicbor_serde-e273f7f3b7a70f72)
[INFO] [stdout] 
[INFO] [stdout] running 0 tests
[INFO] [stdout] 
[INFO] [stdout] test result: ok. 0 passed; 0 failed; 0 ignored; 0 measured; 0 filtered out; finished in 0.00s
[INFO] [stdout] 
[INFO] [stderr]    Doc-tests minicbor_serde
[INFO] [stdout] 
[INFO] [stdout] running 1 test
[INFO] [stdout] test src/lib.rs - (line 11) ... FAILED
[INFO] [stdout] 
[INFO] [stdout] failures:
[INFO] [stdout] 
[INFO] [stdout] ---- src/lib.rs - (line 11) stdout ----
[INFO] [stdout] error[E0425]: cannot find function `to_vec` in crate `minicbor_serde`
[INFO] [stdout]   --> src/lib.rs:22:28
[INFO] [stdout]    |
[INFO] [stdout] 14 | let cbor = minicbor_serde::to_vec(&s1)?;
[INFO] [stdout]    |                            ^^^^^^ not found in `minicbor_serde`
[INFO] [stdout]    |
[INFO] [stdout] note: found an item that was configured out
[INFO] [stdout]   --> /opt/rustwide/workdir/src/lib.rs:54:14
[INFO] [stdout]    |
[INFO] [stdout] 54 | pub use ser::to_vec;
[INFO] [stdout]    |              ^^^^^^
[INFO] [stdout] note: the item is gated behind the `alloc` feature
[INFO] [stdout]   --> /opt/rustwide/workdir/src/lib.rs:53:7
[INFO] [stdout]    |
[INFO] [stdout] 53 | #[cfg(feature = "alloc")]
[INFO] [stdout]    |       ^^^^^^^^^^^^^^^^^
[INFO] [stdout] 
[INFO] [stdout] error[E0277]: the trait bound `Vec<_>: minicbor::encode::write::Write` is not satisfied
[INFO] [stdout]   --> src/lib.rs:28:52
[INFO] [stdout]    |
[INFO] [stdout] 20 | let mut ser = minicbor_serde::Serializer::new(&mut buf);
[INFO] [stdout]    |               -------------------------------      ^^^ the trait `minicbor::encode::write::Write` is not implemented for `Vec<_>`, which is required by `&mut Vec<_>: minicbor::encode::write::Write`
[INFO] [stdout]    |               |
[INFO] [stdout]    |               required by a bound introduced by this call
[INFO] [stdout]    |
[INFO] [stdout]    = help: the following other types implement trait `minicbor::encode::write::Write`:
[INFO] [stdout]              &mut W
[INFO] [stdout]              &mut [u8]
[INFO] [stdout]              minicbor::encode::write::Cursor<&mut [u8]>
[INFO] [stdout]              minicbor::encode::write::Cursor<[u8; N]>
[INFO] [stdout]    = note: required for `&mut Vec<_>` to implement `minicbor::encode::write::Write`
[INFO] [stdout] note: required by a bound in `minicbor_serde::Serializer::<W>::new`
[INFO] [stdout]   --> /opt/rustwide/workdir/src/ser.rs:25:9
[INFO] [stdout]    |
[INFO] [stdout] 25 | impl<W: Write> Serializer<W> {
[INFO] [stdout]    |         ^^^^^ required by this bound in `Serializer::<W>::new`
[INFO] [stdout] 26 |     pub fn new(w: W) -> Self {
[INFO] [stdout]    |            --- required by a bound in this associated function
[INFO] [stdout] 
[INFO] [stdout] error[E0277]: the trait bound `Vec<_>: minicbor::encode::write::Write` is not satisfied
[INFO] [stdout]   --> src/lib.rs:29:4
[INFO] [stdout]    |
[INFO] [stdout] 21 | s1.serialize(&mut ser)?;
[INFO] [stdout]    |    ^^^^^^^^^ the trait `minicbor::encode::write::Write` is not implemented for `Vec<_>`, which is required by `&mut minicbor_serde::Serializer<&mut Vec<_>>: _doctest_main_src_lib_rs_11_0::_::_serde::Serializer`
[INFO] [stdout]    |
[INFO] [stdout]    = help: the following other types implement trait `minicbor::encode::write::Write`:
[INFO] [stdout]              &mut W
[INFO] [stdout]              &mut [u8]
[INFO] [stdout]              minicbor::encode::write::Cursor<&mut [u8]>
[INFO] [stdout]              minicbor::encode::write::Cursor<[u8; N]>
[INFO] [stdout]    = note: required for `&mut Vec<_>` to implement `minicbor::encode::write::Write`
[INFO] [stdout]    = note: required for `&mut minicbor_serde::Serializer<&mut Vec<_>>` to implement `_doctest_main_src_lib_rs_11_0::_::_serde::Serializer`
[INFO] [stdout] 
[INFO] [stdout] error: aborting due to 3 previous errors
[INFO] [stdout] 
[INFO] [stdout] Some errors have detailed explanations: E0277, E0425.
[INFO] [stdout] For more information about an error, try `rustc --explain E0277`.
[INFO] [stdout] Couldn't compile the test.
[INFO] [stdout] 
[INFO] [stdout] failures:
[INFO] [stdout]     src/lib.rs - (line 11)
[INFO] [stdout] 
[INFO] [stdout] test result: FAILED. 0 passed; 1 failed; 0 ignored; 0 measured; 0 filtered out; finished in 0.07s
[INFO] [stdout] 
[INFO] [stderr] error: doctest failed, to rerun pass `--doc`
[INFO] running `Command { std: "docker" "inspect" "f06be3ceee362eb74b2123c3fcb69f1451118537508b865cf3b12d39b6c54830", kill_on_drop: false }`
[INFO] running `Command { std: "docker" "rm" "-f" "f06be3ceee362eb74b2123c3fcb69f1451118537508b865cf3b12d39b6c54830", kill_on_drop: false }`
[INFO] [stdout] f06be3ceee362eb74b2123c3fcb69f1451118537508b865cf3b12d39b6c54830
