[INFO] fetching crate minicbor-ser 0.2.0...
[INFO] testing minicbor-ser-0.2.0 against nightly-2024-10-28 for randomize-layout
[INFO] extracting crate minicbor-ser 0.2.0 into /workspace/builds/worker-4-tc1/source
[INFO] validating manifest of crates.io crate minicbor-ser 0.2.0 on toolchain nightly-2024-10-28
[INFO] running `Command { std: CARGO_HOME="/workspace/cargo-home" RUSTUP_HOME="/workspace/rustup-home" "/workspace/cargo-home/bin/cargo" "+nightly-2024-10-28" "metadata" "--manifest-path" "Cargo.toml" "--no-deps", kill_on_drop: false }`
[INFO] started tweaking crates.io crate minicbor-ser 0.2.0
[INFO] finished tweaking crates.io crate minicbor-ser 0.2.0
[INFO] tweaked toml for crates.io crate minicbor-ser 0.2.0 written to /workspace/builds/worker-4-tc1/source/Cargo.toml
[INFO] running `Command { std: CARGO_HOME="/workspace/cargo-home" RUSTUP_HOME="/workspace/rustup-home" "/workspace/cargo-home/bin/cargo" "+nightly-2024-10-28" "generate-lockfile" "--manifest-path" "Cargo.toml", kill_on_drop: false }`
[INFO] [stderr]     Updating crates.io index
[INFO] [stderr]      Locking 9 packages to latest compatible versions
[INFO] [stderr]       Adding minicbor v0.18.0 (available: v0.25.1)
[INFO] running `Command { std: CARGO_HOME="/workspace/cargo-home" RUSTUP_HOME="/workspace/rustup-home" "/workspace/cargo-home/bin/cargo" "+nightly-2024-10-28" "fetch" "--manifest-path" "Cargo.toml", kill_on_drop: false }`
[INFO] [stderr]  Downloading crates ...
[INFO] [stderr]   Downloaded minicbor v0.18.0
[INFO] [stderr]   Downloaded minicbor-derive v0.12.0
[INFO] running `Command { std: "docker" "create" "-v" "/var/lib/crater-agent-workspace/builds/worker-4-tc1/target:/opt/rustwide/target:rw,Z" "-v" "/var/lib/crater-agent-workspace/builds/worker-4-tc1/source:/opt/rustwide/workdir:ro,Z" "-v" "/var/lib/crater-agent-workspace/cargo-home:/opt/rustwide/cargo-home:ro,Z" "-v" "/var/lib/crater-agent-workspace/rustup-home:/opt/rustwide/rustup-home:ro,Z" "-e" "SOURCE_DIR=/opt/rustwide/workdir" "-e" "CARGO_TARGET_DIR=/opt/rustwide/target" "-e" "CARGO_HOME=/opt/rustwide/cargo-home" "-e" "RUSTUP_HOME=/opt/rustwide/rustup-home" "-w" "/opt/rustwide/workdir" "-m" "1610612736" "--user" "0:0" "--network" "none" "ghcr.io/rust-lang/crates-build-env/linux@sha256:4a844ea9eb2546a2d2c7022eacef16ef2e8229c7fbb2c7d4d55a9ceca922f72d" "/opt/rustwide/cargo-home/bin/cargo" "+nightly-2024-10-28" "metadata" "--no-deps" "--format-version=1", kill_on_drop: false }`
[INFO] [stdout] 438de6cbc66bf327f1846b79ba836d15debb4466db031c08617e93b46ca52475
[INFO] running `Command { std: "docker" "start" "-a" "438de6cbc66bf327f1846b79ba836d15debb4466db031c08617e93b46ca52475", kill_on_drop: false }`
[INFO] running `Command { std: "docker" "inspect" "438de6cbc66bf327f1846b79ba836d15debb4466db031c08617e93b46ca52475", kill_on_drop: false }`
[INFO] running `Command { std: "docker" "rm" "-f" "438de6cbc66bf327f1846b79ba836d15debb4466db031c08617e93b46ca52475", kill_on_drop: false }`
[INFO] [stdout] 438de6cbc66bf327f1846b79ba836d15debb4466db031c08617e93b46ca52475
[INFO] running `Command { std: "docker" "create" "-v" "/var/lib/crater-agent-workspace/builds/worker-4-tc1/target:/opt/rustwide/target:rw,Z" "-v" "/var/lib/crater-agent-workspace/builds/worker-4-tc1/source:/opt/rustwide/workdir:ro,Z" "-v" "/var/lib/crater-agent-workspace/cargo-home:/opt/rustwide/cargo-home:ro,Z" "-v" "/var/lib/crater-agent-workspace/rustup-home:/opt/rustwide/rustup-home:ro,Z" "-e" "SOURCE_DIR=/opt/rustwide/workdir" "-e" "CARGO_TARGET_DIR=/opt/rustwide/target" "-e" "CARGO_INCREMENTAL=0" "-e" "RUST_BACKTRACE=full" "-e" "RUSTFLAGS=--cap-lints=forbid" "-e" "RUSTDOCFLAGS=--cap-lints=forbid" "-e" "CARGO_HOME=/opt/rustwide/cargo-home" "-e" "RUSTUP_HOME=/opt/rustwide/rustup-home" "-w" "/opt/rustwide/workdir" "-m" "1610612736" "--user" "0:0" "--network" "none" "ghcr.io/rust-lang/crates-build-env/linux@sha256:4a844ea9eb2546a2d2c7022eacef16ef2e8229c7fbb2c7d4d55a9ceca922f72d" "/opt/rustwide/cargo-home/bin/cargo" "+nightly-2024-10-28" "build" "--frozen" "--message-format=json", kill_on_drop: false }`
[INFO] [stdout] 8bdd1c2c2a3dfface848e64c9919ffa40051d551824fb44c01987f10a7386db4
[INFO] running `Command { std: "docker" "start" "-a" "8bdd1c2c2a3dfface848e64c9919ffa40051d551824fb44c01987f10a7386db4", kill_on_drop: false }`
[INFO] [stderr]    Compiling serde v1.0.214
[INFO] [stderr]    Compiling minicbor v0.18.0
[INFO] [stderr]    Compiling quote v1.0.37
[INFO] [stderr]    Compiling syn v2.0.86
[INFO] [stderr]    Compiling serde_derive v1.0.214
[INFO] [stderr]    Compiling minicbor-ser v0.2.0 (/opt/rustwide/workdir)
[INFO] [stdout] warning: unused imports: `Cell` and `RefCell`
[INFO] [stdout]   --> src/lib.rs:67:32
[INFO] [stdout]    |
[INFO] [stdout] 67 |     pub use self::core::cell::{Cell, RefCell};
[INFO] [stdout]    |                                ^^^^  ^^^^^^^
[INFO] [stdout]    |
[INFO] [stdout]    = note: `#[warn(unused_imports)]` on by default
[INFO] [stdout] 
[INFO] [stdout] 
[INFO] [stdout] warning: unused import: `self`
[INFO] [stdout]   --> src/lib.rs:68:33
[INFO] [stdout]    |
[INFO] [stdout] 68 |     pub use self::core::clone::{self, Clone};
[INFO] [stdout]    |                                 ^^^^
[INFO] [stdout] 
[INFO] [stdout] 
[INFO] [stdout] warning: unused import: `self`
[INFO] [stdout]   --> src/lib.rs:69:35
[INFO] [stdout]    |
[INFO] [stdout] 69 |     pub use self::core::convert::{self, From, Into};
[INFO] [stdout]    |                                   ^^^^
[INFO] [stdout] 
[INFO] [stdout] 
[INFO] [stdout] warning: unused imports: `Default` and `self`
[INFO] [stdout]   --> src/lib.rs:70:35
[INFO] [stdout]    |
[INFO] [stdout] 70 |     pub use self::core::default::{self, Default};
[INFO] [stdout]    |                                   ^^^^  ^^^^^^^
[INFO] [stdout] 
[INFO] [stdout] 
[INFO] [stdout] warning: unused imports: `Hash` and `self`
[INFO] [stdout]   --> src/lib.rs:72:32
[INFO] [stdout]    |
[INFO] [stdout] 72 |     pub use self::core::hash::{self, Hash};
[INFO] [stdout]    |                                ^^^^  ^^^^
[INFO] [stdout] 
[INFO] [stdout] 
[INFO] [stdout] warning: unused import: `self::core::iter::FusedIterator`
[INFO] [stdout]   --> src/lib.rs:73:13
[INFO] [stdout]    |
[INFO] [stdout] 73 |     pub use self::core::iter::FusedIterator;
[INFO] [stdout]    |             ^^^^^^^^^^^^^^^^^^^^^^^^^^^^^^^
[INFO] [stdout] 
[INFO] [stdout] 
[INFO] [stdout] warning: unused imports: `PhantomData` and `self`
[INFO] [stdout]   --> src/lib.rs:74:34
[INFO] [stdout]    |
[INFO] [stdout] 74 |     pub use self::core::marker::{self, PhantomData};
[INFO] [stdout]    |                                  ^^^^  ^^^^^^^^^^^
[INFO] [stdout] 
[INFO] [stdout] 
[INFO] [stdout] warning: unused imports: `Bound` and `RangeBounds`
[INFO] [stdout]   --> src/lib.rs:75:31
[INFO] [stdout]    |
[INFO] [stdout] 75 |     pub use self::core::ops::{Bound, RangeBounds};
[INFO] [stdout]    |                               ^^^^^  ^^^^^^^^^^^
[INFO] [stdout] 
[INFO] [stdout] 
[INFO] [stdout] warning: unused import: `self`
[INFO] [stdout]   --> src/lib.rs:76:34
[INFO] [stdout]    |
[INFO] [stdout] 76 |     pub use self::core::result::{self, Result};
[INFO] [stdout]    |                                  ^^^^
[INFO] [stdout] 
[INFO] [stdout] 
[INFO] [stdout] warning: unused imports: `borrow`, `cmp`, `iter`, `mem`, `num`, `ops`, and `slice`
[INFO] [stdout]   --> src/lib.rs:77:26
[INFO] [stdout]    |
[INFO] [stdout] 77 |     pub use self::core::{borrow, char, cmp, iter, mem, num, ops, slice, str};
[INFO] [stdout]    |                          ^^^^^^        ^^^  ^^^^  ^^^  ^^^  ^^^  ^^^^^
[INFO] [stdout] 
[INFO] [stdout] 
[INFO] [stdout] warning: unused import: `self`
[INFO] [stdout]   --> src/lib.rs:87:24
[INFO] [stdout]    |
[INFO] [stdout] 87 |     pub use std::vec::{self, Vec};
[INFO] [stdout]    |                        ^^^^
[INFO] [stdout] 
[INFO] [stdout] 
[INFO] [stdout] warning: unused imports: `BTreeMap` and `btree_map`
[INFO] [stdout]   --> src/lib.rs:97:32
[INFO] [stdout]    |
[INFO] [stdout] 97 |     pub use std::collections::{btree_map, BTreeMap};
[INFO] [stdout]    |                                ^^^^^^^^^  ^^^^^^^^
[INFO] [stdout] 
[INFO] [stdout] 
[INFO] [stderr]     Finished `dev` profile [unoptimized + debuginfo] target(s) in 9.39s
[INFO] running `Command { std: "docker" "inspect" "8bdd1c2c2a3dfface848e64c9919ffa40051d551824fb44c01987f10a7386db4", kill_on_drop: false }`
[INFO] running `Command { std: "docker" "rm" "-f" "8bdd1c2c2a3dfface848e64c9919ffa40051d551824fb44c01987f10a7386db4", kill_on_drop: false }`
[INFO] [stdout] 8bdd1c2c2a3dfface848e64c9919ffa40051d551824fb44c01987f10a7386db4
[INFO] running `Command { std: "docker" "create" "-v" "/var/lib/crater-agent-workspace/builds/worker-4-tc1/target:/opt/rustwide/target:rw,Z" "-v" "/var/lib/crater-agent-workspace/builds/worker-4-tc1/source:/opt/rustwide/workdir:ro,Z" "-v" "/var/lib/crater-agent-workspace/cargo-home:/opt/rustwide/cargo-home:ro,Z" "-v" "/var/lib/crater-agent-workspace/rustup-home:/opt/rustwide/rustup-home:ro,Z" "-e" "SOURCE_DIR=/opt/rustwide/workdir" "-e" "CARGO_TARGET_DIR=/opt/rustwide/target" "-e" "CARGO_INCREMENTAL=0" "-e" "RUST_BACKTRACE=full" "-e" "RUSTFLAGS=--cap-lints=forbid" "-e" "RUSTDOCFLAGS=--cap-lints=forbid" "-e" "CARGO_HOME=/opt/rustwide/cargo-home" "-e" "RUSTUP_HOME=/opt/rustwide/rustup-home" "-w" "/opt/rustwide/workdir" "-m" "1610612736" "--user" "0:0" "--network" "none" "ghcr.io/rust-lang/crates-build-env/linux@sha256:4a844ea9eb2546a2d2c7022eacef16ef2e8229c7fbb2c7d4d55a9ceca922f72d" "/opt/rustwide/cargo-home/bin/cargo" "+nightly-2024-10-28" "test" "--frozen" "--no-run" "--message-format=json", kill_on_drop: false }`
[INFO] [stdout] cf0a24c49235ce7e7d5c30e863b7221a97fc97db9f56f3ab93f5ba9413f1d066
[INFO] running `Command { std: "docker" "start" "-a" "cf0a24c49235ce7e7d5c30e863b7221a97fc97db9f56f3ab93f5ba9413f1d066", kill_on_drop: false }`
[INFO] [stdout] warning: unused imports: `Cell` and `RefCell`
[INFO] [stdout]   --> src/lib.rs:67:32
[INFO] [stdout]    |
[INFO] [stdout] 67 |     pub use self::core::cell::{Cell, RefCell};
[INFO] [stdout]    |                                ^^^^  ^^^^^^^
[INFO] [stdout]    |
[INFO] [stdout]    = note: `#[warn(unused_imports)]` on by default
[INFO] [stdout] 
[INFO] [stdout] 
[INFO] [stdout] warning: unused import: `self`
[INFO] [stdout]   --> src/lib.rs:68:33
[INFO] [stdout]    |
[INFO] [stdout] 68 |     pub use self::core::clone::{self, Clone};
[INFO] [stdout]    |                                 ^^^^
[INFO] [stdout] 
[INFO] [stdout] 
[INFO] [stdout] warning: unused import: `self`
[INFO] [stdout]   --> src/lib.rs:69:35
[INFO] [stdout]    |
[INFO] [stdout] 69 |     pub use self::core::convert::{self, From, Into};
[INFO] [stdout]    |                                   ^^^^
[INFO] [stdout] 
[INFO] [stdout] 
[INFO] [stderr]    Compiling minicbor-ser v0.2.0 (/opt/rustwide/workdir)
[INFO] [stdout] warning: unused imports: `Default` and `self`
[INFO] [stdout]   --> src/lib.rs:70:35
[INFO] [stdout]    |
[INFO] [stdout] 70 |     pub use self::core::default::{self, Default};
[INFO] [stdout]    |                                   ^^^^  ^^^^^^^
[INFO] [stdout] 
[INFO] [stdout] 
[INFO] [stdout] warning: unused imports: `Hash` and `self`
[INFO] [stdout]   --> src/lib.rs:72:32
[INFO] [stdout]    |
[INFO] [stdout] 72 |     pub use self::core::hash::{self, Hash};
[INFO] [stdout]    |                                ^^^^  ^^^^
[INFO] [stdout] 
[INFO] [stdout] 
[INFO] [stdout] warning: unused import: `self::core::iter::FusedIterator`
[INFO] [stdout]   --> src/lib.rs:73:13
[INFO] [stdout]    |
[INFO] [stdout] 73 |     pub use self::core::iter::FusedIterator;
[INFO] [stdout]    |             ^^^^^^^^^^^^^^^^^^^^^^^^^^^^^^^
[INFO] [stdout] 
[INFO] [stdout] 
[INFO] [stdout] warning: unused imports: `PhantomData` and `self`
[INFO] [stdout]   --> src/lib.rs:74:34
[INFO] [stdout]    |
[INFO] [stdout] 74 |     pub use self::core::marker::{self, PhantomData};
[INFO] [stdout]    |                                  ^^^^  ^^^^^^^^^^^
[INFO] [stdout] 
[INFO] [stdout] 
[INFO] [stdout] warning: unused imports: `Bound` and `RangeBounds`
[INFO] [stdout]   --> src/lib.rs:75:31
[INFO] [stdout]    |
[INFO] [stdout] 75 |     pub use self::core::ops::{Bound, RangeBounds};
[INFO] [stdout]    |                               ^^^^^  ^^^^^^^^^^^
[INFO] [stdout] 
[INFO] [stdout] 
[INFO] [stdout] warning: unused import: `self`
[INFO] [stdout]   --> src/lib.rs:76:34
[INFO] [stdout]    |
[INFO] [stdout] 76 |     pub use self::core::result::{self, Result};
[INFO] [stdout]    |                                  ^^^^
[INFO] [stdout] 
[INFO] [stdout] 
[INFO] [stdout] warning: unused imports: `borrow`, `cmp`, `iter`, `mem`, `num`, `ops`, and `slice`
[INFO] [stdout]   --> src/lib.rs:77:26
[INFO] [stdout]    |
[INFO] [stdout] 77 |     pub use self::core::{borrow, char, cmp, iter, mem, num, ops, slice, str};
[INFO] [stdout]    |                          ^^^^^^        ^^^  ^^^^  ^^^  ^^^  ^^^  ^^^^^
[INFO] [stdout] 
[INFO] [stdout] 
[INFO] [stdout] warning: unused import: `self`
[INFO] [stdout]   --> src/lib.rs:87:24
[INFO] [stdout]    |
[INFO] [stdout] 87 |     pub use std::vec::{self, Vec};
[INFO] [stdout]    |                        ^^^^
[INFO] [stdout] 
[INFO] [stdout] 
[INFO] [stdout] warning: unused imports: `BTreeMap` and `btree_map`
[INFO] [stdout]   --> src/lib.rs:97:32
[INFO] [stdout]    |
[INFO] [stdout] 97 |     pub use std::collections::{btree_map, BTreeMap};
[INFO] [stdout]    |                                ^^^^^^^^^  ^^^^^^^^
[INFO] [stdout] 
[INFO] [stdout] 
[INFO] [stdout] warning: unused imports: `Cell` and `RefCell`
[INFO] [stdout]   --> src/lib.rs:67:32
[INFO] [stdout]    |
[INFO] [stdout] 67 |     pub use self::core::cell::{Cell, RefCell};
[INFO] [stdout]    |                                ^^^^  ^^^^^^^
[INFO] [stdout]    |
[INFO] [stdout]    = note: `#[warn(unused_imports)]` on by default
[INFO] [stdout] 
[INFO] [stdout] 
[INFO] [stdout] warning: unused import: `self`
[INFO] [stdout]   --> src/lib.rs:68:33
[INFO] [stdout]    |
[INFO] [stdout] 68 |     pub use self::core::clone::{self, Clone};
[INFO] [stdout]    |                                 ^^^^
[INFO] [stdout] 
[INFO] [stdout] 
[INFO] [stdout] warning: unused import: `self`
[INFO] [stdout]   --> src/lib.rs:69:35
[INFO] [stdout]    |
[INFO] [stdout] 69 |     pub use self::core::convert::{self, From, Into};
[INFO] [stdout]    |                                   ^^^^
[INFO] [stdout] 
[INFO] [stdout] 
[INFO] [stdout] warning: unused imports: `Default` and `self`
[INFO] [stdout]   --> src/lib.rs:70:35
[INFO] [stdout]    |
[INFO] [stdout] 70 |     pub use self::core::default::{self, Default};
[INFO] [stdout]    |                                   ^^^^  ^^^^^^^
[INFO] [stdout] 
[INFO] [stdout] 
[INFO] [stdout] warning: unused imports: `Hash` and `self`
[INFO] [stdout]   --> src/lib.rs:72:32
[INFO] [stdout]    |
[INFO] [stdout] 72 |     pub use self::core::hash::{self, Hash};
[INFO] [stdout]    |                                ^^^^  ^^^^
[INFO] [stdout] 
[INFO] [stdout] 
[INFO] [stdout] warning: unused import: `self::core::iter::FusedIterator`
[INFO] [stdout]   --> src/lib.rs:73:13
[INFO] [stdout]    |
[INFO] [stdout] 73 |     pub use self::core::iter::FusedIterator;
[INFO] [stdout]    |             ^^^^^^^^^^^^^^^^^^^^^^^^^^^^^^^
[INFO] [stdout] 
[INFO] [stdout] 
[INFO] [stdout] warning: unused imports: `PhantomData` and `self`
[INFO] [stdout]   --> src/lib.rs:74:34
[INFO] [stdout]    |
[INFO] [stdout] 74 |     pub use self::core::marker::{self, PhantomData};
[INFO] [stdout]    |                                  ^^^^  ^^^^^^^^^^^
[INFO] [stdout] 
[INFO] [stdout] 
[INFO] [stdout] warning: unused imports: `Bound` and `RangeBounds`
[INFO] [stdout]   --> src/lib.rs:75:31
[INFO] [stdout]    |
[INFO] [stdout] 75 |     pub use self::core::ops::{Bound, RangeBounds};
[INFO] [stdout]    |                               ^^^^^  ^^^^^^^^^^^
[INFO] [stdout] 
[INFO] [stdout] 
[INFO] [stdout] warning: unused import: `self`
[INFO] [stdout]   --> src/lib.rs:76:34
[INFO] [stdout]    |
[INFO] [stdout] 76 |     pub use self::core::result::{self, Result};
[INFO] [stdout]    |                                  ^^^^
[INFO] [stdout] 
[INFO] [stdout] 
[INFO] [stdout] warning: unused imports: `borrow`, `cmp`, `iter`, `mem`, `num`, `ops`, and `slice`
[INFO] [stdout]   --> src/lib.rs:77:26
[INFO] [stdout]    |
[INFO] [stdout] 77 |     pub use self::core::{borrow, char, cmp, iter, mem, num, ops, slice, str};
[INFO] [stdout]    |                          ^^^^^^        ^^^  ^^^^  ^^^  ^^^  ^^^  ^^^^^
[INFO] [stdout] 
[INFO] [stdout] 
[INFO] [stdout] warning: unused import: `self`
[INFO] [stdout]   --> src/lib.rs:87:24
[INFO] [stdout]    |
[INFO] [stdout] 87 |     pub use std::vec::{self, Vec};
[INFO] [stdout]    |                        ^^^^
[INFO] [stdout] 
[INFO] [stdout] 
[INFO] [stdout] warning: unused import: `btree_map`
[INFO] [stdout]   --> src/lib.rs:97:32
[INFO] [stdout]    |
[INFO] [stdout] 97 |     pub use std::collections::{btree_map, BTreeMap};
[INFO] [stdout]    |                                ^^^^^^^^^
[INFO] [stdout] 
[INFO] [stdout] 
[INFO] [stderr]     Finished `test` profile [unoptimized + debuginfo] target(s) in 1.16s
[INFO] running `Command { std: "docker" "inspect" "cf0a24c49235ce7e7d5c30e863b7221a97fc97db9f56f3ab93f5ba9413f1d066", kill_on_drop: false }`
[INFO] running `Command { std: "docker" "rm" "-f" "cf0a24c49235ce7e7d5c30e863b7221a97fc97db9f56f3ab93f5ba9413f1d066", kill_on_drop: false }`
[INFO] [stdout] cf0a24c49235ce7e7d5c30e863b7221a97fc97db9f56f3ab93f5ba9413f1d066
[INFO] running `Command { std: "docker" "create" "-v" "/var/lib/crater-agent-workspace/builds/worker-4-tc1/target:/opt/rustwide/target:rw,Z" "-v" "/var/lib/crater-agent-workspace/builds/worker-4-tc1/source:/opt/rustwide/workdir:ro,Z" "-v" "/var/lib/crater-agent-workspace/cargo-home:/opt/rustwide/cargo-home:ro,Z" "-v" "/var/lib/crater-agent-workspace/rustup-home:/opt/rustwide/rustup-home:ro,Z" "-e" "SOURCE_DIR=/opt/rustwide/workdir" "-e" "CARGO_TARGET_DIR=/opt/rustwide/target" "-e" "CARGO_INCREMENTAL=0" "-e" "RUST_BACKTRACE=full" "-e" "RUSTFLAGS=--cap-lints=forbid" "-e" "RUSTDOCFLAGS=--cap-lints=forbid" "-e" "CARGO_HOME=/opt/rustwide/cargo-home" "-e" "RUSTUP_HOME=/opt/rustwide/rustup-home" "-w" "/opt/rustwide/workdir" "-m" "1610612736" "--user" "0:0" "--network" "none" "ghcr.io/rust-lang/crates-build-env/linux@sha256:4a844ea9eb2546a2d2c7022eacef16ef2e8229c7fbb2c7d4d55a9ceca922f72d" "/opt/rustwide/cargo-home/bin/cargo" "+nightly-2024-10-28" "test" "--frozen", kill_on_drop: false }`
[INFO] [stdout] 9200d5d9948f3937a9ab54b85aca955c0544fb560b5ca42ffe10c629d5bfdd52
[INFO] running `Command { std: "docker" "start" "-a" "9200d5d9948f3937a9ab54b85aca955c0544fb560b5ca42ffe10c629d5bfdd52", kill_on_drop: false }`
[INFO] [stderr] warning: unused imports: `Cell` and `RefCell`
[INFO] [stderr]   --> src/lib.rs:67:32
[INFO] [stderr]    |
[INFO] [stderr] 67 |     pub use self::core::cell::{Cell, RefCell};
[INFO] [stderr]    |                                ^^^^  ^^^^^^^
[INFO] [stderr]    |
[INFO] [stderr]    = note: `#[warn(unused_imports)]` on by default
[INFO] [stderr] 
[INFO] [stderr] warning: unused import: `self`
[INFO] [stderr]   --> src/lib.rs:68:33
[INFO] [stderr]    |
[INFO] [stderr] 68 |     pub use self::core::clone::{self, Clone};
[INFO] [stderr]    |                                 ^^^^
[INFO] [stderr] 
[INFO] [stderr] warning: unused import: `self`
[INFO] [stderr]   --> src/lib.rs:69:35
[INFO] [stderr]    |
[INFO] [stderr] 69 |     pub use self::core::convert::{self, From, Into};
[INFO] [stderr]    |                                   ^^^^
[INFO] [stderr] 
[INFO] [stderr] warning: unused imports: `Default` and `self`
[INFO] [stderr]   --> src/lib.rs:70:35
[INFO] [stderr]    |
[INFO] [stderr] 70 |     pub use self::core::default::{self, Default};
[INFO] [stderr]    |                                   ^^^^  ^^^^^^^
[INFO] [stderr] 
[INFO] [stderr] warning: unused imports: `Hash` and `self`
[INFO] [stderr]   --> src/lib.rs:72:32
[INFO] [stderr]    |
[INFO] [stderr] 72 |     pub use self::core::hash::{self, Hash};
[INFO] [stderr]    |                                ^^^^  ^^^^
[INFO] [stderr] 
[INFO] [stderr] warning: unused import: `self::core::iter::FusedIterator`
[INFO] [stderr]   --> src/lib.rs:73:13
[INFO] [stderr]    |
[INFO] [stderr] 73 |     pub use self::core::iter::FusedIterator;
[INFO] [stderr]    |             ^^^^^^^^^^^^^^^^^^^^^^^^^^^^^^^
[INFO] [stderr] 
[INFO] [stderr] warning: unused imports: `PhantomData` and `self`
[INFO] [stderr]   --> src/lib.rs:74:34
[INFO] [stderr]    |
[INFO] [stderr] 74 |     pub use self::core::marker::{self, PhantomData};
[INFO] [stderr]    |                                  ^^^^  ^^^^^^^^^^^
[INFO] [stderr] 
[INFO] [stderr] warning: unused imports: `Bound` and `RangeBounds`
[INFO] [stderr]   --> src/lib.rs:75:31
[INFO] [stderr]    |
[INFO] [stderr] 75 |     pub use self::core::ops::{Bound, RangeBounds};
[INFO] [stderr]    |                               ^^^^^  ^^^^^^^^^^^
[INFO] [stderr] 
[INFO] [stderr] warning: unused import: `self`
[INFO] [stderr]   --> src/lib.rs:76:34
[INFO] [stderr]    |
[INFO] [stderr] 76 |     pub use self::core::result::{self, Result};
[INFO] [stderr]    |                                  ^^^^
[INFO] [stderr] 
[INFO] [stderr] warning: unused imports: `borrow`, `cmp`, `iter`, `mem`, `num`, `ops`, and `slice`
[INFO] [stderr]   --> src/lib.rs:77:26
[INFO] [stderr]    |
[INFO] [stderr] 77 |     pub use self::core::{borrow, char, cmp, iter, mem, num, ops, slice, str};
[INFO] [stderr]    |                          ^^^^^^        ^^^  ^^^^  ^^^  ^^^  ^^^  ^^^^^
[INFO] [stderr] 
[INFO] [stderr] warning: unused import: `self`
[INFO] [stderr]   --> src/lib.rs:87:24
[INFO] [stderr]    |
[INFO] [stderr] 87 |     pub use std::vec::{self, Vec};
[INFO] [stderr]    |                        ^^^^
[INFO] [stderr] 
[INFO] [stderr] warning: unused imports: `BTreeMap` and `btree_map`
[INFO] [stderr]   --> src/lib.rs:97:32
[INFO] [stderr]    |
[INFO] [stderr] 97 |     pub use std::collections::{btree_map, BTreeMap};
[INFO] [stderr]    |                                ^^^^^^^^^  ^^^^^^^^
[INFO] [stderr] 
[INFO] [stderr] warning: unused import: `btree_map`
[INFO] [stderr]   --> src/lib.rs:97:32
[INFO] [stderr]    |
[INFO] [stderr] 97 |     pub use std::collections::{btree_map, BTreeMap};
[INFO] [stderr]    |                                ^^^^^^^^^
[INFO] [stderr] 
[INFO] [stderr] warning: `minicbor-ser` (lib) generated 12 warnings (run `cargo fix --lib -p minicbor-ser` to apply 12 suggestions)
[INFO] [stderr] warning: `minicbor-ser` (lib test) generated 12 warnings (11 duplicates) (run `cargo fix --lib -p minicbor-ser --tests` to apply 1 suggestion)
[INFO] [stderr]     Finished `test` profile [unoptimized + debuginfo] target(s) in 0.03s
[INFO] [stderr]      Running unittests src/lib.rs (/opt/rustwide/target/debug/deps/minicbor_ser-1031715463d91621)
[INFO] [stdout] 
[INFO] [stdout] running 12 tests
[INFO] [stdout] test de::de_test::test_enum ... ok
[INFO] [stdout] test de::de_test::test_struct ... ok
[INFO] [stdout] test de::de_test::test_flat ... ok
[INFO] [stdout] test de::de_test::test_seq ... ok
[INFO] [stdout] test de::de_test::test_tuple ... ok
[INFO] [stdout] test ser::ser_tests::test_map ... ok
[INFO] [stdout] test ser::ser_tests::test_tuple ... ok
[INFO] [stdout] test test_ser ... ok
[INFO] [stdout] test ser::ser_tests::test_array ... ok
[INFO] [stdout] test test_de ... ok
[INFO] [stdout] test ser::ser_tests::test_enum ... ok
[INFO] [stdout] test ser::ser_tests::test_struct ... ok
[INFO] [stdout] 
[INFO] [stdout] test result: ok. 12 passed; 0 failed; 0 ignored; 0 measured; 0 filtered out; finished in 0.02s
[INFO] [stdout] 
[INFO] [stderr]    Doc-tests minicbor_ser
[INFO] [stdout] 
[INFO] [stdout] running 2 tests
[INFO] [stdout] test src/lib.rs - (line 10) ... FAILED
[INFO] [stdout] test src/lib.rs - (line 30) ... FAILED
[INFO] [stdout] 
[INFO] [stdout] failures:
[INFO] [stdout] 
[INFO] [stdout] ---- src/lib.rs - (line 10) stdout ----
[INFO] [stdout] error[E0425]: cannot find function `to_vec` in this scope
[INFO] [stdout]   --> src/lib.rs:21:13
[INFO] [stdout]    |
[INFO] [stdout] 13 | let value = to_vec(&test_struct).unwrap();
[INFO] [stdout]    |             ^^^^^^ not found in this scope
[INFO] [stdout]    |
[INFO] [stdout] help: consider importing one of these functions
[INFO] [stdout]    |
[INFO] [stdout] 2  + use minicbor::to_vec;
[INFO] [stdout]    |
[INFO] [stdout] 2  + use minicbor_ser::to_vec;
[INFO] [stdout]    |
[INFO] [stdout] 
[INFO] [stdout] error: aborting due to 1 previous error
[INFO] [stdout] 
[INFO] [stdout] For more information about this error, try `rustc --explain E0425`.
[INFO] [stdout] Couldn't compile the test.
[INFO] [stdout] ---- src/lib.rs - (line 30) stdout ----
[INFO] [stdout] error[E0425]: cannot find function `from_slice` in this scope
[INFO] [stdout]   --> src/lib.rs:39:25
[INFO] [stdout]    |
[INFO] [stdout] 11 | let value: TestStruct = from_slice(&data[..]).unwrap();
[INFO] [stdout]    |                         ^^^^^^^^^^ not found in this scope
[INFO] [stdout]    |
[INFO] [stdout] help: consider importing this function
[INFO] [stdout]    |
[INFO] [stdout] 2  + use minicbor_ser::from_slice;
[INFO] [stdout]    |
[INFO] [stdout] 
[INFO] [stdout] error: aborting due to 1 previous error
[INFO] [stdout] 
[INFO] [stdout] For more information about this error, try `rustc --explain E0425`.
[INFO] [stdout] Couldn't compile the test.
[INFO] [stdout] 
[INFO] [stdout] failures:
[INFO] [stdout]     src/lib.rs - (line 10)
[INFO] [stdout]     src/lib.rs - (line 30)
[INFO] [stdout] 
[INFO] [stdout] test result: FAILED. 0 passed; 2 failed; 0 ignored; 0 measured; 0 filtered out; finished in 0.12s
[INFO] [stdout] 
[INFO] [stderr] error: doctest failed, to rerun pass `--doc`
[INFO] running `Command { std: "docker" "inspect" "9200d5d9948f3937a9ab54b85aca955c0544fb560b5ca42ffe10c629d5bfdd52", kill_on_drop: false }`
[INFO] running `Command { std: "docker" "rm" "-f" "9200d5d9948f3937a9ab54b85aca955c0544fb560b5ca42ffe10c629d5bfdd52", kill_on_drop: false }`
[INFO] [stdout] 9200d5d9948f3937a9ab54b85aca955c0544fb560b5ca42ffe10c629d5bfdd52
