[INFO] fetching crate minicbor-derive 0.15.3...
[INFO] testing minicbor-derive-0.15.3 against nightly-2024-10-28+rustflags=-Zrandomize-layout for randomize-layout
[INFO] extracting crate minicbor-derive 0.15.3 into /workspace/builds/worker-7-tc2/source
[INFO] validating manifest of crates.io crate minicbor-derive 0.15.3 on toolchain nightly-2024-10-28
[INFO] running `Command { std: CARGO_HOME="/workspace/cargo-home" RUSTUP_HOME="/workspace/rustup-home" "/workspace/cargo-home/bin/cargo" "+nightly-2024-10-28" "metadata" "--manifest-path" "Cargo.toml" "--no-deps", kill_on_drop: false }`
[INFO] started tweaking crates.io crate minicbor-derive 0.15.3
[INFO] finished tweaking crates.io crate minicbor-derive 0.15.3
[INFO] tweaked toml for crates.io crate minicbor-derive 0.15.3 written to /workspace/builds/worker-7-tc2/source/Cargo.toml
[INFO] running `Command { std: CARGO_HOME="/workspace/cargo-home" RUSTUP_HOME="/workspace/rustup-home" "/workspace/cargo-home/bin/cargo" "+nightly-2024-10-28" "generate-lockfile" "--manifest-path" "Cargo.toml", kill_on_drop: false }`
[INFO] [stderr]     Updating crates.io index
[INFO] [stderr]      Locking 4 packages to latest compatible versions
[INFO] running `Command { std: CARGO_HOME="/workspace/cargo-home" RUSTUP_HOME="/workspace/rustup-home" "/workspace/cargo-home/bin/cargo" "+nightly-2024-10-28" "fetch" "--manifest-path" "Cargo.toml", kill_on_drop: false }`
[INFO] running `Command { std: "docker" "create" "-v" "/var/lib/crater-agent-workspace/builds/worker-7-tc2/target:/opt/rustwide/target:rw,Z" "-v" "/var/lib/crater-agent-workspace/builds/worker-7-tc2/source:/opt/rustwide/workdir:ro,Z" "-v" "/var/lib/crater-agent-workspace/cargo-home:/opt/rustwide/cargo-home:ro,Z" "-v" "/var/lib/crater-agent-workspace/rustup-home:/opt/rustwide/rustup-home:ro,Z" "-e" "SOURCE_DIR=/opt/rustwide/workdir" "-e" "CARGO_TARGET_DIR=/opt/rustwide/target" "-e" "CARGO_HOME=/opt/rustwide/cargo-home" "-e" "RUSTUP_HOME=/opt/rustwide/rustup-home" "-w" "/opt/rustwide/workdir" "-m" "1610612736" "--user" "0:0" "--network" "none" "ghcr.io/rust-lang/crates-build-env/linux@sha256:4a844ea9eb2546a2d2c7022eacef16ef2e8229c7fbb2c7d4d55a9ceca922f72d" "/opt/rustwide/cargo-home/bin/cargo" "+nightly-2024-10-28" "metadata" "--no-deps" "--format-version=1", kill_on_drop: false }`
[INFO] [stdout] 10f6f2c07842695b48789dc5df67799f436e6d4be33ad342b6be4fe1d413afd6
[INFO] running `Command { std: "docker" "start" "-a" "10f6f2c07842695b48789dc5df67799f436e6d4be33ad342b6be4fe1d413afd6", kill_on_drop: false }`
[INFO] running `Command { std: "docker" "inspect" "10f6f2c07842695b48789dc5df67799f436e6d4be33ad342b6be4fe1d413afd6", kill_on_drop: false }`
[INFO] running `Command { std: "docker" "rm" "-f" "10f6f2c07842695b48789dc5df67799f436e6d4be33ad342b6be4fe1d413afd6", kill_on_drop: false }`
[INFO] [stdout] 10f6f2c07842695b48789dc5df67799f436e6d4be33ad342b6be4fe1d413afd6
[INFO] running `Command { std: "docker" "create" "-v" "/var/lib/crater-agent-workspace/builds/worker-7-tc2/target:/opt/rustwide/target:rw,Z" "-v" "/var/lib/crater-agent-workspace/builds/worker-7-tc2/source:/opt/rustwide/workdir:ro,Z" "-v" "/var/lib/crater-agent-workspace/cargo-home:/opt/rustwide/cargo-home:ro,Z" "-v" "/var/lib/crater-agent-workspace/rustup-home:/opt/rustwide/rustup-home:ro,Z" "-e" "SOURCE_DIR=/opt/rustwide/workdir" "-e" "CARGO_TARGET_DIR=/opt/rustwide/target" "-e" "CARGO_INCREMENTAL=0" "-e" "RUST_BACKTRACE=full" "-e" "RUSTFLAGS=--cap-lints=forbid -Zrandomize-layout" "-e" "RUSTDOCFLAGS=--cap-lints=forbid" "-e" "CARGO_HOME=/opt/rustwide/cargo-home" "-e" "RUSTUP_HOME=/opt/rustwide/rustup-home" "-w" "/opt/rustwide/workdir" "-m" "1610612736" "--user" "0:0" "--network" "none" "ghcr.io/rust-lang/crates-build-env/linux@sha256:4a844ea9eb2546a2d2c7022eacef16ef2e8229c7fbb2c7d4d55a9ceca922f72d" "/opt/rustwide/cargo-home/bin/cargo" "+nightly-2024-10-28" "build" "--frozen" "--message-format=json", kill_on_drop: false }`
[INFO] [stdout] 0d5369169c59928dd9b6adbb6149d2093b3c9b97cb82355306c0e12376fdfd4d
[INFO] running `Command { std: "docker" "start" "-a" "0d5369169c59928dd9b6adbb6149d2093b3c9b97cb82355306c0e12376fdfd4d", kill_on_drop: false }`
[INFO] [stderr]    Compiling syn v2.0.86
[INFO] [stderr]    Compiling minicbor-derive v0.15.3 (/opt/rustwide/workdir)
[INFO] [stderr]     Finished `dev` profile [unoptimized + debuginfo] target(s) in 4.03s
[INFO] running `Command { std: "docker" "inspect" "0d5369169c59928dd9b6adbb6149d2093b3c9b97cb82355306c0e12376fdfd4d", kill_on_drop: false }`
[INFO] running `Command { std: "docker" "rm" "-f" "0d5369169c59928dd9b6adbb6149d2093b3c9b97cb82355306c0e12376fdfd4d", kill_on_drop: false }`
[INFO] [stdout] 0d5369169c59928dd9b6adbb6149d2093b3c9b97cb82355306c0e12376fdfd4d
[INFO] running `Command { std: "docker" "create" "-v" "/var/lib/crater-agent-workspace/builds/worker-7-tc2/target:/opt/rustwide/target:rw,Z" "-v" "/var/lib/crater-agent-workspace/builds/worker-7-tc2/source:/opt/rustwide/workdir:ro,Z" "-v" "/var/lib/crater-agent-workspace/cargo-home:/opt/rustwide/cargo-home:ro,Z" "-v" "/var/lib/crater-agent-workspace/rustup-home:/opt/rustwide/rustup-home:ro,Z" "-e" "SOURCE_DIR=/opt/rustwide/workdir" "-e" "CARGO_TARGET_DIR=/opt/rustwide/target" "-e" "CARGO_INCREMENTAL=0" "-e" "RUST_BACKTRACE=full" "-e" "RUSTFLAGS=--cap-lints=forbid -Zrandomize-layout" "-e" "RUSTDOCFLAGS=--cap-lints=forbid" "-e" "CARGO_HOME=/opt/rustwide/cargo-home" "-e" "RUSTUP_HOME=/opt/rustwide/rustup-home" "-w" "/opt/rustwide/workdir" "-m" "1610612736" "--user" "0:0" "--network" "none" "ghcr.io/rust-lang/crates-build-env/linux@sha256:4a844ea9eb2546a2d2c7022eacef16ef2e8229c7fbb2c7d4d55a9ceca922f72d" "/opt/rustwide/cargo-home/bin/cargo" "+nightly-2024-10-28" "test" "--frozen" "--no-run" "--message-format=json", kill_on_drop: false }`
[INFO] [stdout] e17b207c61b0de8e1314e8496d7141d4751459fcf57b546d608dc4f63392f605
[INFO] running `Command { std: "docker" "start" "-a" "e17b207c61b0de8e1314e8496d7141d4751459fcf57b546d608dc4f63392f605", kill_on_drop: false }`
[INFO] [stderr]    Compiling minicbor-derive v0.15.3 (/opt/rustwide/workdir)
[INFO] [stderr]     Finished `test` profile [unoptimized + debuginfo] target(s) in 1.30s
[INFO] running `Command { std: "docker" "inspect" "e17b207c61b0de8e1314e8496d7141d4751459fcf57b546d608dc4f63392f605", kill_on_drop: false }`
[INFO] running `Command { std: "docker" "rm" "-f" "e17b207c61b0de8e1314e8496d7141d4751459fcf57b546d608dc4f63392f605", kill_on_drop: false }`
[INFO] [stdout] e17b207c61b0de8e1314e8496d7141d4751459fcf57b546d608dc4f63392f605
[INFO] running `Command { std: "docker" "create" "-v" "/var/lib/crater-agent-workspace/builds/worker-7-tc2/target:/opt/rustwide/target:rw,Z" "-v" "/var/lib/crater-agent-workspace/builds/worker-7-tc2/source:/opt/rustwide/workdir:ro,Z" "-v" "/var/lib/crater-agent-workspace/cargo-home:/opt/rustwide/cargo-home:ro,Z" "-v" "/var/lib/crater-agent-workspace/rustup-home:/opt/rustwide/rustup-home:ro,Z" "-e" "SOURCE_DIR=/opt/rustwide/workdir" "-e" "CARGO_TARGET_DIR=/opt/rustwide/target" "-e" "CARGO_INCREMENTAL=0" "-e" "RUST_BACKTRACE=full" "-e" "RUSTFLAGS=--cap-lints=forbid -Zrandomize-layout" "-e" "RUSTDOCFLAGS=--cap-lints=forbid" "-e" "CARGO_HOME=/opt/rustwide/cargo-home" "-e" "RUSTUP_HOME=/opt/rustwide/rustup-home" "-w" "/opt/rustwide/workdir" "-m" "1610612736" "--user" "0:0" "--network" "none" "ghcr.io/rust-lang/crates-build-env/linux@sha256:4a844ea9eb2546a2d2c7022eacef16ef2e8229c7fbb2c7d4d55a9ceca922f72d" "/opt/rustwide/cargo-home/bin/cargo" "+nightly-2024-10-28" "test" "--frozen", kill_on_drop: false }`
[INFO] [stdout] d410eef2764e05c6c6b0372cd525b0aab2cf98fd1dfea7f295cd7408bddc8df2
[INFO] running `Command { std: "docker" "start" "-a" "d410eef2764e05c6c6b0372cd525b0aab2cf98fd1dfea7f295cd7408bddc8df2", kill_on_drop: false }`
[INFO] [stderr]     Finished `test` profile [unoptimized + debuginfo] target(s) in 0.01s
[INFO] [stderr]      Running unittests src/lib.rs (/opt/rustwide/target/debug/deps/minicbor_derive-d0688c47de98754d)
[INFO] [stdout] 
[INFO] [stdout] running 0 tests
[INFO] [stdout] 
[INFO] [stdout] test result: ok. 0 passed; 0 failed; 0 ignored; 0 measured; 0 filtered out; finished in 0.00s
[INFO] [stdout] 
[INFO] [stderr]    Doc-tests minicbor_derive
[INFO] [stdout] 
[INFO] [stdout] running 8 tests
[INFO] [stdout] test src/lib.rs - (line 246) - compile ... ok
[INFO] [stdout] test src/lib.rs - (line 187) - compile ... FAILED
[INFO] [stdout] test src/lib.rs - (line 171) - compile ... FAILED
[INFO] [stdout] test src/lib.rs - (line 234) - compile ... ok
[INFO] [stdout] test src/lib.rs - (line 215) - compile ... ok
[INFO] [stdout] test src/lib.rs - (line 282) - compile ... FAILED
[INFO] [stdout] test src/lib.rs - (line 366) ... FAILED
[INFO] [stdout] test src/lib.rs - (line 49) ... FAILED
[INFO] [stdout] 
[INFO] [stdout] failures:
[INFO] [stdout] 
[INFO] [stdout] ---- src/lib.rs - (line 187) stdout ----
[INFO] [stdout] error[E0433]: failed to resolve: use of undeclared crate or module `minicbor`
[INFO] [stdout]  --> src/lib.rs:188:5
[INFO] [stdout]   |
[INFO] [stdout] 3 | use minicbor::encode::{Encoder, Error, Write};
[INFO] [stdout]   |     ^^^^^^^^ use of undeclared crate or module `minicbor`
[INFO] [stdout] 
[INFO] [stdout] error: aborting due to 1 previous error
[INFO] [stdout] 
[INFO] [stdout] For more information about this error, try `rustc --explain E0433`.
[INFO] [stdout] Couldn't compile the test.
[INFO] [stdout] ---- src/lib.rs - (line 171) stdout ----
[INFO] [stdout] error[E0433]: failed to resolve: use of undeclared crate or module `minicbor`
[INFO] [stdout]  --> src/lib.rs:172:5
[INFO] [stdout]   |
[INFO] [stdout] 3 | use minicbor::decode::{Decoder, Error};
[INFO] [stdout]   |     ^^^^^^^^ use of undeclared crate or module `minicbor`
[INFO] [stdout] 
[INFO] [stdout] error: aborting due to 1 previous error
[INFO] [stdout] 
[INFO] [stdout] For more information about this error, try `rustc --explain E0433`.
[INFO] [stdout] Couldn't compile the test.
[INFO] [stdout] ---- src/lib.rs - (line 282) stdout ----
[INFO] [stdout] error[E0432]: unresolved import `minicbor`
[INFO] [stdout]  --> src/lib.rs:283:5
[INFO] [stdout]   |
[INFO] [stdout] 3 | use minicbor::{Encode, Decode};
[INFO] [stdout]   |     ^^^^^^^^ use of undeclared crate or module `minicbor`
[INFO] [stdout] 
[INFO] [stdout] error[E0433]: failed to resolve: use of undeclared crate or module `minicbor`
[INFO] [stdout]  --> src/lib.rs:284:5
[INFO] [stdout]   |
[INFO] [stdout] 4 | use minicbor::decode::{self, Decoder};
[INFO] [stdout]   |     ^^^^^^^^ use of undeclared crate or module `minicbor`
[INFO] [stdout] 
[INFO] [stdout] error[E0432]: unresolved import `minicbor`
[INFO] [stdout]  --> src/lib.rs:284:5
[INFO] [stdout]   |
[INFO] [stdout] 4 | use minicbor::decode::{self, Decoder};
[INFO] [stdout]   |     ^^^^^^^^ use of undeclared crate or module `minicbor`
[INFO] [stdout] 
[INFO] [stdout] error: cannot find attribute `cbor` in this scope
[INFO] [stdout]   --> src/lib.rs:321:3
[INFO] [stdout]    |
[INFO] [stdout] 41 | #[cbor(context_bound = "AsMut<AC> + AsMut<BC>")]
[INFO] [stdout]    |   ^^^^
[INFO] [stdout] 
[INFO] [stdout] error: cannot find attribute `n` in this scope
[INFO] [stdout]   --> src/lib.rs:323:7
[INFO] [stdout]    |
[INFO] [stdout] 43 |     #[n(0)] a: A,
[INFO] [stdout]    |       ^
[INFO] [stdout] 
[INFO] [stdout] error: cannot find attribute `n` in this scope
[INFO] [stdout]   --> src/lib.rs:324:7
[INFO] [stdout]    |
[INFO] [stdout] 44 |     #[n(1)] b: B
[INFO] [stdout]    |       ^
[INFO] [stdout] 
[INFO] [stdout] error: aborting due to 6 previous errors
[INFO] [stdout] 
[INFO] [stdout] Some errors have detailed explanations: E0432, E0433.
[INFO] [stdout] For more information about an error, try `rustc --explain E0432`.
[INFO] [stdout] Couldn't compile the test.
[INFO] [stdout] ---- src/lib.rs - (line 366) stdout ----
[INFO] [stdout] error[E0432]: unresolved import `minicbor`
[INFO] [stdout]  --> src/lib.rs:367:5
[INFO] [stdout]   |
[INFO] [stdout] 3 | use minicbor::{Encode, Decode};
[INFO] [stdout]   |     ^^^^^^^^ use of undeclared crate or module `minicbor`
[INFO] [stdout] 
[INFO] [stdout] error: cannot find attribute `cbor` in this scope
[INFO] [stdout]  --> src/lib.rs:371:7
[INFO] [stdout]   |
[INFO] [stdout] 7 |     #[cbor(n(0), with = "minicbor::bytes")]
[INFO] [stdout]   |       ^^^^
[INFO] [stdout] 
[INFO] [stdout] error: cannot find attribute `n` in this scope
[INFO] [stdout]   --> src/lib.rs:374:7
[INFO] [stdout]    |
[INFO] [stdout] 10 |     #[n(1)]
[INFO] [stdout]    |       ^
[INFO] [stdout] 
[INFO] [stdout] error: cannot find attribute `cbor` in this scope
[INFO] [stdout]   --> src/lib.rs:375:7
[INFO] [stdout]    |
[INFO] [stdout] 11 |     #[cbor(encode_with = "minicbor::bytes::encode")]
[INFO] [stdout]    |       ^^^^
[INFO] [stdout] 
[INFO] [stdout] error: cannot find attribute `cbor` in this scope
[INFO] [stdout]   --> src/lib.rs:376:7
[INFO] [stdout]    |
[INFO] [stdout] 12 |     #[cbor(decode_with = "minicbor::bytes::decode")]
[INFO] [stdout]    |       ^^^^
[INFO] [stdout] 
[INFO] [stdout] error: cannot find attribute `cbor` in this scope
[INFO] [stdout]   --> src/lib.rs:379:7
[INFO] [stdout]    |
[INFO] [stdout] 15 |     #[cbor(n(2), with = "minicbor::bytes")]
[INFO] [stdout]    |       ^^^^
[INFO] [stdout] 
[INFO] [stdout] error: cannot find attribute `cbor` in this scope
[INFO] [stdout]   --> src/lib.rs:382:7
[INFO] [stdout]    |
[INFO] [stdout] 18 |     #[cbor(n(3), with = "minicbor::bytes")]
[INFO] [stdout]    |       ^^^^
[INFO] [stdout] 
[INFO] [stdout] error: cannot find attribute `cbor` in this scope
[INFO] [stdout]   --> src/lib.rs:385:7
[INFO] [stdout]    |
[INFO] [stdout] 21 |     #[cbor(n(4), with = "minicbor::bytes")]
[INFO] [stdout]    |       ^^^^
[INFO] [stdout] 
[INFO] [stdout] error: aborting due to 8 previous errors
[INFO] [stdout] 
[INFO] [stdout] For more information about this error, try `rustc --explain E0432`.
[INFO] [stdout] Couldn't compile the test.
[INFO] [stdout] ---- src/lib.rs - (line 49) stdout ----
[INFO] [stdout] error[E0432]: unresolved import `minicbor`
[INFO] [stdout]  --> src/lib.rs:50:5
[INFO] [stdout]   |
[INFO] [stdout] 3 | use minicbor::{Encode, Decode};
[INFO] [stdout]   |     ^^^^^^^^ use of undeclared crate or module `minicbor`
[INFO] [stdout] 
[INFO] [stdout] error: cannot find attribute `n` in this scope
[INFO] [stdout]   --> src/lib.rs:68:7
[INFO] [stdout]    |
[INFO] [stdout] 21 |     #[n(0)] Start,
[INFO] [stdout]    |       ^
[INFO] [stdout] 
[INFO] [stdout] error: cannot find attribute `n` in this scope
[INFO] [stdout]   --> src/lib.rs:69:7
[INFO] [stdout]    |
[INFO] [stdout] 22 |     #[n(1)] Search { #[n(0)] info: u64 }
[INFO] [stdout]    |       ^
[INFO] [stdout] 
[INFO] [stdout] error: cannot find attribute `n` in this scope
[INFO] [stdout]   --> src/lib.rs:69:24
[INFO] [stdout]    |
[INFO] [stdout] 22 |     #[n(1)] Search { #[n(0)] info: u64 }
[INFO] [stdout]    |                        ^
[INFO] [stdout] 
[INFO] [stdout] error: cannot find attribute `n` in this scope
[INFO] [stdout]   --> src/lib.rs:60:7
[INFO] [stdout]    |
[INFO] [stdout] 13 |     #[n(0)] left: Point,
[INFO] [stdout]    |       ^
[INFO] [stdout] 
[INFO] [stdout] error: cannot find attribute `n` in this scope
[INFO] [stdout]   --> src/lib.rs:61:7
[INFO] [stdout]    |
[INFO] [stdout] 14 |     #[n(1)] right: Point,
[INFO] [stdout]    |       ^
[INFO] [stdout] 
[INFO] [stdout] error: cannot find attribute `n` in this scope
[INFO] [stdout]   --> src/lib.rs:62:7
[INFO] [stdout]    |
[INFO] [stdout] 15 |     #[n(2)] points: Vec<Point>,
[INFO] [stdout]    |       ^
[INFO] [stdout] 
[INFO] [stdout] error: cannot find attribute `n` in this scope
[INFO] [stdout]   --> src/lib.rs:63:7
[INFO] [stdout]    |
[INFO] [stdout] 16 |     #[n(3)] state: Option<State>
[INFO] [stdout]    |       ^
[INFO] [stdout] 
[INFO] [stdout] error: cannot find attribute `n` in this scope
[INFO] [stdout]  --> src/lib.rs:54:7
[INFO] [stdout]   |
[INFO] [stdout] 7 |     #[n(0)] x: f64,
[INFO] [stdout]   |       ^
[INFO] [stdout] 
[INFO] [stdout] error: cannot find attribute `n` in this scope
[INFO] [stdout]  --> src/lib.rs:55:7
[INFO] [stdout]   |
[INFO] [stdout] 8 |     #[n(1)] y: f64
[INFO] [stdout]   |       ^
[INFO] [stdout] 
[INFO] [stdout] error: aborting due to 10 previous errors
[INFO] [stdout] 
[INFO] [stdout] For more information about this error, try `rustc --explain E0432`.
[INFO] [stdout] Couldn't compile the test.
[INFO] [stdout] 
[INFO] [stdout] failures:
[INFO] [stdout]     src/lib.rs - (line 171)
[INFO] [stdout]     src/lib.rs - (line 187)
[INFO] [stdout]     src/lib.rs - (line 282)
[INFO] [stdout]     src/lib.rs - (line 366)
[INFO] [stdout]     src/lib.rs - (line 49)
[INFO] [stdout] 
[INFO] [stdout] test result: FAILED. 3 passed; 5 failed; 0 ignored; 0 measured; 0 filtered out; finished in 0.12s
[INFO] [stdout] 
[INFO] [stderr] error: doctest failed, to rerun pass `--doc`
[INFO] running `Command { std: "docker" "inspect" "d410eef2764e05c6c6b0372cd525b0aab2cf98fd1dfea7f295cd7408bddc8df2", kill_on_drop: false }`
[INFO] running `Command { std: "docker" "rm" "-f" "d410eef2764e05c6c6b0372cd525b0aab2cf98fd1dfea7f295cd7408bddc8df2", kill_on_drop: false }`
[INFO] [stdout] d410eef2764e05c6c6b0372cd525b0aab2cf98fd1dfea7f295cd7408bddc8df2
