[INFO] fetching crate midi2 0.6.2...
[INFO] testing midi2-0.6.2 against nightly-2024-10-28 for randomize-layout
[INFO] extracting crate midi2 0.6.2 into /workspace/builds/worker-0-tc1/source
[INFO] validating manifest of crates.io crate midi2 0.6.2 on toolchain nightly-2024-10-28
[INFO] running `Command { std: CARGO_HOME="/workspace/cargo-home" RUSTUP_HOME="/workspace/rustup-home" "/workspace/cargo-home/bin/cargo" "+nightly-2024-10-28" "metadata" "--manifest-path" "Cargo.toml" "--no-deps", kill_on_drop: false }`
[INFO] started tweaking crates.io crate midi2 0.6.2
[INFO] finished tweaking crates.io crate midi2 0.6.2
[INFO] tweaked toml for crates.io crate midi2 0.6.2 written to /workspace/builds/worker-0-tc1/source/Cargo.toml
[INFO] crate crates.io crate midi2 0.6.2 already has a lockfile, it will not be regenerated
[INFO] running `Command { std: CARGO_HOME="/workspace/cargo-home" RUSTUP_HOME="/workspace/rustup-home" "/workspace/cargo-home/bin/cargo" "+nightly-2024-10-28" "fetch" "--manifest-path" "Cargo.toml", kill_on_drop: false }`
[INFO] [stderr]     Updating crates.io index
[INFO] [stderr]  Downloading crates ...
[INFO] [stderr]   Downloaded midi2_proc v0.6.2
[INFO] [stderr]   Downloaded ux v0.1.6
[INFO] running `Command { std: "docker" "create" "-v" "/var/lib/crater-agent-workspace/builds/worker-0-tc1/target:/opt/rustwide/target:rw,Z" "-v" "/var/lib/crater-agent-workspace/builds/worker-0-tc1/source:/opt/rustwide/workdir:ro,Z" "-v" "/var/lib/crater-agent-workspace/cargo-home:/opt/rustwide/cargo-home:ro,Z" "-v" "/var/lib/crater-agent-workspace/rustup-home:/opt/rustwide/rustup-home:ro,Z" "-e" "SOURCE_DIR=/opt/rustwide/workdir" "-e" "CARGO_TARGET_DIR=/opt/rustwide/target" "-e" "CARGO_HOME=/opt/rustwide/cargo-home" "-e" "RUSTUP_HOME=/opt/rustwide/rustup-home" "-w" "/opt/rustwide/workdir" "-m" "1610612736" "--user" "0:0" "--network" "none" "ghcr.io/rust-lang/crates-build-env/linux@sha256:4a844ea9eb2546a2d2c7022eacef16ef2e8229c7fbb2c7d4d55a9ceca922f72d" "/opt/rustwide/cargo-home/bin/cargo" "+nightly-2024-10-28" "metadata" "--no-deps" "--format-version=1", kill_on_drop: false }`
[INFO] [stdout] 4e724a01113ede39b327615ac6a440fc423c251a368b1ed1f40e5652d2b6c8d6
[INFO] running `Command { std: "docker" "start" "-a" "4e724a01113ede39b327615ac6a440fc423c251a368b1ed1f40e5652d2b6c8d6", kill_on_drop: false }`
[INFO] running `Command { std: "docker" "inspect" "4e724a01113ede39b327615ac6a440fc423c251a368b1ed1f40e5652d2b6c8d6", kill_on_drop: false }`
[INFO] running `Command { std: "docker" "rm" "-f" "4e724a01113ede39b327615ac6a440fc423c251a368b1ed1f40e5652d2b6c8d6", kill_on_drop: false }`
[INFO] [stdout] 4e724a01113ede39b327615ac6a440fc423c251a368b1ed1f40e5652d2b6c8d6
[INFO] running `Command { std: "docker" "create" "-v" "/var/lib/crater-agent-workspace/builds/worker-0-tc1/target:/opt/rustwide/target:rw,Z" "-v" "/var/lib/crater-agent-workspace/builds/worker-0-tc1/source:/opt/rustwide/workdir:ro,Z" "-v" "/var/lib/crater-agent-workspace/cargo-home:/opt/rustwide/cargo-home:ro,Z" "-v" "/var/lib/crater-agent-workspace/rustup-home:/opt/rustwide/rustup-home:ro,Z" "-e" "SOURCE_DIR=/opt/rustwide/workdir" "-e" "CARGO_TARGET_DIR=/opt/rustwide/target" "-e" "CARGO_INCREMENTAL=0" "-e" "RUST_BACKTRACE=full" "-e" "RUSTFLAGS=--cap-lints=forbid" "-e" "RUSTDOCFLAGS=--cap-lints=forbid" "-e" "CARGO_HOME=/opt/rustwide/cargo-home" "-e" "RUSTUP_HOME=/opt/rustwide/rustup-home" "-w" "/opt/rustwide/workdir" "-m" "1610612736" "--user" "0:0" "--network" "none" "ghcr.io/rust-lang/crates-build-env/linux@sha256:4a844ea9eb2546a2d2c7022eacef16ef2e8229c7fbb2c7d4d55a9ceca922f72d" "/opt/rustwide/cargo-home/bin/cargo" "+nightly-2024-10-28" "build" "--frozen" "--message-format=json", kill_on_drop: false }`
[INFO] [stdout] 5990372b93b848d971c7ce003b0674777ccc859cf6fcb289f1fb3cffc9a50929
[INFO] running `Command { std: "docker" "start" "-a" "5990372b93b848d971c7ce003b0674777ccc859cf6fcb289f1fb3cffc9a50929", kill_on_drop: false }`
[INFO] [stderr]    Compiling proc-macro2 v1.0.81
[INFO] [stderr]    Compiling unicode-ident v1.0.12
[INFO] [stderr]    Compiling syn v1.0.109
[INFO] [stderr]    Compiling az v1.2.1
[INFO] [stderr]    Compiling typenum v1.17.0
[INFO] [stderr]    Compiling fixed v1.27.0
[INFO] [stderr]    Compiling cfg-if v1.0.0
[INFO] [stderr]    Compiling bytemuck v1.16.1
[INFO] [stderr]    Compiling half v2.4.1
[INFO] [stderr]    Compiling ux v0.1.6
[INFO] [stderr]    Compiling quote v1.0.36
[INFO] [stderr]    Compiling syn v2.0.60
[INFO] [stderr]    Compiling derive_more v0.99.17
[INFO] [stderr]    Compiling midi2_proc v0.6.2
[INFO] [stderr]    Compiling midi2 v0.6.2 (/opt/rustwide/workdir)
[INFO] [stdout] warning: methods `crumb` and `set_crumb` are never used
[INFO] [stdout]  --> src/detail/bit_ops.rs:6:8
[INFO] [stdout]   |
[INFO] [stdout] 3 | pub trait BitOps {
[INFO] [stdout]   |           ------ methods in this trait
[INFO] [stdout] ...
[INFO] [stdout] 6 |     fn crumb(&self, index: usize) -> u2;
[INFO] [stdout]   |        ^^^^^
[INFO] [stdout] 7 |     fn set_crumb(&mut self, index: usize, v: u2) -> &mut Self;
[INFO] [stdout]   |        ^^^^^^^^^
[INFO] [stdout]   |
[INFO] [stdout]   = note: `#[warn(dead_code)]` on by default
[INFO] [stdout] 
[INFO] [stdout] 
[INFO] [stdout] warning: type alias `ChannelProperty` is never used
[INFO] [stdout]   --> src/detail/common_properties.rs:95:10
[INFO] [stdout]    |
[INFO] [stdout] 95 | pub type ChannelProperty = HybridSchemaProperty<
[INFO] [stdout]    |          ^^^^^^^^^^^^^^^
[INFO] [stdout] 
[INFO] [stdout] 
[INFO] [stdout] warning: constant `ERR_INCONSISTENT_GROUPS` is never used
[INFO] [stdout]  --> src/detail/helpers.rs:9:11
[INFO] [stdout]   |
[INFO] [stdout] 9 | pub const ERR_INCONSISTENT_GROUPS: &str = "Inconsistent groups across packets";
[INFO] [stdout]   |           ^^^^^^^^^^^^^^^^^^^^^^^
[INFO] [stdout] 
[INFO] [stdout] 
[INFO] [stdout] warning: constant `ERR_SYSEX_EXPECTED_COMPLETE` is never used
[INFO] [stdout]   --> src/detail/helpers.rs:30:11
[INFO] [stdout]    |
[INFO] [stdout] 30 | pub const ERR_SYSEX_EXPECTED_COMPLETE: &str = "Expected Complete packet";
[INFO] [stdout]    |           ^^^^^^^^^^^^^^^^^^^^^^^^^^^
[INFO] [stdout] 
[INFO] [stdout] 
[INFO] [stdout] warning: constant `ERR_SYSEX_EXPECTED_BEGIN` is never used
[INFO] [stdout]   --> src/detail/helpers.rs:31:11
[INFO] [stdout]    |
[INFO] [stdout] 31 | pub const ERR_SYSEX_EXPECTED_BEGIN: &str = "Expected Begin packet";
[INFO] [stdout]    |           ^^^^^^^^^^^^^^^^^^^^^^^^
[INFO] [stdout] 
[INFO] [stdout] 
[INFO] [stdout] warning: constant `ERR_SYSEX_EXPECTED_CONTINUE` is never used
[INFO] [stdout]   --> src/detail/helpers.rs:32:11
[INFO] [stdout]    |
[INFO] [stdout] 32 | pub const ERR_SYSEX_EXPECTED_CONTINUE: &str = "Expected Continue packet";
[INFO] [stdout]    |           ^^^^^^^^^^^^^^^^^^^^^^^^^^^
[INFO] [stdout] 
[INFO] [stdout] 
[INFO] [stdout] warning: constant `ERR_SYSEX_EXPECTED_END` is never used
[INFO] [stdout]   --> src/detail/helpers.rs:33:11
[INFO] [stdout]    |
[INFO] [stdout] 33 | pub const ERR_SYSEX_EXPECTED_END: &str = "Expected End packet";
[INFO] [stdout]    |           ^^^^^^^^^^^^^^^^^^^^^^
[INFO] [stdout] 
[INFO] [stdout] 
[INFO] [stdout] warning: constant `ERR_EMPTY_MESSAGE` is never used
[INFO] [stdout]   --> src/detail/helpers.rs:34:11
[INFO] [stdout]    |
[INFO] [stdout] 34 | pub const ERR_EMPTY_MESSAGE: &str = "The message buffer is empty";
[INFO] [stdout]    |           ^^^^^^^^^^^^^^^^^
[INFO] [stdout] 
[INFO] [stdout] 
[INFO] [stdout] warning: function `try_set_sysex_data` is never used
[INFO] [stdout]   --> src/detail/helpers.rs:92:8
[INFO] [stdout]    |
[INFO] [stdout] 92 | pub fn try_set_sysex_data<
[INFO] [stdout]    |        ^^^^^^^^^^^^^^^^^^
[INFO] [stdout] 
[INFO] [stdout] 
[INFO] [stdout] warning: function `set_sysex_data` is never used
[INFO] [stdout]    --> src/detail/helpers.rs:113:8
[INFO] [stdout]     |
[INFO] [stdout] 113 | pub fn set_sysex_data<
[INFO] [stdout]     |        ^^^^^^^^^^^^^^
[INFO] [stdout] 
[INFO] [stdout] 
[INFO] [stdout] warning: function `try_set_sysex_data` is never used
[INFO] [stdout]    --> src/detail/helpers.rs:131:12
[INFO] [stdout]     |
[INFO] [stdout] 131 |     pub fn try_set_sysex_data<
[INFO] [stdout]     |            ^^^^^^^^^^^^^^^^^^
[INFO] [stdout] 
[INFO] [stdout] 
[INFO] [stdout] warning: trait `ResizeProperty` is never used
[INFO] [stdout]   --> src/detail/property.rs:26:11
[INFO] [stdout]    |
[INFO] [stdout] 26 | pub trait ResizeProperty<B: crate::buffer::Buffer + crate::buffer::BufferMut>:
[INFO] [stdout]    |           ^^^^^^^^^^^^^^
[INFO] [stdout] 
[INFO] [stdout] 
[INFO] [stdout] warning: trait `SysexInternal` is never used
[INFO] [stdout]    --> src/traits.rs:505:18
[INFO] [stdout]     |
[INFO] [stdout] 505 | pub(crate) trait SysexInternal<B: crate::buffer::Buffer>: Sysex<B> {
[INFO] [stdout]     |                  ^^^^^^^^^^^^^
[INFO] [stdout] 
[INFO] [stdout] 
[INFO] [stderr]     Finished `dev` profile [unoptimized + debuginfo] target(s) in 15.89s
[INFO] running `Command { std: "docker" "inspect" "5990372b93b848d971c7ce003b0674777ccc859cf6fcb289f1fb3cffc9a50929", kill_on_drop: false }`
[INFO] running `Command { std: "docker" "rm" "-f" "5990372b93b848d971c7ce003b0674777ccc859cf6fcb289f1fb3cffc9a50929", kill_on_drop: false }`
[INFO] [stdout] 5990372b93b848d971c7ce003b0674777ccc859cf6fcb289f1fb3cffc9a50929
[INFO] running `Command { std: "docker" "create" "-v" "/var/lib/crater-agent-workspace/builds/worker-0-tc1/target:/opt/rustwide/target:rw,Z" "-v" "/var/lib/crater-agent-workspace/builds/worker-0-tc1/source:/opt/rustwide/workdir:ro,Z" "-v" "/var/lib/crater-agent-workspace/cargo-home:/opt/rustwide/cargo-home:ro,Z" "-v" "/var/lib/crater-agent-workspace/rustup-home:/opt/rustwide/rustup-home:ro,Z" "-e" "SOURCE_DIR=/opt/rustwide/workdir" "-e" "CARGO_TARGET_DIR=/opt/rustwide/target" "-e" "CARGO_INCREMENTAL=0" "-e" "RUST_BACKTRACE=full" "-e" "RUSTFLAGS=--cap-lints=forbid" "-e" "RUSTDOCFLAGS=--cap-lints=forbid" "-e" "CARGO_HOME=/opt/rustwide/cargo-home" "-e" "RUSTUP_HOME=/opt/rustwide/rustup-home" "-w" "/opt/rustwide/workdir" "-m" "1610612736" "--user" "0:0" "--network" "none" "ghcr.io/rust-lang/crates-build-env/linux@sha256:4a844ea9eb2546a2d2c7022eacef16ef2e8229c7fbb2c7d4d55a9ceca922f72d" "/opt/rustwide/cargo-home/bin/cargo" "+nightly-2024-10-28" "test" "--frozen" "--no-run" "--message-format=json", kill_on_drop: false }`
[INFO] [stdout] b3e23cf73953ca43a39ceedf8ce967a98976c33ad94f597e45a2e22a7daca187
[INFO] running `Command { std: "docker" "start" "-a" "b3e23cf73953ca43a39ceedf8ce967a98976c33ad94f597e45a2e22a7daca187", kill_on_drop: false }`
[INFO] [stderr]    Compiling diff v0.1.13
[INFO] [stderr]    Compiling yansi v0.5.1
[INFO] [stdout] warning: methods `crumb` and `set_crumb` are never used
[INFO] [stdout]  --> src/detail/bit_ops.rs:6:8
[INFO] [stdout]   |
[INFO] [stdout] 3 | pub trait BitOps {
[INFO] [stdout]   |           ------ methods in this trait
[INFO] [stdout] ...
[INFO] [stdout] 6 |     fn crumb(&self, index: usize) -> u2;
[INFO] [stdout]   |        ^^^^^
[INFO] [stdout] 7 |     fn set_crumb(&mut self, index: usize, v: u2) -> &mut Self;
[INFO] [stdout]   |        ^^^^^^^^^
[INFO] [stdout]   |
[INFO] [stdout]   = note: `#[warn(dead_code)]` on by default
[INFO] [stdout] 
[INFO] [stdout] 
[INFO] [stdout] warning: type alias `ChannelProperty` is never used
[INFO] [stdout]   --> src/detail/common_properties.rs:95:10
[INFO] [stdout]    |
[INFO] [stdout] 95 | pub type ChannelProperty = HybridSchemaProperty<
[INFO] [stdout]    |          ^^^^^^^^^^^^^^^
[INFO] [stdout] 
[INFO] [stdout] 
[INFO] [stdout] warning: constant `ERR_INCONSISTENT_GROUPS` is never used
[INFO] [stdout]  --> src/detail/helpers.rs:9:11
[INFO] [stdout]   |
[INFO] [stdout] 9 | pub const ERR_INCONSISTENT_GROUPS: &str = "Inconsistent groups across packets";
[INFO] [stdout]   |           ^^^^^^^^^^^^^^^^^^^^^^^
[INFO] [stdout] 
[INFO] [stdout] 
[INFO] [stdout] warning: constant `ERR_SYSEX_EXPECTED_COMPLETE` is never used
[INFO] [stdout]   --> src/detail/helpers.rs:30:11
[INFO] [stdout]    |
[INFO] [stdout] 30 | pub const ERR_SYSEX_EXPECTED_COMPLETE: &str = "Expected Complete packet";
[INFO] [stdout]    |           ^^^^^^^^^^^^^^^^^^^^^^^^^^^
[INFO] [stdout] 
[INFO] [stdout] 
[INFO] [stdout] warning: constant `ERR_SYSEX_EXPECTED_BEGIN` is never used
[INFO] [stdout]   --> src/detail/helpers.rs:31:11
[INFO] [stdout]    |
[INFO] [stdout] 31 | pub const ERR_SYSEX_EXPECTED_BEGIN: &str = "Expected Begin packet";
[INFO] [stdout]    |           ^^^^^^^^^^^^^^^^^^^^^^^^
[INFO] [stdout] 
[INFO] [stdout] 
[INFO] [stdout] warning: constant `ERR_SYSEX_EXPECTED_CONTINUE` is never used
[INFO] [stdout]   --> src/detail/helpers.rs:32:11
[INFO] [stdout]    |
[INFO] [stdout] 32 | pub const ERR_SYSEX_EXPECTED_CONTINUE: &str = "Expected Continue packet";
[INFO] [stdout]    |           ^^^^^^^^^^^^^^^^^^^^^^^^^^^
[INFO] [stdout] 
[INFO] [stdout] 
[INFO] [stdout] warning: constant `ERR_SYSEX_EXPECTED_END` is never used
[INFO] [stdout]   --> src/detail/helpers.rs:33:11
[INFO] [stdout]    |
[INFO] [stdout] 33 | pub const ERR_SYSEX_EXPECTED_END: &str = "Expected End packet";
[INFO] [stdout]    |           ^^^^^^^^^^^^^^^^^^^^^^
[INFO] [stdout] 
[INFO] [stdout] 
[INFO] [stdout] warning: constant `ERR_EMPTY_MESSAGE` is never used
[INFO] [stdout]   --> src/detail/helpers.rs:34:11
[INFO] [stdout]    |
[INFO] [stdout] 34 | pub const ERR_EMPTY_MESSAGE: &str = "The message buffer is empty";
[INFO] [stdout]    |           ^^^^^^^^^^^^^^^^^
[INFO] [stdout] 
[INFO] [stdout] 
[INFO] [stdout] warning: function `try_set_sysex_data` is never used
[INFO] [stdout]   --> src/detail/helpers.rs:92:8
[INFO] [stdout]    |
[INFO] [stdout] 92 | pub fn try_set_sysex_data<
[INFO] [stdout]    |        ^^^^^^^^^^^^^^^^^^
[INFO] [stdout] 
[INFO] [stdout] 
[INFO] [stdout] warning: function `set_sysex_data` is never used
[INFO] [stdout]    --> src/detail/helpers.rs:113:8
[INFO] [stdout]     |
[INFO] [stdout] 113 | pub fn set_sysex_data<
[INFO] [stdout]     |        ^^^^^^^^^^^^^^
[INFO] [stdout] 
[INFO] [stdout] 
[INFO] [stdout] warning: function `try_set_sysex_data` is never used
[INFO] [stdout]    --> src/detail/helpers.rs:131:12
[INFO] [stdout]     |
[INFO] [stdout] 131 |     pub fn try_set_sysex_data<
[INFO] [stdout]     |            ^^^^^^^^^^^^^^^^^^
[INFO] [stdout] 
[INFO] [stdout] 
[INFO] [stdout] warning: trait `ResizeProperty` is never used
[INFO] [stdout]   --> src/detail/property.rs:26:11
[INFO] [stdout]    |
[INFO] [stdout] 26 | pub trait ResizeProperty<B: crate::buffer::Buffer + crate::buffer::BufferMut>:
[INFO] [stdout]    |           ^^^^^^^^^^^^^^
[INFO] [stdout] 
[INFO] [stdout] 
[INFO] [stdout] warning: trait `SysexInternal` is never used
[INFO] [stdout]    --> src/traits.rs:505:18
[INFO] [stdout]     |
[INFO] [stdout] 505 | pub(crate) trait SysexInternal<B: crate::buffer::Buffer>: Sysex<B> {
[INFO] [stdout]     |                  ^^^^^^^^^^^^^
[INFO] [stdout] 
[INFO] [stdout] 
[INFO] [stderr]    Compiling pretty_assertions v1.4.0
[INFO] [stderr]    Compiling midi2 v0.6.2 (/opt/rustwide/workdir)
[INFO] [stdout] warning: type alias `ChannelProperty` is never used
[INFO] [stdout]   --> src/detail/common_properties.rs:95:10
[INFO] [stdout]    |
[INFO] [stdout] 95 | pub type ChannelProperty = HybridSchemaProperty<
[INFO] [stdout]    |          ^^^^^^^^^^^^^^^
[INFO] [stdout]    |
[INFO] [stdout]    = note: `#[warn(dead_code)]` on by default
[INFO] [stdout] 
[INFO] [stdout] 
[INFO] [stdout] warning: constant `ERR_INCONSISTENT_GROUPS` is never used
[INFO] [stdout]  --> src/detail/helpers.rs:9:11
[INFO] [stdout]   |
[INFO] [stdout] 9 | pub const ERR_INCONSISTENT_GROUPS: &str = "Inconsistent groups across packets";
[INFO] [stdout]   |           ^^^^^^^^^^^^^^^^^^^^^^^
[INFO] [stdout] 
[INFO] [stdout] 
[INFO] [stdout] warning: constant `ERR_SYSEX_EXPECTED_COMPLETE` is never used
[INFO] [stdout]   --> src/detail/helpers.rs:30:11
[INFO] [stdout]    |
[INFO] [stdout] 30 | pub const ERR_SYSEX_EXPECTED_COMPLETE: &str = "Expected Complete packet";
[INFO] [stdout]    |           ^^^^^^^^^^^^^^^^^^^^^^^^^^^
[INFO] [stdout] 
[INFO] [stdout] 
[INFO] [stdout] warning: constant `ERR_SYSEX_EXPECTED_BEGIN` is never used
[INFO] [stdout]   --> src/detail/helpers.rs:31:11
[INFO] [stdout]    |
[INFO] [stdout] 31 | pub const ERR_SYSEX_EXPECTED_BEGIN: &str = "Expected Begin packet";
[INFO] [stdout]    |           ^^^^^^^^^^^^^^^^^^^^^^^^
[INFO] [stdout] 
[INFO] [stdout] 
[INFO] [stdout] warning: constant `ERR_SYSEX_EXPECTED_CONTINUE` is never used
[INFO] [stdout]   --> src/detail/helpers.rs:32:11
[INFO] [stdout]    |
[INFO] [stdout] 32 | pub const ERR_SYSEX_EXPECTED_CONTINUE: &str = "Expected Continue packet";
[INFO] [stdout]    |           ^^^^^^^^^^^^^^^^^^^^^^^^^^^
[INFO] [stdout] 
[INFO] [stdout] 
[INFO] [stdout] warning: constant `ERR_SYSEX_EXPECTED_END` is never used
[INFO] [stdout]   --> src/detail/helpers.rs:33:11
[INFO] [stdout]    |
[INFO] [stdout] 33 | pub const ERR_SYSEX_EXPECTED_END: &str = "Expected End packet";
[INFO] [stdout]    |           ^^^^^^^^^^^^^^^^^^^^^^
[INFO] [stdout] 
[INFO] [stdout] 
[INFO] [stdout] warning: constant `ERR_EMPTY_MESSAGE` is never used
[INFO] [stdout]   --> src/detail/helpers.rs:34:11
[INFO] [stdout]    |
[INFO] [stdout] 34 | pub const ERR_EMPTY_MESSAGE: &str = "The message buffer is empty";
[INFO] [stdout]    |           ^^^^^^^^^^^^^^^^^
[INFO] [stdout] 
[INFO] [stdout] 
[INFO] [stdout] warning: function `try_set_sysex_data` is never used
[INFO] [stdout]   --> src/detail/helpers.rs:92:8
[INFO] [stdout]    |
[INFO] [stdout] 92 | pub fn try_set_sysex_data<
[INFO] [stdout]    |        ^^^^^^^^^^^^^^^^^^
[INFO] [stdout] 
[INFO] [stdout] 
[INFO] [stdout] warning: function `set_sysex_data` is never used
[INFO] [stdout]    --> src/detail/helpers.rs:113:8
[INFO] [stdout]     |
[INFO] [stdout] 113 | pub fn set_sysex_data<
[INFO] [stdout]     |        ^^^^^^^^^^^^^^
[INFO] [stdout] 
[INFO] [stdout] 
[INFO] [stdout] warning: function `try_set_sysex_data` is never used
[INFO] [stdout]    --> src/detail/helpers.rs:131:12
[INFO] [stdout]     |
[INFO] [stdout] 131 |     pub fn try_set_sysex_data<
[INFO] [stdout]     |            ^^^^^^^^^^^^^^^^^^
[INFO] [stdout] 
[INFO] [stdout] 
[INFO] [stdout] warning: trait `ResizeProperty` is never used
[INFO] [stdout]   --> src/detail/property.rs:26:11
[INFO] [stdout]    |
[INFO] [stdout] 26 | pub trait ResizeProperty<B: crate::buffer::Buffer + crate::buffer::BufferMut>:
[INFO] [stdout]    |           ^^^^^^^^^^^^^^
[INFO] [stdout] 
[INFO] [stdout] 
[INFO] [stdout] warning: associated function `new` is never used
[INFO] [stdout]  --> src/detail/test_support/rubbish_payload_iterator.rs:7:12
[INFO] [stdout]   |
[INFO] [stdout] 6 | impl RubbishPayloadIterator {
[INFO] [stdout]   | --------------------------- associated function in this implementation
[INFO] [stdout] 7 |     pub fn new() -> Self {
[INFO] [stdout]   |            ^^^
[INFO] [stdout] 
[INFO] [stdout] 
[INFO] [stdout] warning: trait `SysexInternal` is never used
[INFO] [stdout]    --> src/traits.rs:505:18
[INFO] [stdout]     |
[INFO] [stdout] 505 | pub(crate) trait SysexInternal<B: crate::buffer::Buffer>: Sysex<B> {
[INFO] [stdout]     |                  ^^^^^^^^^^^^^
[INFO] [stdout] 
[INFO] [stdout] 
[INFO] [stderr]     Finished `test` profile [unoptimized + debuginfo] target(s) in 2.24s
[INFO] running `Command { std: "docker" "inspect" "b3e23cf73953ca43a39ceedf8ce967a98976c33ad94f597e45a2e22a7daca187", kill_on_drop: false }`
[INFO] running `Command { std: "docker" "rm" "-f" "b3e23cf73953ca43a39ceedf8ce967a98976c33ad94f597e45a2e22a7daca187", kill_on_drop: false }`
[INFO] [stdout] b3e23cf73953ca43a39ceedf8ce967a98976c33ad94f597e45a2e22a7daca187
[INFO] running `Command { std: "docker" "create" "-v" "/var/lib/crater-agent-workspace/builds/worker-0-tc1/target:/opt/rustwide/target:rw,Z" "-v" "/var/lib/crater-agent-workspace/builds/worker-0-tc1/source:/opt/rustwide/workdir:ro,Z" "-v" "/var/lib/crater-agent-workspace/cargo-home:/opt/rustwide/cargo-home:ro,Z" "-v" "/var/lib/crater-agent-workspace/rustup-home:/opt/rustwide/rustup-home:ro,Z" "-e" "SOURCE_DIR=/opt/rustwide/workdir" "-e" "CARGO_TARGET_DIR=/opt/rustwide/target" "-e" "CARGO_INCREMENTAL=0" "-e" "RUST_BACKTRACE=full" "-e" "RUSTFLAGS=--cap-lints=forbid" "-e" "RUSTDOCFLAGS=--cap-lints=forbid" "-e" "CARGO_HOME=/opt/rustwide/cargo-home" "-e" "RUSTUP_HOME=/opt/rustwide/rustup-home" "-w" "/opt/rustwide/workdir" "-m" "1610612736" "--user" "0:0" "--network" "none" "ghcr.io/rust-lang/crates-build-env/linux@sha256:4a844ea9eb2546a2d2c7022eacef16ef2e8229c7fbb2c7d4d55a9ceca922f72d" "/opt/rustwide/cargo-home/bin/cargo" "+nightly-2024-10-28" "test" "--frozen", kill_on_drop: false }`
[INFO] [stdout] 62efff9981143170c1a6ff24fcd9d1db5067d047f53fa508bee76cd2901ef06a
[INFO] running `Command { std: "docker" "start" "-a" "62efff9981143170c1a6ff24fcd9d1db5067d047f53fa508bee76cd2901ef06a", kill_on_drop: false }`
[INFO] [stderr] warning: methods `crumb` and `set_crumb` are never used
[INFO] [stderr]  --> src/detail/bit_ops.rs:6:8
[INFO] [stderr]   |
[INFO] [stderr] 3 | pub trait BitOps {
[INFO] [stderr]   |           ------ methods in this trait
[INFO] [stderr] ...
[INFO] [stderr] 6 |     fn crumb(&self, index: usize) -> u2;
[INFO] [stderr]   |        ^^^^^
[INFO] [stderr] 7 |     fn set_crumb(&mut self, index: usize, v: u2) -> &mut Self;
[INFO] [stderr]   |        ^^^^^^^^^
[INFO] [stderr]   |
[INFO] [stderr]   = note: `#[warn(dead_code)]` on by default
[INFO] [stderr] 
[INFO] [stderr] warning: type alias `ChannelProperty` is never used
[INFO] [stderr]   --> src/detail/common_properties.rs:95:10
[INFO] [stderr]    |
[INFO] [stderr] 95 | pub type ChannelProperty = HybridSchemaProperty<
[INFO] [stderr]    |          ^^^^^^^^^^^^^^^
[INFO] [stderr] 
[INFO] [stderr] warning: constant `ERR_INCONSISTENT_GROUPS` is never used
[INFO] [stderr]  --> src/detail/helpers.rs:9:11
[INFO] [stderr]   |
[INFO] [stderr] 9 | pub const ERR_INCONSISTENT_GROUPS: &str = "Inconsistent groups across packets";
[INFO] [stderr]   |           ^^^^^^^^^^^^^^^^^^^^^^^
[INFO] [stderr] 
[INFO] [stderr] warning: constant `ERR_SYSEX_EXPECTED_COMPLETE` is never used
[INFO] [stderr]   --> src/detail/helpers.rs:30:11
[INFO] [stderr]    |
[INFO] [stderr] 30 | pub const ERR_SYSEX_EXPECTED_COMPLETE: &str = "Expected Complete packet";
[INFO] [stderr]    |           ^^^^^^^^^^^^^^^^^^^^^^^^^^^
[INFO] [stderr] 
[INFO] [stderr] warning: constant `ERR_SYSEX_EXPECTED_BEGIN` is never used
[INFO] [stderr]   --> src/detail/helpers.rs:31:11
[INFO] [stderr]    |
[INFO] [stderr] 31 | pub const ERR_SYSEX_EXPECTED_BEGIN: &str = "Expected Begin packet";
[INFO] [stderr]    |           ^^^^^^^^^^^^^^^^^^^^^^^^
[INFO] [stderr] 
[INFO] [stderr] warning: constant `ERR_SYSEX_EXPECTED_CONTINUE` is never used
[INFO] [stderr]   --> src/detail/helpers.rs:32:11
[INFO] [stderr]    |
[INFO] [stderr] 32 | pub const ERR_SYSEX_EXPECTED_CONTINUE: &str = "Expected Continue packet";
[INFO] [stderr]    |           ^^^^^^^^^^^^^^^^^^^^^^^^^^^
[INFO] [stderr] 
[INFO] [stderr] warning: constant `ERR_SYSEX_EXPECTED_END` is never used
[INFO] [stderr]   --> src/detail/helpers.rs:33:11
[INFO] [stderr]    |
[INFO] [stderr] 33 | pub const ERR_SYSEX_EXPECTED_END: &str = "Expected End packet";
[INFO] [stderr]    |           ^^^^^^^^^^^^^^^^^^^^^^
[INFO] [stderr] 
[INFO] [stderr] warning: constant `ERR_EMPTY_MESSAGE` is never used
[INFO] [stderr]   --> src/detail/helpers.rs:34:11
[INFO] [stderr]    |
[INFO] [stderr] 34 | pub const ERR_EMPTY_MESSAGE: &str = "The message buffer is empty";
[INFO] [stderr]    |           ^^^^^^^^^^^^^^^^^
[INFO] [stderr] 
[INFO] [stderr] warning: function `try_set_sysex_data` is never used
[INFO] [stderr]   --> src/detail/helpers.rs:92:8
[INFO] [stderr]    |
[INFO] [stderr] 92 | pub fn try_set_sysex_data<
[INFO] [stderr]    |        ^^^^^^^^^^^^^^^^^^
[INFO] [stderr] 
[INFO] [stderr] warning: function `set_sysex_data` is never used
[INFO] [stderr]    --> src/detail/helpers.rs:113:8
[INFO] [stderr]     |
[INFO] [stderr] 113 | pub fn set_sysex_data<
[INFO] [stderr]     |        ^^^^^^^^^^^^^^
[INFO] [stderr] 
[INFO] [stderr] warning: function `try_set_sysex_data` is never used
[INFO] [stderr]    --> src/detail/helpers.rs:131:12
[INFO] [stderr]     |
[INFO] [stderr] 131 |     pub fn try_set_sysex_data<
[INFO] [stderr]     |            ^^^^^^^^^^^^^^^^^^
[INFO] [stderr] 
[INFO] [stderr] warning: trait `ResizeProperty` is never used
[INFO] [stderr]   --> src/detail/property.rs:26:11
[INFO] [stderr]    |
[INFO] [stderr] 26 | pub trait ResizeProperty<B: crate::buffer::Buffer + crate::buffer::BufferMut>:
[INFO] [stderr]    |           ^^^^^^^^^^^^^^
[INFO] [stderr] 
[INFO] [stderr] warning: trait `SysexInternal` is never used
[INFO] [stderr]    --> src/traits.rs:505:18
[INFO] [stderr]     |
[INFO] [stderr] 505 | pub(crate) trait SysexInternal<B: crate::buffer::Buffer>: Sysex<B> {
[INFO] [stderr]     |                  ^^^^^^^^^^^^^
[INFO] [stderr] 
[INFO] [stderr] warning: `midi2` (lib) generated 13 warnings
[INFO] [stderr] warning: type alias `ChannelProperty` is never used
[INFO] [stderr]   --> src/detail/common_properties.rs:95:10
[INFO] [stderr]    |
[INFO] [stderr] 95 | pub type ChannelProperty = HybridSchemaProperty<
[INFO] [stderr]    |          ^^^^^^^^^^^^^^^
[INFO] [stderr]    |
[INFO] [stderr]    = note: `#[warn(dead_code)]` on by default
[INFO] [stderr] 
[INFO] [stderr] warning: associated function `new` is never used
[INFO] [stderr]  --> src/detail/test_support/rubbish_payload_iterator.rs:7:12
[INFO] [stderr]   |
[INFO] [stderr] 6 | impl RubbishPayloadIterator {
[INFO] [stderr]   | --------------------------- associated function in this implementation
[INFO] [stderr] 7 |     pub fn new() -> Self {
[INFO] [stderr]   |            ^^^
[INFO] [stderr] 
[INFO] [stderr] warning: `midi2` (lib test) generated 13 warnings (11 duplicates)
[INFO] [stderr]     Finished `test` profile [unoptimized + debuginfo] target(s) in 0.03s
[INFO] [stdout] 
[INFO] [stderr]      Running unittests src/lib.rs (/opt/rustwide/target/debug/deps/midi2-c0bb0cf74fee75eb)
[INFO] [stdout] running 93 tests
[INFO] [stdout] test channel_voice2::assignable_controller::tests::bank ... ok
[INFO] [stdout] test channel_voice2::assignable_controller::tests::index ... ok
[INFO] [stdout] test channel_voice2::assignable_controller::tests::channel ... ok
[INFO] [stdout] test channel_voice2::assignable_controller::tests::packets ... ok
[INFO] [stdout] test channel_voice2::assignable_controller::tests::controller_data ... ok
[INFO] [stdout] test channel_voice2::assignable_controller::tests::setters ... ok
[INFO] [stdout] test channel_voice2::assignable_controller::tests::group ... ok
[INFO] [stdout] test channel_voice2::assignable_per_note_controller::tests::builder ... ok
[INFO] [stdout] test channel_voice2::assignable_per_note_controller::tests::controller_data ... ok
[INFO] [stdout] test channel_voice2::assignable_per_note_controller::tests::channel ... ok
[INFO] [stdout] test channel_voice2::assignable_per_note_controller::tests::group ... ok
[INFO] [stdout] test channel_voice2::assignable_per_note_controller::tests::note_number ... ok
[INFO] [stdout] test channel_voice2::assignable_per_note_controller::tests::index ... ok
[INFO] [stdout] test channel_voice2::attribute::tests::from_packet_generic ... ok
[INFO] [stdout] test channel_voice2::attribute::tests::from_packet_invalid ... ok
[INFO] [stdout] test channel_voice2::attribute::tests::from_packet_pitch7_9 ... ok
[INFO] [stdout] test channel_voice2::attribute::tests::write_attribute_generic ... ok
[INFO] [stdout] test channel_voice2::attribute::tests::write_attribute_none ... ok
[INFO] [stdout] test channel_voice2::attribute::tests::write_attribute_pitch7_9 ... ok
[INFO] [stdout] test channel_voice2::channel_pitch_bend::tests::builder ... ok
[INFO] [stdout] test channel_voice2::channel_pressure::tests::new_arr_2 ... ok
[INFO] [stdout] test channel_voice2::channel_pressure::tests::channel_pressure_data ... ok
[INFO] [stdout] test channel_voice2::channel_pitch_bend::tests::pitch_bend_data ... ok
[INFO] [stdout] test channel_voice2::attribute::tests::from_packet_none ... ok
[INFO] [stdout] test channel_voice2::channel_pressure::tests::setter ... ok
[INFO] [stdout] test channel_voice2::control_change::tests::control ... ok
[INFO] [stdout] test channel_voice2::channel_pressure::tests::new_arr_3 ... ok
[INFO] [stdout] test channel_voice2::control_change::tests::control_change_data ... ok
[INFO] [stdout] test channel_voice2::control_change::tests::setters ... ok
[INFO] [stdout] test channel_voice2::key_pressure::tests::key_pressure_data ... ok
[INFO] [stdout] test channel_voice2::note_off::tests::attribute ... ok
[INFO] [stdout] test channel_voice2::note_off::tests::builder ... ok
[INFO] [stdout] test channel_voice2::note_off::tests::builder_no_attribute ... ok
[INFO] [stdout] test channel_voice2::note_on::tests::attribute ... ok
[INFO] [stdout] test channel_voice2::key_pressure::tests::note_number ... ok
[INFO] [stdout] test channel_voice2::note_off::tests::volocity ... ok
[INFO] [stdout] test channel_voice2::note_on::tests::builder_no_attribute ... ok
[INFO] [stdout] test channel_voice2::note_on::tests::builder ... ok
[INFO] [stdout] test channel_voice2::note_on::tests::note_number ... ok
[INFO] [stdout] test channel_voice2::note_on::tests::volocity ... ok
[INFO] [stdout] test channel_voice2::per_note_management::tests::detach ... ok
[INFO] [stdout] test channel_voice2::per_note_management::tests::reset ... ok
[INFO] [stdout] test channel_voice2::per_note_management::tests::setters ... ok
[INFO] [stdout] test channel_voice2::per_note_pitch_bend::tests::builder ... ok
[INFO] [stdout] test channel_voice2::per_note_pitch_bend::tests::note_number ... ok
[INFO] [stdout] test channel_voice2::program_change::tests::builder ... ok
[INFO] [stdout] test channel_voice2::per_note_pitch_bend::tests::pitch_bend_data ... ok
[INFO] [stdout] test channel_voice2::program_change::tests::builder_no_bank ... ok
[INFO] [stdout] test channel_voice2::program_change::tests::bank ... ok
[INFO] [stdout] test channel_voice2::per_note_management::tests::note_number ... ok
[INFO] [stdout] test channel_voice2::program_change::tests::program ... ok
[INFO] [stdout] test channel_voice2::program_change::tests::no_bank ... ok
[INFO] [stdout] test channel_voice2::registered_controller::tests::builder ... ok
[INFO] [stdout] test channel_voice2::registered_controller::tests::controller_data ... ok
[INFO] [stdout] test channel_voice2::key_pressure::tests::builder ... ok
[INFO] [stdout] test channel_voice2::note_off::tests::note_number ... ok
[INFO] [stdout] test channel_voice2::registered_controller::tests::bank ... ok
[INFO] [stdout] test channel_voice2::registered_controller::tests::index ... ok
[INFO] [stdout] test channel_voice2::registered_per_note_controller::tests::builder ... ok
[INFO] [stdout] test channel_voice2::registered_per_note_controller::tests::controller ... ok
[INFO] [stdout] test channel_voice2::registered_per_note_controller::tests::note_number ... ok
[INFO] [stdout] test channel_voice2::relative_assignable_controller::tests::builder ... ok
[INFO] [stdout] test channel_voice2::relative_assignable_controller::tests::controller_data ... ok
[INFO] [stdout] test channel_voice2::relative_assignable_controller::tests::index ... ok
[INFO] [stdout] test channel_voice2::registered_controller::tests::data ... ok
[INFO] [stdout] test channel_voice2::relative_assignable_controller::tests::bank ... ok
[INFO] [stdout] test channel_voice2::relative_registered_controller::tests::bank ... ok
[INFO] [stdout] test channel_voice2::relative_registered_controller::tests::builder ... ok
[INFO] [stdout] test channel_voice2::relative_registered_controller::tests::index ... ok
[INFO] [stdout] test channel_voice2::test::channel ... ok
[INFO] [stdout] test channel_voice2::test::packets ... ok
[INFO] [stdout] test channel_voice2::test::rebuffer_from_array ... ok
[INFO] [stdout] test detail::bit_ops::tests_u32::bit ... ok
[INFO] [stdout] test detail::bit_ops::tests_u32::crumb ... ok
[INFO] [stdout] test detail::bit_ops::tests_u32::nibble ... ok
[INFO] [stdout] test detail::bit_ops::tests_u32::octet ... ok
[INFO] [stdout] test detail::bit_ops::tests_u32::set_bit ... ok
[INFO] [stdout] test detail::bit_ops::tests_u32::set_nibble ... ok
[INFO] [stdout] test detail::bit_ops::tests_u32::set_octet ... ok
[INFO] [stdout] test detail::bit_ops::tests_u32::set_word ... ok
[INFO] [stdout] test detail::bit_ops::tests_u32::word ... ok
[INFO] [stdout] test detail::bit_ops::tests_u8::bit ... ok
[INFO] [stdout] test detail::bit_ops::tests_u8::bit_u7 ... ok
[INFO] [stdout] test detail::bit_ops::tests_u8::nibble ... ok
[INFO] [stdout] test detail::bit_ops::tests_u8::octet ... ok
[INFO] [stdout] test detail::bit_ops::tests_u8::septet ... ok
[INFO] [stdout] test detail::bit_ops::tests_u8::set_bit ... ok
[INFO] [stdout] test detail::bit_ops::tests_u8::set_bit_u7 ... ok
[INFO] [stdout] test detail::bit_ops::tests_u8::set_nibble ... ok
[INFO] [stdout] test detail::bit_ops::tests_u8::set_octet ... ok
[INFO] [stdout] test message::tests::from_level2_channel_voice2 ... ok
[INFO] [stdout] test channel_voice2::relative_registered_controller::tests::controller_data ... ok
[INFO] [stdout] test detail::bit_ops::tests_u32::set_crumb ... ok
[INFO] [stdout] 
[INFO] [stderr]    Doc-tests midi2
[INFO] [stdout] test result: ok. 93 passed; 0 failed; 0 ignored; 0 measured; 0 filtered out; finished in 0.02s
[INFO] [stdout] 
[INFO] [stdout] 
[INFO] [stdout] running 38 tests
[INFO] [stdout] test src/../README.md - (line 133) ... FAILED
[INFO] [stdout] test src/../README.md - (line 253) ... FAILED
[INFO] [stdout] test src/../README.md - (line 168) ... FAILED
[INFO] [stdout] test src/../README.md - (line 241) ... FAILED
[INFO] [stdout] test src/../README.md - (line 107) ... FAILED
[INFO] [stdout] test src/buffer.rs - buffer (line 57) - compile fail ... FAILED
[INFO] [stdout] test src/../README.md - (line 22) ... FAILED
[INFO] [stdout] test src/../README.md - (line 63) ... FAILED
[INFO] [stdout] test src/buffer.rs - buffer (line 76) ... FAILED
[INFO] [stdout] test src/buffer.rs - buffer (line 85) ... FAILED
[INFO] [stdout] test src/../README.md - (line 218) ... ok
[INFO] [stdout] test src/channel_voice2/README.md - channel_voice2 (line 84) - compile fail ... ok
[INFO] [stdout] test src/../README.md - (line 192) ... FAILED
[INFO] [stdout] test src/packets.rs - packets::Packets (line 56) ... FAILED
[INFO] [stdout] test src/packets.rs - packets::Packets (line 39) ... FAILED
[INFO] [stdout] test src/traits.rs - traits::Data (line 17) ... FAILED
[INFO] [stdout] test src/channel_voice2/README.md - channel_voice2 (line 43) ... ok
[INFO] [stdout] test src/traits.rs - traits::FromBytes (line 171) ... FAILED
[INFO] [stdout] test src/channel_voice2/README.md - channel_voice2 (line 5) ... ok
[INFO] [stdout] test src/traits.rs - traits::Data (line 7) ... FAILED
[INFO] [stdout] test src/channel_voice2/README.md - channel_voice2 (line 75) ... ok
[INFO] [stdout] test src/traits.rs - traits::FromUmp (line 217) ... FAILED
[INFO] [stdout] test src/buffer.rs - buffer (line 5) ... FAILED
[INFO] [stdout] test src/traits.rs - traits::RebufferFrom (line 68) ... FAILED
[INFO] [stdout] test src/traits.rs - traits::IntoBytes (line 235) ... FAILED
[INFO] [stdout] test src/traits.rs - traits::IntoUmp (line 185) ... FAILED
[INFO] [stdout] test src/traits.rs - traits::RebufferInto (line 82) ... FAILED
[INFO] [stdout] test src/traits.rs - traits::Sysex (line 419) ... FAILED
[INFO] [stdout] test src/traits.rs - traits::Sysex (line 439) ... FAILED
[INFO] [stdout] test src/traits.rs - traits::TryFromUmp (line 343) ... FAILED
[INFO] [stdout] test src/traits.rs - traits::TryIntoBytes (line 375) ... FAILED
[INFO] [stdout] test src/traits.rs - traits::TryFromBytes (line 265) ... FAILED
[INFO] [stdout] test src/traits.rs - traits::Sysex (line 460) ... FAILED
[INFO] [stdout] test src/traits.rs - traits::Channeled (line 49) ... ok
[INFO] [stdout] test src/traits.rs - traits::TryIntoUmp (line 293) ... FAILED
[INFO] [stdout] test src/traits.rs - traits::TryRebufferInto (line 133) ... FAILED
[INFO] [stdout] test src/traits.rs - traits::TryRebufferFrom (line 111) ... FAILED
[INFO] [stdout] test src/traits.rs - traits::Grouped (line 30) ... ok
[INFO] [stdout] 
[INFO] [stdout] failures:
[INFO] [stdout] 
[INFO] [stdout] ---- src/../README.md - (line 133) stdout ----
[INFO] [stdout] error[E0433]: failed to resolve: use of undeclared crate or module `sysex7`
[INFO] [stdout]  --> src/../README.md:137:19
[INFO] [stdout]   |
[INFO] [stdout] 7 | let mut message = sysex7::Sysex7::<Vec<u8>>::new();
[INFO] [stdout]   |                   ^^^^^^ use of undeclared crate or module `sysex7`
[INFO] [stdout] 
[INFO] [stdout] error: aborting due to 1 previous error
[INFO] [stdout] 
[INFO] [stdout] For more information about this error, try `rustc --explain E0433`.
[INFO] [stdout] Couldn't compile the test.
[INFO] [stdout] ---- src/../README.md - (line 253) stdout ----
[INFO] [stdout] error[E0432]: unresolved import `midi2::channel_voice1`
[INFO] [stdout]  --> src/../README.md:257:5
[INFO] [stdout]   |
[INFO] [stdout] 7 |     channel_voice1::ChannelPressure,
[INFO] [stdout]   |     ^^^^^^^^^^^^^^ could not find `channel_voice1` in `midi2`
[INFO] [stdout]   |
[INFO] [stdout] note: found an item that was configured out
[INFO] [stdout]  --> /opt/rustwide/workdir/src/lib.rs:9:9
[INFO] [stdout]   |
[INFO] [stdout] 9 | pub mod channel_voice1;
[INFO] [stdout]   |         ^^^^^^^^^^^^^^
[INFO] [stdout] note: the item is gated behind the `channel-voice1` feature
[INFO] [stdout]  --> /opt/rustwide/workdir/src/lib.rs:8:7
[INFO] [stdout]   |
[INFO] [stdout] 8 | #[cfg(feature = "channel-voice1")]
[INFO] [stdout]   |       ^^^^^^^^^^^^^^^^^^^^^^^^^^
[INFO] [stdout] 
[INFO] [stdout] error: aborting due to 1 previous error
[INFO] [stdout] 
[INFO] [stdout] For more information about this error, try `rustc --explain E0432`.
[INFO] [stdout] Couldn't compile the test.
[INFO] [stdout] ---- src/../README.md - (line 168) stdout ----
[INFO] [stdout] error[E0433]: failed to resolve: use of undeclared crate or module `sysex8`
[INFO] [stdout]  --> src/../README.md:172:19
[INFO] [stdout]   |
[INFO] [stdout] 7 | let mut message = sysex8::Sysex8::<[u32; 16]>::new();
[INFO] [stdout]   |                   ^^^^^^ use of undeclared crate or module `sysex8`
[INFO] [stdout] 
[INFO] [stdout] error: aborting due to 1 previous error
[INFO] [stdout] 
[INFO] [stdout] For more information about this error, try `rustc --explain E0433`.
[INFO] [stdout] Couldn't compile the test.
[INFO] [stdout] ---- src/../README.md - (line 241) stdout ----
[INFO] [stdout] error[E0433]: failed to resolve: use of undeclared crate or module `channel_voice1`
[INFO] [stdout]  --> src/../README.md:245:19
[INFO] [stdout]   |
[INFO] [stdout] 7 | let mut message = channel_voice1::ChannelPressure::<[u8; 3]>::new();
[INFO] [stdout]   |                   ^^^^^^^^^^^^^^ use of undeclared crate or module `channel_voice1`
[INFO] [stdout]   |
[INFO] [stdout] help: consider importing this struct
[INFO] [stdout]   |
[INFO] [stdout] 2 + use midi2::channel_voice2::ChannelPressure;
[INFO] [stdout]   |
[INFO] [stdout] help: if you import `ChannelPressure`, refer to it directly
[INFO] [stdout]   |
[INFO] [stdout] 7 - let mut message = channel_voice1::ChannelPressure::<[u8; 3]>::new();
[INFO] [stdout] 7 + let mut message = ChannelPressure::<[u8; 3]>::new();
[INFO] [stdout]   |
[INFO] [stdout] 
[INFO] [stdout] error: aborting due to 1 previous error
[INFO] [stdout] 
[INFO] [stdout] For more information about this error, try `rustc --explain E0433`.
[INFO] [stdout] Couldn't compile the test.
[INFO] [stdout] ---- src/../README.md - (line 107) stdout ----
[INFO] [stdout] error[E0433]: failed to resolve: use of undeclared crate or module `sysex7`
[INFO] [stdout]  --> src/../README.md:111:19
[INFO] [stdout]   |
[INFO] [stdout] 7 | let mut message = sysex7::Sysex7::<Vec<u32>>::new();
[INFO] [stdout]   |                   ^^^^^^ use of undeclared crate or module `sysex7`
[INFO] [stdout] 
[INFO] [stdout] error: aborting due to 1 previous error
[INFO] [stdout] 
[INFO] [stdout] For more information about this error, try `rustc --explain E0433`.
[INFO] [stdout] Couldn't compile the test.
[INFO] [stdout] ---- src/buffer.rs - buffer (line 57) stdout ----
[INFO] [stdout] error[E0432]: unresolved import `midi2::channel_voice1`
[INFO] [stdout]  --> src/buffer.rs:61:5
[INFO] [stdout]   |
[INFO] [stdout] 7 |     channel_voice1::NoteOn,
[INFO] [stdout]   |     ^^^^^^^^^^^^^^ could not find `channel_voice1` in `midi2`
[INFO] [stdout]   |
[INFO] [stdout] note: found an item that was configured out
[INFO] [stdout]  --> /opt/rustwide/workdir/src/lib.rs:9:9
[INFO] [stdout]   |
[INFO] [stdout] 9 | pub mod channel_voice1;
[INFO] [stdout]   |         ^^^^^^^^^^^^^^
[INFO] [stdout] note: the item is gated behind the `channel-voice1` feature
[INFO] [stdout]  --> /opt/rustwide/workdir/src/lib.rs:8:7
[INFO] [stdout]   |
[INFO] [stdout] 8 | #[cfg(feature = "channel-voice1")]
[INFO] [stdout]   |       ^^^^^^^^^^^^^^^^^^^^^^^^^^
[INFO] [stdout] 
[INFO] [stdout] error: aborting due to 1 previous error
[INFO] [stdout] 
[INFO] [stdout] For more information about this error, try `rustc --explain E0432`.
[INFO] [stdout] Some expected error codes were not found: ["E0277"]
[INFO] [stdout] ---- src/../README.md - (line 22) stdout ----
[INFO] [stdout] error[E0433]: failed to resolve: use of undeclared crate or module `flex_data`
[INFO] [stdout]   --> src/../README.md:40:25
[INFO] [stdout]    |
[INFO] [stdout] 21 | let mut composer_name = flex_data::ComposerName::<Vec<u32>>::new();
[INFO] [stdout]    |                         ^^^^^^^^^ use of undeclared crate or module `flex_data`
[INFO] [stdout] 
[INFO] [stdout] error: aborting due to 1 previous error
[INFO] [stdout] 
[INFO] [stdout] For more information about this error, try `rustc --explain E0433`.
[INFO] [stdout] Couldn't compile the test.
[INFO] [stdout] ---- src/../README.md - (line 63) stdout ----
[INFO] [stdout] error[E0432]: unresolved import `midi2::flex_data`
[INFO] [stdout]   --> src/../README.md:88:24
[INFO] [stdout]    |
[INFO] [stdout] 28 |             use midi2::flex_data::FlexDataMessage;
[INFO] [stdout]    |                        ^^^^^^^^^ could not find `flex_data` in `midi2`
[INFO] [stdout]    |
[INFO] [stdout] note: found an item that was configured out
[INFO] [stdout]   --> /opt/rustwide/workdir/src/lib.rs:15:9
[INFO] [stdout]    |
[INFO] [stdout] 15 | pub mod flex_data;
[INFO] [stdout]    |         ^^^^^^^^^
[INFO] [stdout] note: the item is gated behind the `flex-data` feature
[INFO] [stdout]   --> /opt/rustwide/workdir/src/lib.rs:14:7
[INFO] [stdout]    |
[INFO] [stdout] 14 | #[cfg(feature = "flex-data")]
[INFO] [stdout]    |       ^^^^^^^^^^^^^^^^^^^^^
[INFO] [stdout] 
[INFO] [stdout] error[E0599]: no variant or associated item named `Sysex7` found for enum `midi2::UmpMessage` in the current scope
[INFO] [stdout]   --> src/../README.md:81:24
[INFO] [stdout]    |
[INFO] [stdout] 21 |         Ok(UmpMessage::Sysex7(m)) => {
[INFO] [stdout]    |                        ^^^^^^ variant or associated item not found in `UmpMessage<_>`
[INFO] [stdout] 
[INFO] [stdout] error[E0599]: no variant or associated item named `FlexData` found for enum `midi2::UmpMessage` in the current scope
[INFO] [stdout]   --> src/../README.md:87:24
[INFO] [stdout]    |
[INFO] [stdout] 27 |         Ok(UmpMessage::FlexData(m)) => {
[INFO] [stdout]    |                        ^^^^^^^^ variant or associated item not found in `UmpMessage<_>`
[INFO] [stdout] 
[INFO] [stdout] error: aborting due to 3 previous errors
[INFO] [stdout] 
[INFO] [stdout] Some errors have detailed explanations: E0432, E0599.
[INFO] [stdout] For more information about an error, try `rustc --explain E0432`.
[INFO] [stdout] Couldn't compile the test.
[INFO] [stdout] ---- src/buffer.rs - buffer (line 76) stdout ----
[INFO] [stdout] error[E0433]: failed to resolve: use of undeclared crate or module `sysex8`
[INFO] [stdout]  --> src/buffer.rs:80:19
[INFO] [stdout]   |
[INFO] [stdout] 7 | let mut message = sysex8::Sysex8::<[u32; 64]>::new();
[INFO] [stdout]   |                   ^^^^^^ use of undeclared crate or module `sysex8`
[INFO] [stdout] 
[INFO] [stdout] error: aborting due to 1 previous error
[INFO] [stdout] 
[INFO] [stdout] For more information about this error, try `rustc --explain E0433`.
[INFO] [stdout] Couldn't compile the test.
[INFO] [stdout] ---- src/buffer.rs - buffer (line 85) stdout ----
[INFO] [stdout] error[E0433]: failed to resolve: use of undeclared crate or module `sysex8`
[INFO] [stdout]  --> src/buffer.rs:89:19
[INFO] [stdout]   |
[INFO] [stdout] 7 | let mut message = sysex8::Sysex8::<Vec<u32>>::new();
[INFO] [stdout]   |                   ^^^^^^ use of undeclared crate or module `sysex8`
[INFO] [stdout] 
[INFO] [stdout] error: aborting due to 1 previous error
[INFO] [stdout] 
[INFO] [stdout] For more information about this error, try `rustc --explain E0433`.
[INFO] [stdout] Couldn't compile the test.
[INFO] [stdout] ---- src/../README.md - (line 192) stdout ----
[INFO] [stdout] Test executable failed (exit status: 101).
[INFO] [stdout] 
[INFO] [stdout] stderr:
[INFO] [stdout] thread 'main' panicked at src/../README.md:21:49:
[INFO] [stdout] Valid data: InvalidData("Couldn't interpret ump message type")
[INFO] [stdout] stack backtrace:
[INFO] [stdout]    0:     0x623b5ed45e4a - std::backtrace_rs::backtrace::libunwind::trace::h207520d6e9873551
[INFO] [stdout]                                at /rustc/df4ca44d3fbc9301ee17f30f4d474e6ae4b05252/library/std/src/../../backtrace/src/backtrace/libunwind.rs:116:5
[INFO] [stdout]    1:     0x623b5ed45e4a - std::backtrace_rs::backtrace::trace_unsynchronized::h2ed7433f370e3eca
[INFO] [stdout]                                at /rustc/df4ca44d3fbc9301ee17f30f4d474e6ae4b05252/library/std/src/../../backtrace/src/backtrace/mod.rs:66:5
[INFO] [stdout]    2:     0x623b5ed45e4a - std::sys::backtrace::_print_fmt::h916fac51166b18d7
[INFO] [stdout]                                at /rustc/df4ca44d3fbc9301ee17f30f4d474e6ae4b05252/library/std/src/sys/backtrace.rs:66:9
[INFO] [stdout]    3:     0x623b5ed45e4a - <std::sys::backtrace::BacktraceLock::print::DisplayBacktrace as core::fmt::Display>::fmt::ha0a4c9b8ce3802e6
[INFO] [stdout]                                at /rustc/df4ca44d3fbc9301ee17f30f4d474e6ae4b05252/library/std/src/sys/backtrace.rs:39:26
[INFO] [stdout]    4:     0x623b5ed61e23 - core::fmt::rt::Argument::fmt::h4cfc8587d52b3eb5
[INFO] [stdout]                                at /rustc/df4ca44d3fbc9301ee17f30f4d474e6ae4b05252/library/core/src/fmt/rt.rs:177:76
[INFO] [stdout]    5:     0x623b5ed61e23 - core::fmt::write::h522cc39e5b36ae9f
[INFO] [stdout]                                at /rustc/df4ca44d3fbc9301ee17f30f4d474e6ae4b05252/library/core/src/fmt/mod.rs:1190:21
[INFO] [stdout]    6:     0x623b5ed438b3 - std::io::Write::write_fmt::hf1c1dcc8cc1287f0
[INFO] [stdout]                                at /rustc/df4ca44d3fbc9301ee17f30f4d474e6ae4b05252/library/std/src/io/mod.rs:1839:15
[INFO] [stdout]    7:     0x623b5ed45c92 - std::sys::backtrace::BacktraceLock::print::h4b9e00b29e9c0942
[INFO] [stdout]                                at /rustc/df4ca44d3fbc9301ee17f30f4d474e6ae4b05252/library/std/src/sys/backtrace.rs:42:9
[INFO] [stdout]    8:     0x623b5ed46c5c - std::panicking::default_hook::{{closure}}::hb59b88280d0324d9
[INFO] [stdout]                                at /rustc/df4ca44d3fbc9301ee17f30f4d474e6ae4b05252/library/std/src/panicking.rs:268:22
[INFO] [stdout]    9:     0x623b5ed46aa2 - std::panicking::default_hook::he1dd496665be4a29
[INFO] [stdout]                                at /rustc/df4ca44d3fbc9301ee17f30f4d474e6ae4b05252/library/std/src/panicking.rs:295:9
[INFO] [stdout]   10:     0x623b5ed47257 - std::panicking::rust_panic_with_hook::h2ff17fe8f26dfcf8
[INFO] [stdout]                                at /rustc/df4ca44d3fbc9301ee17f30f4d474e6ae4b05252/library/std/src/panicking.rs:801:13
[INFO] [stdout]   11:     0x623b5ed470ea - std::panicking::begin_panic_handler::{{closure}}::h4fad77951c07e101
[INFO] [stdout]                                at /rustc/df4ca44d3fbc9301ee17f30f4d474e6ae4b05252/library/std/src/panicking.rs:674:13
[INFO] [stdout]   12:     0x623b5ed46329 - std::sys::backtrace::__rust_end_short_backtrace::hb1a25b3da5d0ea08
[INFO] [stdout]                                at /rustc/df4ca44d3fbc9301ee17f30f4d474e6ae4b05252/library/std/src/sys/backtrace.rs:170:18
[INFO] [stdout]   13:     0x623b5ed46d7c - rust_begin_unwind
[INFO] [stdout]                                at /rustc/df4ca44d3fbc9301ee17f30f4d474e6ae4b05252/library/std/src/panicking.rs:665:5
[INFO] [stdout]   14:     0x623b5ed61160 - core::panicking::panic_fmt::ha9db07b529f9b256
[INFO] [stdout]                                at /rustc/df4ca44d3fbc9301ee17f30f4d474e6ae4b05252/library/core/src/panicking.rs:75:14
[INFO] [stdout]   15:     0x623b5ed614d6 - core::result::unwrap_failed::h5e8218e4d4338b8a
[INFO] [stdout]                                at /rustc/df4ca44d3fbc9301ee17f30f4d474e6ae4b05252/library/core/src/result.rs:1698:5
[INFO] [stdout]   16:     0x623b5ed202ec - core::result::Result<T,E>::expect::h69a43b8a0adc2383
[INFO] [stdout]   17:     0x623b5ed20425 - rust_out::main::_doctest_main_src____README_md_192_0::he4adf76733988a30
[INFO] [stdout]   18:     0x623b5ed20376 - rust_out::main::ha213a30daa5df4da
[INFO] [stdout]   19:     0x623b5ed20233 - core::ops::function::FnOnce::call_once::hf7edf7132571051c
[INFO] [stdout]   20:     0x623b5ed201d6 - std::sys::backtrace::__rust_begin_short_backtrace::h32fd822fd2ba4079
[INFO] [stdout]   21:     0x623b5ed201b9 - std::rt::lang_start::{{closure}}::h4039a1c394ed4f7c
[INFO] [stdout]   22:     0x623b5ed41d97 - core::ops::function::impls::<impl core::ops::function::FnOnce<A> for &F>::call_once::hd87d66b906e0ccaf
[INFO] [stdout]                                at /rustc/df4ca44d3fbc9301ee17f30f4d474e6ae4b05252/library/core/src/ops/function.rs:284:13
[INFO] [stdout]   23:     0x623b5ed41d97 - std::panicking::try::do_call::hae3703de71fc9e3a
[INFO] [stdout]                                at /rustc/df4ca44d3fbc9301ee17f30f4d474e6ae4b05252/library/std/src/panicking.rs:557:40
[INFO] [stdout]   24:     0x623b5ed41d97 - std::panicking::try::h1178330e9a2b2645
[INFO] [stdout]                                at /rustc/df4ca44d3fbc9301ee17f30f4d474e6ae4b05252/library/std/src/panicking.rs:520:19
[INFO] [stdout]   25:     0x623b5ed41d97 - std::panic::catch_unwind::h0acf49d2305d32ad
[INFO] [stdout]                                at /rustc/df4ca44d3fbc9301ee17f30f4d474e6ae4b05252/library/std/src/panic.rs:358:14
[INFO] [stdout]   26:     0x623b5ed41d97 - std::rt::lang_start_internal::{{closure}}::h2d95182d798177be
[INFO] [stdout]                                at /rustc/df4ca44d3fbc9301ee17f30f4d474e6ae4b05252/library/std/src/rt.rs:174:48
[INFO] [stdout]   27:     0x623b5ed41d97 - std::panicking::try::do_call::hb506f5bfe11fd30c
[INFO] [stdout]                                at /rustc/df4ca44d3fbc9301ee17f30f4d474e6ae4b05252/library/std/src/panicking.rs:557:40
[INFO] [stdout]   28:     0x623b5ed41d97 - std::panicking::try::h54d825c46bd0fa95
[INFO] [stdout]                                at /rustc/df4ca44d3fbc9301ee17f30f4d474e6ae4b05252/library/std/src/panicking.rs:520:19
[INFO] [stdout]   29:     0x623b5ed41d97 - std::panic::catch_unwind::hffbb0ad20c4e9fac
[INFO] [stdout]                                at /rustc/df4ca44d3fbc9301ee17f30f4d474e6ae4b05252/library/std/src/panic.rs:358:14
[INFO] [stdout]   30:     0x623b5ed41d97 - std::rt::lang_start_internal::h52c291ef1962c925
[INFO] [stdout]                                at /rustc/df4ca44d3fbc9301ee17f30f4d474e6ae4b05252/library/std/src/rt.rs:174:20
[INFO] [stdout]   31:     0x623b5ed20197 - std::rt::lang_start::h8c6075cd6f225ba1
[INFO] [stdout]   32:     0x623b5ed20445 - main
[INFO] [stdout]   33:     0x7c723f09dd90 - <unknown>
[INFO] [stdout]   34:     0x7c723f09de40 - __libc_start_main
[INFO] [stdout]   35:     0x623b5ed200a5 - _start
[INFO] [stdout]   36:                0x0 - <unknown>
[INFO] [stdout] 
[INFO] [stdout] 
[INFO] [stdout] ---- src/packets.rs - packets::Packets (line 56) stdout ----
[INFO] [stdout] error[E0433]: failed to resolve: use of undeclared crate or module `sysex7`
[INFO] [stdout]  --> src/packets.rs:60:19
[INFO] [stdout]   |
[INFO] [stdout] 7 | let mut message = sysex7::Sysex7::<Vec<u32>>::new();
[INFO] [stdout]   |                   ^^^^^^ use of undeclared crate or module `sysex7`
[INFO] [stdout] 
[INFO] [stdout] error: aborting due to 1 previous error
[INFO] [stdout] 
[INFO] [stdout] For more information about this error, try `rustc --explain E0433`.
[INFO] [stdout] Couldn't compile the test.
[INFO] [stdout] ---- src/packets.rs - packets::Packets (line 39) stdout ----
[INFO] [stdout] error[E0433]: failed to resolve: use of undeclared crate or module `flex_data`
[INFO] [stdout]  --> src/packets.rs:43:19
[INFO] [stdout]   |
[INFO] [stdout] 7 | let mut message = flex_data::ProjectName::<Vec<u32>>::new();
[INFO] [stdout]   |                   ^^^^^^^^^ use of undeclared crate or module `flex_data`
[INFO] [stdout] 
[INFO] [stdout] error: aborting due to 1 previous error
[INFO] [stdout] 
[INFO] [stdout] For more information about this error, try `rustc --explain E0433`.
[INFO] [stdout] Couldn't compile the test.
[INFO] [stdout] ---- src/traits.rs - traits::Data (line 17) stdout ----
[INFO] [stdout] error[E0432]: unresolved import `midi2::channel_voice1`
[INFO] [stdout]  --> src/traits.rs:19:19
[INFO] [stdout]   |
[INFO] [stdout] 5 | use midi2::{Data, channel_voice1::NoteOn};
[INFO] [stdout]   |                   ^^^^^^^^^^^^^^ could not find `channel_voice1` in `midi2`
[INFO] [stdout]   |
[INFO] [stdout] note: found an item that was configured out
[INFO] [stdout]  --> /opt/rustwide/workdir/src/lib.rs:9:9
[INFO] [stdout]   |
[INFO] [stdout] 9 | pub mod channel_voice1;
[INFO] [stdout]   |         ^^^^^^^^^^^^^^
[INFO] [stdout] note: the item is gated behind the `channel-voice1` feature
[INFO] [stdout]  --> /opt/rustwide/workdir/src/lib.rs:8:7
[INFO] [stdout]   |
[INFO] [stdout] 8 | #[cfg(feature = "channel-voice1")]
[INFO] [stdout]   |       ^^^^^^^^^^^^^^^^^^^^^^^^^^
[INFO] [stdout] 
[INFO] [stdout] error: aborting due to 1 previous error
[INFO] [stdout] 
[INFO] [stdout] For more information about this error, try `rustc --explain E0432`.
[INFO] [stdout] Couldn't compile the test.
[INFO] [stdout] ---- src/traits.rs - traits::FromBytes (line 171) stdout ----
[INFO] [stdout] error[E0432]: unresolved import `midi2::channel_voice1`
[INFO] [stdout]  --> src/traits.rs:173:30
[INFO] [stdout]   |
[INFO] [stdout] 5 | use midi2::{FromBytes, Data, channel_voice1::NoteOn};
[INFO] [stdout]   |                              ^^^^^^^^^^^^^^ could not find `channel_voice1` in `midi2`
[INFO] [stdout]   |
[INFO] [stdout] note: found an item that was configured out
[INFO] [stdout]  --> /opt/rustwide/workdir/src/lib.rs:9:9
[INFO] [stdout]   |
[INFO] [stdout] 9 | pub mod channel_voice1;
[INFO] [stdout]   |         ^^^^^^^^^^^^^^
[INFO] [stdout] note: the item is gated behind the `channel-voice1` feature
[INFO] [stdout]  --> /opt/rustwide/workdir/src/lib.rs:8:7
[INFO] [stdout]   |
[INFO] [stdout] 8 | #[cfg(feature = "channel-voice1")]
[INFO] [stdout]   |       ^^^^^^^^^^^^^^^^^^^^^^^^^^
[INFO] [stdout] 
[INFO] [stdout] error: aborting due to 1 previous error
[INFO] [stdout] 
[INFO] [stdout] For more information about this error, try `rustc --explain E0432`.
[INFO] [stdout] Couldn't compile the test.
[INFO] [stdout] ---- src/traits.rs - traits::Data (line 7) stdout ----
[INFO] [stdout] error[E0432]: unresolved import `midi2::channel_voice1`
[INFO] [stdout]  --> src/traits.rs:9:19
[INFO] [stdout]   |
[INFO] [stdout] 5 | use midi2::{Data, channel_voice1::NoteOn};
[INFO] [stdout]   |                   ^^^^^^^^^^^^^^ could not find `channel_voice1` in `midi2`
[INFO] [stdout]   |
[INFO] [stdout] note: found an item that was configured out
[INFO] [stdout]  --> /opt/rustwide/workdir/src/lib.rs:9:9
[INFO] [stdout]   |
[INFO] [stdout] 9 | pub mod channel_voice1;
[INFO] [stdout]   |         ^^^^^^^^^^^^^^
[INFO] [stdout] note: the item is gated behind the `channel-voice1` feature
[INFO] [stdout]  --> /opt/rustwide/workdir/src/lib.rs:8:7
[INFO] [stdout]   |
[INFO] [stdout] 8 | #[cfg(feature = "channel-voice1")]
[INFO] [stdout]   |       ^^^^^^^^^^^^^^^^^^^^^^^^^^
[INFO] [stdout] 
[INFO] [stdout] error: aborting due to 1 previous error
[INFO] [stdout] 
[INFO] [stdout] For more information about this error, try `rustc --explain E0432`.
[INFO] [stdout] Couldn't compile the test.
[INFO] [stdout] ---- src/traits.rs - traits::FromUmp (line 217) stdout ----
[INFO] [stdout] error[E0432]: unresolved import `midi2::channel_voice1`
[INFO] [stdout]  --> src/traits.rs:219:28
[INFO] [stdout]   |
[INFO] [stdout] 5 | use midi2::{FromUmp, Data, channel_voice1::NoteOn};
[INFO] [stdout]   |                            ^^^^^^^^^^^^^^ could not find `channel_voice1` in `midi2`
[INFO] [stdout]   |
[INFO] [stdout] note: found an item that was configured out
[INFO] [stdout]  --> /opt/rustwide/workdir/src/lib.rs:9:9
[INFO] [stdout]   |
[INFO] [stdout] 9 | pub mod channel_voice1;
[INFO] [stdout]   |         ^^^^^^^^^^^^^^
[INFO] [stdout] note: the item is gated behind the `channel-voice1` feature
[INFO] [stdout]  --> /opt/rustwide/workdir/src/lib.rs:8:7
[INFO] [stdout]   |
[INFO] [stdout] 8 | #[cfg(feature = "channel-voice1")]
[INFO] [stdout]   |       ^^^^^^^^^^^^^^^^^^^^^^^^^^
[INFO] [stdout] 
[INFO] [stdout] error: aborting due to 1 previous error
[INFO] [stdout] 
[INFO] [stdout] For more information about this error, try `rustc --explain E0432`.
[INFO] [stdout] Couldn't compile the test.
[INFO] [stdout] ---- src/buffer.rs - buffer (line 5) stdout ----
[INFO] [stdout] Test executable failed (exit status: 101).
[INFO] [stdout] 
[INFO] [stdout] stderr:
[INFO] [stdout] thread 'main' panicked at src/buffer.rs:29:69:
[INFO] [stdout] Valid data: InvalidData("Couldn't interpret ump message type")
[INFO] [stdout] stack backtrace:
[INFO] [stdout]    0:     0x63f5f232cdaa - std::backtrace_rs::backtrace::libunwind::trace::h207520d6e9873551
[INFO] [stdout]                                at /rustc/df4ca44d3fbc9301ee17f30f4d474e6ae4b05252/library/std/src/../../backtrace/src/backtrace/libunwind.rs:116:5
[INFO] [stdout]    1:     0x63f5f232cdaa - std::backtrace_rs::backtrace::trace_unsynchronized::h2ed7433f370e3eca
[INFO] [stdout]                                at /rustc/df4ca44d3fbc9301ee17f30f4d474e6ae4b05252/library/std/src/../../backtrace/src/backtrace/mod.rs:66:5
[INFO] [stdout]    2:     0x63f5f232cdaa - std::sys::backtrace::_print_fmt::h916fac51166b18d7
[INFO] [stdout]                                at /rustc/df4ca44d3fbc9301ee17f30f4d474e6ae4b05252/library/std/src/sys/backtrace.rs:66:9
[INFO] [stdout]    3:     0x63f5f232cdaa - <std::sys::backtrace::BacktraceLock::print::DisplayBacktrace as core::fmt::Display>::fmt::ha0a4c9b8ce3802e6
[INFO] [stdout]                                at /rustc/df4ca44d3fbc9301ee17f30f4d474e6ae4b05252/library/std/src/sys/backtrace.rs:39:26
[INFO] [stdout]    4:     0x63f5f2348db3 - core::fmt::rt::Argument::fmt::h4cfc8587d52b3eb5
[INFO] [stdout]                                at /rustc/df4ca44d3fbc9301ee17f30f4d474e6ae4b05252/library/core/src/fmt/rt.rs:177:76
[INFO] [stdout]    5:     0x63f5f2348db3 - core::fmt::write::h522cc39e5b36ae9f
[INFO] [stdout]                                at /rustc/df4ca44d3fbc9301ee17f30f4d474e6ae4b05252/library/core/src/fmt/mod.rs:1190:21
[INFO] [stdout]    6:     0x63f5f232a813 - std::io::Write::write_fmt::hf1c1dcc8cc1287f0
[INFO] [stdout]                                at /rustc/df4ca44d3fbc9301ee17f30f4d474e6ae4b05252/library/std/src/io/mod.rs:1839:15
[INFO] [stdout]    7:     0x63f5f232cbf2 - std::sys::backtrace::BacktraceLock::print::h4b9e00b29e9c0942
[INFO] [stdout]                                at /rustc/df4ca44d3fbc9301ee17f30f4d474e6ae4b05252/library/std/src/sys/backtrace.rs:42:9
[INFO] [stdout]    8:     0x63f5f232dbbc - std::panicking::default_hook::{{closure}}::hb59b88280d0324d9
[INFO] [stdout]                                at /rustc/df4ca44d3fbc9301ee17f30f4d474e6ae4b05252/library/std/src/panicking.rs:268:22
[INFO] [stdout]    9:     0x63f5f232da02 - std::panicking::default_hook::he1dd496665be4a29
[INFO] [stdout]                                at /rustc/df4ca44d3fbc9301ee17f30f4d474e6ae4b05252/library/std/src/panicking.rs:295:9
[INFO] [stdout]   10:     0x63f5f232e1b7 - std::panicking::rust_panic_with_hook::h2ff17fe8f26dfcf8
[INFO] [stdout]                                at /rustc/df4ca44d3fbc9301ee17f30f4d474e6ae4b05252/library/std/src/panicking.rs:801:13
[INFO] [stdout]   11:     0x63f5f232e04a - std::panicking::begin_panic_handler::{{closure}}::h4fad77951c07e101
[INFO] [stdout]                                at /rustc/df4ca44d3fbc9301ee17f30f4d474e6ae4b05252/library/std/src/panicking.rs:674:13
[INFO] [stdout]   12:     0x63f5f232d289 - std::sys::backtrace::__rust_end_short_backtrace::hb1a25b3da5d0ea08
[INFO] [stdout]                                at /rustc/df4ca44d3fbc9301ee17f30f4d474e6ae4b05252/library/std/src/sys/backtrace.rs:170:18
[INFO] [stdout]   13:     0x63f5f232dcdc - rust_begin_unwind
[INFO] [stdout]                                at /rustc/df4ca44d3fbc9301ee17f30f4d474e6ae4b05252/library/std/src/panicking.rs:665:5
[INFO] [stdout]   14:     0x63f5f23480f0 - core::panicking::panic_fmt::ha9db07b529f9b256
[INFO] [stdout]                                at /rustc/df4ca44d3fbc9301ee17f30f4d474e6ae4b05252/library/core/src/panicking.rs:75:14
[INFO] [stdout]   15:     0x63f5f2348466 - core::result::unwrap_failed::h5e8218e4d4338b8a
[INFO] [stdout]                                at /rustc/df4ca44d3fbc9301ee17f30f4d474e6ae4b05252/library/core/src/result.rs:1698:5
[INFO] [stdout]   16:     0x63f5f2305c8c - core::result::Result<T,E>::expect::h69a43b8a0adc2383
[INFO] [stdout]   17:     0x63f5f2307208 - rust_out::main::_doctest_main_src_buffer_rs_5_0::h9dceb751355901f2
[INFO] [stdout]   18:     0x63f5f2307126 - rust_out::main::ha213a30daa5df4da
[INFO] [stdout]   19:     0x63f5f23056a3 - core::ops::function::FnOnce::call_once::hf7edf7132571051c
[INFO] [stdout]   20:     0x63f5f2305226 - std::sys::backtrace::__rust_begin_short_backtrace::h32fd822fd2ba4079
[INFO] [stdout]   21:     0x63f5f2305209 - std::rt::lang_start::{{closure}}::h4039a1c394ed4f7c
[INFO] [stdout]   22:     0x63f5f2328cf7 - core::ops::function::impls::<impl core::ops::function::FnOnce<A> for &F>::call_once::hd87d66b906e0ccaf
[INFO] [stdout]                                at /rustc/df4ca44d3fbc9301ee17f30f4d474e6ae4b05252/library/core/src/ops/function.rs:284:13
[INFO] [stdout]   23:     0x63f5f2328cf7 - std::panicking::try::do_call::hae3703de71fc9e3a
[INFO] [stdout]                                at /rustc/df4ca44d3fbc9301ee17f30f4d474e6ae4b05252/library/std/src/panicking.rs:557:40
[INFO] [stdout]   24:     0x63f5f2328cf7 - std::panicking::try::h1178330e9a2b2645
[INFO] [stdout]                                at /rustc/df4ca44d3fbc9301ee17f30f4d474e6ae4b05252/library/std/src/panicking.rs:520:19
[INFO] [stdout]   25:     0x63f5f2328cf7 - std::panic::catch_unwind::h0acf49d2305d32ad
[INFO] [stdout]                                at /rustc/df4ca44d3fbc9301ee17f30f4d474e6ae4b05252/library/std/src/panic.rs:358:14
[INFO] [stdout]   26:     0x63f5f2328cf7 - std::rt::lang_start_internal::{{closure}}::h2d95182d798177be
[INFO] [stdout]                                at /rustc/df4ca44d3fbc9301ee17f30f4d474e6ae4b05252/library/std/src/rt.rs:174:48
[INFO] [stdout]   27:     0x63f5f2328cf7 - std::panicking::try::do_call::hb506f5bfe11fd30c
[INFO] [stdout]                                at /rustc/df4ca44d3fbc9301ee17f30f4d474e6ae4b05252/library/std/src/panicking.rs:557:40
[INFO] [stdout]   28:     0x63f5f2328cf7 - std::panicking::try::h54d825c46bd0fa95
[INFO] [stdout]                                at /rustc/df4ca44d3fbc9301ee17f30f4d474e6ae4b05252/library/std/src/panicking.rs:520:19
[INFO] [stdout]   29:     0x63f5f2328cf7 - std::panic::catch_unwind::hffbb0ad20c4e9fac
[INFO] [stdout]                                at /rustc/df4ca44d3fbc9301ee17f30f4d474e6ae4b05252/library/std/src/panic.rs:358:14
[INFO] [stdout]   30:     0x63f5f2328cf7 - std::rt::lang_start_internal::h52c291ef1962c925
[INFO] [stdout]                                at /rustc/df4ca44d3fbc9301ee17f30f4d474e6ae4b05252/library/std/src/rt.rs:174:20
[INFO] [stdout]   31:     0x63f5f23051e7 - std::rt::lang_start::h8c6075cd6f225ba1
[INFO] [stdout]   32:     0x63f5f2307275 - main
[INFO] [stdout]   33:     0x73b4d7300d90 - <unknown>
[INFO] [stdout]   34:     0x73b4d7300e40 - __libc_start_main
[INFO] [stdout]   35:     0x63f5f22ff345 - _start
[INFO] [stdout]   36:                0x0 - <unknown>
[INFO] [stdout] 
[INFO] [stdout] 
[INFO] [stdout] ---- src/traits.rs - traits::RebufferFrom (line 68) stdout ----
[INFO] [stdout] error[E0432]: unresolved import `midi2::channel_voice1`
[INFO] [stdout]  --> src/traits.rs:70:33
[INFO] [stdout]   |
[INFO] [stdout] 5 | use midi2::{RebufferFrom, Data, channel_voice1::NoteOn};
[INFO] [stdout]   |                                 ^^^^^^^^^^^^^^ could not find `channel_voice1` in `midi2`
[INFO] [stdout]   |
[INFO] [stdout] note: found an item that was configured out
[INFO] [stdout]  --> /opt/rustwide/workdir/src/lib.rs:9:9
[INFO] [stdout]   |
[INFO] [stdout] 9 | pub mod channel_voice1;
[INFO] [stdout]   |         ^^^^^^^^^^^^^^
[INFO] [stdout] note: the item is gated behind the `channel-voice1` feature
[INFO] [stdout]  --> /opt/rustwide/workdir/src/lib.rs:8:7
[INFO] [stdout]   |
[INFO] [stdout] 8 | #[cfg(feature = "channel-voice1")]
[INFO] [stdout]   |       ^^^^^^^^^^^^^^^^^^^^^^^^^^
[INFO] [stdout] 
[INFO] [stdout] error: aborting due to 1 previous error
[INFO] [stdout] 
[INFO] [stdout] For more information about this error, try `rustc --explain E0432`.
[INFO] [stdout] Couldn't compile the test.
[INFO] [stdout] ---- src/traits.rs - traits::IntoBytes (line 235) stdout ----
[INFO] [stdout] error[E0432]: unresolved import `midi2::channel_voice1`
[INFO] [stdout]  --> src/traits.rs:237:30
[INFO] [stdout]   |
[INFO] [stdout] 5 | use midi2::{IntoBytes, Data, channel_voice1::NoteOn};
[INFO] [stdout]   |                              ^^^^^^^^^^^^^^ could not find `channel_voice1` in `midi2`
[INFO] [stdout]   |
[INFO] [stdout] note: found an item that was configured out
[INFO] [stdout]  --> /opt/rustwide/workdir/src/lib.rs:9:9
[INFO] [stdout]   |
[INFO] [stdout] 9 | pub mod channel_voice1;
[INFO] [stdout]   |         ^^^^^^^^^^^^^^
[INFO] [stdout] note: the item is gated behind the `channel-voice1` feature
[INFO] [stdout]  --> /opt/rustwide/workdir/src/lib.rs:8:7
[INFO] [stdout]   |
[INFO] [stdout] 8 | #[cfg(feature = "channel-voice1")]
[INFO] [stdout]   |       ^^^^^^^^^^^^^^^^^^^^^^^^^^
[INFO] [stdout] 
[INFO] [stdout] error: aborting due to 1 previous error
[INFO] [stdout] 
[INFO] [stdout] For more information about this error, try `rustc --explain E0432`.
[INFO] [stdout] Couldn't compile the test.
[INFO] [stdout] ---- src/traits.rs - traits::IntoUmp (line 185) stdout ----
[INFO] [stdout] error[E0432]: unresolved import `midi2::channel_voice1`
[INFO] [stdout]  --> src/traits.rs:187:28
[INFO] [stdout]   |
[INFO] [stdout] 5 | use midi2::{IntoUmp, Data, channel_voice1::NoteOn};
[INFO] [stdout]   |                            ^^^^^^^^^^^^^^ could not find `channel_voice1` in `midi2`
[INFO] [stdout]   |
[INFO] [stdout] note: found an item that was configured out
[INFO] [stdout]  --> /opt/rustwide/workdir/src/lib.rs:9:9
[INFO] [stdout]   |
[INFO] [stdout] 9 | pub mod channel_voice1;
[INFO] [stdout]   |         ^^^^^^^^^^^^^^
[INFO] [stdout] note: the item is gated behind the `channel-voice1` feature
[INFO] [stdout]  --> /opt/rustwide/workdir/src/lib.rs:8:7
[INFO] [stdout]   |
[INFO] [stdout] 8 | #[cfg(feature = "channel-voice1")]
[INFO] [stdout]   |       ^^^^^^^^^^^^^^^^^^^^^^^^^^
[INFO] [stdout] 
[INFO] [stdout] error: aborting due to 1 previous error
[INFO] [stdout] 
[INFO] [stdout] For more information about this error, try `rustc --explain E0432`.
[INFO] [stdout] Couldn't compile the test.
[INFO] [stdout] ---- src/traits.rs - traits::RebufferInto (line 82) stdout ----
[INFO] [stdout] error[E0432]: unresolved import `midi2::channel_voice1`
[INFO] [stdout]  --> src/traits.rs:84:33
[INFO] [stdout]   |
[INFO] [stdout] 5 | use midi2::{RebufferInto, Data, channel_voice1::NoteOn};
[INFO] [stdout]   |                                 ^^^^^^^^^^^^^^ could not find `channel_voice1` in `midi2`
[INFO] [stdout]   |
[INFO] [stdout] note: found an item that was configured out
[INFO] [stdout]  --> /opt/rustwide/workdir/src/lib.rs:9:9
[INFO] [stdout]   |
[INFO] [stdout] 9 | pub mod channel_voice1;
[INFO] [stdout]   |         ^^^^^^^^^^^^^^
[INFO] [stdout] note: the item is gated behind the `channel-voice1` feature
[INFO] [stdout]  --> /opt/rustwide/workdir/src/lib.rs:8:7
[INFO] [stdout]   |
[INFO] [stdout] 8 | #[cfg(feature = "channel-voice1")]
[INFO] [stdout]   |       ^^^^^^^^^^^^^^^^^^^^^^^^^^
[INFO] [stdout] 
[INFO] [stdout] error: aborting due to 1 previous error
[INFO] [stdout] 
[INFO] [stdout] For more information about this error, try `rustc --explain E0432`.
[INFO] [stdout] Couldn't compile the test.
[INFO] [stdout] ---- src/traits.rs - traits::Sysex (line 419) stdout ----
[INFO] [stdout] error[E0432]: unresolved import `midi2::sysex8`
[INFO] [stdout]   --> src/traits.rs:421:13
[INFO] [stdout]    |
[INFO] [stdout] 5  | use midi2::{sysex8::Sysex8, Sysex};
[INFO] [stdout]    |             ^^^^^^ could not find `sysex8` in `midi2`
[INFO] [stdout]    |
[INFO] [stdout] note: found an item that was configured out
[INFO] [stdout]   --> /opt/rustwide/workdir/src/lib.rs:19:9
[INFO] [stdout]    |
[INFO] [stdout] 19 | pub mod sysex8;
[INFO] [stdout]    |         ^^^^^^
[INFO] [stdout] note: the item is gated behind the `sysex8` feature
[INFO] [stdout]   --> /opt/rustwide/workdir/src/lib.rs:18:7
[INFO] [stdout]    |
[INFO] [stdout] 18 | #[cfg(feature = "sysex8")]
[INFO] [stdout]    |       ^^^^^^^^^^^^^^^^^^
[INFO] [stdout] 
[INFO] [stdout] error: aborting due to 1 previous error
[INFO] [stdout] 
[INFO] [stdout] For more information about this error, try `rustc --explain E0432`.
[INFO] [stdout] Couldn't compile the test.
[INFO] [stdout] ---- src/traits.rs - traits::Sysex (line 439) stdout ----
[INFO] [stdout] error[E0432]: unresolved import `midi2::sysex8`
[INFO] [stdout]   --> src/traits.rs:441:13
[INFO] [stdout]    |
[INFO] [stdout] 5  | use midi2::{sysex8::Sysex8, Sysex, Data};
[INFO] [stdout]    |             ^^^^^^ could not find `sysex8` in `midi2`
[INFO] [stdout]    |
[INFO] [stdout] note: found an item that was configured out
[INFO] [stdout]   --> /opt/rustwide/workdir/src/lib.rs:19:9
[INFO] [stdout]    |
[INFO] [stdout] 19 | pub mod sysex8;
[INFO] [stdout]    |         ^^^^^^
[INFO] [stdout] note: the item is gated behind the `sysex8` feature
[INFO] [stdout]   --> /opt/rustwide/workdir/src/lib.rs:18:7
[INFO] [stdout]    |
[INFO] [stdout] 18 | #[cfg(feature = "sysex8")]
[INFO] [stdout]    |       ^^^^^^^^^^^^^^^^^^
[INFO] [stdout] 
[INFO] [stdout] error: aborting due to 1 previous error
[INFO] [stdout] 
[INFO] [stdout] For more information about this error, try `rustc --explain E0432`.
[INFO] [stdout] Couldn't compile the test.
[INFO] [stdout] ---- src/traits.rs - traits::TryFromUmp (line 343) stdout ----
[INFO] [stdout] error[E0432]: unresolved import `midi2::sysex7`
[INFO] [stdout]   --> src/traits.rs:345:31
[INFO] [stdout]    |
[INFO] [stdout] 5  | use midi2::{TryFromUmp, Data, sysex7::Sysex7};
[INFO] [stdout]    |                               ^^^^^^ could not find `sysex7` in `midi2`
[INFO] [stdout]    |
[INFO] [stdout] note: found an item that was configured out
[INFO] [stdout]   --> /opt/rustwide/workdir/src/lib.rs:17:9
[INFO] [stdout]    |
[INFO] [stdout] 17 | pub mod sysex7;
[INFO] [stdout]    |         ^^^^^^
[INFO] [stdout] note: the item is gated behind the `sysex7` feature
[INFO] [stdout]   --> /opt/rustwide/workdir/src/lib.rs:16:7
[INFO] [stdout]    |
[INFO] [stdout] 16 | #[cfg(feature = "sysex7")]
[INFO] [stdout]    |       ^^^^^^^^^^^^^^^^^^
[INFO] [stdout] 
[INFO] [stdout] error: aborting due to 1 previous error
[INFO] [stdout] 
[INFO] [stdout] For more information about this error, try `rustc --explain E0432`.
[INFO] [stdout] Couldn't compile the test.
[INFO] [stdout] ---- src/traits.rs - traits::TryIntoBytes (line 375) stdout ----
[INFO] [stdout] error[E0432]: unresolved import `midi2::sysex7`
[INFO] [stdout]   --> src/traits.rs:377:33
[INFO] [stdout]    |
[INFO] [stdout] 5  | use midi2::{TryIntoBytes, Data, sysex7::Sysex7, error::BufferOverflow};
[INFO] [stdout]    |                                 ^^^^^^ could not find `sysex7` in `midi2`
[INFO] [stdout]    |
[INFO] [stdout] note: found an item that was configured out
[INFO] [stdout]   --> /opt/rustwide/workdir/src/lib.rs:17:9
[INFO] [stdout]    |
[INFO] [stdout] 17 | pub mod sysex7;
[INFO] [stdout]    |         ^^^^^^
[INFO] [stdout] note: the item is gated behind the `sysex7` feature
[INFO] [stdout]   --> /opt/rustwide/workdir/src/lib.rs:16:7
[INFO] [stdout]    |
[INFO] [stdout] 16 | #[cfg(feature = "sysex7")]
[INFO] [stdout]    |       ^^^^^^^^^^^^^^^^^^
[INFO] [stdout] 
[INFO] [stdout] error: aborting due to 1 previous error
[INFO] [stdout] 
[INFO] [stdout] For more information about this error, try `rustc --explain E0432`.
[INFO] [stdout] Couldn't compile the test.
[INFO] [stdout] ---- src/traits.rs - traits::TryFromBytes (line 265) stdout ----
[INFO] [stdout] error[E0432]: unresolved import `midi2::sysex7`
[INFO] [stdout]   --> src/traits.rs:267:33
[INFO] [stdout]    |
[INFO] [stdout] 5  | use midi2::{TryFromBytes, Data, sysex7::Sysex7};
[INFO] [stdout]    |                                 ^^^^^^ could not find `sysex7` in `midi2`
[INFO] [stdout]    |
[INFO] [stdout] note: found an item that was configured out
[INFO] [stdout]   --> /opt/rustwide/workdir/src/lib.rs:17:9
[INFO] [stdout]    |
[INFO] [stdout] 17 | pub mod sysex7;
[INFO] [stdout]    |         ^^^^^^
[INFO] [stdout] note: the item is gated behind the `sysex7` feature
[INFO] [stdout]   --> /opt/rustwide/workdir/src/lib.rs:16:7
[INFO] [stdout]    |
[INFO] [stdout] 16 | #[cfg(feature = "sysex7")]
[INFO] [stdout]    |       ^^^^^^^^^^^^^^^^^^
[INFO] [stdout] 
[INFO] [stdout] error: aborting due to 1 previous error
[INFO] [stdout] 
[INFO] [stdout] For more information about this error, try `rustc --explain E0432`.
[INFO] [stdout] Couldn't compile the test.
[INFO] [stdout] ---- src/traits.rs - traits::Sysex (line 460) stdout ----
[INFO] [stdout] error[E0432]: unresolved import `midi2::sysex8`
[INFO] [stdout]   --> src/traits.rs:462:13
[INFO] [stdout]    |
[INFO] [stdout] 5  | use midi2::{sysex8::Sysex8, Sysex, Data};
[INFO] [stdout]    |             ^^^^^^ could not find `sysex8` in `midi2`
[INFO] [stdout]    |
[INFO] [stdout] note: found an item that was configured out
[INFO] [stdout]   --> /opt/rustwide/workdir/src/lib.rs:19:9
[INFO] [stdout]    |
[INFO] [stdout] 19 | pub mod sysex8;
[INFO] [stdout]    |         ^^^^^^
[INFO] [stdout] note: the item is gated behind the `sysex8` feature
[INFO] [stdout]   --> /opt/rustwide/workdir/src/lib.rs:18:7
[INFO] [stdout]    |
[INFO] [stdout] 18 | #[cfg(feature = "sysex8")]
[INFO] [stdout]    |       ^^^^^^^^^^^^^^^^^^
[INFO] [stdout] 
[INFO] [stdout] error: aborting due to 1 previous error
[INFO] [stdout] 
[INFO] [stdout] For more information about this error, try `rustc --explain E0432`.
[INFO] [stdout] Couldn't compile the test.
[INFO] [stdout] ---- src/traits.rs - traits::TryIntoUmp (line 293) stdout ----
[INFO] [stdout] error[E0432]: unresolved import `midi2::sysex7`
[INFO] [stdout]   --> src/traits.rs:295:31
[INFO] [stdout]    |
[INFO] [stdout] 5  | use midi2::{TryIntoUmp, Data, sysex7::Sysex7, error::BufferOverflow};
[INFO] [stdout]    |                               ^^^^^^ could not find `sysex7` in `midi2`
[INFO] [stdout]    |
[INFO] [stdout] note: found an item that was configured out
[INFO] [stdout]   --> /opt/rustwide/workdir/src/lib.rs:17:9
[INFO] [stdout]    |
[INFO] [stdout] 17 | pub mod sysex7;
[INFO] [stdout]    |         ^^^^^^
[INFO] [stdout] note: the item is gated behind the `sysex7` feature
[INFO] [stdout]   --> /opt/rustwide/workdir/src/lib.rs:16:7
[INFO] [stdout]    |
[INFO] [stdout] 16 | #[cfg(feature = "sysex7")]
[INFO] [stdout]    |       ^^^^^^^^^^^^^^^^^^
[INFO] [stdout] 
[INFO] [stdout] error: aborting due to 1 previous error
[INFO] [stdout] 
[INFO] [stdout] For more information about this error, try `rustc --explain E0432`.
[INFO] [stdout] Couldn't compile the test.
[INFO] [stdout] ---- src/traits.rs - traits::TryRebufferInto (line 133) stdout ----
[INFO] [stdout] error[E0432]: unresolved import `midi2::sysex7`
[INFO] [stdout]   --> src/traits.rs:135:30
[INFO] [stdout]    |
[INFO] [stdout] 5  | use midi2::{TryRebufferInto, sysex7::Sysex7, error::BufferOverflow};
[INFO] [stdout]    |                              ^^^^^^ could not find `sysex7` in `midi2`
[INFO] [stdout]    |
[INFO] [stdout] note: found an item that was configured out
[INFO] [stdout]   --> /opt/rustwide/workdir/src/lib.rs:17:9
[INFO] [stdout]    |
[INFO] [stdout] 17 | pub mod sysex7;
[INFO] [stdout]    |         ^^^^^^
[INFO] [stdout] note: the item is gated behind the `sysex7` feature
[INFO] [stdout]   --> /opt/rustwide/workdir/src/lib.rs:16:7
[INFO] [stdout]    |
[INFO] [stdout] 16 | #[cfg(feature = "sysex7")]
[INFO] [stdout]    |       ^^^^^^^^^^^^^^^^^^
[INFO] [stdout] 
[INFO] [stdout] error: aborting due to 1 previous error
[INFO] [stdout] 
[INFO] [stdout] For more information about this error, try `rustc --explain E0432`.
[INFO] [stdout] Couldn't compile the test.
[INFO] [stdout] ---- src/traits.rs - traits::TryRebufferFrom (line 111) stdout ----
[INFO] [stdout] error[E0432]: unresolved import `midi2::sysex7`
[INFO] [stdout]   --> src/traits.rs:113:30
[INFO] [stdout]    |
[INFO] [stdout] 5  | use midi2::{TryRebufferFrom, sysex7::Sysex7};
[INFO] [stdout]    |                              ^^^^^^ could not find `sysex7` in `midi2`
[INFO] [stdout]    |
[INFO] [stdout] note: found an item that was configured out
[INFO] [stdout]   --> /opt/rustwide/workdir/src/lib.rs:17:9
[INFO] [stdout]    |
[INFO] [stdout] 17 | pub mod sysex7;
[INFO] [stdout]    |         ^^^^^^
[INFO] [stdout] note: the item is gated behind the `sysex7` feature
[INFO] [stdout]   --> /opt/rustwide/workdir/src/lib.rs:16:7
[INFO] [stdout]    |
[INFO] [stdout] 16 | #[cfg(feature = "sysex7")]
[INFO] [stdout]    |       ^^^^^^^^^^^^^^^^^^
[INFO] [stdout] 
[INFO] [stdout] error: aborting due to 1 previous error
[INFO] [stdout] 
[INFO] [stdout] For more information about this error, try `rustc --explain E0432`.
[INFO] [stdout] Couldn't compile the test.
[INFO] [stdout] 
[INFO] [stdout] failures:
[INFO] [stdout]     src/../README.md - (line 107)
[INFO] [stdout]     src/../README.md - (line 133)
[INFO] [stdout]     src/../README.md - (line 168)
[INFO] [stdout]     src/../README.md - (line 192)
[INFO] [stdout]     src/../README.md - (line 22)
[INFO] [stdout]     src/../README.md - (line 241)
[INFO] [stdout]     src/../README.md - (line 253)
[INFO] [stdout]     src/../README.md - (line 63)
[INFO] [stdout]     src/buffer.rs - buffer (line 5)
[INFO] [stdout]     src/buffer.rs - buffer (line 57)
[INFO] [stdout]     src/buffer.rs - buffer (line 76)
[INFO] [stdout]     src/buffer.rs - buffer (line 85)
[INFO] [stdout]     src/packets.rs - packets::Packets (line 39)
[INFO] [stdout]     src/packets.rs - packets::Packets (line 56)
[INFO] [stdout]     src/traits.rs - traits::Data (line 17)
[INFO] [stdout]     src/traits.rs - traits::Data (line 7)
[INFO] [stdout]     src/traits.rs - traits::FromBytes (line 171)
[INFO] [stdout]     src/traits.rs - traits::FromUmp (line 217)
[INFO] [stdout]     src/traits.rs - traits::IntoBytes (line 235)
[INFO] [stdout]     src/traits.rs - traits::IntoUmp (line 185)
[INFO] [stdout]     src/traits.rs - traits::RebufferFrom (line 68)
[INFO] [stdout]     src/traits.rs - traits::RebufferInto (line 82)
[INFO] [stdout]     src/traits.rs - traits::Sysex (line 419)
[INFO] [stdout]     src/traits.rs - traits::Sysex (line 439)
[INFO] [stdout]     src/traits.rs - traits::Sysex (line 460)
[INFO] [stdout]     src/traits.rs - traits::TryFromBytes (line 265)
[INFO] [stdout]     src/traits.rs - traits::TryFromUmp (line 343)
[INFO] [stdout]     src/traits.rs - traits::TryIntoBytes (line 375)
[INFO] [stdout]     src/traits.rs - traits::TryIntoUmp (line 293)
[INFO] [stdout]     src/traits.rs - traits::TryRebufferFrom (line 111)
[INFO] [stdout]     src/traits.rs - traits::TryRebufferInto (line 133)
[INFO] [stdout] 
[INFO] [stdout] test result: FAILED. 7 passed; 31 failed; 0 ignored; 0 measured; 0 filtered out; finished in 1.04s
[INFO] [stdout] 
[INFO] [stderr] error: doctest failed, to rerun pass `--doc`
[INFO] running `Command { std: "docker" "inspect" "62efff9981143170c1a6ff24fcd9d1db5067d047f53fa508bee76cd2901ef06a", kill_on_drop: false }`
[INFO] running `Command { std: "docker" "rm" "-f" "62efff9981143170c1a6ff24fcd9d1db5067d047f53fa508bee76cd2901ef06a", kill_on_drop: false }`
[INFO] [stdout] 62efff9981143170c1a6ff24fcd9d1db5067d047f53fa508bee76cd2901ef06a
