[INFO] fetching crate midenc-debug 0.0.7...
[INFO] testing midenc-debug-0.0.7 against nightly-2024-10-28+rustflags=-Zrandomize-layout for randomize-layout
[INFO] extracting crate midenc-debug 0.0.7 into /workspace/builds/worker-6-tc2/source
[INFO] validating manifest of crates.io crate midenc-debug 0.0.7 on toolchain nightly-2024-10-28
[INFO] running `Command { std: CARGO_HOME="/workspace/cargo-home" RUSTUP_HOME="/workspace/rustup-home" "/workspace/cargo-home/bin/cargo" "+nightly-2024-10-28" "metadata" "--manifest-path" "Cargo.toml" "--no-deps", kill_on_drop: false }`
[INFO] started tweaking crates.io crate midenc-debug 0.0.7
[INFO] finished tweaking crates.io crate midenc-debug 0.0.7
[INFO] tweaked toml for crates.io crate midenc-debug 0.0.7 written to /workspace/builds/worker-6-tc2/source/Cargo.toml
[INFO] running `Command { std: CARGO_HOME="/workspace/cargo-home" RUSTUP_HOME="/workspace/rustup-home" "/workspace/cargo-home/bin/cargo" "+nightly-2024-10-28" "generate-lockfile" "--manifest-path" "Cargo.toml", kill_on_drop: false }`
[INFO] [stderr]     Updating crates.io index
[INFO] [stderr]     Blocking waiting for file lock on package cache
[INFO] [stderr]      Locking 287 packages to latest compatible versions
[INFO] [stderr]       Adding ratatui v0.28.1 (available: v0.29.0)
[INFO] [stderr]       Adding tui-input v0.10.1 (available: v0.11.0)
[INFO] running `Command { std: CARGO_HOME="/workspace/cargo-home" RUSTUP_HOME="/workspace/rustup-home" "/workspace/cargo-home/bin/cargo" "+nightly-2024-10-28" "fetch" "--manifest-path" "Cargo.toml", kill_on_drop: false }`
[INFO] [stderr]     Blocking waiting for file lock on package cache
[INFO] running `Command { std: "docker" "create" "-v" "/var/lib/crater-agent-workspace/builds/worker-6-tc2/target:/opt/rustwide/target:rw,Z" "-v" "/var/lib/crater-agent-workspace/builds/worker-6-tc2/source:/opt/rustwide/workdir:ro,Z" "-v" "/var/lib/crater-agent-workspace/cargo-home:/opt/rustwide/cargo-home:ro,Z" "-v" "/var/lib/crater-agent-workspace/rustup-home:/opt/rustwide/rustup-home:ro,Z" "-e" "SOURCE_DIR=/opt/rustwide/workdir" "-e" "CARGO_TARGET_DIR=/opt/rustwide/target" "-e" "CARGO_HOME=/opt/rustwide/cargo-home" "-e" "RUSTUP_HOME=/opt/rustwide/rustup-home" "-w" "/opt/rustwide/workdir" "-m" "1610612736" "--user" "0:0" "--network" "none" "ghcr.io/rust-lang/crates-build-env/linux@sha256:4a844ea9eb2546a2d2c7022eacef16ef2e8229c7fbb2c7d4d55a9ceca922f72d" "/opt/rustwide/cargo-home/bin/cargo" "+nightly-2024-10-28" "metadata" "--no-deps" "--format-version=1", kill_on_drop: false }`
[INFO] [stdout] c6253d0b9a3bebc5017efa5c3e431afad1f2b8a4446e90af32817e822188fb0f
[INFO] running `Command { std: "docker" "start" "-a" "c6253d0b9a3bebc5017efa5c3e431afad1f2b8a4446e90af32817e822188fb0f", kill_on_drop: false }`
[INFO] running `Command { std: "docker" "inspect" "c6253d0b9a3bebc5017efa5c3e431afad1f2b8a4446e90af32817e822188fb0f", kill_on_drop: false }`
[INFO] running `Command { std: "docker" "rm" "-f" "c6253d0b9a3bebc5017efa5c3e431afad1f2b8a4446e90af32817e822188fb0f", kill_on_drop: false }`
[INFO] [stdout] c6253d0b9a3bebc5017efa5c3e431afad1f2b8a4446e90af32817e822188fb0f
[INFO] running `Command { std: "docker" "create" "-v" "/var/lib/crater-agent-workspace/builds/worker-6-tc2/target:/opt/rustwide/target:rw,Z" "-v" "/var/lib/crater-agent-workspace/builds/worker-6-tc2/source:/opt/rustwide/workdir:ro,Z" "-v" "/var/lib/crater-agent-workspace/cargo-home:/opt/rustwide/cargo-home:ro,Z" "-v" "/var/lib/crater-agent-workspace/rustup-home:/opt/rustwide/rustup-home:ro,Z" "-e" "SOURCE_DIR=/opt/rustwide/workdir" "-e" "CARGO_TARGET_DIR=/opt/rustwide/target" "-e" "CARGO_INCREMENTAL=0" "-e" "RUST_BACKTRACE=full" "-e" "RUSTFLAGS=--cap-lints=forbid -Zrandomize-layout" "-e" "RUSTDOCFLAGS=--cap-lints=forbid" "-e" "CARGO_HOME=/opt/rustwide/cargo-home" "-e" "RUSTUP_HOME=/opt/rustwide/rustup-home" "-w" "/opt/rustwide/workdir" "-m" "1610612736" "--user" "0:0" "--network" "none" "ghcr.io/rust-lang/crates-build-env/linux@sha256:4a844ea9eb2546a2d2c7022eacef16ef2e8229c7fbb2c7d4d55a9ceca922f72d" "/opt/rustwide/cargo-home/bin/cargo" "+nightly-2024-10-28" "build" "--frozen" "--message-format=json", kill_on_drop: false }`
[INFO] [stdout] e7b5339f28ee0a5dbf98d3b25370246ce6041c789660d03b13033c0018e643a1
[INFO] running `Command { std: "docker" "start" "-a" "e7b5339f28ee0a5dbf98d3b25370246ce6041c789660d03b13033c0018e643a1", kill_on_drop: false }`
[INFO] [stderr]    Compiling proc-macro2 v1.0.89
[INFO] [stderr]    Compiling unicode-ident v1.0.13
[INFO] [stderr]    Compiling libc v0.2.161
[INFO] [stderr]    Compiling autocfg v1.4.0
[INFO] [stderr]    Compiling cfg-if v1.0.0
[INFO] [stderr]    Compiling equivalent v1.0.1
[INFO] [stderr]    Compiling memchr v2.7.4
[INFO] [stderr]    Compiling libm v0.2.11
[INFO] [stderr]    Compiling regex-syntax v0.8.5
[INFO] [stderr]    Compiling hashbrown v0.15.0
[INFO] [stderr]    Compiling shlex v1.3.0
[INFO] [stderr]    Compiling serde v1.0.214
[INFO] [stderr]    Compiling parking_lot_core v0.9.10
[INFO] [stderr]    Compiling aho-corasick v1.1.3
[INFO] [stderr]    Compiling quote v1.0.37
[INFO] [stderr]    Compiling indexmap v2.6.0
[INFO] [stderr]    Compiling lock_api v0.4.12
[INFO] [stderr]    Compiling jobserver v0.1.32
[INFO] [stderr]    Compiling typenum v1.17.0
[INFO] [stderr]    Compiling pin-project-lite v0.2.15
[INFO] [stderr]    Compiling syn v2.0.86
[INFO] [stderr]    Compiling cc v1.1.31
[INFO] [stderr]    Compiling version_check v0.9.5
[INFO] [stderr]    Compiling scopeguard v1.2.0
[INFO] [stderr]    Compiling winnow v0.6.20
[INFO] [stderr]    Compiling rustversion v1.0.18
[INFO] [stderr]    Compiling generic-array v0.14.7
[INFO] [stderr]    Compiling linux-raw-sys v0.4.14
[INFO] [stderr]    Compiling bitflags v2.6.0
[INFO] [stderr]    Compiling regex-automata v0.4.8
[INFO] [stderr]    Compiling itoa v1.0.11
[INFO] [stderr]    Compiling ryu v1.0.18
[INFO] [stderr]    Compiling adler2 v2.0.0
[INFO] [stderr]    Compiling lazy_static v1.5.0
[INFO] [stderr]    Compiling serde_json v1.0.132
[INFO] [stderr]    Compiling pin-utils v0.1.0
[INFO] [stderr]    Compiling glob v0.3.1
[INFO] [stderr]    Compiling serde_spanned v0.6.8
[INFO] [stderr]    Compiling toml_datetime v0.6.8
[INFO] [stderr]    Compiling crypto-common v0.1.6
[INFO] [stderr]    Compiling block-buffer v0.10.4
[INFO] [stderr]    Compiling blake3 v1.5.4
[INFO] [stderr]    Compiling getrandom v0.2.15
[INFO] [stderr]    Compiling toml_edit v0.22.22
[INFO] [stderr]    Compiling digest v0.10.7
[INFO] [stderr]    Compiling winter-utils v0.9.3
[INFO] [stderr]    Compiling once_cell v1.20.2
[INFO] [stderr]    Compiling unicode-width v0.1.14
[INFO] [stderr]    Compiling futures-sink v0.3.31
[INFO] [stderr]    Compiling byteorder v1.5.0
[INFO] [stderr]    Compiling keccak v0.1.5
[INFO] [stderr]    Compiling arrayref v0.3.9
[INFO] [stderr]    Compiling arrayvec v0.7.6
[INFO] [stderr]    Compiling gimli v0.31.1
[INFO] [stderr]    Compiling constant_time_eq v0.3.1
[INFO] [stderr]    Compiling log v0.4.22
[INFO] [stderr]    Compiling regex v1.11.1
[INFO] [stderr]    Compiling target-triple v0.1.3
[INFO] [stderr]    Compiling futures-core v0.3.31
[INFO] [stderr]    Compiling sha3 v0.10.8
[INFO] [stderr]    Compiling winter-math v0.9.3
[INFO] [stderr]    Compiling rand_core v0.6.4
[INFO] [stderr]    Compiling vte_generate_state_changes v0.1.2
[INFO] [stderr]    Compiling utf8parse v0.2.2
[INFO] [stderr]    Compiling semver-parser v0.7.0
[INFO] [stderr]    Compiling futures-task v0.3.31
[INFO] [stderr]    Compiling either v1.13.0
[INFO] [stderr]    Compiling vte v0.11.1
[INFO] [stderr]    Compiling semver v0.9.0
[INFO] [stderr]    Compiling futures-util v0.3.31
[INFO] [stderr]    Compiling winter-crypto v0.9.0
[INFO] [stderr]    Compiling futures-channel v0.3.31
[INFO] [stderr]    Compiling num-traits v0.2.19
[INFO] [stderr]    Compiling toml v0.8.19
[INFO] [stderr]    Compiling termcolor v1.4.1
[INFO] [stderr]    Compiling dissimilar v1.0.9
[INFO] [stderr]    Compiling smallvec v1.13.2
[INFO] [stderr]    Compiling serde_derive v1.0.214
[INFO] [stderr]    Compiling zerocopy-derive v0.7.35
[INFO] [stderr]    Compiling addr2line v0.24.2
[INFO] [stderr]    Compiling futures-io v0.3.31
[INFO] [stderr]    Compiling futures v0.3.31
[INFO] [stderr]    Compiling miden-thiserror-impl v1.0.59
[INFO] [stderr]    Compiling strip-ansi-escapes v0.2.0
[INFO] [stderr]    Compiling rustc_version v0.2.3
[INFO] [stderr]    Compiling dirs-sys-next v0.1.2
[INFO] [stderr]    Compiling rustix v0.38.38
[INFO] [stderr]    Compiling indenter v0.3.3
[INFO] [stderr]    Compiling owo-colors v4.1.0
[INFO] [stderr]    Compiling crunchy v0.2.2
[INFO] [stderr]    Compiling dirs-next v2.0.0
[INFO] [stderr]    Compiling parking_lot v0.12.3
[INFO] [stderr]    Compiling miden-crypto v0.10.3
[INFO] [stderr]    Compiling fixedbitset v0.4.2
[INFO] [stderr]    Compiling zerocopy v0.7.35
[INFO] [stderr]    Compiling tiny-keccak v2.0.2
[INFO] [stderr]    Compiling is_ci v1.2.0
[INFO] [stderr]    Compiling same-file v1.0.6
[INFO] [stderr]    Compiling unicode-linebreak v0.1.5
[INFO] [stderr]    Compiling siphasher v0.3.11
[INFO] [stderr]    Compiling smawk v0.3.2
[INFO] [stderr]    Compiling phf_shared v0.10.0
[INFO] [stderr]    Compiling textwrap v0.16.1
[INFO] [stderr]    Compiling walkdir v2.5.0
[INFO] [stderr]    Compiling supports-color v3.0.1
[INFO] [stderr]    Compiling ppv-lite86 v0.2.20
[INFO] [stderr]    Compiling term v0.7.0
[INFO] [stderr]    Compiling rand_chacha v0.3.1
[INFO] [stderr]    Compiling miden-miette-derive v7.1.0
[INFO] [stderr]    Compiling rand v0.8.5
[INFO] [stderr]    Compiling new_debug_unreachable v1.0.6
[INFO] [stderr]    Compiling bit-vec v0.6.3
[INFO] [stderr]    Compiling spin v0.9.8
[INFO] [stderr]    Compiling supports-unicode v3.0.0
[INFO] [stderr]    Compiling supports-hyperlinks v3.0.0
[INFO] [stderr]    Compiling precomputed-hash v0.1.1
[INFO] [stderr]    Compiling string_cache v0.8.7
[INFO] [stderr]    Compiling bit-set v0.5.3
[INFO] [stderr]    Compiling ascii-canvas v3.0.0
[INFO] [stderr]    Compiling num-integer v0.1.46
[INFO] [stderr]    Compiling petgraph v0.6.5
[INFO] [stderr]    Compiling itertools v0.11.0
[INFO] [stderr]    Compiling ena v0.14.3
[INFO] [stderr]    Compiling unicode-xid v0.2.6
[INFO] [stderr]    Compiling lalrpop-util v0.20.2
[INFO] [stderr]    Compiling semver v1.0.23
[INFO] [stderr]    Compiling tracing-attributes v0.1.27
[INFO] [stderr]    Compiling num-derive v0.4.2
[INFO] [stderr]    Compiling miden-formatting v0.1.1
[INFO] [stderr]    Compiling trybuild v1.0.101
[INFO] [stderr]    Compiling tracing-core v0.1.32
[INFO] [stderr]    Compiling lalrpop v0.20.2
[INFO] [stderr]    Compiling num-bigint v0.4.6
[INFO] [stderr]    Compiling miniz_oxide v0.8.0
[INFO] [stderr]    Compiling object v0.36.5
[INFO] [stderr]    Compiling rustc-demangle v0.1.24
[INFO] [stderr]    Compiling tracing v0.1.40
[INFO] [stderr]    Compiling miden-thiserror v1.0.59
[INFO] [stderr]    Compiling num-rational v0.4.2
[INFO] [stderr]    Compiling rustc_version v0.4.1
[INFO] [stderr]    Compiling num-iter v0.1.45
[INFO] [stderr]    Compiling num-complex v0.4.6
[INFO] [stderr]    Compiling num v0.4.3
[INFO] [stderr]    Compiling terminal_size v0.3.0
[INFO] [stderr]    Compiling miden-miette v7.1.1
[INFO] [stderr]    Compiling allocator-api2 v0.2.18
[INFO] [stderr]    Compiling foldhash v0.1.3
[INFO] [stderr]    Compiling heck v0.5.0
[INFO] [stderr]    Compiling Inflector v0.11.4
[INFO] [stderr]    Compiling rustc-hash v1.1.0
[INFO] [stderr]    Compiling paste v1.0.15
[INFO] [stderr]    Compiling backtrace v0.3.74
[INFO] [stderr]    Compiling backtrace-ext v0.2.1
[INFO] [stderr]    Compiling midenc-hir-symbol v0.0.7
[INFO] [stderr]    Compiling memoffset v0.9.1
[INFO] [stderr]    Compiling miden-core v0.10.5
[INFO] [stderr]    Compiling clap_lex v0.7.2
[INFO] [stderr]    Compiling anstyle v1.0.9
[INFO] [stderr]    Compiling clap_builder v4.5.20
[INFO] [stderr]    Compiling clap_derive v4.5.18
[INFO] [stderr]    Compiling serde_repr v0.1.19
[INFO] [stderr]    Compiling anyhow v1.0.92
[INFO] [stderr]    Compiling midenc-session v0.0.7
[INFO] [stderr]    Compiling signal-hook v0.3.17
[INFO] [stderr]    Compiling midenc-hir-macros v0.0.7
[INFO] [stderr]    Compiling winter-fri v0.9.0
[INFO] [stderr]    Compiling signal-hook-registry v1.4.2
[INFO] [stderr]    Compiling slab v0.4.9
[INFO] [stderr]    Compiling clap v4.5.20
[INFO] [stderr]    Compiling pkg-config v0.3.31
[INFO] [stderr]    Compiling inventory v0.3.15
[INFO] [stderr]    Compiling convert_case v0.4.0
[INFO] [stderr]    Compiling cranelift-entity v0.108.2
[INFO] [stderr]    Compiling winter-air v0.9.0
[INFO] [stderr]    Compiling derive_more v0.99.18
[INFO] [stderr]    Compiling intrusive-collections v0.9.7
[INFO] [stderr]    Compiling onig_sys v69.8.1
[INFO] [stderr]    Compiling midenc-hir-type v0.0.7
[INFO] [stderr]    Compiling serde_bytes v0.11.15
[INFO] [stderr]    Compiling winter-maybe-async v0.9.0
[INFO] [stderr]    Compiling mio v1.0.2
[INFO] [stderr]    Compiling typed-arena v2.0.2
[INFO] [stderr]    Compiling winter-prover v0.9.0
[INFO] [stderr]    Compiling cranelift-bforest v0.108.2
[INFO] [stderr]    Compiling signal-hook-mio v0.2.4
[INFO] [stderr]    Compiling strum_macros v0.26.4
[INFO] [stderr]    Compiling futures-macro v0.3.31
[INFO] [stderr]    Compiling miden-assembly v0.10.5
[INFO] [stderr]    Compiling midenc-hir v0.0.7
[INFO] [stderr]    Compiling itertools v0.13.0
[INFO] [stderr]    Compiling castaway v0.2.3
[INFO] [stderr]    Compiling fnv v1.0.7
[INFO] [stderr]    Compiling thiserror v1.0.66
[INFO] [stderr]    Compiling fastrand v2.1.1
[INFO] [stderr]    Compiling static_assertions v1.1.0
[INFO] [stderr]    Compiling unicode-segmentation v1.12.0
[INFO] [stderr]    Compiling tempfile v3.13.0
[INFO] [stderr]    Compiling compact_str v0.8.0
[INFO] [stderr]    Compiling miden-air v0.10.5
[INFO] [stderr]    Compiling unicode-truncate v1.1.0
[INFO] [stderr]    Compiling crossterm v0.28.1
[INFO] [stderr]    Compiling lru v0.12.5
[INFO] [stderr]    Compiling strum v0.26.3
[INFO] [stderr]    Compiling instability v0.3.2
[INFO] [stderr]    Compiling tokio-macros v2.4.0
[INFO] [stderr]    Compiling thiserror-impl v1.0.66
[INFO] [stderr]    Compiling wait-timeout v0.2.0
[INFO] [stderr]    Compiling crc32fast v1.4.2
[INFO] [stderr]    Compiling cassowary v0.3.0
[INFO] [stderr]    Compiling quick-error v1.2.3
[INFO] [stderr]    Compiling linked-hash-map v0.5.6
[INFO] [stderr]    Compiling bitflags v1.3.2
[INFO] [stderr]    Compiling bytemuck v1.19.0
[INFO] [stderr]    Compiling yaml-rust v0.4.5
[INFO] [stderr]    Compiling bitcode v0.6.3
[INFO] [stderr]    Compiling ratatui v0.28.1
[INFO] [stderr]    Compiling rusty-fork v0.3.0
[INFO] [stderr]    Compiling tokio v1.41.0
[INFO] [stderr]    Compiling flate2 v1.0.34
[INFO] [stderr]    Compiling futures-executor v0.3.31
[INFO] [stderr]    Compiling miden-processor v0.10.6
[INFO] [stderr]    Compiling bincode v1.3.3
[INFO] [stderr]    Compiling rand_xorshift v0.3.0
[INFO] [stderr]    Compiling onig v6.4.0
[INFO] [stderr]    Compiling bytes v1.8.0
[INFO] [stderr]    Compiling unarray v0.1.4
[INFO] [stderr]    Compiling proptest v1.5.0
[INFO] [stderr]    Compiling tokio-util v0.7.12
[INFO] [stderr]    Compiling syntect v5.2.0
[INFO] [stderr]    Compiling tui-input v0.10.1
[INFO] [stderr]    Compiling miden-stdlib v0.10.5
[INFO] [stderr]    Compiling miden-base-sys v0.0.7
[INFO] [stderr]    Compiling midenc-hir-analysis v0.0.7
[INFO] [stderr]    Compiling midenc-hir-transform v0.0.7
[INFO] [stderr]    Compiling midenc-codegen-masm v0.0.7
[INFO] [stderr]    Compiling midenc-debug v0.0.7 (/opt/rustwide/workdir)
[INFO] [stderr]     Finished `dev` profile [unoptimized + debuginfo] target(s) in 1m 33s
[INFO] running `Command { std: "docker" "inspect" "e7b5339f28ee0a5dbf98d3b25370246ce6041c789660d03b13033c0018e643a1", kill_on_drop: false }`
[INFO] running `Command { std: "docker" "rm" "-f" "e7b5339f28ee0a5dbf98d3b25370246ce6041c789660d03b13033c0018e643a1", kill_on_drop: false }`
[INFO] [stdout] e7b5339f28ee0a5dbf98d3b25370246ce6041c789660d03b13033c0018e643a1
[INFO] running `Command { std: "docker" "create" "-v" "/var/lib/crater-agent-workspace/builds/worker-6-tc2/target:/opt/rustwide/target:rw,Z" "-v" "/var/lib/crater-agent-workspace/builds/worker-6-tc2/source:/opt/rustwide/workdir:ro,Z" "-v" "/var/lib/crater-agent-workspace/cargo-home:/opt/rustwide/cargo-home:ro,Z" "-v" "/var/lib/crater-agent-workspace/rustup-home:/opt/rustwide/rustup-home:ro,Z" "-e" "SOURCE_DIR=/opt/rustwide/workdir" "-e" "CARGO_TARGET_DIR=/opt/rustwide/target" "-e" "CARGO_INCREMENTAL=0" "-e" "RUST_BACKTRACE=full" "-e" "RUSTFLAGS=--cap-lints=forbid -Zrandomize-layout" "-e" "RUSTDOCFLAGS=--cap-lints=forbid" "-e" "CARGO_HOME=/opt/rustwide/cargo-home" "-e" "RUSTUP_HOME=/opt/rustwide/rustup-home" "-w" "/opt/rustwide/workdir" "-m" "1610612736" "--user" "0:0" "--network" "none" "ghcr.io/rust-lang/crates-build-env/linux@sha256:4a844ea9eb2546a2d2c7022eacef16ef2e8229c7fbb2c7d4d55a9ceca922f72d" "/opt/rustwide/cargo-home/bin/cargo" "+nightly-2024-10-28" "test" "--frozen" "--no-run" "--message-format=json", kill_on_drop: false }`
[INFO] [stdout] bc700609a3627402b4b3995874c48c18a5dc2147a1f21a89b6801370d8eeed9c
[INFO] running `Command { std: "docker" "start" "-a" "bc700609a3627402b4b3995874c48c18a5dc2147a1f21a89b6801370d8eeed9c", kill_on_drop: false }`
[INFO] [stderr]    Compiling midenc-debug v0.0.7 (/opt/rustwide/workdir)
[INFO] [stderr]     Finished `test` profile [unoptimized + debuginfo] target(s) in 5.18s
[INFO] running `Command { std: "docker" "inspect" "bc700609a3627402b4b3995874c48c18a5dc2147a1f21a89b6801370d8eeed9c", kill_on_drop: false }`
[INFO] running `Command { std: "docker" "rm" "-f" "bc700609a3627402b4b3995874c48c18a5dc2147a1f21a89b6801370d8eeed9c", kill_on_drop: false }`
[INFO] [stdout] bc700609a3627402b4b3995874c48c18a5dc2147a1f21a89b6801370d8eeed9c
[INFO] running `Command { std: "docker" "create" "-v" "/var/lib/crater-agent-workspace/builds/worker-6-tc2/target:/opt/rustwide/target:rw,Z" "-v" "/var/lib/crater-agent-workspace/builds/worker-6-tc2/source:/opt/rustwide/workdir:ro,Z" "-v" "/var/lib/crater-agent-workspace/cargo-home:/opt/rustwide/cargo-home:ro,Z" "-v" "/var/lib/crater-agent-workspace/rustup-home:/opt/rustwide/rustup-home:ro,Z" "-e" "SOURCE_DIR=/opt/rustwide/workdir" "-e" "CARGO_TARGET_DIR=/opt/rustwide/target" "-e" "CARGO_INCREMENTAL=0" "-e" "RUST_BACKTRACE=full" "-e" "RUSTFLAGS=--cap-lints=forbid -Zrandomize-layout" "-e" "RUSTDOCFLAGS=--cap-lints=forbid" "-e" "CARGO_HOME=/opt/rustwide/cargo-home" "-e" "RUSTUP_HOME=/opt/rustwide/rustup-home" "-w" "/opt/rustwide/workdir" "-m" "1610612736" "--user" "0:0" "--network" "none" "ghcr.io/rust-lang/crates-build-env/linux@sha256:4a844ea9eb2546a2d2c7022eacef16ef2e8229c7fbb2c7d4d55a9ceca922f72d" "/opt/rustwide/cargo-home/bin/cargo" "+nightly-2024-10-28" "test" "--frozen", kill_on_drop: false }`
[INFO] [stdout] b70df256b14c11196f7d45f4963e5b77b14a609179df68a260cb80f4b25af118
[INFO] running `Command { std: "docker" "start" "-a" "b70df256b14c11196f7d45f4963e5b77b14a609179df68a260cb80f4b25af118", kill_on_drop: false }`
[INFO] [stderr]     Finished `test` profile [unoptimized + debuginfo] target(s) in 0.49s
[INFO] [stderr]      Running unittests src/lib.rs (/opt/rustwide/target/debug/deps/midenc_debug-5fa2821cced3ceb3)
[INFO] [stdout] 
[INFO] [stdout] running 6 tests
[INFO] [stdout] test config::tests::debugger_config_with_advice ... ok
[INFO] [stdout] test config::tests::debugger_config_with_operands ... ok
[INFO] [stdout] test felt::tests::bytes_from_words_test ... ok
[INFO] [stdout] test config::tests::debugger_config_empty ... ok
[INFO] [stdout] test config::tests::debugger_config_with_options ... ok
[INFO] [stdout] test felt::tests::bytes_to_words_test ... ok
[INFO] [stdout] 
[INFO] [stdout] test result: ok. 6 passed; 0 failed; 0 ignored; 0 measured; 0 filtered out; finished in 0.01s
[INFO] [stdout] 
[INFO] [stderr]    Doc-tests midenc_debug
[INFO] [stdout] 
[INFO] [stdout] running 2 tests
[INFO] [stdout] test src/felt.rs - felt::bytes_to_words (line 289) ... FAILED
[INFO] [stdout] test src/felt.rs - felt::bytes_to_words (line 285) ... FAILED
[INFO] [stdout] 
[INFO] [stdout] failures:
[INFO] [stdout] 
[INFO] [stdout] ---- src/felt.rs - felt::bytes_to_words (line 289) stdout ----
[INFO] [stdout] error: this is a block expression, not an array
[INFO] [stdout]  --> src/felt.rs:290:3
[INFO] [stdout]   |
[INFO] [stdout] 3 | [[{b0, ..b3}, {b4, ..b7}, {b8..b11}, {b12, ..b15}], ..]
[INFO] [stdout]   |   ^^^^^^^^^^
[INFO] [stdout]   |
[INFO] [stdout] help: to make an array, use square brackets instead of curly braces
[INFO] [stdout]   |
[INFO] [stdout] 3 | [[[b0, ..b3], {b4, ..b7}, {b8..b11}, {b12, ..b15}], ..]
[INFO] [stdout]   |   ~        ~
[INFO] [stdout] 
[INFO] [stdout] error: this is a block expression, not an array
[INFO] [stdout]  --> src/felt.rs:290:15
[INFO] [stdout]   |
[INFO] [stdout] 3 | [[{b0, ..b3}, {b4, ..b7}, {b8..b11}, {b12, ..b15}], ..]
[INFO] [stdout]   |               ^^^^^^^^^^
[INFO] [stdout]   |
[INFO] [stdout] help: to make an array, use square brackets instead of curly braces
[INFO] [stdout]   |
[INFO] [stdout] 3 | [[{b0, ..b3}, [b4, ..b7], {b8..b11}, {b12, ..b15}], ..]
[INFO] [stdout]   |               ~        ~
[INFO] [stdout] 
[INFO] [stdout] error: this is a block expression, not an array
[INFO] [stdout]  --> src/felt.rs:290:38
[INFO] [stdout]   |
[INFO] [stdout] 3 | [[{b0, ..b3}, {b4, ..b7}, {b8..b11}, {b12, ..b15}], ..]
[INFO] [stdout]   |                                      ^^^^^^^^^^^^
[INFO] [stdout]   |
[INFO] [stdout] help: to make an array, use square brackets instead of curly braces
[INFO] [stdout]   |
[INFO] [stdout] 3 | [[{b0, ..b3}, {b4, ..b7}, {b8..b11}, [b12, ..b15]], ..]
[INFO] [stdout]   |                                      ~          ~
[INFO] [stdout] 
[INFO] [stdout] error[E0425]: cannot find value `b8` in this scope
[INFO] [stdout]  --> src/felt.rs:290:28
[INFO] [stdout]   |
[INFO] [stdout] 3 | [[{b0, ..b3}, {b4, ..b7}, {b8..b11}, {b12, ..b15}], ..]
[INFO] [stdout]   |                            ^^ not found in this scope
[INFO] [stdout] 
[INFO] [stdout] error[E0425]: cannot find value `b11` in this scope
[INFO] [stdout]  --> src/felt.rs:290:32
[INFO] [stdout]   |
[INFO] [stdout] 3 | [[{b0, ..b3}, {b4, ..b7}, {b8..b11}, {b12, ..b15}], ..]
[INFO] [stdout]   |                                ^^^ not found in this scope
[INFO] [stdout]   |
[INFO] [stdout] help: you might have meant to write `.` instead of `..`
[INFO] [stdout]   |
[INFO] [stdout] 3 - [[{b0, ..b3}, {b4, ..b7}, {b8..b11}, {b12, ..b15}], ..]
[INFO] [stdout] 3 + [[{b0, ..b3}, {b4, ..b7}, {b8.b11}, {b12, ..b15}], ..]
[INFO] [stdout]   |
[INFO] [stdout] 
[INFO] [stdout] error: aborting due to 5 previous errors
[INFO] [stdout] 
[INFO] [stdout] For more information about this error, try `rustc --explain E0425`.
[INFO] [stdout] Couldn't compile the test.
[INFO] [stdout] ---- src/felt.rs - felt::bytes_to_words (line 285) stdout ----
[INFO] [stdout] error[E0425]: cannot find value `b0` in this scope
[INFO] [stdout]  --> src/felt.rs:286:2
[INFO] [stdout]   |
[INFO] [stdout] 3 | [b0, b1, b2, b3, b4, b5, b6, b7, .., b31]
[INFO] [stdout]   |  ^^ not found in this scope
[INFO] [stdout] 
[INFO] [stdout] error[E0425]: cannot find value `b1` in this scope
[INFO] [stdout]  --> src/felt.rs:286:6
[INFO] [stdout]   |
[INFO] [stdout] 3 | [b0, b1, b2, b3, b4, b5, b6, b7, .., b31]
[INFO] [stdout]   |      ^^ not found in this scope
[INFO] [stdout] 
[INFO] [stdout] error[E0425]: cannot find value `b2` in this scope
[INFO] [stdout]  --> src/felt.rs:286:10
[INFO] [stdout]   |
[INFO] [stdout] 3 | [b0, b1, b2, b3, b4, b5, b6, b7, .., b31]
[INFO] [stdout]   |          ^^ not found in this scope
[INFO] [stdout] 
[INFO] [stdout] error[E0425]: cannot find value `b3` in this scope
[INFO] [stdout]  --> src/felt.rs:286:14
[INFO] [stdout]   |
[INFO] [stdout] 3 | [b0, b1, b2, b3, b4, b5, b6, b7, .., b31]
[INFO] [stdout]   |              ^^ not found in this scope
[INFO] [stdout] 
[INFO] [stdout] error[E0425]: cannot find value `b4` in this scope
[INFO] [stdout]  --> src/felt.rs:286:18
[INFO] [stdout]   |
[INFO] [stdout] 3 | [b0, b1, b2, b3, b4, b5, b6, b7, .., b31]
[INFO] [stdout]   |                  ^^ not found in this scope
[INFO] [stdout] 
[INFO] [stdout] error[E0425]: cannot find value `b5` in this scope
[INFO] [stdout]  --> src/felt.rs:286:22
[INFO] [stdout]   |
[INFO] [stdout] 3 | [b0, b1, b2, b3, b4, b5, b6, b7, .., b31]
[INFO] [stdout]   |                      ^^ not found in this scope
[INFO] [stdout] 
[INFO] [stdout] error[E0425]: cannot find value `b6` in this scope
[INFO] [stdout]  --> src/felt.rs:286:26
[INFO] [stdout]   |
[INFO] [stdout] 3 | [b0, b1, b2, b3, b4, b5, b6, b7, .., b31]
[INFO] [stdout]   |                          ^^ not found in this scope
[INFO] [stdout] 
[INFO] [stderr] error: doctest failed, to rerun pass `--doc`
[INFO] [stdout] error[E0425]: cannot find value `b7` in this scope
[INFO] [stdout]  --> src/felt.rs:286:30
[INFO] [stdout]   |
[INFO] [stdout] 3 | [b0, b1, b2, b3, b4, b5, b6, b7, .., b31]
[INFO] [stdout]   |                              ^^ not found in this scope
[INFO] [stdout] 
[INFO] [stdout] error[E0425]: cannot find value `b31` in this scope
[INFO] [stdout]  --> src/felt.rs:286:38
[INFO] [stdout]   |
[INFO] [stdout] 3 | [b0, b1, b2, b3, b4, b5, b6, b7, .., b31]
[INFO] [stdout]   |                                      ^^^ not found in this scope
[INFO] [stdout] 
[INFO] [stdout] error: aborting due to 9 previous errors
[INFO] [stdout] 
[INFO] [stdout] For more information about this error, try `rustc --explain E0425`.
[INFO] [stdout] Couldn't compile the test.
[INFO] [stdout] 
[INFO] [stdout] failures:
[INFO] [stdout]     src/felt.rs - felt::bytes_to_words (line 285)
[INFO] [stdout]     src/felt.rs - felt::bytes_to_words (line 289)
[INFO] [stdout] 
[INFO] [stdout] test result: FAILED. 0 passed; 2 failed; 0 ignored; 0 measured; 0 filtered out; finished in 0.23s
[INFO] [stdout] 
[INFO] running `Command { std: "docker" "inspect" "b70df256b14c11196f7d45f4963e5b77b14a609179df68a260cb80f4b25af118", kill_on_drop: false }`
[INFO] running `Command { std: "docker" "rm" "-f" "b70df256b14c11196f7d45f4963e5b77b14a609179df68a260cb80f4b25af118", kill_on_drop: false }`
[INFO] [stdout] b70df256b14c11196f7d45f4963e5b77b14a609179df68a260cb80f4b25af118
