[INFO] fetching crate micrortu_ie_representation_derive 0.4.6...
[INFO] testing micrortu_ie_representation_derive-0.4.6 against nightly-2024-10-28 for randomize-layout
[INFO] extracting crate micrortu_ie_representation_derive 0.4.6 into /workspace/builds/worker-6-tc1/source
[INFO] validating manifest of crates.io crate micrortu_ie_representation_derive 0.4.6 on toolchain nightly-2024-10-28
[INFO] running `Command { std: CARGO_HOME="/workspace/cargo-home" RUSTUP_HOME="/workspace/rustup-home" "/workspace/cargo-home/bin/cargo" "+nightly-2024-10-28" "metadata" "--manifest-path" "Cargo.toml" "--no-deps", kill_on_drop: false }`
[INFO] started tweaking crates.io crate micrortu_ie_representation_derive 0.4.6
[INFO] finished tweaking crates.io crate micrortu_ie_representation_derive 0.4.6
[INFO] tweaked toml for crates.io crate micrortu_ie_representation_derive 0.4.6 written to /workspace/builds/worker-6-tc1/source/Cargo.toml
[INFO] running `Command { std: CARGO_HOME="/workspace/cargo-home" RUSTUP_HOME="/workspace/rustup-home" "/workspace/cargo-home/bin/cargo" "+nightly-2024-10-28" "generate-lockfile" "--manifest-path" "Cargo.toml", kill_on_drop: false }`
[INFO] [stderr]     Updating crates.io index
[INFO] [stderr]      Locking 70 packages to latest compatible versions
[INFO] running `Command { std: CARGO_HOME="/workspace/cargo-home" RUSTUP_HOME="/workspace/rustup-home" "/workspace/cargo-home/bin/cargo" "+nightly-2024-10-28" "fetch" "--manifest-path" "Cargo.toml", kill_on_drop: false }`
[INFO] [stderr]  Downloading crates ...
[INFO] [stderr]   Downloaded validator_derive v0.17.0
[INFO] [stderr]   Downloaded validator v0.17.0
[INFO] [stderr]   Downloaded micrortu_build_utils v0.4.6
[INFO] [stderr]   Downloaded ufmt-macros v0.3.0
[INFO] [stderr]   Downloaded micrortu_wasm_global_shared_data v0.4.6
[INFO] [stderr]   Downloaded ufmt v0.2.0
[INFO] [stderr]   Downloaded bitfield v0.17.0
[INFO] [stderr]   Downloaded const-default-derive v0.2.0
[INFO] [stderr]   Downloaded int-enum v1.1.2
[INFO] [stderr]   Downloaded micrortu_ie_base v0.4.6
[INFO] running `Command { std: "docker" "create" "-v" "/var/lib/crater-agent-workspace/builds/worker-6-tc1/target:/opt/rustwide/target:rw,Z" "-v" "/var/lib/crater-agent-workspace/builds/worker-6-tc1/source:/opt/rustwide/workdir:ro,Z" "-v" "/var/lib/crater-agent-workspace/cargo-home:/opt/rustwide/cargo-home:ro,Z" "-v" "/var/lib/crater-agent-workspace/rustup-home:/opt/rustwide/rustup-home:ro,Z" "-e" "SOURCE_DIR=/opt/rustwide/workdir" "-e" "CARGO_TARGET_DIR=/opt/rustwide/target" "-e" "CARGO_HOME=/opt/rustwide/cargo-home" "-e" "RUSTUP_HOME=/opt/rustwide/rustup-home" "-w" "/opt/rustwide/workdir" "-m" "1610612736" "--user" "0:0" "--network" "none" "ghcr.io/rust-lang/crates-build-env/linux@sha256:4a844ea9eb2546a2d2c7022eacef16ef2e8229c7fbb2c7d4d55a9ceca922f72d" "/opt/rustwide/cargo-home/bin/cargo" "+nightly-2024-10-28" "metadata" "--no-deps" "--format-version=1", kill_on_drop: false }`
[INFO] [stdout] 8f70c496d37609275b8682dbedf8f10741a2e1eeba288d7f7ca4198f81efea37
[INFO] running `Command { std: "docker" "start" "-a" "8f70c496d37609275b8682dbedf8f10741a2e1eeba288d7f7ca4198f81efea37", kill_on_drop: false }`
[INFO] running `Command { std: "docker" "inspect" "8f70c496d37609275b8682dbedf8f10741a2e1eeba288d7f7ca4198f81efea37", kill_on_drop: false }`
[INFO] running `Command { std: "docker" "rm" "-f" "8f70c496d37609275b8682dbedf8f10741a2e1eeba288d7f7ca4198f81efea37", kill_on_drop: false }`
[INFO] [stdout] 8f70c496d37609275b8682dbedf8f10741a2e1eeba288d7f7ca4198f81efea37
[INFO] running `Command { std: "docker" "create" "-v" "/var/lib/crater-agent-workspace/builds/worker-6-tc1/target:/opt/rustwide/target:rw,Z" "-v" "/var/lib/crater-agent-workspace/builds/worker-6-tc1/source:/opt/rustwide/workdir:ro,Z" "-v" "/var/lib/crater-agent-workspace/cargo-home:/opt/rustwide/cargo-home:ro,Z" "-v" "/var/lib/crater-agent-workspace/rustup-home:/opt/rustwide/rustup-home:ro,Z" "-e" "SOURCE_DIR=/opt/rustwide/workdir" "-e" "CARGO_TARGET_DIR=/opt/rustwide/target" "-e" "CARGO_INCREMENTAL=0" "-e" "RUST_BACKTRACE=full" "-e" "RUSTFLAGS=--cap-lints=forbid" "-e" "RUSTDOCFLAGS=--cap-lints=forbid" "-e" "CARGO_HOME=/opt/rustwide/cargo-home" "-e" "RUSTUP_HOME=/opt/rustwide/rustup-home" "-w" "/opt/rustwide/workdir" "-m" "1610612736" "--user" "0:0" "--network" "none" "ghcr.io/rust-lang/crates-build-env/linux@sha256:4a844ea9eb2546a2d2c7022eacef16ef2e8229c7fbb2c7d4d55a9ceca922f72d" "/opt/rustwide/cargo-home/bin/cargo" "+nightly-2024-10-28" "build" "--frozen" "--message-format=json", kill_on_drop: false }`
[INFO] [stdout] 724416fd292a3d96ae62bc6b51c4a692fcfc6779bf96b8eb74ea87b7a6228d93
[INFO] running `Command { std: "docker" "start" "-a" "724416fd292a3d96ae62bc6b51c4a692fcfc6779bf96b8eb74ea87b7a6228d93", kill_on_drop: false }`
[INFO] [stderr]    Compiling toml_datetime v0.6.8
[INFO] [stderr]    Compiling winnow v0.5.40
[INFO] [stderr]    Compiling num-traits v0.2.19
[INFO] [stderr]    Compiling proc-macro2-diagnostics v0.10.1
[INFO] [stderr]    Compiling int-enum v1.1.2
[INFO] [stderr]    Compiling yansi v1.0.1
[INFO] [stderr]    Compiling regex-syntax v0.8.5
[INFO] [stderr]    Compiling serde_json v1.0.132
[INFO] [stderr]    Compiling unicode-normalization v0.1.24
[INFO] [stderr]    Compiling unicode-bidi v0.3.17
[INFO] [stderr]    Compiling darling_core v0.20.10
[INFO] [stderr]    Compiling zerocopy-derive v0.7.35
[INFO] [stderr]    Compiling ufmt-macros v0.3.0
[INFO] [stderr]    Compiling proc-macro-error v1.0.4
[INFO] [stderr]    Compiling serde v1.0.214
[INFO] [stderr]    Compiling semver v1.0.23
[INFO] [stderr]    Compiling static_assertions v1.1.0
[INFO] [stderr]    Compiling schemars v0.8.21
[INFO] [stderr]    Compiling ufmt-write v0.1.0
[INFO] [stderr]    Compiling bitfield v0.17.0
[INFO] [stderr]    Compiling dyn-clone v1.0.17
[INFO] [stderr]    Compiling idna v0.5.0
[INFO] [stderr]    Compiling ufmt v0.2.0
[INFO] [stderr]    Compiling zerocopy v0.7.35
[INFO] [stderr]    Compiling url v2.5.2
[INFO] [stderr]    Compiling num-integer v0.1.46
[INFO] [stderr]    Compiling num-complex v0.4.6
[INFO] [stderr]    Compiling num-rational v0.4.2
[INFO] [stderr]    Compiling num-iter v0.1.45
[INFO] [stderr]    Compiling regex-automata v0.4.8
[INFO] [stderr]    Compiling num v0.4.3
[INFO] [stderr]    Compiling darling_macro v0.20.10
[INFO] [stderr]    Compiling toml_edit v0.19.15
[INFO] [stderr]    Compiling darling v0.20.10
[INFO] [stderr]    Compiling regex v1.11.1
[INFO] [stderr]    Compiling validator_derive v0.17.0
[INFO] [stderr]    Compiling proc-macro-crate v1.3.1
[INFO] [stderr]    Compiling const-default-derive v0.2.0
[INFO] [stderr]    Compiling const-default v1.0.0
[INFO] [stderr]    Compiling validator v0.17.0
[INFO] [stderr]    Compiling micrortu_ie_base v0.4.6
[INFO] [stderr]    Compiling micrortu_wasm_global_shared_data v0.4.6
[INFO] [stderr]    Compiling micrortu_build_utils v0.4.6
[INFO] [stderr]    Compiling micrortu_ie_representation_derive v0.4.6 (/opt/rustwide/workdir)
[INFO] [stderr]     Finished `dev` profile [unoptimized + debuginfo] target(s) in 8.26s
[INFO] running `Command { std: "docker" "inspect" "724416fd292a3d96ae62bc6b51c4a692fcfc6779bf96b8eb74ea87b7a6228d93", kill_on_drop: false }`
[INFO] running `Command { std: "docker" "rm" "-f" "724416fd292a3d96ae62bc6b51c4a692fcfc6779bf96b8eb74ea87b7a6228d93", kill_on_drop: false }`
[INFO] [stdout] 724416fd292a3d96ae62bc6b51c4a692fcfc6779bf96b8eb74ea87b7a6228d93
[INFO] running `Command { std: "docker" "create" "-v" "/var/lib/crater-agent-workspace/builds/worker-6-tc1/target:/opt/rustwide/target:rw,Z" "-v" "/var/lib/crater-agent-workspace/builds/worker-6-tc1/source:/opt/rustwide/workdir:ro,Z" "-v" "/var/lib/crater-agent-workspace/cargo-home:/opt/rustwide/cargo-home:ro,Z" "-v" "/var/lib/crater-agent-workspace/rustup-home:/opt/rustwide/rustup-home:ro,Z" "-e" "SOURCE_DIR=/opt/rustwide/workdir" "-e" "CARGO_TARGET_DIR=/opt/rustwide/target" "-e" "CARGO_INCREMENTAL=0" "-e" "RUST_BACKTRACE=full" "-e" "RUSTFLAGS=--cap-lints=forbid" "-e" "RUSTDOCFLAGS=--cap-lints=forbid" "-e" "CARGO_HOME=/opt/rustwide/cargo-home" "-e" "RUSTUP_HOME=/opt/rustwide/rustup-home" "-w" "/opt/rustwide/workdir" "-m" "1610612736" "--user" "0:0" "--network" "none" "ghcr.io/rust-lang/crates-build-env/linux@sha256:4a844ea9eb2546a2d2c7022eacef16ef2e8229c7fbb2c7d4d55a9ceca922f72d" "/opt/rustwide/cargo-home/bin/cargo" "+nightly-2024-10-28" "test" "--frozen" "--no-run" "--message-format=json", kill_on_drop: false }`
[INFO] [stdout] 4fdbc70bf687d5e4ec75b4f1c30a084e4448fac8c622a302d112931c2d8aa80f
[INFO] running `Command { std: "docker" "start" "-a" "4fdbc70bf687d5e4ec75b4f1c30a084e4448fac8c622a302d112931c2d8aa80f", kill_on_drop: false }`
[INFO] [stderr]    Compiling micrortu_ie_representation_derive v0.4.6 (/opt/rustwide/workdir)
[INFO] [stderr]     Finished `test` profile [unoptimized + debuginfo] target(s) in 0.77s
[INFO] running `Command { std: "docker" "inspect" "4fdbc70bf687d5e4ec75b4f1c30a084e4448fac8c622a302d112931c2d8aa80f", kill_on_drop: false }`
[INFO] running `Command { std: "docker" "rm" "-f" "4fdbc70bf687d5e4ec75b4f1c30a084e4448fac8c622a302d112931c2d8aa80f", kill_on_drop: false }`
[INFO] [stdout] 4fdbc70bf687d5e4ec75b4f1c30a084e4448fac8c622a302d112931c2d8aa80f
[INFO] running `Command { std: "docker" "create" "-v" "/var/lib/crater-agent-workspace/builds/worker-6-tc1/target:/opt/rustwide/target:rw,Z" "-v" "/var/lib/crater-agent-workspace/builds/worker-6-tc1/source:/opt/rustwide/workdir:ro,Z" "-v" "/var/lib/crater-agent-workspace/cargo-home:/opt/rustwide/cargo-home:ro,Z" "-v" "/var/lib/crater-agent-workspace/rustup-home:/opt/rustwide/rustup-home:ro,Z" "-e" "SOURCE_DIR=/opt/rustwide/workdir" "-e" "CARGO_TARGET_DIR=/opt/rustwide/target" "-e" "CARGO_INCREMENTAL=0" "-e" "RUST_BACKTRACE=full" "-e" "RUSTFLAGS=--cap-lints=forbid" "-e" "RUSTDOCFLAGS=--cap-lints=forbid" "-e" "CARGO_HOME=/opt/rustwide/cargo-home" "-e" "RUSTUP_HOME=/opt/rustwide/rustup-home" "-w" "/opt/rustwide/workdir" "-m" "1610612736" "--user" "0:0" "--network" "none" "ghcr.io/rust-lang/crates-build-env/linux@sha256:4a844ea9eb2546a2d2c7022eacef16ef2e8229c7fbb2c7d4d55a9ceca922f72d" "/opt/rustwide/cargo-home/bin/cargo" "+nightly-2024-10-28" "test" "--frozen", kill_on_drop: false }`
[INFO] [stdout] 74af8e0cdbd3fca60b1eb31b6c2ad29ce5104ebace83eea3ec723d23ff811825
[INFO] running `Command { std: "docker" "start" "-a" "74af8e0cdbd3fca60b1eb31b6c2ad29ce5104ebace83eea3ec723d23ff811825", kill_on_drop: false }`
[INFO] [stderr]     Finished `test` profile [unoptimized + debuginfo] target(s) in 0.08s
[INFO] [stderr]      Running unittests src/lib.rs (/opt/rustwide/target/debug/deps/micrortu_ie_representation_derive-be85386bde7eaa7f)
[INFO] [stdout] 
[INFO] [stdout] running 0 tests
[INFO] [stdout] 
[INFO] [stdout] test result: ok. 0 passed; 0 failed; 0 ignored; 0 measured; 0 filtered out; finished in 0.00s
[INFO] [stdout] 
[INFO] [stderr]    Doc-tests micrortu_ie_representation_derive
[INFO] [stdout] 
[INFO] [stdout] running 4 tests
[INFO] [stdout] test src/lib.rs - ports (line 51) ... FAILED
[INFO] [stdout] test src/lib.rs - finalize (line 17) ... FAILED
[INFO] [stdout] test src/lib.rs - params (line 102) ... FAILED
[INFO] [stdout] test src/lib.rs - register_block (line 29) ... FAILED
[INFO] [stdout] 
[INFO] [stdout] failures:
[INFO] [stdout] 
[INFO] [stdout] ---- src/lib.rs - ports (line 51) stdout ----
[INFO] [stdout] error: cannot find macro `ports` in this scope
[INFO] [stdout]  --> src/lib.rs:52:1
[INFO] [stdout]   |
[INFO] [stdout] 3 | ports! {
[INFO] [stdout]   | ^^^^^
[INFO] [stdout]   |
[INFO] [stdout] help: consider importing this macro
[INFO] [stdout]   |
[INFO] [stdout] 2 + use micrortu_ie_representation_derive::ports;
[INFO] [stdout]   |
[INFO] [stdout] 
[INFO] [stdout] error: aborting due to 1 previous error
[INFO] [stdout] 
[INFO] [stdout] Couldn't compile the test.
[INFO] [stdout] ---- src/lib.rs - finalize (line 17) stdout ----
[INFO] [stdout] error: cannot find macro `finalize` in this scope
[INFO] [stdout]  --> src/lib.rs:18:1
[INFO] [stdout]   |
[INFO] [stdout] 3 | finalize!();
[INFO] [stdout]   | ^^^^^^^^
[INFO] [stdout]   |
[INFO] [stdout] help: consider importing this macro
[INFO] [stdout]   |
[INFO] [stdout] 2 + use micrortu_ie_representation_derive::finalize;
[INFO] [stdout]   |
[INFO] [stdout] 
[INFO] [stdout] error: aborting due to 1 previous error
[INFO] [stdout] 
[INFO] [stdout] Couldn't compile the test.
[INFO] [stdout] ---- src/lib.rs - params (line 102) stdout ----
[INFO] [stdout] error: cannot find macro `params` in this scope
[INFO] [stdout]  --> src/lib.rs:103:1
[INFO] [stdout]   |
[INFO] [stdout] 3 | params! {
[INFO] [stdout]   | ^^^^^^
[INFO] [stdout]   |
[INFO] [stdout] help: consider importing this macro
[INFO] [stdout]   |
[INFO] [stdout] 2 + use micrortu_ie_representation_derive::params;
[INFO] [stdout]   |
[INFO] [stdout] 
[INFO] [stdout] error: aborting due to 1 previous error
[INFO] [stdout] 
[INFO] [stdout] Couldn't compile the test.
[INFO] [stdout] ---- src/lib.rs - register_block (line 29) stdout ----
[INFO] [stdout] error: cannot find macro `register_block` in this scope
[INFO] [stdout]  --> src/lib.rs:30:1
[INFO] [stdout]   |
[INFO] [stdout] 3 | register_block!(BlockType, BlockName, factory, init, step);
[INFO] [stdout]   | ^^^^^^^^^^^^^^
[INFO] [stdout]   |
[INFO] [stdout] help: consider importing this macro
[INFO] [stdout]   |
[INFO] [stdout] 2 + use micrortu_ie_representation_derive::register_block;
[INFO] [stdout]   |
[INFO] [stdout] 
[INFO] [stdout] error: aborting due to 1 previous error
[INFO] [stdout] 
[INFO] [stdout] Couldn't compile the test.
[INFO] [stdout] 
[INFO] [stdout] failures:
[INFO] [stdout]     src/lib.rs - finalize (line 17)
[INFO] [stdout]     src/lib.rs - params (line 102)
[INFO] [stdout]     src/lib.rs - ports (line 51)
[INFO] [stdout]     src/lib.rs - register_block (line 29)
[INFO] [stdout] 
[INFO] [stdout] test result: FAILED. 0 passed; 4 failed; 0 ignored; 0 measured; 0 filtered out; finished in 0.15s
[INFO] [stdout] 
[INFO] [stderr] error: doctest failed, to rerun pass `--doc`
[INFO] running `Command { std: "docker" "inspect" "74af8e0cdbd3fca60b1eb31b6c2ad29ce5104ebace83eea3ec723d23ff811825", kill_on_drop: false }`
[INFO] running `Command { std: "docker" "rm" "-f" "74af8e0cdbd3fca60b1eb31b6c2ad29ce5104ebace83eea3ec723d23ff811825", kill_on_drop: false }`
[INFO] [stdout] 74af8e0cdbd3fca60b1eb31b6c2ad29ce5104ebace83eea3ec723d23ff811825
