[INFO] fetching crate microbit-text 1.0.0...
[INFO] testing microbit-text-1.0.0 against nightly-2024-10-28 for randomize-layout
[INFO] extracting crate microbit-text 1.0.0 into /workspace/builds/worker-4-tc1/source
[INFO] validating manifest of crates.io crate microbit-text 1.0.0 on toolchain nightly-2024-10-28
[INFO] running `Command { std: CARGO_HOME="/workspace/cargo-home" RUSTUP_HOME="/workspace/rustup-home" "/workspace/cargo-home/bin/cargo" "+nightly-2024-10-28" "metadata" "--manifest-path" "Cargo.toml" "--no-deps", kill_on_drop: false }`
[INFO] started tweaking crates.io crate microbit-text 1.0.0
[INFO] finished tweaking crates.io crate microbit-text 1.0.0
[INFO] tweaked toml for crates.io crate microbit-text 1.0.0 written to /workspace/builds/worker-4-tc1/source/Cargo.toml
[INFO] running `Command { std: CARGO_HOME="/workspace/cargo-home" RUSTUP_HOME="/workspace/rustup-home" "/workspace/cargo-home/bin/cargo" "+nightly-2024-10-28" "generate-lockfile" "--manifest-path" "Cargo.toml", kill_on_drop: false }`
[INFO] [stderr]     Updating crates.io index
[INFO] [stderr]      Locking 1 package to latest compatible version
[INFO] running `Command { std: CARGO_HOME="/workspace/cargo-home" RUSTUP_HOME="/workspace/rustup-home" "/workspace/cargo-home/bin/cargo" "+nightly-2024-10-28" "fetch" "--manifest-path" "Cargo.toml", kill_on_drop: false }`
[INFO] [stderr]  Downloading crates ...
[INFO] [stderr]   Downloaded tiny-led-matrix v1.0.2
[INFO] running `Command { std: "docker" "create" "-v" "/var/lib/crater-agent-workspace/builds/worker-4-tc1/target:/opt/rustwide/target:rw,Z" "-v" "/var/lib/crater-agent-workspace/builds/worker-4-tc1/source:/opt/rustwide/workdir:ro,Z" "-v" "/var/lib/crater-agent-workspace/cargo-home:/opt/rustwide/cargo-home:ro,Z" "-v" "/var/lib/crater-agent-workspace/rustup-home:/opt/rustwide/rustup-home:ro,Z" "-e" "SOURCE_DIR=/opt/rustwide/workdir" "-e" "CARGO_TARGET_DIR=/opt/rustwide/target" "-e" "CARGO_HOME=/opt/rustwide/cargo-home" "-e" "RUSTUP_HOME=/opt/rustwide/rustup-home" "-w" "/opt/rustwide/workdir" "-m" "1610612736" "--user" "0:0" "--network" "none" "ghcr.io/rust-lang/crates-build-env/linux@sha256:4a844ea9eb2546a2d2c7022eacef16ef2e8229c7fbb2c7d4d55a9ceca922f72d" "/opt/rustwide/cargo-home/bin/cargo" "+nightly-2024-10-28" "metadata" "--no-deps" "--format-version=1", kill_on_drop: false }`
[INFO] [stdout] 6d4f2112889b8f3204578016da534636770a9f8f7066d14567ce2bf316da2a30
[INFO] running `Command { std: "docker" "start" "-a" "6d4f2112889b8f3204578016da534636770a9f8f7066d14567ce2bf316da2a30", kill_on_drop: false }`
[INFO] running `Command { std: "docker" "inspect" "6d4f2112889b8f3204578016da534636770a9f8f7066d14567ce2bf316da2a30", kill_on_drop: false }`
[INFO] running `Command { std: "docker" "rm" "-f" "6d4f2112889b8f3204578016da534636770a9f8f7066d14567ce2bf316da2a30", kill_on_drop: false }`
[INFO] [stdout] 6d4f2112889b8f3204578016da534636770a9f8f7066d14567ce2bf316da2a30
[INFO] running `Command { std: "docker" "create" "-v" "/var/lib/crater-agent-workspace/builds/worker-4-tc1/target:/opt/rustwide/target:rw,Z" "-v" "/var/lib/crater-agent-workspace/builds/worker-4-tc1/source:/opt/rustwide/workdir:ro,Z" "-v" "/var/lib/crater-agent-workspace/cargo-home:/opt/rustwide/cargo-home:ro,Z" "-v" "/var/lib/crater-agent-workspace/rustup-home:/opt/rustwide/rustup-home:ro,Z" "-e" "SOURCE_DIR=/opt/rustwide/workdir" "-e" "CARGO_TARGET_DIR=/opt/rustwide/target" "-e" "CARGO_INCREMENTAL=0" "-e" "RUST_BACKTRACE=full" "-e" "RUSTFLAGS=--cap-lints=forbid" "-e" "RUSTDOCFLAGS=--cap-lints=forbid" "-e" "CARGO_HOME=/opt/rustwide/cargo-home" "-e" "RUSTUP_HOME=/opt/rustwide/rustup-home" "-w" "/opt/rustwide/workdir" "-m" "1610612736" "--user" "0:0" "--network" "none" "ghcr.io/rust-lang/crates-build-env/linux@sha256:4a844ea9eb2546a2d2c7022eacef16ef2e8229c7fbb2c7d4d55a9ceca922f72d" "/opt/rustwide/cargo-home/bin/cargo" "+nightly-2024-10-28" "build" "--frozen" "--message-format=json", kill_on_drop: false }`
[INFO] [stdout] ae817133b851d3c66c6b9cfdb90e7022164b18ec7f5aaf82a0969d8fabf01fe8
[INFO] running `Command { std: "docker" "start" "-a" "ae817133b851d3c66c6b9cfdb90e7022164b18ec7f5aaf82a0969d8fabf01fe8", kill_on_drop: false }`
[INFO] [stderr]    Compiling tiny-led-matrix v1.0.2
[INFO] [stderr]    Compiling microbit-text v1.0.0 (/opt/rustwide/workdir)
[INFO] [stderr]     Finished `dev` profile [unoptimized + debuginfo] target(s) in 0.11s
[INFO] running `Command { std: "docker" "inspect" "ae817133b851d3c66c6b9cfdb90e7022164b18ec7f5aaf82a0969d8fabf01fe8", kill_on_drop: false }`
[INFO] running `Command { std: "docker" "rm" "-f" "ae817133b851d3c66c6b9cfdb90e7022164b18ec7f5aaf82a0969d8fabf01fe8", kill_on_drop: false }`
[INFO] [stdout] ae817133b851d3c66c6b9cfdb90e7022164b18ec7f5aaf82a0969d8fabf01fe8
[INFO] running `Command { std: "docker" "create" "-v" "/var/lib/crater-agent-workspace/builds/worker-4-tc1/target:/opt/rustwide/target:rw,Z" "-v" "/var/lib/crater-agent-workspace/builds/worker-4-tc1/source:/opt/rustwide/workdir:ro,Z" "-v" "/var/lib/crater-agent-workspace/cargo-home:/opt/rustwide/cargo-home:ro,Z" "-v" "/var/lib/crater-agent-workspace/rustup-home:/opt/rustwide/rustup-home:ro,Z" "-e" "SOURCE_DIR=/opt/rustwide/workdir" "-e" "CARGO_TARGET_DIR=/opt/rustwide/target" "-e" "CARGO_INCREMENTAL=0" "-e" "RUST_BACKTRACE=full" "-e" "RUSTFLAGS=--cap-lints=forbid" "-e" "RUSTDOCFLAGS=--cap-lints=forbid" "-e" "CARGO_HOME=/opt/rustwide/cargo-home" "-e" "RUSTUP_HOME=/opt/rustwide/rustup-home" "-w" "/opt/rustwide/workdir" "-m" "1610612736" "--user" "0:0" "--network" "none" "ghcr.io/rust-lang/crates-build-env/linux@sha256:4a844ea9eb2546a2d2c7022eacef16ef2e8229c7fbb2c7d4d55a9ceca922f72d" "/opt/rustwide/cargo-home/bin/cargo" "+nightly-2024-10-28" "test" "--frozen" "--no-run" "--message-format=json", kill_on_drop: false }`
[INFO] [stdout] 260bb2639e902258a5ad79fc9290bf3a171031ab48c578ec36df50ec5333e866
[INFO] running `Command { std: "docker" "start" "-a" "260bb2639e902258a5ad79fc9290bf3a171031ab48c578ec36df50ec5333e866", kill_on_drop: false }`
[INFO] [stderr]    Compiling microbit-text v1.0.0 (/opt/rustwide/workdir)
[INFO] [stderr]     Finished `test` profile [unoptimized + debuginfo] target(s) in 0.12s
[INFO] running `Command { std: "docker" "inspect" "260bb2639e902258a5ad79fc9290bf3a171031ab48c578ec36df50ec5333e866", kill_on_drop: false }`
[INFO] running `Command { std: "docker" "rm" "-f" "260bb2639e902258a5ad79fc9290bf3a171031ab48c578ec36df50ec5333e866", kill_on_drop: false }`
[INFO] [stdout] 260bb2639e902258a5ad79fc9290bf3a171031ab48c578ec36df50ec5333e866
[INFO] running `Command { std: "docker" "create" "-v" "/var/lib/crater-agent-workspace/builds/worker-4-tc1/target:/opt/rustwide/target:rw,Z" "-v" "/var/lib/crater-agent-workspace/builds/worker-4-tc1/source:/opt/rustwide/workdir:ro,Z" "-v" "/var/lib/crater-agent-workspace/cargo-home:/opt/rustwide/cargo-home:ro,Z" "-v" "/var/lib/crater-agent-workspace/rustup-home:/opt/rustwide/rustup-home:ro,Z" "-e" "SOURCE_DIR=/opt/rustwide/workdir" "-e" "CARGO_TARGET_DIR=/opt/rustwide/target" "-e" "CARGO_INCREMENTAL=0" "-e" "RUST_BACKTRACE=full" "-e" "RUSTFLAGS=--cap-lints=forbid" "-e" "RUSTDOCFLAGS=--cap-lints=forbid" "-e" "CARGO_HOME=/opt/rustwide/cargo-home" "-e" "RUSTUP_HOME=/opt/rustwide/rustup-home" "-w" "/opt/rustwide/workdir" "-m" "1610612736" "--user" "0:0" "--network" "none" "ghcr.io/rust-lang/crates-build-env/linux@sha256:4a844ea9eb2546a2d2c7022eacef16ef2e8229c7fbb2c7d4d55a9ceca922f72d" "/opt/rustwide/cargo-home/bin/cargo" "+nightly-2024-10-28" "test" "--frozen", kill_on_drop: false }`
[INFO] [stdout] 7962b01426ab7db48ed05b316664e7fc8597575c076e2ab6745c7f423171e8ba
[INFO] running `Command { std: "docker" "start" "-a" "7962b01426ab7db48ed05b316664e7fc8597575c076e2ab6745c7f423171e8ba", kill_on_drop: false }`
[INFO] [stderr]     Finished `test` profile [unoptimized + debuginfo] target(s) in 0.00s
[INFO] [stderr]      Running unittests src/lib.rs (/opt/rustwide/target/debug/deps/microbit_text-ad77964f10cc535f)
[INFO] [stdout] 
[INFO] [stdout] running 0 tests
[INFO] [stdout] 
[INFO] [stdout] test result: ok. 0 passed; 0 failed; 0 ignored; 0 measured; 0 filtered out; finished in 0.00s
[INFO] [stdout] 
[INFO] [stderr]    Doc-tests microbit_text
[INFO] [stdout] 
[INFO] [stdout] running 3 tests
[INFO] [stdout] test src/scrolling_statics.rs - scrolling_statics (line 8) ... ignored
[INFO] [stdout] test src/scrolling_text.rs - scrolling_text (line 5) ... ignored
[INFO] [stdout] test src/image.rs - image::BitImage::new (line 28) ... FAILED
[INFO] [stdout] 
[INFO] [stdout] failures:
[INFO] [stdout] 
[INFO] [stdout] ---- src/image.rs - image::BitImage::new (line 28) stdout ----
[INFO] [stdout] error[E0412]: cannot find type `BitImage` in this scope
[INFO] [stdout]  --> src/image.rs:29:14
[INFO] [stdout]   |
[INFO] [stdout] 3 | const HEART: BitImage = BitImage::new(&[
[INFO] [stdout]   |              ^^^^^^^^ not found in this scope
[INFO] [stdout]   |
[INFO] [stdout] help: consider importing this struct
[INFO] [stdout]   |
[INFO] [stdout] 2 + use microbit_text::image::BitImage;
[INFO] [stdout]   |
[INFO] [stdout] 
[INFO] [stdout] error[E0433]: failed to resolve: use of undeclared type `BitImage`
[INFO] [stdout]  --> src/image.rs:29:25
[INFO] [stdout]   |
[INFO] [stdout] 3 | const HEART: BitImage = BitImage::new(&[
[INFO] [stdout]   |                         ^^^^^^^^ use of undeclared type `BitImage`
[INFO] [stdout]   |
[INFO] [stdout] help: consider importing this struct
[INFO] [stdout]   |
[INFO] [stdout] 2 + use microbit_text::image::BitImage;
[INFO] [stdout]   |
[INFO] [stdout] 
[INFO] [stdout] error: aborting due to 2 previous errors
[INFO] [stdout] 
[INFO] [stdout] Some errors have detailed explanations: E0412, E0433.
[INFO] [stdout] For more information about an error, try `rustc --explain E0412`.
[INFO] [stdout] Couldn't compile the test.
[INFO] [stdout] 
[INFO] [stdout] failures:
[INFO] [stdout]     src/image.rs - image::BitImage::new (line 28)
[INFO] [stdout] 
[INFO] [stdout] test result: FAILED. 0 passed; 1 failed; 2 ignored; 0 measured; 0 filtered out; finished in 0.04s
[INFO] [stdout] 
[INFO] [stderr] error: doctest failed, to rerun pass `--doc`
[INFO] running `Command { std: "docker" "inspect" "7962b01426ab7db48ed05b316664e7fc8597575c076e2ab6745c7f423171e8ba", kill_on_drop: false }`
[INFO] running `Command { std: "docker" "rm" "-f" "7962b01426ab7db48ed05b316664e7fc8597575c076e2ab6745c7f423171e8ba", kill_on_drop: false }`
[INFO] [stdout] 7962b01426ab7db48ed05b316664e7fc8597575c076e2ab6745c7f423171e8ba
