[INFO] fetching crate micro-tower-codegen 0.1.0...
[INFO] testing micro-tower-codegen-0.1.0 against nightly-2024-10-28 for randomize-layout
[INFO] extracting crate micro-tower-codegen 0.1.0 into /workspace/builds/worker-6-tc1/source
[INFO] validating manifest of crates.io crate micro-tower-codegen 0.1.0 on toolchain nightly-2024-10-28
[INFO] running `Command { std: CARGO_HOME="/workspace/cargo-home" RUSTUP_HOME="/workspace/rustup-home" "/workspace/cargo-home/bin/cargo" "+nightly-2024-10-28" "metadata" "--manifest-path" "Cargo.toml" "--no-deps", kill_on_drop: false }`
[INFO] started tweaking crates.io crate micro-tower-codegen 0.1.0
[INFO] finished tweaking crates.io crate micro-tower-codegen 0.1.0
[INFO] tweaked toml for crates.io crate micro-tower-codegen 0.1.0 written to /workspace/builds/worker-6-tc1/source/Cargo.toml
[INFO] running `Command { std: CARGO_HOME="/workspace/cargo-home" RUSTUP_HOME="/workspace/rustup-home" "/workspace/cargo-home/bin/cargo" "+nightly-2024-10-28" "generate-lockfile" "--manifest-path" "Cargo.toml", kill_on_drop: false }`
[INFO] [stderr]     Updating crates.io index
[INFO] [stderr]      Locking 10 packages to latest compatible versions
[INFO] [stderr]       Adding darling v0.14.4 (available: v0.20.10)
[INFO] [stderr]       Adding syn v1.0.109 (available: v2.0.86)
[INFO] running `Command { std: CARGO_HOME="/workspace/cargo-home" RUSTUP_HOME="/workspace/rustup-home" "/workspace/cargo-home/bin/cargo" "+nightly-2024-10-28" "fetch" "--manifest-path" "Cargo.toml", kill_on_drop: false }`
[INFO] running `Command { std: "docker" "create" "-v" "/var/lib/crater-agent-workspace/builds/worker-6-tc1/target:/opt/rustwide/target:rw,Z" "-v" "/var/lib/crater-agent-workspace/builds/worker-6-tc1/source:/opt/rustwide/workdir:ro,Z" "-v" "/var/lib/crater-agent-workspace/cargo-home:/opt/rustwide/cargo-home:ro,Z" "-v" "/var/lib/crater-agent-workspace/rustup-home:/opt/rustwide/rustup-home:ro,Z" "-e" "SOURCE_DIR=/opt/rustwide/workdir" "-e" "CARGO_TARGET_DIR=/opt/rustwide/target" "-e" "CARGO_HOME=/opt/rustwide/cargo-home" "-e" "RUSTUP_HOME=/opt/rustwide/rustup-home" "-w" "/opt/rustwide/workdir" "-m" "1610612736" "--user" "0:0" "--network" "none" "ghcr.io/rust-lang/crates-build-env/linux@sha256:4a844ea9eb2546a2d2c7022eacef16ef2e8229c7fbb2c7d4d55a9ceca922f72d" "/opt/rustwide/cargo-home/bin/cargo" "+nightly-2024-10-28" "metadata" "--no-deps" "--format-version=1", kill_on_drop: false }`
[INFO] [stdout] e4ce286dfb28cb5aa7bd11975bb6c4a439bd09ea7db790052e44703e9fe87804
[INFO] running `Command { std: "docker" "start" "-a" "e4ce286dfb28cb5aa7bd11975bb6c4a439bd09ea7db790052e44703e9fe87804", kill_on_drop: false }`
[INFO] running `Command { std: "docker" "inspect" "e4ce286dfb28cb5aa7bd11975bb6c4a439bd09ea7db790052e44703e9fe87804", kill_on_drop: false }`
[INFO] running `Command { std: "docker" "rm" "-f" "e4ce286dfb28cb5aa7bd11975bb6c4a439bd09ea7db790052e44703e9fe87804", kill_on_drop: false }`
[INFO] [stdout] e4ce286dfb28cb5aa7bd11975bb6c4a439bd09ea7db790052e44703e9fe87804
[INFO] running `Command { std: "docker" "create" "-v" "/var/lib/crater-agent-workspace/builds/worker-6-tc1/target:/opt/rustwide/target:rw,Z" "-v" "/var/lib/crater-agent-workspace/builds/worker-6-tc1/source:/opt/rustwide/workdir:ro,Z" "-v" "/var/lib/crater-agent-workspace/cargo-home:/opt/rustwide/cargo-home:ro,Z" "-v" "/var/lib/crater-agent-workspace/rustup-home:/opt/rustwide/rustup-home:ro,Z" "-e" "SOURCE_DIR=/opt/rustwide/workdir" "-e" "CARGO_TARGET_DIR=/opt/rustwide/target" "-e" "CARGO_INCREMENTAL=0" "-e" "RUST_BACKTRACE=full" "-e" "RUSTFLAGS=--cap-lints=forbid" "-e" "RUSTDOCFLAGS=--cap-lints=forbid" "-e" "CARGO_HOME=/opt/rustwide/cargo-home" "-e" "RUSTUP_HOME=/opt/rustwide/rustup-home" "-w" "/opt/rustwide/workdir" "-m" "1610612736" "--user" "0:0" "--network" "none" "ghcr.io/rust-lang/crates-build-env/linux@sha256:4a844ea9eb2546a2d2c7022eacef16ef2e8229c7fbb2c7d4d55a9ceca922f72d" "/opt/rustwide/cargo-home/bin/cargo" "+nightly-2024-10-28" "build" "--frozen" "--message-format=json", kill_on_drop: false }`
[INFO] [stdout] 6d7f40f8337598dc0c623c924489a635d859cc9cd2ffff42e7ffab2d2e94f00b
[INFO] running `Command { std: "docker" "start" "-a" "6d7f40f8337598dc0c623c924489a635d859cc9cd2ffff42e7ffab2d2e94f00b", kill_on_drop: false }`
[INFO] [stderr]    Compiling proc-macro2 v1.0.89
[INFO] [stderr]    Compiling syn v1.0.109
[INFO] [stderr]    Compiling ident_case v1.0.1
[INFO] [stderr]    Compiling strsim v0.10.0
[INFO] [stderr]    Compiling fnv v1.0.7
[INFO] [stderr]    Compiling quote v1.0.37
[INFO] [stderr]    Compiling darling_core v0.14.4
[INFO] [stderr]    Compiling darling_macro v0.14.4
[INFO] [stderr]    Compiling darling v0.14.4
[INFO] [stderr]    Compiling micro-tower-codegen v0.1.0 (/opt/rustwide/workdir)
[INFO] [stderr]     Finished `dev` profile [unoptimized + debuginfo] target(s) in 6.99s
[INFO] running `Command { std: "docker" "inspect" "6d7f40f8337598dc0c623c924489a635d859cc9cd2ffff42e7ffab2d2e94f00b", kill_on_drop: false }`
[INFO] running `Command { std: "docker" "rm" "-f" "6d7f40f8337598dc0c623c924489a635d859cc9cd2ffff42e7ffab2d2e94f00b", kill_on_drop: false }`
[INFO] [stdout] 6d7f40f8337598dc0c623c924489a635d859cc9cd2ffff42e7ffab2d2e94f00b
[INFO] running `Command { std: "docker" "create" "-v" "/var/lib/crater-agent-workspace/builds/worker-6-tc1/target:/opt/rustwide/target:rw,Z" "-v" "/var/lib/crater-agent-workspace/builds/worker-6-tc1/source:/opt/rustwide/workdir:ro,Z" "-v" "/var/lib/crater-agent-workspace/cargo-home:/opt/rustwide/cargo-home:ro,Z" "-v" "/var/lib/crater-agent-workspace/rustup-home:/opt/rustwide/rustup-home:ro,Z" "-e" "SOURCE_DIR=/opt/rustwide/workdir" "-e" "CARGO_TARGET_DIR=/opt/rustwide/target" "-e" "CARGO_INCREMENTAL=0" "-e" "RUST_BACKTRACE=full" "-e" "RUSTFLAGS=--cap-lints=forbid" "-e" "RUSTDOCFLAGS=--cap-lints=forbid" "-e" "CARGO_HOME=/opt/rustwide/cargo-home" "-e" "RUSTUP_HOME=/opt/rustwide/rustup-home" "-w" "/opt/rustwide/workdir" "-m" "1610612736" "--user" "0:0" "--network" "none" "ghcr.io/rust-lang/crates-build-env/linux@sha256:4a844ea9eb2546a2d2c7022eacef16ef2e8229c7fbb2c7d4d55a9ceca922f72d" "/opt/rustwide/cargo-home/bin/cargo" "+nightly-2024-10-28" "test" "--frozen" "--no-run" "--message-format=json", kill_on_drop: false }`
[INFO] [stdout] ea3c35ce432f5045ceade547d0d8874577a39b69719c753b684d9a30ec437a81
[INFO] running `Command { std: "docker" "start" "-a" "ea3c35ce432f5045ceade547d0d8874577a39b69719c753b684d9a30ec437a81", kill_on_drop: false }`
[INFO] [stderr]    Compiling micro-tower-codegen v0.1.0 (/opt/rustwide/workdir)
[INFO] [stderr]     Finished `test` profile [unoptimized + debuginfo] target(s) in 0.51s
[INFO] running `Command { std: "docker" "inspect" "ea3c35ce432f5045ceade547d0d8874577a39b69719c753b684d9a30ec437a81", kill_on_drop: false }`
[INFO] running `Command { std: "docker" "rm" "-f" "ea3c35ce432f5045ceade547d0d8874577a39b69719c753b684d9a30ec437a81", kill_on_drop: false }`
[INFO] [stdout] ea3c35ce432f5045ceade547d0d8874577a39b69719c753b684d9a30ec437a81
[INFO] running `Command { std: "docker" "create" "-v" "/var/lib/crater-agent-workspace/builds/worker-6-tc1/target:/opt/rustwide/target:rw,Z" "-v" "/var/lib/crater-agent-workspace/builds/worker-6-tc1/source:/opt/rustwide/workdir:ro,Z" "-v" "/var/lib/crater-agent-workspace/cargo-home:/opt/rustwide/cargo-home:ro,Z" "-v" "/var/lib/crater-agent-workspace/rustup-home:/opt/rustwide/rustup-home:ro,Z" "-e" "SOURCE_DIR=/opt/rustwide/workdir" "-e" "CARGO_TARGET_DIR=/opt/rustwide/target" "-e" "CARGO_INCREMENTAL=0" "-e" "RUST_BACKTRACE=full" "-e" "RUSTFLAGS=--cap-lints=forbid" "-e" "RUSTDOCFLAGS=--cap-lints=forbid" "-e" "CARGO_HOME=/opt/rustwide/cargo-home" "-e" "RUSTUP_HOME=/opt/rustwide/rustup-home" "-w" "/opt/rustwide/workdir" "-m" "1610612736" "--user" "0:0" "--network" "none" "ghcr.io/rust-lang/crates-build-env/linux@sha256:4a844ea9eb2546a2d2c7022eacef16ef2e8229c7fbb2c7d4d55a9ceca922f72d" "/opt/rustwide/cargo-home/bin/cargo" "+nightly-2024-10-28" "test" "--frozen", kill_on_drop: false }`
[INFO] [stdout] a3d2dd9d0f780d8d0408e4d7dcdf8b589c80fabec1e1f9b4ba5fd9359ee24942
[INFO] running `Command { std: "docker" "start" "-a" "a3d2dd9d0f780d8d0408e4d7dcdf8b589c80fabec1e1f9b4ba5fd9359ee24942", kill_on_drop: false }`
[INFO] [stderr]     Finished `test` profile [unoptimized + debuginfo] target(s) in 0.02s
[INFO] [stderr]      Running unittests src/lib.rs (/opt/rustwide/target/debug/deps/micro_tower_codegen-fea88797de2461bd)
[INFO] [stdout] 
[INFO] [stderr]    Doc-tests micro_tower_codegen
[INFO] [stdout] running 0 tests
[INFO] [stdout] 
[INFO] [stdout] test result: ok. 0 passed; 0 failed; 0 ignored; 0 measured; 0 filtered out; finished in 0.00s
[INFO] [stdout] 
[INFO] [stdout] 
[INFO] [stdout] running 5 tests
[INFO] [stdout] test src/lib.rs - service (line 19) ... FAILED
[INFO] [stdout] test src/lib.rs - service (line 28) ... FAILED
[INFO] [stdout] test src/lib.rs - service (line 38) ... FAILED
[INFO] [stdout] test src/lib.rs - service (line 47) ... FAILED
[INFO] [stdout] test src/lib.rs - service (line 53) ... FAILED
[INFO] [stdout] 
[INFO] [stdout] failures:
[INFO] [stdout] 
[INFO] [stdout] ---- src/lib.rs - service (line 19) stdout ----
[INFO] [stdout] error[E0433]: failed to resolve: use of undeclared crate or module `micro_tower`
[INFO] [stdout]  --> src/lib.rs:20:3
[INFO] [stdout]   |
[INFO] [stdout] 3 | #[micro_tower::codegen::service]
[INFO] [stdout]   |   ^^^^^^^^^^^ use of undeclared crate or module `micro_tower`
[INFO] [stdout] 
[INFO] [stdout] error: aborting due to 1 previous error
[INFO] [stdout] 
[INFO] [stdout] For more information about this error, try `rustc --explain E0433`.
[INFO] [stdout] Couldn't compile the test.
[INFO] [stdout] ---- src/lib.rs - service (line 28) stdout ----
[INFO] [stdout] error[E0433]: failed to resolve: use of undeclared crate or module `micro_tower`
[INFO] [stdout]  --> src/lib.rs:29:3
[INFO] [stdout]   |
[INFO] [stdout] 3 | #[micro_tower::codegen::service]
[INFO] [stdout]   |   ^^^^^^^^^^^ use of undeclared crate or module `micro_tower`
[INFO] [stdout] 
[INFO] [stdout] error[E0412]: cannot find type `Infallible` in this scope
[INFO] [stdout]  --> src/lib.rs:30:60
[INFO] [stdout]   |
[INFO] [stdout] 4 | async fn service_name(request: ()) -> Result<&'static str, Infallible> {
[INFO] [stdout]   |                                                            ^^^^^^^^^^ not found in this scope
[INFO] [stdout]   |
[INFO] [stdout] help: consider importing this enum
[INFO] [stdout]   |
[INFO] [stdout] 2 + use std::convert::Infallible;
[INFO] [stdout]   |
[INFO] [stdout] 
[INFO] [stdout] error: aborting due to 2 previous errors
[INFO] [stdout] 
[INFO] [stdout] Some errors have detailed explanations: E0412, E0433.
[INFO] [stdout] For more information about an error, try `rustc --explain E0412`.
[INFO] [stdout] Couldn't compile the test.
[INFO] [stdout] ---- src/lib.rs - service (line 38) stdout ----
[INFO] [stdout] error[E0433]: failed to resolve: use of undeclared crate or module `micro_tower`
[INFO] [stdout]  --> src/lib.rs:39:3
[INFO] [stdout]   |
[INFO] [stdout] 3 | #[micro_tower::codegen::service]
[INFO] [stdout]   |   ^^^^^^^^^^^ use of undeclared crate or module `micro_tower`
[INFO] [stdout] 
[INFO] [stdout] error[E0412]: cannot find type `service_name` in this scope
[INFO] [stdout]  --> src/lib.rs:40:44
[INFO] [stdout]   |
[INFO] [stdout] 4 | async fn service_other(request: (), inner: service_name) -> Result<&'static str, BoxError> {
[INFO] [stdout]   |                                            ^^^^^^^^^^^^ not found in this scope
[INFO] [stdout] 
[INFO] [stdout] error[E0412]: cannot find type `BoxError` in this scope
[INFO] [stdout]  --> src/lib.rs:40:82
[INFO] [stdout]   |
[INFO] [stdout] 4 | async fn service_other(request: (), inner: service_name) -> Result<&'static str, BoxError> {
[INFO] [stdout]   |                                                                                  ^^^^^^^^ not found in this scope
[INFO] [stdout]   |
[INFO] [stdout] help: you might be missing a type parameter
[INFO] [stdout]   |
[INFO] [stdout] 4 | async fn service_other<BoxError>(request: (), inner: service_name) -> Result<&'static str, BoxError> {
[INFO] [stdout]   |                       ++++++++++
[INFO] [stdout] 
[INFO] [stdout] error: aborting due to 3 previous errors
[INFO] [stdout] 
[INFO] [stdout] Some errors have detailed explanations: E0412, E0433.
[INFO] [stdout] For more information about an error, try `rustc --explain E0412`.
[INFO] [stdout] Couldn't compile the test.
[INFO] [stdout] ---- src/lib.rs - service (line 47) stdout ----
[INFO] [stdout] error[E0433]: failed to resolve: use of undeclared crate or module `service_name`
[INFO] [stdout]  --> src/lib.rs:48:15
[INFO] [stdout]   |
[INFO] [stdout] 3 | let service = service_name::builder().build();
[INFO] [stdout]   |               ^^^^^^^^^^^^ use of undeclared crate or module `service_name`
[INFO] [stdout] 
[INFO] [stdout] error: aborting due to 1 previous error
[INFO] [stdout] 
[INFO] [stdout] For more information about this error, try `rustc --explain E0433`.
[INFO] [stdout] Couldn't compile the test.
[INFO] [stdout] ---- src/lib.rs - service (line 53) stdout ----
[INFO] [stdout] error[E0433]: failed to resolve: use of undeclared crate or module `service_name`
[INFO] [stdout]  --> src/lib.rs:54:13
[INFO] [stdout]   |
[INFO] [stdout] 3 | let inner = service_name::builder().build();
[INFO] [stdout]   |             ^^^^^^^^^^^^ use of undeclared crate or module `service_name`
[INFO] [stdout] 
[INFO] [stdout] error[E0433]: failed to resolve: use of undeclared crate or module `service_other`
[INFO] [stdout]  --> src/lib.rs:55:15
[INFO] [stdout]   |
[INFO] [stdout] 4 | let service = service_other::builder().inner(inner).build();
[INFO] [stdout]   |               ^^^^^^^^^^^^^ use of undeclared crate or module `service_other`
[INFO] [stdout] 
[INFO] [stdout] error: aborting due to 2 previous errors
[INFO] [stdout] 
[INFO] [stdout] For more information about this error, try `rustc --explain E0433`.
[INFO] [stdout] Couldn't compile the test.
[INFO] [stdout] 
[INFO] [stdout] failures:
[INFO] [stdout]     src/lib.rs - service (line 19)
[INFO] [stdout]     src/lib.rs - service (line 28)
[INFO] [stdout]     src/lib.rs - service (line 38)
[INFO] [stdout]     src/lib.rs - service (line 47)
[INFO] [stdout]     src/lib.rs - service (line 53)
[INFO] [stdout] 
[INFO] [stdout] test result: FAILED. 0 passed; 5 failed; 0 ignored; 0 measured; 0 filtered out; finished in 0.13s
[INFO] [stdout] 
[INFO] [stderr] error: doctest failed, to rerun pass `--doc`
[INFO] running `Command { std: "docker" "inspect" "a3d2dd9d0f780d8d0408e4d7dcdf8b589c80fabec1e1f9b4ba5fd9359ee24942", kill_on_drop: false }`
[INFO] running `Command { std: "docker" "rm" "-f" "a3d2dd9d0f780d8d0408e4d7dcdf8b589c80fabec1e1f9b4ba5fd9359ee24942", kill_on_drop: false }`
[INFO] [stdout] a3d2dd9d0f780d8d0408e4d7dcdf8b589c80fabec1e1f9b4ba5fd9359ee24942
