[INFO] fetching crate mfform-lib 0.4.0...
[INFO] testing mfform-lib-0.4.0 against nightly-2024-10-28+rustflags=-Zrandomize-layout for randomize-layout
[INFO] extracting crate mfform-lib 0.4.0 into /workspace/builds/worker-6-tc2/source
[INFO] validating manifest of crates.io crate mfform-lib 0.4.0 on toolchain nightly-2024-10-28
[INFO] running `Command { std: CARGO_HOME="/workspace/cargo-home" RUSTUP_HOME="/workspace/rustup-home" "/workspace/cargo-home/bin/cargo" "+nightly-2024-10-28" "metadata" "--manifest-path" "Cargo.toml" "--no-deps", kill_on_drop: false }`
[INFO] started tweaking crates.io crate mfform-lib 0.4.0
[INFO] finished tweaking crates.io crate mfform-lib 0.4.0
[INFO] tweaked toml for crates.io crate mfform-lib 0.4.0 written to /workspace/builds/worker-6-tc2/source/Cargo.toml
[INFO] running `Command { std: CARGO_HOME="/workspace/cargo-home" RUSTUP_HOME="/workspace/rustup-home" "/workspace/cargo-home/bin/cargo" "+nightly-2024-10-28" "generate-lockfile" "--manifest-path" "Cargo.toml", kill_on_drop: false }`
[INFO] [stderr]     Updating crates.io index
[INFO] [stderr]      Locking 98 packages to latest compatible versions
[INFO] [stderr]       Adding crossterm v0.27.0 (available: v0.28.1)
[INFO] running `Command { std: CARGO_HOME="/workspace/cargo-home" RUSTUP_HOME="/workspace/rustup-home" "/workspace/cargo-home/bin/cargo" "+nightly-2024-10-28" "fetch" "--manifest-path" "Cargo.toml", kill_on_drop: false }`
[INFO] running `Command { std: "docker" "create" "-v" "/var/lib/crater-agent-workspace/builds/worker-6-tc2/target:/opt/rustwide/target:rw,Z" "-v" "/var/lib/crater-agent-workspace/builds/worker-6-tc2/source:/opt/rustwide/workdir:ro,Z" "-v" "/var/lib/crater-agent-workspace/cargo-home:/opt/rustwide/cargo-home:ro,Z" "-v" "/var/lib/crater-agent-workspace/rustup-home:/opt/rustwide/rustup-home:ro,Z" "-e" "SOURCE_DIR=/opt/rustwide/workdir" "-e" "CARGO_TARGET_DIR=/opt/rustwide/target" "-e" "CARGO_HOME=/opt/rustwide/cargo-home" "-e" "RUSTUP_HOME=/opt/rustwide/rustup-home" "-w" "/opt/rustwide/workdir" "-m" "1610612736" "--user" "0:0" "--network" "none" "ghcr.io/rust-lang/crates-build-env/linux@sha256:4a844ea9eb2546a2d2c7022eacef16ef2e8229c7fbb2c7d4d55a9ceca922f72d" "/opt/rustwide/cargo-home/bin/cargo" "+nightly-2024-10-28" "metadata" "--no-deps" "--format-version=1", kill_on_drop: false }`
[INFO] [stdout] 0111d48c8d557d9b4b0e11bb6bae82b5636ae7a980119785f7ed26eb3f179d39
[INFO] running `Command { std: "docker" "start" "-a" "0111d48c8d557d9b4b0e11bb6bae82b5636ae7a980119785f7ed26eb3f179d39", kill_on_drop: false }`
[INFO] running `Command { std: "docker" "inspect" "0111d48c8d557d9b4b0e11bb6bae82b5636ae7a980119785f7ed26eb3f179d39", kill_on_drop: false }`
[INFO] running `Command { std: "docker" "rm" "-f" "0111d48c8d557d9b4b0e11bb6bae82b5636ae7a980119785f7ed26eb3f179d39", kill_on_drop: false }`
[INFO] [stdout] 0111d48c8d557d9b4b0e11bb6bae82b5636ae7a980119785f7ed26eb3f179d39
[INFO] running `Command { std: "docker" "create" "-v" "/var/lib/crater-agent-workspace/builds/worker-6-tc2/target:/opt/rustwide/target:rw,Z" "-v" "/var/lib/crater-agent-workspace/builds/worker-6-tc2/source:/opt/rustwide/workdir:ro,Z" "-v" "/var/lib/crater-agent-workspace/cargo-home:/opt/rustwide/cargo-home:ro,Z" "-v" "/var/lib/crater-agent-workspace/rustup-home:/opt/rustwide/rustup-home:ro,Z" "-e" "SOURCE_DIR=/opt/rustwide/workdir" "-e" "CARGO_TARGET_DIR=/opt/rustwide/target" "-e" "CARGO_INCREMENTAL=0" "-e" "RUST_BACKTRACE=full" "-e" "RUSTFLAGS=--cap-lints=forbid -Zrandomize-layout" "-e" "RUSTDOCFLAGS=--cap-lints=forbid" "-e" "CARGO_HOME=/opt/rustwide/cargo-home" "-e" "RUSTUP_HOME=/opt/rustwide/rustup-home" "-w" "/opt/rustwide/workdir" "-m" "1610612736" "--user" "0:0" "--network" "none" "ghcr.io/rust-lang/crates-build-env/linux@sha256:4a844ea9eb2546a2d2c7022eacef16ef2e8229c7fbb2c7d4d55a9ceca922f72d" "/opt/rustwide/cargo-home/bin/cargo" "+nightly-2024-10-28" "build" "--frozen" "--message-format=json", kill_on_drop: false }`
[INFO] [stdout] af91c9c9c4e2b101644e3b92bb8f9d8708be623cae00724e7d5050708330e0f0
[INFO] running `Command { std: "docker" "start" "-a" "af91c9c9c4e2b101644e3b92bb8f9d8708be623cae00724e7d5050708330e0f0", kill_on_drop: false }`
[INFO] [stderr]    Compiling parking_lot_core v0.9.10
[INFO] [stderr]    Compiling byteorder v1.5.0
[INFO] [stderr]    Compiling num-traits v0.2.19
[INFO] [stderr]    Compiling lock_api v0.4.12
[INFO] [stderr]    Compiling smallvec v1.13.2
[INFO] [stderr]    Compiling syn v2.0.86
[INFO] [stderr]    Compiling getrandom v0.2.15
[INFO] [stderr]    Compiling signal-hook v0.3.17
[INFO] [stderr]    Compiling destructure_traitobject v0.2.0
[INFO] [stderr]    Compiling anyhow v1.0.92
[INFO] [stderr]    Compiling rand_core v0.6.4
[INFO] [stderr]    Compiling thiserror v1.0.66
[INFO] [stderr]    Compiling unsafe-any-ors v1.0.0
[INFO] [stderr]    Compiling signal-hook-registry v1.4.2
[INFO] [stderr]    Compiling unsafe-libyaml v0.2.11
[INFO] [stderr]    Compiling parking_lot v0.12.3
[INFO] [stderr]    Compiling derivative v2.2.0
[INFO] [stderr]    Compiling typemap-ors v1.0.0
[INFO] [stderr]    Compiling thread-id v4.2.2
[INFO] [stderr]    Compiling log-mdc v0.1.0
[INFO] [stderr]    Compiling arc-swap v1.7.1
[INFO] [stderr]    Compiling ordered-float v2.10.1
[INFO] [stderr]    Compiling chrono v0.4.38
[INFO] [stderr]    Compiling serde_derive v1.0.214
[INFO] [stderr]    Compiling zerocopy-derive v0.7.35
[INFO] [stderr]    Compiling thiserror-impl v1.0.66
[INFO] [stderr]    Compiling zerocopy v0.7.35
[INFO] [stderr]    Compiling ppv-lite86 v0.2.20
[INFO] [stderr]    Compiling rand_chacha v0.3.1
[INFO] [stderr]    Compiling rand v0.8.5
[INFO] [stderr]    Compiling serde v1.0.214
[INFO] [stderr]    Compiling log v0.4.22
[INFO] [stderr]    Compiling serde-value v0.7.0
[INFO] [stderr]    Compiling serde_json v1.0.132
[INFO] [stderr]    Compiling serde_yaml v0.9.34+deprecated
[INFO] [stderr]    Compiling mio v0.8.11
[INFO] [stderr]    Compiling signal-hook-mio v0.2.4
[INFO] [stderr]    Compiling crossterm v0.27.0
[INFO] [stderr]    Compiling log4rs v1.3.0
[INFO] [stderr]    Compiling log4rs_test_utils v0.2.3
[INFO] [stderr]    Compiling mfform-lib v0.4.0 (/opt/rustwide/workdir)
[INFO] [stderr]     Finished `dev` profile [unoptimized + debuginfo] target(s) in 11.78s
[INFO] running `Command { std: "docker" "inspect" "af91c9c9c4e2b101644e3b92bb8f9d8708be623cae00724e7d5050708330e0f0", kill_on_drop: false }`
[INFO] running `Command { std: "docker" "rm" "-f" "af91c9c9c4e2b101644e3b92bb8f9d8708be623cae00724e7d5050708330e0f0", kill_on_drop: false }`
[INFO] [stdout] af91c9c9c4e2b101644e3b92bb8f9d8708be623cae00724e7d5050708330e0f0
[INFO] running `Command { std: "docker" "create" "-v" "/var/lib/crater-agent-workspace/builds/worker-6-tc2/target:/opt/rustwide/target:rw,Z" "-v" "/var/lib/crater-agent-workspace/builds/worker-6-tc2/source:/opt/rustwide/workdir:ro,Z" "-v" "/var/lib/crater-agent-workspace/cargo-home:/opt/rustwide/cargo-home:ro,Z" "-v" "/var/lib/crater-agent-workspace/rustup-home:/opt/rustwide/rustup-home:ro,Z" "-e" "SOURCE_DIR=/opt/rustwide/workdir" "-e" "CARGO_TARGET_DIR=/opt/rustwide/target" "-e" "CARGO_INCREMENTAL=0" "-e" "RUST_BACKTRACE=full" "-e" "RUSTFLAGS=--cap-lints=forbid -Zrandomize-layout" "-e" "RUSTDOCFLAGS=--cap-lints=forbid" "-e" "CARGO_HOME=/opt/rustwide/cargo-home" "-e" "RUSTUP_HOME=/opt/rustwide/rustup-home" "-w" "/opt/rustwide/workdir" "-m" "1610612736" "--user" "0:0" "--network" "none" "ghcr.io/rust-lang/crates-build-env/linux@sha256:4a844ea9eb2546a2d2c7022eacef16ef2e8229c7fbb2c7d4d55a9ceca922f72d" "/opt/rustwide/cargo-home/bin/cargo" "+nightly-2024-10-28" "test" "--frozen" "--no-run" "--message-format=json", kill_on_drop: false }`
[INFO] [stdout] 716339cbefe5ef9869c60ba1f5a3efacacaa1230f2da533a679f1766c5f162bc
[INFO] running `Command { std: "docker" "start" "-a" "716339cbefe5ef9869c60ba1f5a3efacacaa1230f2da533a679f1766c5f162bc", kill_on_drop: false }`
[INFO] [stderr]    Compiling mfform-lib v0.4.0 (/opt/rustwide/workdir)
[INFO] [stderr]     Finished `test` profile [unoptimized + debuginfo] target(s) in 0.70s
[INFO] running `Command { std: "docker" "inspect" "716339cbefe5ef9869c60ba1f5a3efacacaa1230f2da533a679f1766c5f162bc", kill_on_drop: false }`
[INFO] running `Command { std: "docker" "rm" "-f" "716339cbefe5ef9869c60ba1f5a3efacacaa1230f2da533a679f1766c5f162bc", kill_on_drop: false }`
[INFO] [stdout] 716339cbefe5ef9869c60ba1f5a3efacacaa1230f2da533a679f1766c5f162bc
[INFO] running `Command { std: "docker" "create" "-v" "/var/lib/crater-agent-workspace/builds/worker-6-tc2/target:/opt/rustwide/target:rw,Z" "-v" "/var/lib/crater-agent-workspace/builds/worker-6-tc2/source:/opt/rustwide/workdir:ro,Z" "-v" "/var/lib/crater-agent-workspace/cargo-home:/opt/rustwide/cargo-home:ro,Z" "-v" "/var/lib/crater-agent-workspace/rustup-home:/opt/rustwide/rustup-home:ro,Z" "-e" "SOURCE_DIR=/opt/rustwide/workdir" "-e" "CARGO_TARGET_DIR=/opt/rustwide/target" "-e" "CARGO_INCREMENTAL=0" "-e" "RUST_BACKTRACE=full" "-e" "RUSTFLAGS=--cap-lints=forbid -Zrandomize-layout" "-e" "RUSTDOCFLAGS=--cap-lints=forbid" "-e" "CARGO_HOME=/opt/rustwide/cargo-home" "-e" "RUSTUP_HOME=/opt/rustwide/rustup-home" "-w" "/opt/rustwide/workdir" "-m" "1610612736" "--user" "0:0" "--network" "none" "ghcr.io/rust-lang/crates-build-env/linux@sha256:4a844ea9eb2546a2d2c7022eacef16ef2e8229c7fbb2c7d4d55a9ceca922f72d" "/opt/rustwide/cargo-home/bin/cargo" "+nightly-2024-10-28" "test" "--frozen", kill_on_drop: false }`
[INFO] [stdout] 8fd91a6ed2578b49704ae312f281e49e60a0c68c670656e1d8eb8f12b07bc1fb
[INFO] running `Command { std: "docker" "start" "-a" "8fd91a6ed2578b49704ae312f281e49e60a0c68c670656e1d8eb8f12b07bc1fb", kill_on_drop: false }`
[INFO] [stderr]     Finished `test` profile [unoptimized + debuginfo] target(s) in 0.07s
[INFO] [stderr]      Running unittests src/lib.rs (/opt/rustwide/target/debug/deps/mfform_lib-e4200f8975cc0b0b)
[INFO] [stdout] 
[INFO] [stdout] running 21 tests
[INFO] [stdout] test input::tests::set_char_in_string_nls ... ok
[INFO] [stdout] test pos::tests::outside_x ... ok
[INFO] [stdout] test select_form::tests::test_next_after_last ... ok
[INFO] [stdout] test pos::tests::within_1 ... ok
[INFO] [stdout] test pos::tests::outside_y ... ok
[INFO] [stdout] test pos::tests::ordering ... ok
[INFO] [stdout] test pos::tests::within_2 ... ok
[INFO] [stdout] test input::tests::set_char_in_string_plain ... ok
[INFO] [stdout] test select_form::tests::test_next_between_second_and_third ... ok
[INFO] [stdout] test select_form::tests::test_next_before_first ... ok
[INFO] [stdout] test select_form::tests::test_next_first ... ok
[INFO] [stdout] test select_form::tests::test_next_last ... ok
[INFO] [stdout] test select_form::tests::test_next_second ... ok
[INFO] [stdout] test select_form::tests::test_next_third ... ok
[INFO] [stdout] test select_form::tests::test_prev_after_last ... ok
[INFO] [stdout] test select_form::tests::test_prev_before_first ... ok
[INFO] [stdout] test select_form::tests::test_prev_between_second_and_third ... ok
[INFO] [stdout] test select_form::tests::test_prev_first ... ok
[INFO] [stdout] test select_form::tests::test_prev_last ... ok
[INFO] [stdout] test select_form::tests::test_prev_second ... ok
[INFO] [stdout] test select_form::tests::test_prev_third ... ok
[INFO] [stdout] 
[INFO] [stdout] test result: ok. 21 passed; 0 failed; 0 ignored; 0 measured; 0 filtered out; finished in 0.01s
[INFO] [stdout] 
[INFO] [stderr]    Doc-tests mfform_lib
[INFO] [stdout] 
[INFO] [stdout] running 2 tests
[INFO] [stdout] test src/app.rs - app::App::with_writer (line 45) ... FAILED
[INFO] [stdout] test src/app.rs - app::App::init (line 61) ... FAILED
[INFO] [stdout] 
[INFO] [stdout] failures:
[INFO] [stdout] 
[INFO] [stdout] ---- src/app.rs - app::App::with_writer (line 45) stdout ----
[INFO] [stdout] error[E0425]: cannot find function `with_writer` in this scope
[INFO] [stdout]  --> src/app.rs:46:11
[INFO] [stdout]   |
[INFO] [stdout] 3 | let app = with_writer().init()?;
[INFO] [stdout]   |           ^^^^^^^^^^^ not found in this scope
[INFO] [stdout] 
[INFO] [stdout] error: aborting due to 1 previous error
[INFO] [stdout] 
[INFO] [stdout] For more information about this error, try `rustc --explain E0425`.
[INFO] [stdout] Couldn't compile the test.
[INFO] [stdout] ---- src/app.rs - app::App::init (line 61) stdout ----
[INFO] [stdout] error[E0425]: cannot find function `with_writer` in this scope
[INFO] [stdout]  --> src/app.rs:62:11
[INFO] [stdout]   |
[INFO] [stdout] 3 | let app = with_writer().init()?;
[INFO] [stdout]   |           ^^^^^^^^^^^ not found in this scope
[INFO] [stdout] 
[INFO] [stdout] error: aborting due to 1 previous error
[INFO] [stdout] 
[INFO] [stdout] For more information about this error, try `rustc --explain E0425`.
[INFO] [stdout] Couldn't compile the test.
[INFO] [stdout] 
[INFO] [stdout] failures:
[INFO] [stdout]     src/app.rs - app::App::init (line 61)
[INFO] [stdout]     src/app.rs - app::App::with_writer (line 45)
[INFO] [stdout] 
[INFO] [stdout] test result: FAILED. 0 passed; 2 failed; 0 ignored; 0 measured; 0 filtered out; finished in 0.08s
[INFO] [stdout] 
[INFO] [stderr] error: doctest failed, to rerun pass `--doc`
[INFO] running `Command { std: "docker" "inspect" "8fd91a6ed2578b49704ae312f281e49e60a0c68c670656e1d8eb8f12b07bc1fb", kill_on_drop: false }`
[INFO] running `Command { std: "docker" "rm" "-f" "8fd91a6ed2578b49704ae312f281e49e60a0c68c670656e1d8eb8f12b07bc1fb", kill_on_drop: false }`
[INFO] [stdout] 8fd91a6ed2578b49704ae312f281e49e60a0c68c670656e1d8eb8f12b07bc1fb
