[INFO] fetching crate metrics-exporter-plotly 0.1.1...
[INFO] testing metrics-exporter-plotly-0.1.1 against nightly-2024-10-28 for randomize-layout
[INFO] extracting crate metrics-exporter-plotly 0.1.1 into /workspace/builds/worker-0-tc1/source
[INFO] validating manifest of crates.io crate metrics-exporter-plotly 0.1.1 on toolchain nightly-2024-10-28
[INFO] running `Command { std: CARGO_HOME="/workspace/cargo-home" RUSTUP_HOME="/workspace/rustup-home" "/workspace/cargo-home/bin/cargo" "+nightly-2024-10-28" "metadata" "--manifest-path" "Cargo.toml" "--no-deps", kill_on_drop: false }`
[INFO] started tweaking crates.io crate metrics-exporter-plotly 0.1.1
[INFO] finished tweaking crates.io crate metrics-exporter-plotly 0.1.1
[INFO] tweaked toml for crates.io crate metrics-exporter-plotly 0.1.1 written to /workspace/builds/worker-0-tc1/source/Cargo.toml
[INFO] crate crates.io crate metrics-exporter-plotly 0.1.1 already has a lockfile, it will not be regenerated
[INFO] running `Command { std: CARGO_HOME="/workspace/cargo-home" RUSTUP_HOME="/workspace/rustup-home" "/workspace/cargo-home/bin/cargo" "+nightly-2024-10-28" "fetch" "--manifest-path" "Cargo.toml", kill_on_drop: false }`
[INFO] [stderr]     Updating crates.io index
[INFO] [stderr]  Downloading crates ...
[INFO] [stderr]   Downloaded sketches-ddsketch v0.2.2
[INFO] [stderr]   Downloaded pdatastructs v0.7.0
[INFO] [stderr]   Downloaded succinct v0.5.2
[INFO] [stderr]   Downloaded metrics-util v0.17.0
[INFO] [stderr]   Downloaded raw-cpuid v11.0.2
[INFO] running `Command { std: "docker" "create" "-v" "/var/lib/crater-agent-workspace/builds/worker-0-tc1/target:/opt/rustwide/target:rw,Z" "-v" "/var/lib/crater-agent-workspace/builds/worker-0-tc1/source:/opt/rustwide/workdir:ro,Z" "-v" "/var/lib/crater-agent-workspace/cargo-home:/opt/rustwide/cargo-home:ro,Z" "-v" "/var/lib/crater-agent-workspace/rustup-home:/opt/rustwide/rustup-home:ro,Z" "-e" "SOURCE_DIR=/opt/rustwide/workdir" "-e" "CARGO_TARGET_DIR=/opt/rustwide/target" "-e" "CARGO_HOME=/opt/rustwide/cargo-home" "-e" "RUSTUP_HOME=/opt/rustwide/rustup-home" "-w" "/opt/rustwide/workdir" "-m" "1610612736" "--user" "0:0" "--network" "none" "ghcr.io/rust-lang/crates-build-env/linux@sha256:4a844ea9eb2546a2d2c7022eacef16ef2e8229c7fbb2c7d4d55a9ceca922f72d" "/opt/rustwide/cargo-home/bin/cargo" "+nightly-2024-10-28" "metadata" "--no-deps" "--format-version=1", kill_on_drop: false }`
[INFO] [stdout] 894c9905c9a63d3636f476e06dc0cbc54147ee96f06bcce37663a8d37d72a3ac
[INFO] running `Command { std: "docker" "start" "-a" "894c9905c9a63d3636f476e06dc0cbc54147ee96f06bcce37663a8d37d72a3ac", kill_on_drop: false }`
[INFO] running `Command { std: "docker" "inspect" "894c9905c9a63d3636f476e06dc0cbc54147ee96f06bcce37663a8d37d72a3ac", kill_on_drop: false }`
[INFO] running `Command { std: "docker" "rm" "-f" "894c9905c9a63d3636f476e06dc0cbc54147ee96f06bcce37663a8d37d72a3ac", kill_on_drop: false }`
[INFO] [stdout] 894c9905c9a63d3636f476e06dc0cbc54147ee96f06bcce37663a8d37d72a3ac
[INFO] running `Command { std: "docker" "create" "-v" "/var/lib/crater-agent-workspace/builds/worker-0-tc1/target:/opt/rustwide/target:rw,Z" "-v" "/var/lib/crater-agent-workspace/builds/worker-0-tc1/source:/opt/rustwide/workdir:ro,Z" "-v" "/var/lib/crater-agent-workspace/cargo-home:/opt/rustwide/cargo-home:ro,Z" "-v" "/var/lib/crater-agent-workspace/rustup-home:/opt/rustwide/rustup-home:ro,Z" "-e" "SOURCE_DIR=/opt/rustwide/workdir" "-e" "CARGO_TARGET_DIR=/opt/rustwide/target" "-e" "CARGO_INCREMENTAL=0" "-e" "RUST_BACKTRACE=full" "-e" "RUSTFLAGS=--cap-lints=forbid" "-e" "RUSTDOCFLAGS=--cap-lints=forbid" "-e" "CARGO_HOME=/opt/rustwide/cargo-home" "-e" "RUSTUP_HOME=/opt/rustwide/rustup-home" "-w" "/opt/rustwide/workdir" "-m" "1610612736" "--user" "0:0" "--network" "none" "ghcr.io/rust-lang/crates-build-env/linux@sha256:4a844ea9eb2546a2d2c7022eacef16ef2e8229c7fbb2c7d4d55a9ceca922f72d" "/opt/rustwide/cargo-home/bin/cargo" "+nightly-2024-10-28" "build" "--frozen" "--message-format=json", kill_on_drop: false }`
[INFO] [stdout] 4abc78fd91348743ececcbe0f9aa1db01019524e4fa0ed90dcc3b29e74510112
[INFO] running `Command { std: "docker" "start" "-a" "4abc78fd91348743ececcbe0f9aa1db01019524e4fa0ed90dcc3b29e74510112", kill_on_drop: false }`
[INFO] [stderr]    Compiling proc-macro2 v1.0.85
[INFO] [stderr]    Compiling libc v0.2.155
[INFO] [stderr]    Compiling fnv v1.0.7
[INFO] [stderr]    Compiling ident_case v1.0.1
[INFO] [stderr]    Compiling once_cell v1.19.0
[INFO] [stderr]    Compiling syn v1.0.109
[INFO] [stderr]    Compiling serde v1.0.203
[INFO] [stderr]    Compiling strsim v0.11.1
[INFO] [stderr]    Compiling num-traits v0.2.19
[INFO] [stderr]    Compiling unicase v2.7.0
[INFO] [stderr]    Compiling ahash v0.8.11
[INFO] [stderr]    Compiling strsim v0.10.0
[INFO] [stderr]    Compiling memchr v2.7.2
[INFO] [stderr]    Compiling zerocopy v0.7.34
[INFO] [stderr]    Compiling minimal-lexical v0.2.1
[INFO] [stderr]    Compiling serde_json v1.0.117
[INFO] [stderr]    Compiling mime v0.3.17
[INFO] [stderr]    Compiling smallvec v1.13.2
[INFO] [stderr]    Compiling bitflags v2.5.0
[INFO] [stderr]    Compiling humansize v2.1.3
[INFO] [stderr]    Compiling regex-syntax v0.8.4
[INFO] [stderr]    Compiling percent-encoding v2.3.1
[INFO] [stderr]    Compiling pin-project-lite v0.2.14
[INFO] [stderr]    Compiling endian-type v0.1.2
[INFO] [stderr]    Compiling askama_escape v0.10.3
[INFO] [stderr]    Compiling tracing-core v0.1.32
[INFO] [stderr]    Compiling dyn-clone v1.0.17
[INFO] [stderr]    Compiling fixedbitset v0.4.2
[INFO] [stderr]    Compiling nibble_vec v0.1.0
[INFO] [stderr]    Compiling bytecount v0.6.8
[INFO] [stderr]    Compiling mime_guess v2.0.4
[INFO] [stderr]    Compiling sketches-ddsketch v0.2.2
[INFO] [stderr]    Compiling raw-cpuid v11.0.2
[INFO] [stderr]    Compiling radix_trie v0.2.1
[INFO] [stderr]    Compiling hashbrown v0.14.5
[INFO] [stderr]    Compiling metrics v0.23.0
[INFO] [stderr]    Compiling quote v1.0.36
[INFO] [stderr]    Compiling ordered-float v4.2.0
[INFO] [stderr]    Compiling succinct v0.5.2
[INFO] [stderr]    Compiling nom v7.1.3
[INFO] [stderr]    Compiling aho-corasick v1.1.3
[INFO] [stderr]    Compiling syn v2.0.66
[INFO] [stderr]    Compiling indexmap v2.2.6
[INFO] [stderr]    Compiling getrandom v0.2.15
[INFO] [stderr]    Compiling num_cpus v1.16.0
[INFO] [stderr]    Compiling rand_core v0.6.4
[INFO] [stderr]    Compiling rand_chacha v0.3.1
[INFO] [stderr]    Compiling quanta v0.12.3
[INFO] [stderr]    Compiling rand v0.8.5
[INFO] [stderr]    Compiling metrics-util v0.17.0
[INFO] [stderr]    Compiling askama_parser v0.2.1
[INFO] [stderr]    Compiling pdatastructs v0.7.0
[INFO] [stderr]    Compiling regex-automata v0.4.7
[INFO] [stderr]    Compiling darling_core v0.14.4
[INFO] [stderr]    Compiling darling_core v0.20.9
[INFO] [stderr]    Compiling serde_derive v1.0.203
[INFO] [stderr]    Compiling tokio-macros v2.3.0
[INFO] [stderr]    Compiling tracing-attributes v0.1.27
[INFO] [stderr]    Compiling serde_repr v0.1.19
[INFO] [stderr]    Compiling regex v1.10.5
[INFO] [stderr]    Compiling tokio v1.38.0
[INFO] [stderr]    Compiling tracing v0.1.40
[INFO] [stderr]    Compiling darling_macro v0.14.4
[INFO] [stderr]    Compiling darling v0.14.4
[INFO] [stderr]    Compiling plotly_derive v0.8.4
[INFO] [stderr]    Compiling darling_macro v0.20.9
[INFO] [stderr]    Compiling darling v0.20.9
[INFO] [stderr]    Compiling serde_with_macros v2.3.3
[INFO] [stderr]    Compiling basic-toml v0.1.9
[INFO] [stderr]    Compiling erased-serde v0.3.31
[INFO] [stderr]    Compiling serde_with v2.3.3
[INFO] [stderr]    Compiling askama_derive v0.12.5
[INFO] [stderr]    Compiling askama v0.12.1
[INFO] [stderr]    Compiling plotly v0.8.4
[INFO] [stderr]    Compiling metrics-exporter-plotly v0.1.1 (/opt/rustwide/workdir)
[INFO] [stderr]     Finished `dev` profile [unoptimized + debuginfo] target(s) in 30.98s
[INFO] running `Command { std: "docker" "inspect" "4abc78fd91348743ececcbe0f9aa1db01019524e4fa0ed90dcc3b29e74510112", kill_on_drop: false }`
[INFO] running `Command { std: "docker" "rm" "-f" "4abc78fd91348743ececcbe0f9aa1db01019524e4fa0ed90dcc3b29e74510112", kill_on_drop: false }`
[INFO] [stdout] 4abc78fd91348743ececcbe0f9aa1db01019524e4fa0ed90dcc3b29e74510112
[INFO] running `Command { std: "docker" "create" "-v" "/var/lib/crater-agent-workspace/builds/worker-0-tc1/target:/opt/rustwide/target:rw,Z" "-v" "/var/lib/crater-agent-workspace/builds/worker-0-tc1/source:/opt/rustwide/workdir:ro,Z" "-v" "/var/lib/crater-agent-workspace/cargo-home:/opt/rustwide/cargo-home:ro,Z" "-v" "/var/lib/crater-agent-workspace/rustup-home:/opt/rustwide/rustup-home:ro,Z" "-e" "SOURCE_DIR=/opt/rustwide/workdir" "-e" "CARGO_TARGET_DIR=/opt/rustwide/target" "-e" "CARGO_INCREMENTAL=0" "-e" "RUST_BACKTRACE=full" "-e" "RUSTFLAGS=--cap-lints=forbid" "-e" "RUSTDOCFLAGS=--cap-lints=forbid" "-e" "CARGO_HOME=/opt/rustwide/cargo-home" "-e" "RUSTUP_HOME=/opt/rustwide/rustup-home" "-w" "/opt/rustwide/workdir" "-m" "1610612736" "--user" "0:0" "--network" "none" "ghcr.io/rust-lang/crates-build-env/linux@sha256:4a844ea9eb2546a2d2c7022eacef16ef2e8229c7fbb2c7d4d55a9ceca922f72d" "/opt/rustwide/cargo-home/bin/cargo" "+nightly-2024-10-28" "test" "--frozen" "--no-run" "--message-format=json", kill_on_drop: false }`
[INFO] [stdout] 977424df9d31bcc089167f759e63027909bcab5323ba20795fea3c66a97a4d05
[INFO] running `Command { std: "docker" "start" "-a" "977424df9d31bcc089167f759e63027909bcab5323ba20795fea3c66a97a4d05", kill_on_drop: false }`
[INFO] [stderr]    Compiling metrics-exporter-plotly v0.1.1 (/opt/rustwide/workdir)
[INFO] [stdout] warning: unused `Result` that must be used
[INFO] [stdout]   --> examples/basic.rs:19:5
[INFO] [stdout]    |
[INFO] [stdout] 19 |     h.await;
[INFO] [stdout]    |     ^^^^^^^
[INFO] [stdout]    |
[INFO] [stdout]    = note: this `Result` may be an `Err` variant, which should be handled
[INFO] [stdout]    = note: `#[warn(unused_must_use)]` on by default
[INFO] [stdout] help: use `let _ = ...` to ignore the resulting value
[INFO] [stdout]    |
[INFO] [stdout] 19 |     let _ = h.await;
[INFO] [stdout]    |     +++++++
[INFO] [stdout] 
[INFO] [stdout] 
[INFO] [stderr]     Finished `test` profile [unoptimized + debuginfo] target(s) in 1.03s
[INFO] running `Command { std: "docker" "inspect" "977424df9d31bcc089167f759e63027909bcab5323ba20795fea3c66a97a4d05", kill_on_drop: false }`
[INFO] running `Command { std: "docker" "rm" "-f" "977424df9d31bcc089167f759e63027909bcab5323ba20795fea3c66a97a4d05", kill_on_drop: false }`
[INFO] [stdout] 977424df9d31bcc089167f759e63027909bcab5323ba20795fea3c66a97a4d05
[INFO] running `Command { std: "docker" "create" "-v" "/var/lib/crater-agent-workspace/builds/worker-0-tc1/target:/opt/rustwide/target:rw,Z" "-v" "/var/lib/crater-agent-workspace/builds/worker-0-tc1/source:/opt/rustwide/workdir:ro,Z" "-v" "/var/lib/crater-agent-workspace/cargo-home:/opt/rustwide/cargo-home:ro,Z" "-v" "/var/lib/crater-agent-workspace/rustup-home:/opt/rustwide/rustup-home:ro,Z" "-e" "SOURCE_DIR=/opt/rustwide/workdir" "-e" "CARGO_TARGET_DIR=/opt/rustwide/target" "-e" "CARGO_INCREMENTAL=0" "-e" "RUST_BACKTRACE=full" "-e" "RUSTFLAGS=--cap-lints=forbid" "-e" "RUSTDOCFLAGS=--cap-lints=forbid" "-e" "CARGO_HOME=/opt/rustwide/cargo-home" "-e" "RUSTUP_HOME=/opt/rustwide/rustup-home" "-w" "/opt/rustwide/workdir" "-m" "1610612736" "--user" "0:0" "--network" "none" "ghcr.io/rust-lang/crates-build-env/linux@sha256:4a844ea9eb2546a2d2c7022eacef16ef2e8229c7fbb2c7d4d55a9ceca922f72d" "/opt/rustwide/cargo-home/bin/cargo" "+nightly-2024-10-28" "test" "--frozen", kill_on_drop: false }`
[INFO] [stdout] 36627954c6898526c71d9a5b41bec2d9b54c66eb0867d056505d9bd08f9708c7
[INFO] running `Command { std: "docker" "start" "-a" "36627954c6898526c71d9a5b41bec2d9b54c66eb0867d056505d9bd08f9708c7", kill_on_drop: false }`
[INFO] [stderr] warning: unused `Result` that must be used
[INFO] [stderr]   --> examples/basic.rs:19:5
[INFO] [stderr]    |
[INFO] [stderr] 19 |     h.await;
[INFO] [stderr]    |     ^^^^^^^
[INFO] [stderr]    |
[INFO] [stderr]    = note: this `Result` may be an `Err` variant, which should be handled
[INFO] [stderr]    = note: `#[warn(unused_must_use)]` on by default
[INFO] [stderr] help: use `let _ = ...` to ignore the resulting value
[INFO] [stderr]    |
[INFO] [stderr] 19 |     let _ = h.await;
[INFO] [stderr]    |     +++++++
[INFO] [stderr] 
[INFO] [stderr] warning: `metrics-exporter-plotly` (example "basic") generated 1 warning
[INFO] [stderr]     Finished `test` profile [unoptimized + debuginfo] target(s) in 0.11s
[INFO] [stderr]      Running unittests src/lib.rs (/opt/rustwide/target/debug/deps/metrics_exporter_plotly-3008fb1c1d32dcb5)
[INFO] [stdout] 
[INFO] [stdout] running 1 test
[INFO] [stdout] test pattern::tests::test_finds_patterns ... ok
[INFO] [stdout] 
[INFO] [stdout] test result: ok. 1 passed; 0 failed; 0 ignored; 0 measured; 0 filtered out; finished in 0.01s
[INFO] [stdout] 
[INFO] [stderr]    Doc-tests metrics_exporter_plotly
[INFO] [stdout] 
[INFO] [stdout] running 1 test
[INFO] [stdout] test src/pattern.rs - pattern::PatternGroup::pattern (line 30) - compile ... FAILED
[INFO] [stdout] 
[INFO] [stdout] failures:
[INFO] [stdout] 
[INFO] [stdout] ---- src/pattern.rs - pattern::PatternGroup::pattern (line 30) stdout ----
[INFO] [stdout] error[E0433]: failed to resolve: use of undeclared type `PatternGroup`
[INFO] [stdout]  --> src/pattern.rs:31:1
[INFO] [stdout]   |
[INFO] [stdout] 3 | PatternGroup::new()
[INFO] [stdout]   | ^^^^^^^^^^^^ use of undeclared type `PatternGroup`
[INFO] [stdout]   |
[INFO] [stdout] help: consider importing this struct
[INFO] [stdout]   |
[INFO] [stdout] 2 + use metrics_exporter_plotly::PatternGroup;
[INFO] [stdout]   |
[INFO] [stdout] 
[INFO] [stdout] error[E0433]: failed to resolve: use of undeclared type `PlotKind`
[INFO] [stdout]  --> src/pattern.rs:32:45
[INFO] [stdout]   |
[INFO] [stdout] 4 |     .pattern(r"(?<transaction>.*)_success", PlotKind::Rate)
[INFO] [stdout]   |                                             ^^^^^^^^ use of undeclared type `PlotKind`
[INFO] [stdout]   |
[INFO] [stdout] help: consider importing this enum
[INFO] [stdout]   |
[INFO] [stdout] 2 + use metrics_exporter_plotly::PlotKind;
[INFO] [stdout]   |
[INFO] [stdout] 
[INFO] [stdout] error[E0433]: failed to resolve: use of undeclared type `PlotKind`
[INFO] [stdout]  --> src/pattern.rs:33:43
[INFO] [stdout]   |
[INFO] [stdout] 5 |     .pattern(r"(?<transaction>.*)_error", PlotKind::Rate)
[INFO] [stdout]   |                                           ^^^^^^^^ use of undeclared type `PlotKind`
[INFO] [stdout]   |
[INFO] [stdout] help: consider importing this enum
[INFO] [stdout]   |
[INFO] [stdout] 2 + use metrics_exporter_plotly::PlotKind;
[INFO] [stdout]   |
[INFO] [stdout] 
[INFO] [stdout] error: aborting due to 3 previous errors
[INFO] [stdout] 
[INFO] [stdout] For more information about this error, try `rustc --explain E0433`.
[INFO] [stdout] Couldn't compile the test.
[INFO] [stdout] 
[INFO] [stdout] failures:
[INFO] [stdout]     src/pattern.rs - pattern::PatternGroup::pattern (line 30)
[INFO] [stdout] 
[INFO] [stdout] test result: FAILED. 0 passed; 1 failed; 0 ignored; 0 measured; 0 filtered out; finished in 0.08s
[INFO] [stdout] 
[INFO] [stderr] error: doctest failed, to rerun pass `--doc`
[INFO] running `Command { std: "docker" "inspect" "36627954c6898526c71d9a5b41bec2d9b54c66eb0867d056505d9bd08f9708c7", kill_on_drop: false }`
[INFO] running `Command { std: "docker" "rm" "-f" "36627954c6898526c71d9a5b41bec2d9b54c66eb0867d056505d9bd08f9708c7", kill_on_drop: false }`
[INFO] [stdout] 36627954c6898526c71d9a5b41bec2d9b54c66eb0867d056505d9bd08f9708c7
